Jul 03 12:08:03.991523 np0000004415 devstack@neutron-api.service[87545]: DEBUG ovsdbapp.backend.ovs_idl.transaction [None req-e6120f8f-7d0c-416a-9d7c-0436bf8d0843 None None] Running txn n=1 command(idx=0): AddLSwitchPortCommand(_result=None, lport=c8067fbd-df9f-4d0b-af8c-f857b3520966, lswitch=neutron-e9ebf9f5-1800-413d-9857-8c07defb43ae, may_exist=True, network_uuid=e9ebf9f5-1800-413d-9857-8c07defb43ae, columns={'addresses': ['fa:16:3e:d6:b5:11'], 'external_ids': {'neutron:port_name': '', 'neutron:device_id': 'ovnmeta-e9ebf9f5-1800-413d-9857-8c07defb43ae', 'neutron:project_id': 'd06b54d6121240739e68fdebb3f58aae', 'neutron:cidrs': '', 'neutron:device_owner': 'network:distributed', 'neutron:subnet_pool_addr_scope4': '', 'neutron:subnet_pool_addr_scope6': '', 'neutron:network_name': 'neutron-e9ebf9f5-1800-413d-9857-8c07defb43ae', 'neutron:security_group_ids': '', 'neutron:revision_number': '1', 'neutron:vnic_type': 'normal', 'neutron:port_capabilities': '', 'neutron:mtu': '1372'}, 'parent_name': [], 'enabled': True, 'options': {}, 'type': 'localport', 'port_security': [], 'dhcpv4_options': [], 'dhcpv6_options': [], 'tag_request': []}) {{(pid=87545) do_commit /opt/stack/data/venv/lib/python3.12/site-packages/ovsdbapp/backend/ovs_idl/transaction.py:89}}
Jul 03 12:08:03.992017 np0000004415 devstack@neutron-api.service[87545]: DEBUG ovsdbapp.backend.ovs_idl.transaction [None req-e6120f8f-7d0c-416a-9d7c-0436bf8d0843 None None] Running txn n=1 command(idx=1): QoSDelCommand(_result=None, switch=neutron-e9ebf9f5-1800-413d-9857-8c07defb43ae, conditions=[('direction', '=', 'to-lport'), ('priority', '=', 2002), ('match', '=', 'outport == "c8067fbd-df9f-4d0b-af8c-f857b3520966"')], if_exists=True) {{(pid=87545) do_commit /opt/stack/data/venv/lib/python3.12/site-packages/ovsdbapp/backend/ovs_idl/transaction.py:89}}
Jul 03 12:08:03.992241 np0000004415 devstack@neutron-api.service[87545]: DEBUG ovsdbapp.backend.ovs_idl.transaction [None req-e6120f8f-7d0c-416a-9d7c-0436bf8d0843 None None] Running txn n=1 command(idx=2): QoSDelCommand(_result=None, switch=neutron-e9ebf9f5-1800-413d-9857-8c07defb43ae, conditions=[('direction', '=', 'from-lport'), ('priority', '=', 2002), ('match', '=', 'inport == "c8067fbd-df9f-4d0b-af8c-f857b3520966"')], if_exists=True) {{(pid=87545) do_commit /opt/stack/data/venv/lib/python3.12/site-packages/ovsdbapp/backend/ovs_idl/transaction.py:89}}
Jul 03 12:08:03.994814 np0000004415 devstack@neutron-api.service[87545]: DEBUG neutron.plugins.ml2.drivers.ovn.mech_driver.ovsdb.ovsdb_monitor [None req-e6120f8f-7d0c-416a-9d7c-0436bf8d0843 None None] Hash Ring: Node 28c14bfcac7756b696adaa5533736a19 (host: np0000004415) handling event "update" for row e9ebf9f5-1800-413d-9857-8c07defb43ae (table: Logical_Switch) {{(pid=87545) notify /opt/stack/neutron/neutron/plugins/ml2/drivers/ovn/mech_driver/ovsdb/ovsdb_monitor.py:1015}}
Jul 03 12:08:04.002207 np0000004415 devstack@neutron-api.service[87546]: DEBUG neutron.plugins.ml2.drivers.ovn.mech_driver.ovsdb.ovsdb_monitor [None req-d999d75f-61f6-4fd2-9dff-9561ca7cb290 None None] Hash Ring: Node c71c1f69b3e95954b05838b39326b923 (host: np0000004415) handling event "create" for row 06f7d8df-2933-4e91-b464-6351298da9ee (table: Logical_Switch_Port) {{(pid=87546) notify /opt/stack/neutron/neutron/plugins/ml2/drivers/ovn/mech_driver/ovsdb/ovsdb_monitor.py:1015}}
Jul 03 12:08:04.002846 np0000004415 devstack@neutron-api.service[87546]: DEBUG ovsdbapp.backend.ovs_idl.event [None req-d999d75f-61f6-4fd2-9dff-9561ca7cb290 None None] Matched CREATE: LogicalSwitchPortCreateEvent(events=('create',), table='Logical_Switch_Port', conditions=[], old_conditions=None), priority=20 to row=Logical_Switch_Port(uuid=06f7d8df-2933-4e91-b464-6351298da9ee, addresses=['fa:16:3e:d6:b5:11'], dhcpv4_options=[], dhcpv6_options=[], dynamic_addresses=[], enabled=True, external_ids={'neutron:cidrs': '', 'neutron:device_id': 'ovnmeta-e9ebf9f5-1800-413d-9857-8c07defb43ae', 'neutron:device_owner': 'network:distributed', 'neutron:mtu': '1372', 'neutron:network_name': 'neutron-e9ebf9f5-1800-413d-9857-8c07defb43ae', 'neutron:port_capabilities': '', 'neutron:port_name': '', 'neutron:project_id': 'd06b54d6121240739e68fdebb3f58aae', 'neutron:revision_number': '1', 'neutron:security_group_ids': '', 'neutron:subnet_pool_addr_scope4': '', 'neutron:subnet_pool_addr_scope6': '', 'neutron:vnic_type': 'normal'}, ha_chassis_group=[], mirror_rules=[], name='c8067fbd-df9f-4d0b-af8c-f857b3520966', options={}, parent_name=[], port_security=[], tag=[], tag_request=[], type='localport', up=[]) old= {{(pid=87546) matches /opt/stack/data/venv/lib/python3.12/site-packages/ovsdbapp/backend/ovs_idl/event.py:55}}
Jul 03 12:08:04.003258 np0000004415 devstack@neutron-api.service[87546]: INFO neutron.plugins.ml2.drivers.ovn.mech_driver.mech_driver [None req-be6f8d23-ecac-48b4-a4b2-a777c67ce9e7 None None] OVN reports status down for port: c8067fbd-df9f-4d0b-af8c-f857b3520966
Jul 03 12:08:04.003856 np0000004415 devstack@neutron-api.service[87546]: DEBUG neutron.plugins.ml2.drivers.ovn.mech_driver.ovsdb.ovsdb_monitor [None req-11c6f888-4171-4873-8a33-d36934cf6c8c None None] Hash Ring: Node c71c1f69b3e95954b05838b39326b923 (host: np0000004415) handling event "create" for row 431b2573-425c-4ee3-af10-d94c93bd6c80 (table: Port_Binding) {{(pid=87546) notify /opt/stack/neutron/neutron/plugins/ml2/drivers/ovn/mech_driver/ovsdb/ovsdb_monitor.py:1015}}
Jul 03 12:08:04.004646 np0000004415 devstack@neutron-api.service[87546]: DEBUG neutron.plugins.ml2.drivers.ovn.mech_driver.ovsdb.ovsdb_monitor [None req-d999d75f-61f6-4fd2-9dff-9561ca7cb290 None None] Hash Ring: Node c71c1f69b3e95954b05838b39326b923 (host: np0000004415) handling event "update" for row 06f7d8df-2933-4e91-b464-6351298da9ee (table: Logical_Switch_Port) {{(pid=87546) notify /opt/stack/neutron/neutron/plugins/ml2/drivers/ovn/mech_driver/ovsdb/ovsdb_monitor.py:1015}}
Jul 03 12:08:04.023106 np0000004415 devstack@neutron-api.service[87546]: DEBUG neutron.db.provisioning_blocks [None req-be6f8d23-ecac-48b4-a4b2-a777c67ce9e7 None None] Transition to ACTIVE for port object c8067fbd-df9f-4d0b-af8c-f857b3520966 will not be triggered until provisioned by entity L2. {{(pid=87546) add_provisioning_component /opt/stack/neutron/neutron/db/provisioning_blocks.py:74}}
Jul 03 12:08:04.023949 np0000004415 devstack@neutron-api.service[87545]: INFO neutron.db.ovn_revision_numbers_db [None req-70244689-1672-49a5-bc9b-a1f564727abf admin admin] Successfully bumped revision number for resource c8067fbd-df9f-4d0b-af8c-f857b3520966 (type: ports) to 1
Jul 03 12:08:04.030513 np0000004415 devstack@neutron-api.service[87545]: DEBUG neutron.pecan_wsgi.hooks.policy_enforcement [None req-70244689-1672-49a5-bc9b-a1f564727abf admin admin] Attributes excluded by policy engine: ['standard_attr_id'] {{(pid=87545) _exclude_attributes_by_policy /opt/stack/neutron/neutron/pecan_wsgi/hooks/policy_enforcement.py:259}}
Jul 03 12:08:04.030770 np0000004415 devstack@neutron-api.service[87545]: DEBUG neutron_lib.callbacks.manager [None req-70244689-1672-49a5-bc9b-a1f564727abf admin admin] Publish callbacks [] for network (None), before_response {{(pid=87545) _notify_loop /opt/stack/data/venv/lib/python3.12/site-packages/neutron_lib/callbacks/manager.py:184}}
Jul 03 12:08:04.039892 np0000004415 devstack@neutron-api.service[87545]: [pid: 87545|app: 0|req: 12/37] 10.4.3.124 () {68 vars in 1326 bytes} [Fri Jul 3 12:08:03 2026] POST /networking/v2.0/networks => generated 679 bytes in 329 msecs (HTTP/1.1 201) 4 headers in 162 bytes (1 switches on core 0)
Jul 03 12:08:04.041505 np0000004415 devstack@neutron-api.service[87546]: DEBUG neutron.plugins.ml2.plugin [None req-be6f8d23-ecac-48b4-a4b2-a777c67ce9e7 None None] Current status of the port c8067fbd-df9f-4d0b-af8c-f857b3520966 is: DOWN; New status is: DOWN {{(pid=87546) _update_individual_port_db_status /opt/stack/neutron/neutron/plugins/ml2/plugin.py:2473}}
Jul 03 12:08:04.042440 np0000004415 devstack@neutron-api.service[87546]: DEBUG ovsdbapp.backend.ovs_idl.transaction [None req-d999d75f-61f6-4fd2-9dff-9561ca7cb290 None None] Running txn n=1 command(idx=0): DbRemoveCommand(_result=None, table=Logical_Switch_Port, record=c8067fbd-df9f-4d0b-af8c-f857b3520966, column=external_ids, values=('neutron:host_id',), keyvalues={}, if_exists=True) {{(pid=87546) do_commit /opt/stack/data/venv/lib/python3.12/site-packages/ovsdbapp/backend/ovs_idl/transaction.py:89}}
Jul 03 12:08:04.227722 np0000004415 devstack@neutron-api.service[87547]: INFO neutron.pecan_wsgi.hooks.translation [None req-9ba9d3cd-4390-4bdb-9f77-809eca92565e admin admin] GET failed (client error): The resource could not be found.
Jul 03 12:08:04.228416 np0000004415 devstack@neutron-api.service[87547]: [pid: 87547|app: 0|req: 14/38] 10.4.3.124 () {64 vars in 1294 bytes} [Fri Jul 3 12:08:04 2026] GET /networking/v2.0/networks/shared => generated 108 bytes in 8 msecs (HTTP/1.1 404) 4 headers in 164 bytes (1 switches on core 0)
Jul 03 12:08:04.254277 np0000004415 devstack@neutron-api.service[87546]: DEBUG neutron.pecan_wsgi.hooks.policy_enforcement [None req-3f862f78-6409-4970-9161-dabe57d59a6c admin admin] Attributes excluded by policy engine: ['standard_attr_id'] {{(pid=87546) _exclude_attributes_by_policy /opt/stack/neutron/neutron/pecan_wsgi/hooks/policy_enforcement.py:259}}
Jul 03 12:08:04.255314 np0000004415 devstack@neutron-api.service[87546]: [pid: 87546|app: 0|req: 13/39] 10.4.3.124 () {64 vars in 1309 bytes} [Fri Jul 3 12:08:04 2026] GET /networking/v2.0/networks?name=shared => generated 663 bytes in 20 msecs (HTTP/1.1 200) 4 headers in 157 bytes (1 switches on core 0)
Jul 03 12:08:04.266785 np0000004415 devstack@neutron-api.service[87545]: DEBUG neutron.api.v2.base [None req-b1fe7ffb-8247-4613-bb80-d83305747659 admin admin] Request body: {'subnet': {'name': 'shared-subnet', 'description': 'shared-subnet', 'network_id': 'e9ebf9f5-1800-413d-9857-8c07defb43ae', 'ip_version': 4, 'cidr': '192.168.233.0/24'}} {{(pid=87545) prepare_request_body /opt/stack/neutron/neutron/api/v2/base.py:727}}
Jul 03 12:08:04.280239 np0000004415 devstack@neutron-api.service[87545]: DEBUG neutron.pecan_wsgi.hooks.quota_enforcement [None req-b1fe7ffb-8247-4613-bb80-d83305747659 admin admin] Made reservation on behalf of d06b54d6121240739e68fdebb3f58aae for: {'subnet': 1} {{(pid=87545) before /opt/stack/neutron/neutron/pecan_wsgi/hooks/quota_enforcement.py:66}}
Jul 03 12:08:04.282447 np0000004415 devstack@neutron-api.service[87545]: DEBUG neutron_lib.callbacks.manager [None req-b1fe7ffb-8247-4613-bb80-d83305747659 admin admin] Publish callbacks [] for subnet (None), before_create {{(pid=87545) _notify_loop /opt/stack/data/venv/lib/python3.12/site-packages/neutron_lib/callbacks/manager.py:184}}
Jul 03 12:08:04.331517 np0000004415 devstack@neutron-api.service[87545]: DEBUG neutron.db.ovn_revision_numbers_db [None req-b1fe7ffb-8247-4613-bb80-d83305747659 admin admin] create_initial_revision uuid=baabfdc1-40e4-4a83-9f32-537a1c1f494b, type=subnets, rev=-1 {{(pid=87545) create_initial_revision /opt/stack/neutron/neutron/db/ovn_revision_numbers_db.py:98}}
Jul 03 12:08:04.335360 np0000004415 devstack@neutron-api.service[87545]: DEBUG neutron_lib.callbacks.manager [None req-b1fe7ffb-8247-4613-bb80-d83305747659 admin admin] Publish callbacks ['neutron.plugins.ml2.ovo_rpc._ObjectChangeHandler.handle_event-6720958'] for subnet (baabfdc1-40e4-4a83-9f32-537a1c1f494b), after_create {{(pid=87545) _notify_loop /opt/stack/data/venv/lib/python3.12/site-packages/neutron_lib/callbacks/manager.py:184}}
Jul 03 12:08:04.347701 np0000004415 devstack@neutron-api.service[87545]: DEBUG neutron.api.rpc.handlers.resources_rpc [None req-b1fe7ffb-8247-4613-bb80-d83305747659 admin admin] Pushing event updated for resources: {'Subnet': ['ID=baabfdc1-40e4-4a83-9f32-537a1c1f494b,revision_number=0']} {{(pid=87545) push /opt/stack/neutron/neutron/api/rpc/handlers/resources_rpc.py:237}}
Jul 03 12:08:04.389460 np0000004415 devstack@neutron-api.service[87545]: DEBUG neutron_lib.callbacks.manager [None req-b1fe7ffb-8247-4613-bb80-d83305747659 admin admin] Publish callbacks ['neutron.plugins.ml2.plugin.SecurityGroupDbMixin._ensure_default_security_group_handler-3218588', 'neutron.services.ovn_l3.plugin.OVNL3RouterPlugin._port_update-8101847428780', 'neutron.db.l3_db.L3_NAT_dbonly_mixin._prevent_internal_ip_change_for_fip-8101848549690'] for port (c8067fbd-df9f-4d0b-af8c-f857b3520966), before_update {{(pid=87545) _notify_loop /opt/stack/data/venv/lib/python3.12/site-packages/neutron_lib/callbacks/manager.py:184}}
Jul 03 12:08:04.460918 np0000004415 devstack@neutron-api.service[87545]: DEBUG neutron.db.db_base_plugin_common [None req-b1fe7ffb-8247-4613-bb80-d83305747659 admin admin] Allocated IP 192.168.233.2 (e9ebf9f5-1800-413d-9857-8c07defb43ae/baabfdc1-40e4-4a83-9f32-537a1c1f494b/c8067fbd-df9f-4d0b-af8c-f857b3520966) {{(pid=87545) _store_ip_allocation /opt/stack/neutron/neutron/db/db_base_plugin_common.py:131}}
Jul 03 12:08:04.520359 np0000004415 devstack@neutron-api.service[87545]: DEBUG neutron_lib.callbacks.manager [None req-b1fe7ffb-8247-4613-bb80-d83305747659 admin admin] Publish callbacks [] for port (c8067fbd-df9f-4d0b-af8c-f857b3520966), precommit_update {{(pid=87545) _notify_loop /opt/stack/data/venv/lib/python3.12/site-packages/neutron_lib/callbacks/manager.py:184}}
Jul 03 12:08:04.520499 np0000004415 devstack@neutron-api.service[87545]: DEBUG neutron.plugins.ml2.drivers.ovn.mech_driver.mech_driver [None req-b1fe7ffb-8247-4613-bb80-d83305747659 admin admin] No provisioning block for port c8067fbd-df9f-4d0b-af8c-f857b3520966 since it does not have a host {{(pid=87545) _is_port_provisioning_required /opt/stack/neutron/neutron/plugins/ml2/drivers/ovn/mech_driver/mech_driver.py:899}}
Jul 03 12:08:04.533100 np0000004415 devstack@neutron-api.service[87545]: DEBUG neutron_lib.callbacks.manager [None req-b1fe7ffb-8247-4613-bb80-d83305747659 admin admin] Publish callbacks ['neutron.plugins.ml2.ovo_rpc._ObjectChangeHandler.handle_event-6720929', 'neutron.services.ovn_l3.plugin.OVNL3RouterPlugin._port_update-8101847428780'] for port (c8067fbd-df9f-4d0b-af8c-f857b3520966), after_update {{(pid=87545) _notify_loop /opt/stack/data/venv/lib/python3.12/site-packages/neutron_lib/callbacks/manager.py:184}}
Jul 03 12:08:04.560842 np0000004415 devstack@neutron-api.service[87545]: DEBUG neutron.api.rpc.handlers.resources_rpc [None req-b1fe7ffb-8247-4613-bb80-d83305747659 admin admin] Pushing event updated for resources: {'Port': ['ID=c8067fbd-df9f-4d0b-af8c-f857b3520966,revision_number=2']} {{(pid=87545) push /opt/stack/neutron/neutron/api/rpc/handlers/resources_rpc.py:237}}
Jul 03 12:08:04.636672 np0000004415 devstack@neutron-api.service[87545]: DEBUG neutron.plugins.ml2.drivers.ovn.mech_driver.ovsdb.commands [None req-b1fe7ffb-8247-4613-bb80-d83305747659 admin admin] Converting tag [] to a tag_request {{(pid=87545) _tag_column_to_tag_request /opt/stack/neutron/neutron/plugins/ml2/drivers/ovn/mech_driver/ovsdb/commands.py:205}}
Jul 03 12:08:04.637487 np0000004415 devstack@neutron-api.service[87545]: DEBUG ovsdbapp.backend.ovs_idl.transaction [None req-e6120f8f-7d0c-416a-9d7c-0436bf8d0843 None None] Running txn n=1 command(idx=0): CheckRevisionNumberCommand(_result=None, name=c8067fbd-df9f-4d0b-af8c-f857b3520966, resource={'id': 'c8067fbd-df9f-4d0b-af8c-f857b3520966', 'name': '', 'network_id': 'e9ebf9f5-1800-413d-9857-8c07defb43ae', 'project_id': 'd06b54d6121240739e68fdebb3f58aae', 'mac_address': 'fa:16:3e:d6:b5:11', 'admin_state_up': True, 'status': 'DOWN', 'device_id': 'ovnmeta-e9ebf9f5-1800-413d-9857-8c07defb43ae', 'device_owner': 'network:distributed', 'standard_attr_id': 28, 'fixed_ips': [{'subnet_id': 'baabfdc1-40e4-4a83-9f32-537a1c1f494b', 'ip_address': '192.168.233.2'}], 'allowed_address_pairs': [], 'extra_dhcp_opts': [], 'security_groups': [], 'description': '', 'binding:vnic_type': 'normal', 'binding:profile': {}, 'binding:host_id': '', 'binding:vif_type': 'unbound', 'binding:vif_details': {}, 'port_security_enabled': False, 'tags': [], 'created_at': '2026-07-03T12:08:03Z', 'updated_at': '2026-07-03T12:08:04Z', 'revision_number': 2, 'tenant_id': 'd06b54d6121240739e68fdebb3f58aae', 'network': {'id': 'e9ebf9f5-1800-413d-9857-8c07defb43ae', 'name': 'shared', 'tenant_id': 'd06b54d6121240739e68fdebb3f58aae', 'project_id': 'd06b54d6121240739e68fdebb3f58aae', 'admin_state_up': True, 'mtu': 1372, 'status': 'ACTIVE', 'subnets': ['baabfdc1-40e4-4a83-9f32-537a1c1f494b'], 'standard_attr_id': 26, 'shared': True, 'availability_zone_hints': [], 'availability_zones': [], 'ipv4_address_scope': None, 'ipv6_address_scope': None, 'router:external': False, 'qinq': False, 'vlan_transparent': False, 'description': '', 'port_security_enabled': True, 'tags': [], 'created_at': '2026-07-03T12:08:03Z', 'updated_at': '2026-07-03T12:08:04Z', 'revision_number': 2, 'provider:network_type': 'geneve', 'provider:physical_network': None, 'provider:segmentation_id': 29535}}, resource_type=ports, if_exists=True) {{(pid=87545) do_commit /opt/stack/data/venv/lib/python3.12/site-packages/ovsdbapp/backend/ovs_idl/transaction.py:89}}
Jul 03 12:08:04.637803 np0000004415 devstack@neutron-api.service[87545]: DEBUG ovsdbapp.backend.ovs_idl.transaction [None req-e6120f8f-7d0c-416a-9d7c-0436bf8d0843 None None] Running txn n=1 command(idx=1): AddDHCPOptionsCommand(_result=None, columns={'cidr': '192.168.233.0/24', 'options': {'server_id': '192.168.233.1', 'lease_time': '43200', 'mtu': '1372', 'router': '192.168.233.1', 'server_mac': 'fa:16:3e:f4:a4:12', 'dns_server': '{127.0.0.53}', 'classless_static_route': '{169.254.169.254/32,192.168.233.2, 0.0.0.0/0,192.168.233.1}'}, 'external_ids': {'subnet_id': 'baabfdc1-40e4-4a83-9f32-537a1c1f494b', 'neutron:network_id': 'e9ebf9f5-1800-413d-9857-8c07defb43ae', 'neutron:revision_number': '0'}}, may_exist=True, subnet_id=baabfdc1-40e4-4a83-9f32-537a1c1f494b, port_id=None, new_insert=False) {{(pid=87545) do_commit /opt/stack/data/venv/lib/python3.12/site-packages/ovsdbapp/backend/ovs_idl/transaction.py:89}}
Jul 03 12:08:04.638081 np0000004415 devstack@neutron-api.service[87545]: DEBUG ovsdbapp.backend.ovs_idl.transaction [None req-e6120f8f-7d0c-416a-9d7c-0436bf8d0843 None None] Running txn n=1 command(idx=2): SetLSwitchPortCommand(_result=None, lport=c8067fbd-df9f-4d0b-af8c-f857b3520966, external_ids_update=None, columns={'external_ids': {'neutron:port_name': '', 'neutron:device_id': 'ovnmeta-e9ebf9f5-1800-413d-9857-8c07defb43ae', 'neutron:project_id': 'd06b54d6121240739e68fdebb3f58aae', 'neutron:cidrs': '192.168.233.2/24', 'neutron:device_owner': 'network:distributed', 'neutron:subnet_pool_addr_scope4': '', 'neutron:subnet_pool_addr_scope6': '', 'neutron:network_name': 'neutron-e9ebf9f5-1800-413d-9857-8c07defb43ae', 'neutron:security_group_ids': '', 'neutron:revision_number': '2', 'neutron:vnic_type': 'normal', 'neutron:port_capabilities': '', 'neutron:mtu': '1372'}, 'parent_name': [], 'options': {}, 'enabled': True, 'port_security': [], 'dhcpv4_options': [], 'dhcpv6_options': [], 'type': 'localport', 'addresses': ['fa:16:3e:d6:b5:11 192.168.233.2'], 'ha_chassis_group': [], 'tag_request': []}, if_exists=False) {{(pid=87545) do_commit /opt/stack/data/venv/lib/python3.12/site-packages/ovsdbapp/backend/ovs_idl/transaction.py:89}}
Jul 03 12:08:04.638624 np0000004415 devstack@neutron-api.service[87545]: DEBUG ovsdbapp.backend.ovs_idl.transaction [None req-e6120f8f-7d0c-416a-9d7c-0436bf8d0843 None None] Running txn n=1 command(idx=3): PgDelPortCommand(_result=None, port_group=neutron_pg_drop, lsp=['c8067fbd-df9f-4d0b-af8c-f857b3520966'], if_exists=False) {{(pid=87545) do_commit /opt/stack/data/venv/lib/python3.12/site-packages/ovsdbapp/backend/ovs_idl/transaction.py:89}}
Jul 03 12:08:04.653569 np0000004415 devstack@neutron-api.service[87546]: DEBUG neutron.plugins.ml2.drivers.ovn.mech_driver.ovsdb.ovsdb_monitor [None req-d999d75f-61f6-4fd2-9dff-9561ca7cb290 None None] Hash Ring: Node c71c1f69b3e95954b05838b39326b923 (host: np0000004415) handling event "create" for row a9d37702-3e20-4e32-9144-5b5e4b7caff5 (table: DHCP_Options) {{(pid=87546) notify /opt/stack/neutron/neutron/plugins/ml2/drivers/ovn/mech_driver/ovsdb/ovsdb_monitor.py:1015}}
Jul 03 12:08:04.653569 np0000004415 devstack@neutron-api.service[87546]: DEBUG neutron.plugins.ml2.drivers.ovn.mech_driver.ovsdb.ovsdb_monitor [None req-d999d75f-61f6-4fd2-9dff-9561ca7cb290 None None] Hash Ring: Node c71c1f69b3e95954b05838b39326b923 (host: np0000004415) handling event "update" for row 06f7d8df-2933-4e91-b464-6351298da9ee (table: Logical_Switch_Port) {{(pid=87546) notify /opt/stack/neutron/neutron/plugins/ml2/drivers/ovn/mech_driver/ovsdb/ovsdb_monitor.py:1015}}
Jul 03 12:08:04.655361 np0000004415 devstack@neutron-api.service[87546]: DEBUG neutron.plugins.ml2.drivers.ovn.mech_driver.ovsdb.ovsdb_monitor [None req-11c6f888-4171-4873-8a33-d36934cf6c8c None None] Hash Ring: Node c71c1f69b3e95954b05838b39326b923 (host: np0000004415) handling event "update" for row 431b2573-425c-4ee3-af10-d94c93bd6c80 (table: Port_Binding) {{(pid=87546) notify /opt/stack/neutron/neutron/plugins/ml2/drivers/ovn/mech_driver/ovsdb/ovsdb_monitor.py:1015}}
Jul 03 12:08:04.677012 np0000004415 devstack@neutron-api.service[87545]: INFO neutron.db.ovn_revision_numbers_db [None req-b1fe7ffb-8247-4613-bb80-d83305747659 admin admin] Successfully bumped revision number for resource c8067fbd-df9f-4d0b-af8c-f857b3520966 (type: ports) to 2
Jul 03 12:08:04.685435 np0000004415 devstack@neutron-api.service[87545]: DEBUG neutron.plugins.ml2.plugin [None req-b1fe7ffb-8247-4613-bb80-d83305747659 admin admin] In _notify_port_updated(), no bound segment for port c8067fbd-df9f-4d0b-af8c-f857b3520966 on network e9ebf9f5-1800-413d-9857-8c07defb43ae {{(pid=87545) _notify_port_updated /opt/stack/neutron/neutron/plugins/ml2/plugin.py:1041}}
Jul 03 12:08:04.701088 np0000004415 devstack@neutron-api.service[87545]: INFO neutron.db.ovn_revision_numbers_db [None req-b1fe7ffb-8247-4613-bb80-d83305747659 admin admin] Successfully bumped revision number for resource baabfdc1-40e4-4a83-9f32-537a1c1f494b (type: subnets) to 0
Jul 03 12:08:04.702037 np0000004415 devstack@neutron-api.service[87545]: DEBUG neutron.pecan_wsgi.hooks.policy_enforcement [None req-b1fe7ffb-8247-4613-bb80-d83305747659 admin admin] Attributes excluded by policy engine: ['standard_attr_id', 'shared', 'network'] {{(pid=87545) _exclude_attributes_by_policy /opt/stack/neutron/neutron/pecan_wsgi/hooks/policy_enforcement.py:259}}
Jul 03 12:08:04.702374 np0000004415 devstack@neutron-api.service[87545]: DEBUG neutron_lib.callbacks.manager [None req-b1fe7ffb-8247-4613-bb80-d83305747659 admin admin] Publish callbacks [] for subnet (None), before_response {{(pid=87545) _notify_loop /opt/stack/data/venv/lib/python3.12/site-packages/neutron_lib/callbacks/manager.py:184}}
Jul 03 12:08:04.711018 np0000004415 devstack@neutron-api.service[87545]: [pid: 87545|app: 0|req: 13/40] 10.4.3.124 () {68 vars in 1324 bytes} [Fri Jul 3 12:08:04 2026] POST /networking/v2.0/subnets => generated 665 bytes in 447 msecs (HTTP/1.1 201) 4 headers in 162 bytes (1 switches on core 0)
Jul 03 12:08:10.760479 np0000004415 devstack@neutron-api.service[87547]: DEBUG futurist.periodics [-] Submitting periodic callback 'neutron.plugins.ml2.drivers.ovn.mech_driver.ovsdb.maintenance.HashRingHealthCheckPeriodics.touch_hash_ring_node' {{(pid=87547) _process_scheduled /opt/stack/data/venv/lib/python3.12/site-packages/futurist/periodics.py:784}}
Jul 03 12:08:10.760949 np0000004415 devstack@neutron-api.service[87547]: DEBUG neutron.plugins.ml2.drivers.ovn.mech_driver.ovsdb.maintenance [-] Touching Hash Ring node "ee6082e6ac825821a48cfc56a1362132" from periodic health check thread {{(pid=87547) touch_hash_ring_node /opt/stack/neutron/neutron/plugins/ml2/drivers/ovn/mech_driver/ovsdb/maintenance.py:1419}}
Jul 03 12:08:10.843360 np0000004415 devstack@neutron-api.service[87547]: DEBUG neutron.plugins.ml2.drivers.ovn.mech_driver.ovsdb.ovsdb_monitor [None req-4f2c6d91-0f53-4ddc-8402-b2451dbadacb None None] ChassisOVNAgentWriteEvent : Matched Chassis_Private, update, None None {{(pid=87547) matches /opt/stack/neutron/neutron/plugins/ml2/drivers/ovn/mech_driver/ovsdb/ovsdb_monitor.py:64}}
Jul 03 12:08:10.843360 np0000004415 devstack@neutron-api.service[87547]: DEBUG neutron.plugins.ml2.drivers.ovn.mech_driver.ovsdb.ovsdb_monitor [None req-4f2c6d91-0f53-4ddc-8402-b2451dbadacb None None] Hash Ring: Node ee6082e6ac825821a48cfc56a1362132 (host: np0000004415) handling event "update" for row 5f9f55c6-672c-4fbc-a266-e2bc79486a57 (table: Chassis_Private) {{(pid=87547) notify /opt/stack/neutron/neutron/plugins/ml2/drivers/ovn/mech_driver/ovsdb/ovsdb_monitor.py:1015}}
Jul 03 12:08:10.843785 np0000004415 devstack@neutron-api.service[87545]: DEBUG neutron.plugins.ml2.drivers.ovn.mech_driver.ovsdb.ovsdb_monitor [None req-bf1dd506-ccd6-45f9-a9e1-774dcea308f2 None None] ChassisOVNAgentWriteEvent : Matched Chassis_Private, update, None None {{(pid=87545) matches /opt/stack/neutron/neutron/plugins/ml2/drivers/ovn/mech_driver/ovsdb/ovsdb_monitor.py:64}}
Jul 03 12:08:10.844145 np0000004415 devstack@neutron-api.service[87546]: DEBUG neutron.plugins.ml2.drivers.ovn.mech_driver.ovsdb.ovsdb_monitor [None req-11c6f888-4171-4873-8a33-d36934cf6c8c None None] ChassisOVNAgentWriteEvent : Matched Chassis_Private, update, None None {{(pid=87546) matches /opt/stack/neutron/neutron/plugins/ml2/drivers/ovn/mech_driver/ovsdb/ovsdb_monitor.py:64}}
Jul 03 12:08:11.666221 np0000004415 devstack@neutron-api.service[87546]: DEBUG futurist.periodics [-] Submitting periodic callback 'neutron.plugins.ml2.drivers.ovn.mech_driver.ovsdb.maintenance.HashRingHealthCheckPeriodics.touch_hash_ring_node' {{(pid=87546) _process_scheduled /opt/stack/data/venv/lib/python3.12/site-packages/futurist/periodics.py:784}}
Jul 03 12:08:11.666639 np0000004415 devstack@neutron-api.service[87546]: DEBUG neutron.plugins.ml2.drivers.ovn.mech_driver.ovsdb.maintenance [-] Touching Hash Ring node "c71c1f69b3e95954b05838b39326b923" from periodic health check thread {{(pid=87546) touch_hash_ring_node /opt/stack/neutron/neutron/plugins/ml2/drivers/ovn/mech_driver/ovsdb/maintenance.py:1419}}
Jul 03 12:08:11.742377 np0000004415 devstack@neutron-api.service[87545]: DEBUG futurist.periodics [-] Submitting periodic callback 'neutron.plugins.ml2.drivers.ovn.mech_driver.ovsdb.maintenance.HashRingHealthCheckPeriodics.touch_hash_ring_node' {{(pid=87545) _process_scheduled /opt/stack/data/venv/lib/python3.12/site-packages/futurist/periodics.py:784}}
Jul 03 12:08:11.742606 np0000004415 devstack@neutron-api.service[87545]: DEBUG neutron.plugins.ml2.drivers.ovn.mech_driver.ovsdb.maintenance [-] Touching Hash Ring node "28c14bfcac7756b696adaa5533736a19" from periodic health check thread {{(pid=87545) touch_hash_ring_node /opt/stack/neutron/neutron/plugins/ml2/drivers/ovn/mech_driver/ovsdb/maintenance.py:1419}}
Jul 03 12:08:20.767804 np0000004415 devstack@neutron-api.service[87547]: DEBUG dbcounter [-] [87547] Writing DB stats neutron:UPDATE=2,neutron:SELECT=8 {{(pid=87547) stat_writer /opt/stack/data/venv/lib/python3.12/site-packages/dbcounter.py:115}}
Jul 03 12:08:21.673128 np0000004415 devstack@neutron-api.service[87546]: DEBUG dbcounter [-] [87546] Writing DB stats neutron:UPDATE=2,neutron:SELECT=56,neutron:INSERT=1 {{(pid=87546) stat_writer /opt/stack/data/venv/lib/python3.12/site-packages/dbcounter.py:115}}
Jul 03 12:08:21.749265 np0000004415 devstack@neutron-api.service[87545]: DEBUG dbcounter [-] [87545] Writing DB stats neutron:UPDATE=16,neutron:SELECT=368,neutron:INSERT=25,neutron:DELETE=4 {{(pid=87545) stat_writer /opt/stack/data/venv/lib/python3.12/site-packages/dbcounter.py:115}}
Jul 03 12:08:25.761437 np0000004415 devstack@neutron-api.service[87547]: DEBUG futurist.periodics [-] Submitting periodic callback 'neutron.plugins.ml2.drivers.ovn.mech_driver.ovsdb.maintenance.HashRingHealthCheckPeriodics.touch_hash_ring_node' {{(pid=87547) _process_scheduled /opt/stack/data/venv/lib/python3.12/site-packages/futurist/periodics.py:784}}
Jul 03 12:08:25.762488 np0000004415 devstack@neutron-api.service[87547]: DEBUG neutron.plugins.ml2.drivers.ovn.mech_driver.ovsdb.maintenance [-] Touching Hash Ring node "ee6082e6ac825821a48cfc56a1362132" from periodic health check thread {{(pid=87547) touch_hash_ring_node /opt/stack/neutron/neutron/plugins/ml2/drivers/ovn/mech_driver/ovsdb/maintenance.py:1419}}
Jul 03 12:08:26.666837 np0000004415 devstack@neutron-api.service[87546]: DEBUG futurist.periodics [-] Submitting periodic callback 'neutron.plugins.ml2.drivers.ovn.mech_driver.ovsdb.maintenance.HashRingHealthCheckPeriodics.touch_hash_ring_node' {{(pid=87546) _process_scheduled /opt/stack/data/venv/lib/python3.12/site-packages/futurist/periodics.py:784}}
Jul 03 12:08:26.667294 np0000004415 devstack@neutron-api.service[87546]: DEBUG neutron.plugins.ml2.drivers.ovn.mech_driver.ovsdb.maintenance [-] Touching Hash Ring node "c71c1f69b3e95954b05838b39326b923" from periodic health check thread {{(pid=87546) touch_hash_ring_node /opt/stack/neutron/neutron/plugins/ml2/drivers/ovn/mech_driver/ovsdb/maintenance.py:1419}}
Jul 03 12:08:26.742870 np0000004415 devstack@neutron-api.service[87545]: DEBUG futurist.periodics [-] Submitting periodic callback 'neutron.plugins.ml2.drivers.ovn.mech_driver.ovsdb.maintenance.HashRingHealthCheckPeriodics.touch_hash_ring_node' {{(pid=87545) _process_scheduled /opt/stack/data/venv/lib/python3.12/site-packages/futurist/periodics.py:784}}
Jul 03 12:08:26.743357 np0000004415 devstack@neutron-api.service[87545]: DEBUG neutron.plugins.ml2.drivers.ovn.mech_driver.ovsdb.maintenance [-] Touching Hash Ring node "28c14bfcac7756b696adaa5533736a19" from periodic health check thread {{(pid=87545) touch_hash_ring_node /opt/stack/neutron/neutron/plugins/ml2/drivers/ovn/mech_driver/ovsdb/maintenance.py:1419}}
Jul 03 12:08:33.375321 np0000004415 devstack@neutron-api.service[87547]: DEBUG neutron.api.wsgi [None req-fc7fbbc4-277d-4e97-afe4-becd9d046211 tempest-verify_tempest_config-328043830 tempest-verify_tempest_config-328043830-project-member] https://10.4.3.124/networking/v2.0/extensions returned with HTTP 200 {{(pid=87547) __call__ /opt/stack/neutron/neutron/api/wsgi.py:540}}
Jul 03 12:08:33.375734 np0000004415 devstack@neutron-api.service[87547]: [pid: 87547|app: 0|req: 15/41] 10.4.3.124 () {66 vars in 1261 bytes} [Fri Jul 3 12:08:33 2026] GET /networking/v2.0/extensions => generated 16171 bytes in 3 msecs (HTTP/1.1 200) 4 headers in 159 bytes (1 switches on core 0)
Jul 03 12:08:34.086271 np0000004415 devstack@neutron-api.service[87546]: DEBUG neutron_lib.callbacks.manager [None req-877722bb-34d2-49ca-ae7b-cc108128d046 admin admin] Publish callbacks [] for security_group (None), before_create {{(pid=87546) _notify_loop /opt/stack/data/venv/lib/python3.12/site-packages/neutron_lib/callbacks/manager.py:184}}
Jul 03 12:08:34.181146 np0000004415 devstack@neutron-api.service[87546]: DEBUG neutron_lib.callbacks.manager [None req-877722bb-34d2-49ca-ae7b-cc108128d046 admin admin] Publish callbacks ['neutron.plugins.ml2.drivers.ovn.mech_driver.mech_driver.OVNMechanismDriver._create_security_group_precommit-305239'] for security_group (e40a53d8-0db2-494e-8ac6-3e83e292dae5), precommit_create {{(pid=87546) _notify_loop /opt/stack/data/venv/lib/python3.12/site-packages/neutron_lib/callbacks/manager.py:184}}
Jul 03 12:08:34.181337 np0000004415 devstack@neutron-api.service[87546]: DEBUG neutron.db.ovn_revision_numbers_db [None req-877722bb-34d2-49ca-ae7b-cc108128d046 admin admin] create_initial_revision uuid=e40a53d8-0db2-494e-8ac6-3e83e292dae5, type=security_groups, rev=-1 {{(pid=87546) create_initial_revision /opt/stack/neutron/neutron/db/ovn_revision_numbers_db.py:98}}
Jul 03 12:08:34.182417 np0000004415 devstack@neutron-api.service[87546]: DEBUG neutron.db.ovn_revision_numbers_db [None req-877722bb-34d2-49ca-ae7b-cc108128d046 admin admin] create_initial_revision uuid=3c7d4f51-f282-4978-8c1c-da38fef140a6, type=security_group_rules, rev=-1 {{(pid=87546) create_initial_revision /opt/stack/neutron/neutron/db/ovn_revision_numbers_db.py:98}}
Jul 03 12:08:34.183167 np0000004415 devstack@neutron-api.service[87546]: DEBUG neutron.db.ovn_revision_numbers_db [None req-877722bb-34d2-49ca-ae7b-cc108128d046 admin admin] create_initial_revision uuid=46688912-033e-4ff3-8867-4f6cef3f279a, type=security_group_rules, rev=-1 {{(pid=87546) create_initial_revision /opt/stack/neutron/neutron/db/ovn_revision_numbers_db.py:98}}
Jul 03 12:08:34.183949 np0000004415 devstack@neutron-api.service[87546]: DEBUG neutron.db.ovn_revision_numbers_db [None req-877722bb-34d2-49ca-ae7b-cc108128d046 admin admin] create_initial_revision uuid=887c0564-328f-4594-bd22-8e7a8648190e, type=security_group_rules, rev=-1 {{(pid=87546) create_initial_revision /opt/stack/neutron/neutron/db/ovn_revision_numbers_db.py:98}}
Jul 03 12:08:34.184736 np0000004415 devstack@neutron-api.service[87546]: DEBUG neutron.db.ovn_revision_numbers_db [None req-877722bb-34d2-49ca-ae7b-cc108128d046 admin admin] create_initial_revision uuid=fc882942-080c-4d26-81a7-e70ba3e83825, type=security_group_rules, rev=-1 {{(pid=87546) create_initial_revision /opt/stack/neutron/neutron/db/ovn_revision_numbers_db.py:98}}
Jul 03 12:08:34.188074 np0000004415 devstack@neutron-api.service[87546]: DEBUG neutron_lib.callbacks.manager [None req-877722bb-34d2-49ca-ae7b-cc108128d046 admin admin] Publish callbacks ['neutron.plugins.ml2.drivers.ovn.mech_driver.mech_driver.OVNMechanismDriver._create_security_group-305229', 'neutron.plugins.ml2.ovo_rpc._ObjectChangeHandler.handle_event-6725087'] for security_group (e40a53d8-0db2-494e-8ac6-3e83e292dae5), after_create {{(pid=87546) _notify_loop /opt/stack/data/venv/lib/python3.12/site-packages/neutron_lib/callbacks/manager.py:184}}
Jul 03 12:08:34.188561 np0000004415 devstack@neutron-api.service[87546]: DEBUG ovsdbapp.backend.ovs_idl.transaction [None req-d999d75f-61f6-4fd2-9dff-9561ca7cb290 None None] Running txn n=1 command(idx=0): PgAddCommand(_result=None, name=pg_e40a53d8_0db2_494e_8ac6_3e83e292dae5, may_exist=False, columns={'acls': [], 'external_ids': {'neutron:security_group_id': 'e40a53d8-0db2-494e-8ac6-3e83e292dae5'}}) {{(pid=87546) do_commit /opt/stack/data/venv/lib/python3.12/site-packages/ovsdbapp/backend/ovs_idl/transaction.py:89}}
Jul 03 12:08:34.188826 np0000004415 devstack@neutron-api.service[87546]: DEBUG ovsdbapp.backend.ovs_idl.transaction [None req-d999d75f-61f6-4fd2-9dff-9561ca7cb290 None None] Running txn n=1 command(idx=1): PgAclAddCommand(_result=None, entity=pg_e40a53d8_0db2_494e_8ac6_3e83e292dae5, direction=to-lport, priority=1002, match=outport == @pg_e40a53d8_0db2_494e_8ac6_3e83e292dae5 && ip4 && ip4.src == $pg_e40a53d8_0db2_494e_8ac6_3e83e292dae5_ip4, action=allow-related, log=False, may_exist=True, severity=[], name=[], meter=[], external_ids={'neutron:security_group_rule_id': '3c7d4f51-f282-4978-8c1c-da38fef140a6'}) {{(pid=87546) do_commit /opt/stack/data/venv/lib/python3.12/site-packages/ovsdbapp/backend/ovs_idl/transaction.py:89}}
Jul 03 12:08:34.189074 np0000004415 devstack@neutron-api.service[87546]: DEBUG ovsdbapp.backend.ovs_idl.transaction [None req-d999d75f-61f6-4fd2-9dff-9561ca7cb290 None None] Running txn n=1 command(idx=2): PgAclAddCommand(_result=None, entity=pg_e40a53d8_0db2_494e_8ac6_3e83e292dae5, direction=from-lport, priority=1002, match=inport == @pg_e40a53d8_0db2_494e_8ac6_3e83e292dae5 && ip4, action=allow-related, log=False, may_exist=True, severity=[], name=[], meter=[], external_ids={'neutron:security_group_rule_id': '46688912-033e-4ff3-8867-4f6cef3f279a'}) {{(pid=87546) do_commit /opt/stack/data/venv/lib/python3.12/site-packages/ovsdbapp/backend/ovs_idl/transaction.py:89}}
Jul 03 12:08:34.189340 np0000004415 devstack@neutron-api.service[87546]: DEBUG ovsdbapp.backend.ovs_idl.transaction [None req-d999d75f-61f6-4fd2-9dff-9561ca7cb290 None None] Running txn n=1 command(idx=3): PgAclAddCommand(_result=None, entity=pg_e40a53d8_0db2_494e_8ac6_3e83e292dae5, direction=to-lport, priority=1002, match=outport == @pg_e40a53d8_0db2_494e_8ac6_3e83e292dae5 && ip6 && ip6.src == $pg_e40a53d8_0db2_494e_8ac6_3e83e292dae5_ip6, action=allow-related, log=False, may_exist=True, severity=[], name=[], meter=[], external_ids={'neutron:security_group_rule_id': '887c0564-328f-4594-bd22-8e7a8648190e'}) {{(pid=87546) do_commit /opt/stack/data/venv/lib/python3.12/site-packages/ovsdbapp/backend/ovs_idl/transaction.py:89}}
Jul 03 12:08:34.189544 np0000004415 devstack@neutron-api.service[87546]: DEBUG ovsdbapp.backend.ovs_idl.transaction [None req-d999d75f-61f6-4fd2-9dff-9561ca7cb290 None None] Running txn n=1 command(idx=4): PgAclAddCommand(_result=None, entity=pg_e40a53d8_0db2_494e_8ac6_3e83e292dae5, direction=from-lport, priority=1002, match=inport == @pg_e40a53d8_0db2_494e_8ac6_3e83e292dae5 && ip6, action=allow-related, log=False, may_exist=True, severity=[], name=[], meter=[], external_ids={'neutron:security_group_rule_id': 'fc882942-080c-4d26-81a7-e70ba3e83825'}) {{(pid=87546) do_commit /opt/stack/data/venv/lib/python3.12/site-packages/ovsdbapp/backend/ovs_idl/transaction.py:89}}
Jul 03 12:08:34.195956 np0000004415 devstack@neutron-api.service[87547]: DEBUG neutron.plugins.ml2.drivers.ovn.mech_driver.ovsdb.ovsdb_monitor [None req-e102b3dc-fd3b-4402-ac05-31bf6c4e94cd None None] Touching Hash Ring node "ee6082e6ac825821a48cfc56a1362132" from IDL notify handler {{(pid=87547) notify /opt/stack/neutron/neutron/plugins/ml2/drivers/ovn/mech_driver/ovsdb/ovsdb_monitor.py:1007}}
Jul 03 12:08:34.198678 np0000004415 devstack@neutron-api.service[87545]: DEBUG neutron.plugins.ml2.drivers.ovn.mech_driver.ovsdb.ovsdb_monitor [None req-e6120f8f-7d0c-416a-9d7c-0436bf8d0843 None None] Touching Hash Ring node "28c14bfcac7756b696adaa5533736a19" from IDL notify handler {{(pid=87545) notify /opt/stack/neutron/neutron/plugins/ml2/drivers/ovn/mech_driver/ovsdb/ovsdb_monitor.py:1007}}
Jul 03 12:08:34.203067 np0000004415 devstack@neutron-api.service[87547]: DEBUG neutron.plugins.ml2.drivers.ovn.mech_driver.ovsdb.ovsdb_monitor [None req-e102b3dc-fd3b-4402-ac05-31bf6c4e94cd None None] Hash Ring: Node ee6082e6ac825821a48cfc56a1362132 (host: np0000004415) handling event "create" for row 633c92c1-f564-4ea4-bbf3-9d0082353819 (table: ACL) {{(pid=87547) notify /opt/stack/neutron/neutron/plugins/ml2/drivers/ovn/mech_driver/ovsdb/ovsdb_monitor.py:1015}}
Jul 03 12:08:34.204003 np0000004415 devstack@neutron-api.service[87547]: DEBUG neutron.plugins.ml2.drivers.ovn.mech_driver.ovsdb.ovsdb_monitor [None req-e102b3dc-fd3b-4402-ac05-31bf6c4e94cd None None] Touching Hash Ring node "ee6082e6ac825821a48cfc56a1362132" from IDL notify handler {{(pid=87547) notify /opt/stack/neutron/neutron/plugins/ml2/drivers/ovn/mech_driver/ovsdb/ovsdb_monitor.py:1007}}
Jul 03 12:08:34.204422 np0000004415 devstack@neutron-api.service[87545]: DEBUG neutron.plugins.ml2.drivers.ovn.mech_driver.ovsdb.ovsdb_monitor [None req-e6120f8f-7d0c-416a-9d7c-0436bf8d0843 None None] Hash Ring: Node 28c14bfcac7756b696adaa5533736a19 (host: np0000004415) handling event "create" for row 4f533f9b-2257-462e-ba89-2d30addb7306 (table: ACL) {{(pid=87545) notify /opt/stack/neutron/neutron/plugins/ml2/drivers/ovn/mech_driver/ovsdb/ovsdb_monitor.py:1015}}
Jul 03 12:08:34.205829 np0000004415 devstack@neutron-api.service[87545]: DEBUG neutron.plugins.ml2.drivers.ovn.mech_driver.ovsdb.ovsdb_monitor [None req-e6120f8f-7d0c-416a-9d7c-0436bf8d0843 None None] Touching Hash Ring node "28c14bfcac7756b696adaa5533736a19" from IDL notify handler {{(pid=87545) notify /opt/stack/neutron/neutron/plugins/ml2/drivers/ovn/mech_driver/ovsdb/ovsdb_monitor.py:1007}}
Jul 03 12:08:34.210774 np0000004415 devstack@neutron-api.service[87547]: DEBUG neutron.plugins.ml2.drivers.ovn.mech_driver.ovsdb.ovsdb_monitor [None req-e102b3dc-fd3b-4402-ac05-31bf6c4e94cd None None] Hash Ring: Node ee6082e6ac825821a48cfc56a1362132 (host: np0000004415) handling event "create" for row 69ccbd65-67d6-4b80-aeb7-ebb0428f857e (table: ACL) {{(pid=87547) notify /opt/stack/neutron/neutron/plugins/ml2/drivers/ovn/mech_driver/ovsdb/ovsdb_monitor.py:1015}}
Jul 03 12:08:34.211135 np0000004415 devstack@neutron-api.service[87545]: DEBUG neutron.plugins.ml2.drivers.ovn.mech_driver.ovsdb.ovsdb_monitor [None req-e6120f8f-7d0c-416a-9d7c-0436bf8d0843 None None] Hash Ring: Node 28c14bfcac7756b696adaa5533736a19 (host: np0000004415) handling event "create" for row f0547bdd-da8e-45e2-8548-c586cd2c122b (table: ACL) {{(pid=87545) notify /opt/stack/neutron/neutron/plugins/ml2/drivers/ovn/mech_driver/ovsdb/ovsdb_monitor.py:1015}}
Jul 03 12:08:34.211988 np0000004415 devstack@neutron-api.service[87545]: DEBUG neutron.plugins.ml2.drivers.ovn.mech_driver.ovsdb.ovsdb_monitor [None req-e6120f8f-7d0c-416a-9d7c-0436bf8d0843 None None] Touching Hash Ring node "28c14bfcac7756b696adaa5533736a19" from IDL notify handler {{(pid=87545) notify /opt/stack/neutron/neutron/plugins/ml2/drivers/ovn/mech_driver/ovsdb/ovsdb_monitor.py:1007}}
Jul 03 12:08:34.214659 np0000004415 devstack@neutron-api.service[87545]: DEBUG neutron.plugins.ml2.drivers.ovn.mech_driver.ovsdb.ovsdb_monitor [None req-e6120f8f-7d0c-416a-9d7c-0436bf8d0843 None None] Hash Ring: Node 28c14bfcac7756b696adaa5533736a19 (host: np0000004415) handling event "create" for row e30c8891-4cc5-43ec-9bb9-396885457d05 (table: Port_Group) {{(pid=87545) notify /opt/stack/neutron/neutron/plugins/ml2/drivers/ovn/mech_driver/ovsdb/ovsdb_monitor.py:1015}}
Jul 03 12:08:34.225232 np0000004415 devstack@neutron-api.service[87546]: INFO neutron.db.ovn_revision_numbers_db [None req-877722bb-34d2-49ca-ae7b-cc108128d046 admin admin] Successfully bumped revision number for resource e40a53d8-0db2-494e-8ac6-3e83e292dae5 (type: security_groups) to 1
Jul 03 12:08:34.239718 np0000004415 devstack@neutron-api.service[87546]: INFO neutron.db.ovn_revision_numbers_db [None req-877722bb-34d2-49ca-ae7b-cc108128d046 admin admin] Successfully bumped revision number for resource 3c7d4f51-f282-4978-8c1c-da38fef140a6 (type: security_group_rules) to 0
Jul 03 12:08:34.251799 np0000004415 devstack@neutron-api.service[87546]: INFO neutron.db.ovn_revision_numbers_db [None req-877722bb-34d2-49ca-ae7b-cc108128d046 admin admin] Successfully bumped revision number for resource 46688912-033e-4ff3-8867-4f6cef3f279a (type: security_group_rules) to 0
Jul 03 12:08:34.265887 np0000004415 devstack@neutron-api.service[87546]: INFO neutron.db.ovn_revision_numbers_db [None req-877722bb-34d2-49ca-ae7b-cc108128d046 admin admin] Successfully bumped revision number for resource 887c0564-328f-4594-bd22-8e7a8648190e (type: security_group_rules) to 0
Jul 03 12:08:34.275028 np0000004415 devstack@neutron-api.service[87546]: INFO neutron.db.ovn_revision_numbers_db [None req-877722bb-34d2-49ca-ae7b-cc108128d046 admin admin] Successfully bumped revision number for resource fc882942-080c-4d26-81a7-e70ba3e83825 (type: security_group_rules) to 0
Jul 03 12:08:34.293305 np0000004415 devstack@neutron-api.service[87546]: DEBUG neutron.api.rpc.handlers.resources_rpc [None req-877722bb-34d2-49ca-ae7b-cc108128d046 admin admin] Pushing event updated for resources: {'SecurityGroup': ['ID=e40a53d8-0db2-494e-8ac6-3e83e292dae5,revision_number=1']} {{(pid=87546) push /opt/stack/neutron/neutron/api/rpc/handlers/resources_rpc.py:237}}
Jul 03 12:08:34.298136 np0000004415 devstack@neutron-api.service[87546]: DEBUG neutron.api.rpc.callbacks.version_manager [None req-877722bb-34d2-49ca-ae7b-cc108128d046 admin admin] Tracked resource versions report:
Jul 03 12:08:34.298136 np0000004415 devstack@neutron-api.service[87546]: pushed versions:
Jul 03 12:08:34.298136 np0000004415 devstack@neutron-api.service[87546]: { 'AddressGroup': {'1.2'},
Jul 03 12:08:34.298136 np0000004415 devstack@neutron-api.service[87546]: 'Agent': {'1.1'},
Jul 03 12:08:34.298136 np0000004415 devstack@neutron-api.service[87546]: 'ConntrackHelper': {'1.0'},
Jul 03 12:08:34.298136 np0000004415 devstack@neutron-api.service[87546]: 'LocalIPAssociation': {'1.0'},
Jul 03 12:08:34.298136 np0000004415 devstack@neutron-api.service[87546]: 'Log': {'1.0'},
Jul 03 12:08:34.298136 np0000004415 devstack@neutron-api.service[87546]: 'NDPProxy': {'1.0'},
Jul 03 12:08:34.298136 np0000004415 devstack@neutron-api.service[87546]: 'Network': {'1.3'},
Jul 03 12:08:34.298136 np0000004415 devstack@neutron-api.service[87546]: 'Port': {'1.11'},
Jul 03 12:08:34.298136 np0000004415 devstack@neutron-api.service[87546]: 'PortForwarding': {'1.3'},
Jul 03 12:08:34.298136 np0000004415 devstack@neutron-api.service[87546]: 'QosPolicy': {'1.10'},
Jul 03 12:08:34.298136 np0000004415 devstack@neutron-api.service[87546]: 'SecurityGroup': {'1.6'},
Jul 03 12:08:34.298136 np0000004415 devstack@neutron-api.service[87546]: 'SecurityGroupRule': {'1.3'},
Jul 03 12:08:34.298136 np0000004415 devstack@neutron-api.service[87546]: 'SubPort': {'1.0'},
Jul 03 12:08:34.298136 np0000004415 devstack@neutron-api.service[87546]: 'Subnet': {'1.2'},
Jul 03 12:08:34.298136 np0000004415 devstack@neutron-api.service[87546]: 'Trunk': {'1.1'}}
Jul 03 12:08:34.298136 np0000004415 devstack@neutron-api.service[87546]: consumer versions:
Jul 03 12:08:34.298136 np0000004415 devstack@neutron-api.service[87546]: { OVN Neutron agent@np0000004415: {},
Jul 03 12:08:34.298136 np0000004415 devstack@neutron-api.service[87546]: OVN Controller Gateway agent@np0000004415: {}}
Jul 03 12:08:34.298136 np0000004415 devstack@neutron-api.service[87546]: {{(pid=87546) report /opt/stack/neutron/neutron/api/rpc/callbacks/version_manager.py:183}}
Jul 03 12:08:34.314225 np0000004415 devstack@neutron-api.service[87546]: [pid: 87546|app: 0|req: 14/42] 10.4.3.124 () {66 vars in 1389 bytes} [Fri Jul 3 12:08:33 2026] GET /networking/v2.0/security-groups?project_id=eee443a432194aabb81ffe1bde23c625&name=default => generated 2921 bytes in 569 msecs (HTTP/1.1 200) 4 headers in 158 bytes (1 switches on core 0)
Jul 03 12:08:34.367543 np0000004415 devstack@neutron-api.service[87545]: DEBUG neutron_lib.callbacks.manager [None req-87a39627-6bba-4409-8ad8-157042918ee0 admin admin] Publish callbacks [] for security_group (e40a53d8-0db2-494e-8ac6-3e83e292dae5), before_delete {{(pid=87545) _notify_loop /opt/stack/data/venv/lib/python3.12/site-packages/neutron_lib/callbacks/manager.py:184}}
Jul 03 12:08:34.386215 np0000004415 devstack@neutron-api.service[87545]: DEBUG neutron_lib.callbacks.manager [None req-87a39627-6bba-4409-8ad8-157042918ee0 admin admin] Publish callbacks ['neutron.plugins.ml2.drivers.ovn.mech_driver.mech_driver.OVNMechanismDriver._delete_security_group_precommit-309852'] for security_group (e40a53d8-0db2-494e-8ac6-3e83e292dae5), precommit_delete {{(pid=87545) _notify_loop /opt/stack/data/venv/lib/python3.12/site-packages/neutron_lib/callbacks/manager.py:184}}
Jul 03 12:08:34.418748 np0000004415 devstack@neutron-api.service[87545]: DEBUG neutron.db.ovn_revision_numbers_db [None req-87a39627-6bba-4409-8ad8-157042918ee0 admin admin] delete_revision(3c7d4f51-f282-4978-8c1c-da38fef140a6) {{(pid=87545) delete_revision /opt/stack/neutron/neutron/db/ovn_revision_numbers_db.py:112}}
Jul 03 12:08:34.422278 np0000004415 devstack@neutron-api.service[87545]: DEBUG neutron.db.ovn_revision_numbers_db [None req-87a39627-6bba-4409-8ad8-157042918ee0 admin admin] delete_revision(887c0564-328f-4594-bd22-8e7a8648190e) {{(pid=87545) delete_revision /opt/stack/neutron/neutron/db/ovn_revision_numbers_db.py:112}}
Jul 03 12:08:34.425003 np0000004415 devstack@neutron-api.service[87545]: DEBUG ovsdbapp.backend.ovs_idl.transaction [None req-e6120f8f-7d0c-416a-9d7c-0436bf8d0843 None None] Running txn n=1 command(idx=0): PgAclDelCommand(_result=None, entity=pg_e40a53d8_0db2_494e_8ac6_3e83e292dae5, if_exists=False, conditions=[('direction', '=', 'to-lport'), ('priority', '=', 1002), ('match', '=', 'outport == @pg_e40a53d8_0db2_494e_8ac6_3e83e292dae5 && ip4 && ip4.src == $pg_e40a53d8_0db2_494e_8ac6_3e83e292dae5_ip4')]) {{(pid=87545) do_commit /opt/stack/data/venv/lib/python3.12/site-packages/ovsdbapp/backend/ovs_idl/transaction.py:89}}
Jul 03 12:08:34.425468 np0000004415 devstack@neutron-api.service[87545]: DEBUG ovsdbapp.backend.ovs_idl.transaction [None req-e6120f8f-7d0c-416a-9d7c-0436bf8d0843 None None] Running txn n=1 command(idx=1): PgAclDelCommand(_result=None, entity=pg_e40a53d8_0db2_494e_8ac6_3e83e292dae5, if_exists=False, conditions=[('direction', '=', 'to-lport'), ('priority', '=', 1002), ('match', '=', 'outport == @pg_e40a53d8_0db2_494e_8ac6_3e83e292dae5 && ip6 && ip6.src == $pg_e40a53d8_0db2_494e_8ac6_3e83e292dae5_ip6')]) {{(pid=87545) do_commit /opt/stack/data/venv/lib/python3.12/site-packages/ovsdbapp/backend/ovs_idl/transaction.py:89}}
Jul 03 12:08:34.428608 np0000004415 devstack@neutron-api.service[87545]: DEBUG neutron.plugins.ml2.drivers.ovn.mech_driver.ovsdb.ovsdb_monitor [None req-e6120f8f-7d0c-416a-9d7c-0436bf8d0843 None None] Touching Hash Ring node "28c14bfcac7756b696adaa5533736a19" from IDL notify handler {{(pid=87545) notify /opt/stack/neutron/neutron/plugins/ml2/drivers/ovn/mech_driver/ovsdb/ovsdb_monitor.py:1007}}
Jul 03 12:08:34.429139 np0000004415 devstack@neutron-api.service[87547]: DEBUG neutron.plugins.ml2.drivers.ovn.mech_driver.ovsdb.ovsdb_monitor [None req-e102b3dc-fd3b-4402-ac05-31bf6c4e94cd None None] Touching Hash Ring node "ee6082e6ac825821a48cfc56a1362132" from IDL notify handler {{(pid=87547) notify /opt/stack/neutron/neutron/plugins/ml2/drivers/ovn/mech_driver/ovsdb/ovsdb_monitor.py:1007}}
Jul 03 12:08:34.431992 np0000004415 devstack@neutron-api.service[87545]: DEBUG neutron.plugins.ml2.drivers.ovn.mech_driver.ovsdb.ovsdb_monitor [None req-e6120f8f-7d0c-416a-9d7c-0436bf8d0843 None None] Hash Ring: Node 28c14bfcac7756b696adaa5533736a19 (host: np0000004415) handling event "delete" for row f0547bdd-da8e-45e2-8548-c586cd2c122b (table: ACL) {{(pid=87545) notify /opt/stack/neutron/neutron/plugins/ml2/drivers/ovn/mech_driver/ovsdb/ovsdb_monitor.py:1015}}
