Jul 21 14:00:13.920920 np0000005561 devstack@g-api.service[99689]: DEBUG glance.api.middleware.version_negotiation [None req-307b613b-f9bd-49e0-8f82-e3dae87e5359 tempest-ImageDependencyTests-1469791293 tempest-ImageDependencyTests-1469791293-project-member] Matched version: v2 {{(pid=99689) process_request /opt/stack/glance/glance/api/middleware/version_negotiation.py:69}}
Jul 21 14:00:13.921014 np0000005561 devstack@g-api.service[99689]: DEBUG glance.api.middleware.version_negotiation [None req-307b613b-f9bd-49e0-8f82-e3dae87e5359 tempest-ImageDependencyTests-1469791293 tempest-ImageDependencyTests-1469791293-project-member] new path /v2/schemas/image {{(pid=99689) process_request /opt/stack/glance/glance/api/middleware/version_negotiation.py:70}}
Jul 21 14:00:13.923240 np0000005561 devstack@g-api.service[99689]: [pid: 99689|app: 0|req: 78/245] 127.0.0.1 () {44 vars in 1051 bytes} [Tue Jul 21 14:00:13 2026] GET /v2/schemas/image => generated 6083 bytes in 3 msecs (HTTP/1.1 200) 4 headers in 158 bytes (1 switches on core 0)
Jul 21 14:00:14.260180 np0000005561 devstack@g-api.service[99691]: INFO glance.api.v2.image_data [None req-a44aba3e-e325-4051-9f3a-369c07a42db4 tempest-VolumesActionsTest-2080751655 tempest-VolumesActionsTest-2080751655-project-member] Unable to create trust: no such option collect_timing in group [keystone_authtoken] Use the existing user token.
Jul 21 14:00:14.313334 np0000005561 devstack@g-api.service[99690]: DEBUG glance.api.middleware.version_negotiation [None req-307b613b-f9bd-49e0-8f82-e3dae87e5359 tempest-ImageDependencyTests-1469791293 tempest-ImageDependencyTests-1469791293-project-member] Determining version of request: GET /v2/images/a080862c-d18a-4b76-9477-71df9100488c Accept: */* {{(pid=99690) process_request /opt/stack/glance/glance/api/middleware/version_negotiation.py:44}}
Jul 21 14:00:14.313755 np0000005561 devstack@g-api.service[99690]: DEBUG glance.api.middleware.version_negotiation [None req-307b613b-f9bd-49e0-8f82-e3dae87e5359 tempest-ImageDependencyTests-1469791293 tempest-ImageDependencyTests-1469791293-project-member] Using url versioning {{(pid=99690) process_request /opt/stack/glance/glance/api/middleware/version_negotiation.py:57}}
Jul 21 14:00:14.314042 np0000005561 devstack@g-api.service[99690]: DEBUG glance.api.middleware.version_negotiation [None req-307b613b-f9bd-49e0-8f82-e3dae87e5359 tempest-ImageDependencyTests-1469791293 tempest-ImageDependencyTests-1469791293-project-member] Matched version: v2 {{(pid=99690) process_request /opt/stack/glance/glance/api/middleware/version_negotiation.py:69}}
Jul 21 14:00:14.314220 np0000005561 devstack@g-api.service[99690]: DEBUG glance.api.middleware.version_negotiation [None req-307b613b-f9bd-49e0-8f82-e3dae87e5359 tempest-ImageDependencyTests-1469791293 tempest-ImageDependencyTests-1469791293-project-member] new path /v2/images/a080862c-d18a-4b76-9477-71df9100488c {{(pid=99690) process_request /opt/stack/glance/glance/api/middleware/version_negotiation.py:70}}
Jul 21 14:00:14.328582 np0000005561 devstack@g-api.service[99690]: [pid: 99690|app: 0|req: 82/246] 127.0.0.1 () {44 vars in 1111 bytes} [Tue Jul 21 14:00:14 2026] GET /v2/images/a080862c-d18a-4b76-9477-71df9100488c => generated 808 bytes in 15 msecs (HTTP/1.1 200) 4 headers in 157 bytes (1 switches on core 0)
Jul 21 14:00:14.335582 np0000005561 devstack@g-api.service[99689]: DEBUG glance.api.middleware.version_negotiation [None req-307b613b-f9bd-49e0-8f82-e3dae87e5359 tempest-ImageDependencyTests-1469791293 tempest-ImageDependencyTests-1469791293-project-member] Determining version of request: GET /v2/schemas/image Accept: */* {{(pid=99689) process_request /opt/stack/glance/glance/api/middleware/version_negotiation.py:44}}
Jul 21 14:00:14.335909 np0000005561 devstack@g-api.service[99689]: DEBUG glance.api.middleware.version_negotiation [None req-307b613b-f9bd-49e0-8f82-e3dae87e5359 tempest-ImageDependencyTests-1469791293 tempest-ImageDependencyTests-1469791293-project-member] Using url versioning {{(pid=99689) process_request /opt/stack/glance/glance/api/middleware/version_negotiation.py:57}}
Jul 21 14:00:14.336171 np0000005561 devstack@g-api.service[99689]: DEBUG glance.api.middleware.version_negotiation [None req-307b613b-f9bd-49e0-8f82-e3dae87e5359 tempest-ImageDependencyTests-1469791293 tempest-ImageDependencyTests-1469791293-project-member] Matched version: v2 {{(pid=99689) process_request /opt/stack/glance/glance/api/middleware/version_negotiation.py:69}}
Jul 21 14:00:14.336250 np0000005561 devstack@g-api.service[99689]: DEBUG glance.api.middleware.version_negotiation [None req-307b613b-f9bd-49e0-8f82-e3dae87e5359 tempest-ImageDependencyTests-1469791293 tempest-ImageDependencyTests-1469791293-project-member] new path /v2/schemas/image {{(pid=99689) process_request /opt/stack/glance/glance/api/middleware/version_negotiation.py:70}}
Jul 21 14:00:14.339083 np0000005561 devstack@g-api.service[99689]: [pid: 99689|app: 0|req: 79/247] 127.0.0.1 () {44 vars in 1051 bytes} [Tue Jul 21 14:00:14 2026] GET /v2/schemas/image => generated 6083 bytes in 4 msecs (HTTP/1.1 200) 4 headers in 158 bytes (1 switches on core 0)
Jul 21 14:00:14.597869 np0000005561 devstack@g-api.service[99690]: DEBUG glance.api.middleware.version_negotiation [None req-307b613b-f9bd-49e0-8f82-e3dae87e5359 tempest-ImageDependencyTests-1469791293 tempest-ImageDependencyTests-1469791293-project-member] Determining version of request: GET /v2/images/a9b7c813-9199-49a5-9d64-16f06982e895 Accept: application/json {{(pid=99690) process_request /opt/stack/glance/glance/api/middleware/version_negotiation.py:44}}
Jul 21 14:00:14.597869 np0000005561 devstack@g-api.service[99690]: DEBUG glance.api.middleware.version_negotiation [None req-307b613b-f9bd-49e0-8f82-e3dae87e5359 tempest-ImageDependencyTests-1469791293 tempest-ImageDependencyTests-1469791293-project-member] Using url versioning {{(pid=99690) process_request /opt/stack/glance/glance/api/middleware/version_negotiation.py:57}}
Jul 21 14:00:14.597869 np0000005561 devstack@g-api.service[99690]: DEBUG glance.api.middleware.version_negotiation [None req-307b613b-f9bd-49e0-8f82-e3dae87e5359 tempest-ImageDependencyTests-1469791293 tempest-ImageDependencyTests-1469791293-project-member] Matched version: v2 {{(pid=99690) process_request /opt/stack/glance/glance/api/middleware/version_negotiation.py:69}}
Jul 21 14:00:14.597869 np0000005561 devstack@g-api.service[99690]: DEBUG glance.api.middleware.version_negotiation [None req-307b613b-f9bd-49e0-8f82-e3dae87e5359 tempest-ImageDependencyTests-1469791293 tempest-ImageDependencyTests-1469791293-project-member] new path /v2/images/a9b7c813-9199-49a5-9d64-16f06982e895 {{(pid=99690) process_request /opt/stack/glance/glance/api/middleware/version_negotiation.py:70}}
Jul 21 14:00:14.609334 np0000005561 devstack@g-api.service[99690]: [pid: 99690|app: 0|req: 83/248] 127.0.0.1 () {40 vars in 834 bytes} [Tue Jul 21 14:00:14 2026] GET /v2/images/a9b7c813-9199-49a5-9d64-16f06982e895 => generated 649 bytes in 13 msecs (HTTP/1.1 200) 4 headers in 157 bytes (1 switches on core 0)
Jul 21 14:00:14.678614 np0000005561 devstack@g-api.service[99691]: DEBUG glance.location [None req-a44aba3e-e325-4051-9f3a-369c07a42db4 tempest-VolumesActionsTest-2080751655 tempest-VolumesActionsTest-2080751655-project-member] Enabling in-flight format inspection for raw {{(pid=99691) set_data /opt/stack/glance/glance/location.py:596}}
Jul 21 14:00:14.679194 np0000005561 devstack@g-api.service[99691]: DEBUG glance_store.backend [None req-a44aba3e-e325-4051-9f3a-369c07a42db4 tempest-VolumesActionsTest-2080751655 tempest-VolumesActionsTest-2080751655-project-member] Attempting to import store swift {{(pid=99691) _load_store /opt/stack/data/venv/lib/python3.12/site-packages/glance_store/backend.py:215}}
Jul 21 14:00:14.680560 np0000005561 devstack@g-api.service[99691]: DEBUG glance_store.capabilities [None req-a44aba3e-e325-4051-9f3a-369c07a42db4 tempest-VolumesActionsTest-2080751655 tempest-VolumesActionsTest-2080751655-project-member] Store glance_store._drivers.swift.store.SingleTenantStore doesn't support updating dynamic storage capabilities. Please overwrite 'update_capabilities' method of the store to implement updating logics if needed. {{(pid=99691) update_capabilities /opt/stack/data/venv/lib/python3.12/site-packages/glance_store/capabilities.py:91}}
Jul 21 14:00:14.680706 np0000005561 devstack@g-api.service[99691]: DEBUG glance_store.driver [None req-a44aba3e-e325-4051-9f3a-369c07a42db4 tempest-VolumesActionsTest-2080751655 tempest-VolumesActionsTest-2080751655-project-member] Late loading location class glance_store._drivers.swift.store.StoreLocation {{(pid=99691) get_store_location_class /opt/stack/data/venv/lib/python3.12/site-packages/glance_store/driver.py:134}}
Jul 21 14:00:14.680846 np0000005561 devstack@g-api.service[99691]: DEBUG glance_store.location [None req-a44aba3e-e325-4051-9f3a-369c07a42db4 tempest-VolumesActionsTest-2080751655 tempest-VolumesActionsTest-2080751655-project-member] Registering scheme swift+https with {'store': , 'location_class': , 'store_entry': 'swift'} {{(pid=99691) register_scheme_map /opt/stack/data/venv/lib/python3.12/site-packages/glance_store/location.py:146}}
Jul 21 14:00:14.680979 np0000005561 devstack@g-api.service[99691]: DEBUG glance_store.location [None req-a44aba3e-e325-4051-9f3a-369c07a42db4 tempest-VolumesActionsTest-2080751655 tempest-VolumesActionsTest-2080751655-project-member] Registering scheme swift+https with {'store': , 'location_class': , 'store_entry': 'swift'} {{(pid=99691) register_scheme_map /opt/stack/data/venv/lib/python3.12/site-packages/glance_store/location.py:146}}
Jul 21 14:00:14.681126 np0000005561 devstack@g-api.service[99691]: DEBUG glance_store.location [None req-a44aba3e-e325-4051-9f3a-369c07a42db4 tempest-VolumesActionsTest-2080751655 tempest-VolumesActionsTest-2080751655-project-member] Registering scheme swift with {'store': , 'location_class': , 'store_entry': 'swift'} {{(pid=99691) register_scheme_map /opt/stack/data/venv/lib/python3.12/site-packages/glance_store/location.py:146}}
Jul 21 14:00:14.681223 np0000005561 devstack@g-api.service[99691]: DEBUG glance_store.location [None req-a44aba3e-e325-4051-9f3a-369c07a42db4 tempest-VolumesActionsTest-2080751655 tempest-VolumesActionsTest-2080751655-project-member] Registering scheme swift+https with {'store': , 'location_class': , 'store_entry': 'swift'} {{(pid=99691) register_scheme_map /opt/stack/data/venv/lib/python3.12/site-packages/glance_store/location.py:146}}
Jul 21 14:00:14.681339 np0000005561 devstack@g-api.service[99691]: DEBUG glance_store.location [None req-a44aba3e-e325-4051-9f3a-369c07a42db4 tempest-VolumesActionsTest-2080751655 tempest-VolumesActionsTest-2080751655-project-member] Registering scheme swift with {'store': , 'location_class': , 'store_entry': 'swift'} {{(pid=99691) register_scheme_map /opt/stack/data/venv/lib/python3.12/site-packages/glance_store/location.py:146}}
Jul 21 14:00:14.681451 np0000005561 devstack@g-api.service[99691]: DEBUG glance_store.location [None req-a44aba3e-e325-4051-9f3a-369c07a42db4 tempest-VolumesActionsTest-2080751655 tempest-VolumesActionsTest-2080751655-project-member] Registering scheme swift+http with {'store': , 'location_class': , 'store_entry': 'swift'} {{(pid=99691) register_scheme_map /opt/stack/data/venv/lib/python3.12/site-packages/glance_store/location.py:146}}
Jul 21 14:00:14.681810 np0000005561 devstack@g-api.service[99691]: DEBUG glance_store.location [None req-a44aba3e-e325-4051-9f3a-369c07a42db4 tempest-VolumesActionsTest-2080751655 tempest-VolumesActionsTest-2080751655-project-member] Registering scheme swift+https with {'store': , 'location_class': , 'store_entry': 'swift'} {{(pid=99691) register_scheme_map /opt/stack/data/venv/lib/python3.12/site-packages/glance_store/location.py:146}}
Jul 21 14:00:14.681810 np0000005561 devstack@g-api.service[99691]: DEBUG glance_store.location [None req-a44aba3e-e325-4051-9f3a-369c07a42db4 tempest-VolumesActionsTest-2080751655 tempest-VolumesActionsTest-2080751655-project-member] Registering scheme swift with {'store': , 'location_class': , 'store_entry': 'swift'} {{(pid=99691) register_scheme_map /opt/stack/data/venv/lib/python3.12/site-packages/glance_store/location.py:146}}
Jul 21 14:00:14.681810 np0000005561 devstack@g-api.service[99691]: DEBUG glance_store.location [None req-a44aba3e-e325-4051-9f3a-369c07a42db4 tempest-VolumesActionsTest-2080751655 tempest-VolumesActionsTest-2080751655-project-member] Registering scheme swift+http with {'store': , 'location_class': , 'store_entry': 'swift'} {{(pid=99691) register_scheme_map /opt/stack/data/venv/lib/python3.12/site-packages/glance_store/location.py:146}}
Jul 21 14:00:14.681991 np0000005561 devstack@g-api.service[99691]: DEBUG glance_store.location [None req-a44aba3e-e325-4051-9f3a-369c07a42db4 tempest-VolumesActionsTest-2080751655 tempest-VolumesActionsTest-2080751655-project-member] Registering scheme swift+config with {'store': , 'location_class': , 'store_entry': 'swift'} {{(pid=99691) register_scheme_map /opt/stack/data/venv/lib/python3.12/site-packages/glance_store/location.py:146}}
Jul 21 14:00:14.770712 np0000005561 devstack@g-api.service[99691]: DEBUG swiftclient [None req-a44aba3e-e325-4051-9f3a-369c07a42db4 tempest-VolumesActionsTest-2080751655 tempest-VolumesActionsTest-2080751655-project-member] REQ: curl -i https://10.4.3.25:8080/v1/AUTH_b0ae6205f21e486a93ab90a007f4f698/glance -I -H "X-Auth-Token: gAAAAABqX3tubCFP..." {{(pid=99691) http_log /opt/stack/data/venv/lib/python3.12/site-packages/swiftclient/client.py:160}}
Jul 21 14:00:14.770823 np0000005561 devstack@g-api.service[99691]: DEBUG swiftclient [None req-a44aba3e-e325-4051-9f3a-369c07a42db4 tempest-VolumesActionsTest-2080751655 tempest-VolumesActionsTest-2080751655-project-member] RESP STATUS: 204 No Content {{(pid=99691) http_log /opt/stack/data/venv/lib/python3.12/site-packages/swiftclient/client.py:161}}
Jul 21 14:00:14.770979 np0000005561 devstack@g-api.service[99691]: DEBUG swiftclient [None req-a44aba3e-e325-4051-9f3a-369c07a42db4 tempest-VolumesActionsTest-2080751655 tempest-VolumesActionsTest-2080751655-project-member] RESP HEADERS: {'Date': 'Tue, 21 Jul 2026 14:00:14 GMT', 'Server': 'Apache/2.4.58 (Ubuntu)', 'Content-Type': 'text/plain; charset=utf-8', 'X-Container-Object-Count': '4', 'X-Container-Bytes-Used': '64357376', 'X-Timestamp': '1784642060.56654', 'Last-Modified': 'Tue, 21 Jul 2026 13:54:21 GMT', 'Accept-Ranges': 'bytes', 'X-Storage-Policy': 'Policy-0', 'X-Container-Sharding': 'False', 'Vary': 'Accept', 'X-Trans-Id': 'tx1e79c53402394c82860c1-006a5f7b6e', 'X-Openstack-Request-Id': 'tx1e79c53402394c82860c1-006a5f7b6e', 'Connection': 'close'} {{(pid=99691) http_log /opt/stack/data/venv/lib/python3.12/site-packages/swiftclient/client.py:162}}
Jul 21 14:00:14.771132 np0000005561 devstack@g-api.service[99691]: DEBUG glance_store._drivers.swift.store [None req-a44aba3e-e325-4051-9f3a-369c07a42db4 tempest-VolumesActionsTest-2080751655 tempest-VolumesActionsTest-2080751655-project-member] Adding image object 'a9b7c813-9199-49a5-9d64-16f06982e895' to Swift {{(pid=99691) add /opt/stack/data/venv/lib/python3.12/site-packages/glance_store/_drivers/swift/store.py:970}}
Jul 21 14:00:14.771209 np0000005561 devstack@g-api.service[99691]: DEBUG glance_store._drivers.swift.store [None req-a44aba3e-e325-4051-9f3a-369c07a42db4 tempest-VolumesActionsTest-2080751655 tempest-VolumesActionsTest-2080751655-project-member] Cannot determine image size because it is either not provided in the request or chunked-transfer encoding is used. Adding image as a segmented object to Swift. {{(pid=99691) add /opt/stack/data/venv/lib/python3.12/site-packages/glance_store/_drivers/swift/store.py:994}}
Jul 21 14:00:14.776024 np0000005561 devstack@g-api.service[99691]: DEBUG oslo_utils.imageutils.format_inspector [None req-a44aba3e-e325-4051-9f3a-369c07a42db4 tempest-VolumesActionsTest-2080751655 tempest-VolumesActionsTest-2080751655-project-member] Format inspector for vmdk does not match, excluding from consideration (Signature KDMV not found: b'\x00\x00\x00\x00') {{(pid=99691) _process_chunk /opt/stack/data/venv/lib/python3.12/site-packages/oslo_utils/imageutils/format_inspector.py:1758}}
Jul 21 14:00:14.778651 np0000005561 devstack@g-api.service[99691]: DEBUG oslo_utils.imageutils.format_inspector [None req-a44aba3e-e325-4051-9f3a-369c07a42db4 tempest-VolumesActionsTest-2080751655 tempest-VolumesActionsTest-2080751655-project-member] Format inspector for vhdx does not match, excluding from consideration (Region signature not found at 30000) {{(pid=99691) _process_chunk /opt/stack/data/venv/lib/python3.12/site-packages/oslo_utils/imageutils/format_inspector.py:1758}}
Jul 21 14:00:14.811499 np0000005561 devstack@g-api.service[99689]: DEBUG glance.api.middleware.version_negotiation [None req-307b613b-f9bd-49e0-8f82-e3dae87e5359 tempest-ImageDependencyTests-1469791293 tempest-ImageDependencyTests-1469791293-project-member] Determining version of request: GET /v2/images/a080862c-d18a-4b76-9477-71df9100488c Accept: */* {{(pid=99689) process_request /opt/stack/glance/glance/api/middleware/version_negotiation.py:44}}
Jul 21 14:00:14.811643 np0000005561 devstack@g-api.service[99689]: DEBUG glance.api.middleware.version_negotiation [None req-307b613b-f9bd-49e0-8f82-e3dae87e5359 tempest-ImageDependencyTests-1469791293 tempest-ImageDependencyTests-1469791293-project-member] Using url versioning {{(pid=99689) process_request /opt/stack/glance/glance/api/middleware/version_negotiation.py:57}}
Jul 21 14:00:14.811795 np0000005561 devstack@g-api.service[99689]: DEBUG glance.api.middleware.version_negotiation [None req-307b613b-f9bd-49e0-8f82-e3dae87e5359 tempest-ImageDependencyTests-1469791293 tempest-ImageDependencyTests-1469791293-project-member] Matched version: v2 {{(pid=99689) process_request /opt/stack/glance/glance/api/middleware/version_negotiation.py:69}}
Jul 21 14:00:14.811891 np0000005561 devstack@g-api.service[99689]: DEBUG glance.api.middleware.version_negotiation [None req-307b613b-f9bd-49e0-8f82-e3dae87e5359 tempest-ImageDependencyTests-1469791293 tempest-ImageDependencyTests-1469791293-project-member] new path /v2/images/a080862c-d18a-4b76-9477-71df9100488c {{(pid=99689) process_request /opt/stack/glance/glance/api/middleware/version_negotiation.py:70}}
Jul 21 14:00:14.825804 np0000005561 devstack@g-api.service[99689]: [pid: 99689|app: 0|req: 80/249] 127.0.0.1 () {44 vars in 1111 bytes} [Tue Jul 21 14:00:14 2026] GET /v2/images/a080862c-d18a-4b76-9477-71df9100488c => generated 808 bytes in 16 msecs (HTTP/1.1 200) 4 headers in 157 bytes (1 switches on core 0)
Jul 21 14:00:14.835275 np0000005561 devstack@g-api.service[99690]: DEBUG glance.api.middleware.version_negotiation [None req-1091891b-1ace-4a0b-bf4a-b43bd66338a4 tempest-VolumesActionsTest-2080751655 tempest-VolumesActionsTest-2080751655-project-member] Determining version of request: GET /v2/schemas/image Accept: */* {{(pid=99690) process_request /opt/stack/glance/glance/api/middleware/version_negotiation.py:44}}
Jul 21 14:00:14.835275 np0000005561 devstack@g-api.service[99690]: DEBUG glance.api.middleware.version_negotiation [None req-1091891b-1ace-4a0b-bf4a-b43bd66338a4 tempest-VolumesActionsTest-2080751655 tempest-VolumesActionsTest-2080751655-project-member] Using url versioning {{(pid=99690) process_request /opt/stack/glance/glance/api/middleware/version_negotiation.py:57}}
Jul 21 14:00:14.835275 np0000005561 devstack@g-api.service[99690]: DEBUG glance.api.middleware.version_negotiation [None req-1091891b-1ace-4a0b-bf4a-b43bd66338a4 tempest-VolumesActionsTest-2080751655 tempest-VolumesActionsTest-2080751655-project-member] Matched version: v2 {{(pid=99690) process_request /opt/stack/glance/glance/api/middleware/version_negotiation.py:69}}
Jul 21 14:00:14.835275 np0000005561 devstack@g-api.service[99690]: DEBUG glance.api.middleware.version_negotiation [None req-1091891b-1ace-4a0b-bf4a-b43bd66338a4 tempest-VolumesActionsTest-2080751655 tempest-VolumesActionsTest-2080751655-project-member] new path /v2/schemas/image {{(pid=99690) process_request /opt/stack/glance/glance/api/middleware/version_negotiation.py:70}}
Jul 21 14:00:14.837226 np0000005561 devstack@g-api.service[99690]: [pid: 99690|app: 0|req: 84/250] 127.0.0.1 () {44 vars in 1051 bytes} [Tue Jul 21 14:00:14 2026] GET /v2/schemas/image => generated 6083 bytes in 3 msecs (HTTP/1.1 200) 4 headers in 158 bytes (1 switches on core 0)
Jul 21 14:00:15.619466 np0000005561 devstack@g-api.service[99689]: DEBUG glance.api.middleware.version_negotiation [None req-307b613b-f9bd-49e0-8f82-e3dae87e5359 tempest-ImageDependencyTests-1469791293 tempest-ImageDependencyTests-1469791293-project-member] Determining version of request: GET /v2/images/a9b7c813-9199-49a5-9d64-16f06982e895 Accept: application/json {{(pid=99689) process_request /opt/stack/glance/glance/api/middleware/version_negotiation.py:44}}
Jul 21 14:00:15.619843 np0000005561 devstack@g-api.service[99689]: DEBUG glance.api.middleware.version_negotiation [None req-307b613b-f9bd-49e0-8f82-e3dae87e5359 tempest-ImageDependencyTests-1469791293 tempest-ImageDependencyTests-1469791293-project-member] Using url versioning {{(pid=99689) process_request /opt/stack/glance/glance/api/middleware/version_negotiation.py:57}}
Jul 21 14:00:15.620173 np0000005561 devstack@g-api.service[99689]: DEBUG glance.api.middleware.version_negotiation [None req-307b613b-f9bd-49e0-8f82-e3dae87e5359 tempest-ImageDependencyTests-1469791293 tempest-ImageDependencyTests-1469791293-project-member] Matched version: v2 {{(pid=99689) process_request /opt/stack/glance/glance/api/middleware/version_negotiation.py:69}}
Jul 21 14:00:15.620298 np0000005561 devstack@g-api.service[99689]: DEBUG glance.api.middleware.version_negotiation [None req-307b613b-f9bd-49e0-8f82-e3dae87e5359 tempest-ImageDependencyTests-1469791293 tempest-ImageDependencyTests-1469791293-project-member] new path /v2/images/a9b7c813-9199-49a5-9d64-16f06982e895 {{(pid=99689) process_request /opt/stack/glance/glance/api/middleware/version_negotiation.py:70}}
Jul 21 14:00:15.635183 np0000005561 devstack@g-api.service[99689]: [pid: 99689|app: 0|req: 81/251] 127.0.0.1 () {40 vars in 834 bytes} [Tue Jul 21 14:00:15 2026] GET /v2/images/a9b7c813-9199-49a5-9d64-16f06982e895 => generated 649 bytes in 16 msecs (HTTP/1.1 200) 4 headers in 157 bytes (1 switches on core 0)
Jul 21 14:00:16.643659 np0000005561 devstack@g-api.service[99690]: DEBUG glance.api.middleware.version_negotiation [None req-307b613b-f9bd-49e0-8f82-e3dae87e5359 tempest-ImageDependencyTests-1469791293 tempest-ImageDependencyTests-1469791293-project-member] Determining version of request: GET /v2/images/a9b7c813-9199-49a5-9d64-16f06982e895 Accept: application/json {{(pid=99690) process_request /opt/stack/glance/glance/api/middleware/version_negotiation.py:44}}
Jul 21 14:00:16.644091 np0000005561 devstack@g-api.service[99690]: DEBUG glance.api.middleware.version_negotiation [None req-307b613b-f9bd-49e0-8f82-e3dae87e5359 tempest-ImageDependencyTests-1469791293 tempest-ImageDependencyTests-1469791293-project-member] Using url versioning {{(pid=99690) process_request /opt/stack/glance/glance/api/middleware/version_negotiation.py:57}}
Jul 21 14:00:16.644091 np0000005561 devstack@g-api.service[99690]: DEBUG glance.api.middleware.version_negotiation [None req-307b613b-f9bd-49e0-8f82-e3dae87e5359 tempest-ImageDependencyTests-1469791293 tempest-ImageDependencyTests-1469791293-project-member] Matched version: v2 {{(pid=99690) process_request /opt/stack/glance/glance/api/middleware/version_negotiation.py:69}}
Jul 21 14:00:16.644091 np0000005561 devstack@g-api.service[99690]: DEBUG glance.api.middleware.version_negotiation [None req-307b613b-f9bd-49e0-8f82-e3dae87e5359 tempest-ImageDependencyTests-1469791293 tempest-ImageDependencyTests-1469791293-project-member] new path /v2/images/a9b7c813-9199-49a5-9d64-16f06982e895 {{(pid=99690) process_request /opt/stack/glance/glance/api/middleware/version_negotiation.py:70}}
Jul 21 14:00:16.653203 np0000005561 devstack@g-api.service[99690]: [pid: 99690|app: 0|req: 85/252] 127.0.0.1 () {40 vars in 834 bytes} [Tue Jul 21 14:00:16 2026] GET /v2/images/a9b7c813-9199-49a5-9d64-16f06982e895 => generated 649 bytes in 10 msecs (HTTP/1.1 200) 4 headers in 157 bytes (1 switches on core 0)
Jul 21 14:00:16.759134 np0000005561 devstack@g-api.service[99691]: DEBUG swiftclient [None req-a44aba3e-e325-4051-9f3a-369c07a42db4 tempest-VolumesActionsTest-2080751655 tempest-VolumesActionsTest-2080751655-project-member] REQ: curl -i https://10.4.3.25:8080/v1/AUTH_b0ae6205f21e486a93ab90a007f4f698/glance/a9b7c813-9199-49a5-9d64-16f06982e895-00001 -X PUT -H "X-Auth-Token: gAAAAABqX3tubCFP..." {{(pid=99691) http_log /opt/stack/data/venv/lib/python3.12/site-packages/swiftclient/client.py:160}}
Jul 21 14:00:16.759463 np0000005561 devstack@g-api.service[99691]: DEBUG swiftclient [None req-a44aba3e-e325-4051-9f3a-369c07a42db4 tempest-VolumesActionsTest-2080751655 tempest-VolumesActionsTest-2080751655-project-member] RESP STATUS: 201 Created {{(pid=99691) http_log /opt/stack/data/venv/lib/python3.12/site-packages/swiftclient/client.py:161}}
Jul 21 14:00:16.759463 np0000005561 devstack@g-api.service[99691]: DEBUG swiftclient [None req-a44aba3e-e325-4051-9f3a-369c07a42db4 tempest-VolumesActionsTest-2080751655 tempest-VolumesActionsTest-2080751655-project-member] RESP HEADERS: {'Date': 'Tue, 21 Jul 2026 14:00:16 GMT', 'Server': 'Apache/2.4.58 (Ubuntu)', 'Content-Type': 'text/html; charset=UTF-8', 'Content-Length': '0', 'Etag': 'eda9a9889837ac4bc81d6387d92c1bec', 'Last-Modified': 'Tue, 21 Jul 2026 14:00:15 GMT', 'X-Trans-Id': 'tx6776a6d4899d4197acfc7-006a5f7b6e', 'X-Openstack-Request-Id': 'tx6776a6d4899d4197acfc7-006a5f7b6e', 'Connection': 'close'} {{(pid=99691) http_log /opt/stack/data/venv/lib/python3.12/site-packages/swiftclient/client.py:162}}
Jul 21 14:00:16.759463 np0000005561 devstack@g-api.service[99691]: DEBUG glance_store._drivers.swift.store [None req-a44aba3e-e325-4051-9f3a-369c07a42db4 tempest-VolumesActionsTest-2080751655 tempest-VolumesActionsTest-2080751655-project-member] Wrote chunk a9b7c813-9199-49a5-9d64-16f06982e895-00001 (1/?) of length 204800000 to Swift returning MD5 of content: eda9a9889837ac4bc81d6387d92c1bec {{(pid=99691) add /opt/stack/data/venv/lib/python3.12/site-packages/glance_store/_drivers/swift/store.py:1059}}
Jul 21 14:00:17.664517 np0000005561 devstack@g-api.service[99689]: DEBUG glance.api.middleware.version_negotiation [None req-6891338d-36cb-4aa1-aa9e-72a1f9a82df5 tempest-VolumesActionsTest-2080751655 tempest-VolumesActionsTest-2080751655-project-member] Determining version of request: GET /v2/images/a9b7c813-9199-49a5-9d64-16f06982e895 Accept: application/json {{(pid=99689) process_request /opt/stack/glance/glance/api/middleware/version_negotiation.py:44}}
Jul 21 14:00:17.664930 np0000005561 devstack@g-api.service[99689]: DEBUG glance.api.middleware.version_negotiation [None req-6891338d-36cb-4aa1-aa9e-72a1f9a82df5 tempest-VolumesActionsTest-2080751655 tempest-VolumesActionsTest-2080751655-project-member] Using url versioning {{(pid=99689) process_request /opt/stack/glance/glance/api/middleware/version_negotiation.py:57}}
Jul 21 14:00:17.664930 np0000005561 devstack@g-api.service[99689]: DEBUG glance.api.middleware.version_negotiation [None req-6891338d-36cb-4aa1-aa9e-72a1f9a82df5 tempest-VolumesActionsTest-2080751655 tempest-VolumesActionsTest-2080751655-project-member] Matched version: v2 {{(pid=99689) process_request /opt/stack/glance/glance/api/middleware/version_negotiation.py:69}}
Jul 21 14:00:17.664930 np0000005561 devstack@g-api.service[99689]: DEBUG glance.api.middleware.version_negotiation [None req-6891338d-36cb-4aa1-aa9e-72a1f9a82df5 tempest-VolumesActionsTest-2080751655 tempest-VolumesActionsTest-2080751655-project-member] new path /v2/images/a9b7c813-9199-49a5-9d64-16f06982e895 {{(pid=99689) process_request /opt/stack/glance/glance/api/middleware/version_negotiation.py:70}}
Jul 21 14:00:17.672735 np0000005561 devstack@g-api.service[99689]: [pid: 99689|app: 0|req: 82/253] 127.0.0.1 () {40 vars in 834 bytes} [Tue Jul 21 14:00:17 2026] GET /v2/images/a9b7c813-9199-49a5-9d64-16f06982e895 => generated 649 bytes in 8 msecs (HTTP/1.1 200) 4 headers in 157 bytes (1 switches on core 0)
Jul 21 14:00:18.682429 np0000005561 devstack@g-api.service[99690]: DEBUG glance.api.middleware.version_negotiation [None req-8fe97dfe-768f-481b-9a5f-9f44595d87fd tempest-VolumesActionsTest-2080751655 tempest-VolumesActionsTest-2080751655-project-member] Determining version of request: GET /v2/images/a9b7c813-9199-49a5-9d64-16f06982e895 Accept: application/json {{(pid=99690) process_request /opt/stack/glance/glance/api/middleware/version_negotiation.py:44}}
Jul 21 14:00:18.682875 np0000005561 devstack@g-api.service[99690]: DEBUG glance.api.middleware.version_negotiation [None req-8fe97dfe-768f-481b-9a5f-9f44595d87fd tempest-VolumesActionsTest-2080751655 tempest-VolumesActionsTest-2080751655-project-member] Using url versioning {{(pid=99690) process_request /opt/stack/glance/glance/api/middleware/version_negotiation.py:57}}
Jul 21 14:00:18.682875 np0000005561 devstack@g-api.service[99690]: DEBUG glance.api.middleware.version_negotiation [None req-8fe97dfe-768f-481b-9a5f-9f44595d87fd tempest-VolumesActionsTest-2080751655 tempest-VolumesActionsTest-2080751655-project-member] Matched version: v2 {{(pid=99690) process_request /opt/stack/glance/glance/api/middleware/version_negotiation.py:69}}
Jul 21 14:00:18.682875 np0000005561 devstack@g-api.service[99690]: DEBUG glance.api.middleware.version_negotiation [None req-8fe97dfe-768f-481b-9a5f-9f44595d87fd tempest-VolumesActionsTest-2080751655 tempest-VolumesActionsTest-2080751655-project-member] new path /v2/images/a9b7c813-9199-49a5-9d64-16f06982e895 {{(pid=99690) process_request /opt/stack/glance/glance/api/middleware/version_negotiation.py:70}}
Jul 21 14:00:18.691346 np0000005561 devstack@g-api.service[99690]: [pid: 99690|app: 0|req: 86/254] 127.0.0.1 () {40 vars in 834 bytes} [Tue Jul 21 14:00:18 2026] GET /v2/images/a9b7c813-9199-49a5-9d64-16f06982e895 => generated 649 bytes in 9 msecs (HTTP/1.1 200) 4 headers in 157 bytes (1 switches on core 0)
Jul 21 14:00:18.693292 np0000005561 devstack@g-api.service[99691]: DEBUG swiftclient [None req-a44aba3e-e325-4051-9f3a-369c07a42db4 tempest-VolumesActionsTest-2080751655 tempest-VolumesActionsTest-2080751655-project-member] REQ: curl -i https://10.4.3.25:8080/v1/AUTH_b0ae6205f21e486a93ab90a007f4f698/glance/a9b7c813-9199-49a5-9d64-16f06982e895-00002 -X PUT -H "X-Auth-Token: gAAAAABqX3tubCFP..." {{(pid=99691) http_log /opt/stack/data/venv/lib/python3.12/site-packages/swiftclient/client.py:160}}
Jul 21 14:00:18.693561 np0000005561 devstack@g-api.service[99691]: DEBUG swiftclient [None req-a44aba3e-e325-4051-9f3a-369c07a42db4 tempest-VolumesActionsTest-2080751655 tempest-VolumesActionsTest-2080751655-project-member] RESP STATUS: 201 Created {{(pid=99691) http_log /opt/stack/data/venv/lib/python3.12/site-packages/swiftclient/client.py:161}}
Jul 21 14:00:18.693561 np0000005561 devstack@g-api.service[99691]: DEBUG swiftclient [None req-a44aba3e-e325-4051-9f3a-369c07a42db4 tempest-VolumesActionsTest-2080751655 tempest-VolumesActionsTest-2080751655-project-member] RESP HEADERS: {'Date': 'Tue, 21 Jul 2026 14:00:18 GMT', 'Server': 'Apache/2.4.58 (Ubuntu)', 'Content-Type': 'text/html; charset=UTF-8', 'Content-Length': '0', 'Etag': 'eda9a9889837ac4bc81d6387d92c1bec', 'Last-Modified': 'Tue, 21 Jul 2026 14:00:17 GMT', 'X-Trans-Id': 'tx84d63d5605854dd2a995f-006a5f7b70', 'X-Openstack-Request-Id': 'tx84d63d5605854dd2a995f-006a5f7b70', 'Connection': 'close'} {{(pid=99691) http_log /opt/stack/data/venv/lib/python3.12/site-packages/swiftclient/client.py:162}}
Jul 21 14:00:18.693651 np0000005561 devstack@g-api.service[99691]: DEBUG glance_store._drivers.swift.store [None req-a44aba3e-e325-4051-9f3a-369c07a42db4 tempest-VolumesActionsTest-2080751655 tempest-VolumesActionsTest-2080751655-project-member] Wrote chunk a9b7c813-9199-49a5-9d64-16f06982e895-00002 (2/?) of length 204800000 to Swift returning MD5 of content: eda9a9889837ac4bc81d6387d92c1bec {{(pid=99691) add /opt/stack/data/venv/lib/python3.12/site-packages/glance_store/_drivers/swift/store.py:1059}}
Jul 21 14:00:19.702504 np0000005561 devstack@g-api.service[99689]: DEBUG glance.api.middleware.version_negotiation [None req-c1bf73c4-544d-45ff-a928-efaec716d7da tempest-VolumesActionsTest-2080751655 tempest-VolumesActionsTest-2080751655-project-member] Determining version of request: GET /v2/images/a9b7c813-9199-49a5-9d64-16f06982e895 Accept: application/json {{(pid=99689) process_request /opt/stack/glance/glance/api/middleware/version_negotiation.py:44}}
Jul 21 14:00:19.702943 np0000005561 devstack@g-api.service[99689]: DEBUG glance.api.middleware.version_negotiation [None req-c1bf73c4-544d-45ff-a928-efaec716d7da tempest-VolumesActionsTest-2080751655 tempest-VolumesActionsTest-2080751655-project-member] Using url versioning {{(pid=99689) process_request /opt/stack/glance/glance/api/middleware/version_negotiation.py:57}}
Jul 21 14:00:19.702943 np0000005561 devstack@g-api.service[99689]: DEBUG glance.api.middleware.version_negotiation [None req-c1bf73c4-544d-45ff-a928-efaec716d7da tempest-VolumesActionsTest-2080751655 tempest-VolumesActionsTest-2080751655-project-member] Matched version: v2 {{(pid=99689) process_request /opt/stack/glance/glance/api/middleware/version_negotiation.py:69}}
Jul 21 14:00:19.703178 np0000005561 devstack@g-api.service[99689]: DEBUG glance.api.middleware.version_negotiation [None req-c1bf73c4-544d-45ff-a928-efaec716d7da tempest-VolumesActionsTest-2080751655 tempest-VolumesActionsTest-2080751655-project-member] new path /v2/images/a9b7c813-9199-49a5-9d64-16f06982e895 {{(pid=99689) process_request /opt/stack/glance/glance/api/middleware/version_negotiation.py:70}}
Jul 21 14:00:19.716191 np0000005561 devstack@g-api.service[99689]: [pid: 99689|app: 0|req: 83/255] 127.0.0.1 () {40 vars in 834 bytes} [Tue Jul 21 14:00:19 2026] GET /v2/images/a9b7c813-9199-49a5-9d64-16f06982e895 => generated 649 bytes in 14 msecs (HTTP/1.1 200) 4 headers in 157 bytes (1 switches on core 0)
Jul 21 14:00:20.719496 np0000005561 devstack@g-api.service[99691]: DEBUG swiftclient [None req-a44aba3e-e325-4051-9f3a-369c07a42db4 tempest-VolumesActionsTest-2080751655 tempest-VolumesActionsTest-2080751655-project-member] REQ: curl -i https://10.4.3.25:8080/v1/AUTH_b0ae6205f21e486a93ab90a007f4f698/glance/a9b7c813-9199-49a5-9d64-16f06982e895-00003 -X PUT -H "X-Auth-Token: gAAAAABqX3tubCFP..." {{(pid=99691) http_log /opt/stack/data/venv/lib/python3.12/site-packages/swiftclient/client.py:160}}
Jul 21 14:00:20.720897 np0000005561 devstack@g-api.service[99691]: DEBUG swiftclient [None req-a44aba3e-e325-4051-9f3a-369c07a42db4 tempest-VolumesActionsTest-2080751655 tempest-VolumesActionsTest-2080751655-project-member] RESP STATUS: 201 Created {{(pid=99691) http_log /opt/stack/data/venv/lib/python3.12/site-packages/swiftclient/client.py:161}}
Jul 21 14:00:20.721070 np0000005561 devstack@g-api.service[99691]: DEBUG swiftclient [None req-a44aba3e-e325-4051-9f3a-369c07a42db4 tempest-VolumesActionsTest-2080751655 tempest-VolumesActionsTest-2080751655-project-member] RESP HEADERS: {'Date': 'Tue, 21 Jul 2026 14:00:20 GMT', 'Server': 'Apache/2.4.58 (Ubuntu)', 'Content-Type': 'text/html; charset=UTF-8', 'Content-Length': '0', 'Etag': 'eda9a9889837ac4bc81d6387d92c1bec', 'Last-Modified': 'Tue, 21 Jul 2026 14:00:19 GMT', 'X-Trans-Id': 'tx7f488e2550704620928ef-006a5f7b72', 'X-Openstack-Request-Id': 'tx7f488e2550704620928ef-006a5f7b72', 'Connection': 'close'} {{(pid=99691) http_log /opt/stack/data/venv/lib/python3.12/site-packages/swiftclient/client.py:162}}
Jul 21 14:00:20.721203 np0000005561 devstack@g-api.service[99691]: DEBUG glance_store._drivers.swift.store [None req-a44aba3e-e325-4051-9f3a-369c07a42db4 tempest-VolumesActionsTest-2080751655 tempest-VolumesActionsTest-2080751655-project-member] Wrote chunk a9b7c813-9199-49a5-9d64-16f06982e895-00003 (3/?) of length 204800000 to Swift returning MD5 of content: eda9a9889837ac4bc81d6387d92c1bec {{(pid=99691) add /opt/stack/data/venv/lib/python3.12/site-packages/glance_store/_drivers/swift/store.py:1059}}
Jul 21 14:00:20.723528 np0000005561 devstack@g-api.service[99690]: DEBUG glance.api.middleware.version_negotiation [None req-b2cc092f-8348-4d72-88ca-9f87f5754520 tempest-VolumesActionsTest-2080751655 tempest-VolumesActionsTest-2080751655-project-member] Determining version of request: GET /v2/images/a9b7c813-9199-49a5-9d64-16f06982e895 Accept: application/json {{(pid=99690) process_request /opt/stack/glance/glance/api/middleware/version_negotiation.py:44}}
Jul 21 14:00:20.723528 np0000005561 devstack@g-api.service[99690]: DEBUG glance.api.middleware.version_negotiation [None req-b2cc092f-8348-4d72-88ca-9f87f5754520 tempest-VolumesActionsTest-2080751655 tempest-VolumesActionsTest-2080751655-project-member] Using url versioning {{(pid=99690) process_request /opt/stack/glance/glance/api/middleware/version_negotiation.py:57}}
Jul 21 14:00:20.723528 np0000005561 devstack@g-api.service[99690]: DEBUG glance.api.middleware.version_negotiation [None req-b2cc092f-8348-4d72-88ca-9f87f5754520 tempest-VolumesActionsTest-2080751655 tempest-VolumesActionsTest-2080751655-project-member] Matched version: v2 {{(pid=99690) process_request /opt/stack/glance/glance/api/middleware/version_negotiation.py:69}}
Jul 21 14:00:20.723992 np0000005561 devstack@g-api.service[99690]: DEBUG glance.api.middleware.version_negotiation [None req-b2cc092f-8348-4d72-88ca-9f87f5754520 tempest-VolumesActionsTest-2080751655 tempest-VolumesActionsTest-2080751655-project-member] new path /v2/images/a9b7c813-9199-49a5-9d64-16f06982e895 {{(pid=99690) process_request /opt/stack/glance/glance/api/middleware/version_negotiation.py:70}}
Jul 21 14:00:20.739819 np0000005561 devstack@g-api.service[99690]: [pid: 99690|app: 0|req: 87/256] 127.0.0.1 () {40 vars in 834 bytes} [Tue Jul 21 14:00:20 2026] GET /v2/images/a9b7c813-9199-49a5-9d64-16f06982e895 => generated 649 bytes in 15 msecs (HTTP/1.1 200) 4 headers in 157 bytes (1 switches on core 0)
Jul 21 14:00:21.749420 np0000005561 devstack@g-api.service[99689]: DEBUG glance.api.middleware.version_negotiation [None req-fd6f0e97-5815-4b25-a71e-f23c31359707 tempest-VolumesActionsTest-2080751655 tempest-VolumesActionsTest-2080751655-project-member] Determining version of request: GET /v2/images/a9b7c813-9199-49a5-9d64-16f06982e895 Accept: application/json {{(pid=99689) process_request /opt/stack/glance/glance/api/middleware/version_negotiation.py:44}}
Jul 21 14:00:21.749761 np0000005561 devstack@g-api.service[99689]: DEBUG glance.api.middleware.version_negotiation [None req-fd6f0e97-5815-4b25-a71e-f23c31359707 tempest-VolumesActionsTest-2080751655 tempest-VolumesActionsTest-2080751655-project-member] Using url versioning {{(pid=99689) process_request /opt/stack/glance/glance/api/middleware/version_negotiation.py:57}}
Jul 21 14:00:21.750085 np0000005561 devstack@g-api.service[99689]: DEBUG glance.api.middleware.version_negotiation [None req-fd6f0e97-5815-4b25-a71e-f23c31359707 tempest-VolumesActionsTest-2080751655 tempest-VolumesActionsTest-2080751655-project-member] Matched version: v2 {{(pid=99689) process_request /opt/stack/glance/glance/api/middleware/version_negotiation.py:69}}
Jul 21 14:00:21.750085 np0000005561 devstack@g-api.service[99689]: DEBUG glance.api.middleware.version_negotiation [None req-fd6f0e97-5815-4b25-a71e-f23c31359707 tempest-VolumesActionsTest-2080751655 tempest-VolumesActionsTest-2080751655-project-member] new path /v2/images/a9b7c813-9199-49a5-9d64-16f06982e895 {{(pid=99689) process_request /opt/stack/glance/glance/api/middleware/version_negotiation.py:70}}
Jul 21 14:00:21.761415 np0000005561 devstack@g-api.service[99689]: [pid: 99689|app: 0|req: 84/257] 127.0.0.1 () {40 vars in 834 bytes} [Tue Jul 21 14:00:21 2026] GET /v2/images/a9b7c813-9199-49a5-9d64-16f06982e895 => generated 649 bytes in 12 msecs (HTTP/1.1 200) 4 headers in 157 bytes (1 switches on core 0)
Jul 21 14:00:22.770662 np0000005561 devstack@g-api.service[99690]: DEBUG glance.api.middleware.version_negotiation [None req-50371766-82ef-477e-a7cd-26cb5ee98f7c tempest-VolumesActionsTest-2080751655 tempest-VolumesActionsTest-2080751655-project-member] Determining version of request: GET /v2/images/a9b7c813-9199-49a5-9d64-16f06982e895 Accept: application/json {{(pid=99690) process_request /opt/stack/glance/glance/api/middleware/version_negotiation.py:44}}
Jul 21 14:00:22.770986 np0000005561 devstack@g-api.service[99690]: DEBUG glance.api.middleware.version_negotiation [None req-50371766-82ef-477e-a7cd-26cb5ee98f7c tempest-VolumesActionsTest-2080751655 tempest-VolumesActionsTest-2080751655-project-member] Using url versioning {{(pid=99690) process_request /opt/stack/glance/glance/api/middleware/version_negotiation.py:57}}
Jul 21 14:00:22.771161 np0000005561 devstack@g-api.service[99690]: DEBUG glance.api.middleware.version_negotiation [None req-50371766-82ef-477e-a7cd-26cb5ee98f7c tempest-VolumesActionsTest-2080751655 tempest-VolumesActionsTest-2080751655-project-member] Matched version: v2 {{(pid=99690) process_request /opt/stack/glance/glance/api/middleware/version_negotiation.py:69}}
Jul 21 14:00:22.771214 np0000005561 devstack@g-api.service[99690]: DEBUG glance.api.middleware.version_negotiation [None req-50371766-82ef-477e-a7cd-26cb5ee98f7c tempest-VolumesActionsTest-2080751655 tempest-VolumesActionsTest-2080751655-project-member] new path /v2/images/a9b7c813-9199-49a5-9d64-16f06982e895 {{(pid=99690) process_request /opt/stack/glance/glance/api/middleware/version_negotiation.py:70}}
Jul 21 14:00:22.781453 np0000005561 devstack@g-api.service[99690]: [pid: 99690|app: 0|req: 88/258] 127.0.0.1 () {40 vars in 834 bytes} [Tue Jul 21 14:00:22 2026] GET /v2/images/a9b7c813-9199-49a5-9d64-16f06982e895 => generated 649 bytes in 11 msecs (HTTP/1.1 200) 4 headers in 157 bytes (1 switches on core 0)
Jul 21 14:00:22.806610 np0000005561 devstack@g-api.service[99691]: DEBUG swiftclient [None req-a44aba3e-e325-4051-9f3a-369c07a42db4 tempest-VolumesActionsTest-2080751655 tempest-VolumesActionsTest-2080751655-project-member] REQ: curl -i https://10.4.3.25:8080/v1/AUTH_b0ae6205f21e486a93ab90a007f4f698/glance/a9b7c813-9199-49a5-9d64-16f06982e895-00004 -X PUT -H "X-Auth-Token: gAAAAABqX3tubCFP..." {{(pid=99691) http_log /opt/stack/data/venv/lib/python3.12/site-packages/swiftclient/client.py:160}}
Jul 21 14:00:22.806962 np0000005561 devstack@g-api.service[99691]: DEBUG swiftclient [None req-a44aba3e-e325-4051-9f3a-369c07a42db4 tempest-VolumesActionsTest-2080751655 tempest-VolumesActionsTest-2080751655-project-member] RESP STATUS: 201 Created {{(pid=99691) http_log /opt/stack/data/venv/lib/python3.12/site-packages/swiftclient/client.py:161}}
Jul 21 14:00:22.806962 np0000005561 devstack@g-api.service[99691]: DEBUG swiftclient [None req-a44aba3e-e325-4051-9f3a-369c07a42db4 tempest-VolumesActionsTest-2080751655 tempest-VolumesActionsTest-2080751655-project-member] RESP HEADERS: {'Date': 'Tue, 21 Jul 2026 14:00:22 GMT', 'Server': 'Apache/2.4.58 (Ubuntu)', 'Content-Type': 'text/html; charset=UTF-8', 'Content-Length': '0', 'Etag': 'eda9a9889837ac4bc81d6387d92c1bec', 'Last-Modified': 'Tue, 21 Jul 2026 14:00:21 GMT', 'X-Trans-Id': 'txde076f5a41b746a9bea0f-006a5f7b74', 'X-Openstack-Request-Id': 'txde076f5a41b746a9bea0f-006a5f7b74', 'Connection': 'close'} {{(pid=99691) http_log /opt/stack/data/venv/lib/python3.12/site-packages/swiftclient/client.py:162}}
Jul 21 14:00:22.806962 np0000005561 devstack@g-api.service[99691]: DEBUG glance_store._drivers.swift.store [None req-a44aba3e-e325-4051-9f3a-369c07a42db4 tempest-VolumesActionsTest-2080751655 tempest-VolumesActionsTest-2080751655-project-member] Wrote chunk a9b7c813-9199-49a5-9d64-16f06982e895-00004 (4/?) of length 204800000 to Swift returning MD5 of content: eda9a9889837ac4bc81d6387d92c1bec {{(pid=99691) add /opt/stack/data/venv/lib/python3.12/site-packages/glance_store/_drivers/swift/store.py:1059}}
Jul 21 14:00:23.791657 np0000005561 devstack@g-api.service[99689]: DEBUG glance.api.middleware.version_negotiation [None req-3eb5718a-c1bd-4575-b846-5f53c539233f tempest-VolumesActionsTest-2080751655 tempest-VolumesActionsTest-2080751655-project-member] Determining version of request: GET /v2/images/a9b7c813-9199-49a5-9d64-16f06982e895 Accept: application/json {{(pid=99689) process_request /opt/stack/glance/glance/api/middleware/version_negotiation.py:44}}
Jul 21 14:00:23.791973 np0000005561 devstack@g-api.service[99689]: DEBUG glance.api.middleware.version_negotiation [None req-3eb5718a-c1bd-4575-b846-5f53c539233f tempest-VolumesActionsTest-2080751655 tempest-VolumesActionsTest-2080751655-project-member] Using url versioning {{(pid=99689) process_request /opt/stack/glance/glance/api/middleware/version_negotiation.py:57}}
Jul 21 14:00:23.792085 np0000005561 devstack@g-api.service[99689]: DEBUG glance.api.middleware.version_negotiation [None req-3eb5718a-c1bd-4575-b846-5f53c539233f tempest-VolumesActionsTest-2080751655 tempest-VolumesActionsTest-2080751655-project-member] Matched version: v2 {{(pid=99689) process_request /opt/stack/glance/glance/api/middleware/version_negotiation.py:69}}
Jul 21 14:00:23.792244 np0000005561 devstack@g-api.service[99689]: DEBUG glance.api.middleware.version_negotiation [None req-3eb5718a-c1bd-4575-b846-5f53c539233f tempest-VolumesActionsTest-2080751655 tempest-VolumesActionsTest-2080751655-project-member] new path /v2/images/a9b7c813-9199-49a5-9d64-16f06982e895 {{(pid=99689) process_request /opt/stack/glance/glance/api/middleware/version_negotiation.py:70}}
Jul 21 14:00:23.804843 np0000005561 devstack@g-api.service[99689]: [pid: 99689|app: 0|req: 85/259] 127.0.0.1 () {40 vars in 834 bytes} [Tue Jul 21 14:00:23 2026] GET /v2/images/a9b7c813-9199-49a5-9d64-16f06982e895 => generated 649 bytes in 11 msecs (HTTP/1.1 200) 4 headers in 157 bytes (1 switches on core 0)
Jul 21 14:00:24.522799 np0000005561 devstack@g-api.service[99690]: DEBUG glance.api.middleware.version_negotiation [None req-de977496-fe9a-4cf8-b998-b52b0c25ac47 tempest-VolumesActionsTest-2080751655 tempest-VolumesActionsTest-2080751655-project-member] Determining version of request: GET /v2/images/e6c26044-5808-4fb6-a4ba-358c3ba1d866 Accept: */* {{(pid=99690) process_request /opt/stack/glance/glance/api/middleware/version_negotiation.py:44}}
Jul 21 14:00:24.524125 np0000005561 devstack@g-api.service[99690]: DEBUG glance.api.middleware.version_negotiation [None req-de977496-fe9a-4cf8-b998-b52b0c25ac47 tempest-VolumesActionsTest-2080751655 tempest-VolumesActionsTest-2080751655-project-member] Using url versioning {{(pid=99690) process_request /opt/stack/glance/glance/api/middleware/version_negotiation.py:57}}
Jul 21 14:00:24.524125 np0000005561 devstack@g-api.service[99690]: DEBUG glance.api.middleware.version_negotiation [None req-de977496-fe9a-4cf8-b998-b52b0c25ac47 tempest-VolumesActionsTest-2080751655 tempest-VolumesActionsTest-2080751655-project-member] Matched version: v2 {{(pid=99690) process_request /opt/stack/glance/glance/api/middleware/version_negotiation.py:69}}
Jul 21 14:00:24.524125 np0000005561 devstack@g-api.service[99690]: DEBUG glance.api.middleware.version_negotiation [None req-de977496-fe9a-4cf8-b998-b52b0c25ac47 tempest-VolumesActionsTest-2080751655 tempest-VolumesActionsTest-2080751655-project-member] new path /v2/images/e6c26044-5808-4fb6-a4ba-358c3ba1d866 {{(pid=99690) process_request /opt/stack/glance/glance/api/middleware/version_negotiation.py:70}}
Jul 21 14:00:24.534517 np0000005561 devstack@g-api.service[99690]: [pid: 99690|app: 0|req: 89/260] 127.0.0.1 () {44 vars in 1111 bytes} [Tue Jul 21 14:00:24 2026] GET /v2/images/e6c26044-5808-4fb6-a4ba-358c3ba1d866 => generated 1044 bytes in 12 msecs (HTTP/1.1 200) 4 headers in 158 bytes (1 switches on core 0)
Jul 21 14:00:24.559662 np0000005561 devstack@g-api.service[99689]: DEBUG glance.api.middleware.version_negotiation [None req-bdf6d79e-0c0e-4f9e-b23a-a1e303e04972 tempest-VolumesActionsTest-2080751655 tempest-VolumesActionsTest-2080751655-project-member] Determining version of request: GET /v2/schemas/image Accept: */* {{(pid=99689) process_request /opt/stack/glance/glance/api/middleware/version_negotiation.py:44}}
Jul 21 14:00:24.559874 np0000005561 devstack@g-api.service[99689]: DEBUG glance.api.middleware.version_negotiation [None req-bdf6d79e-0c0e-4f9e-b23a-a1e303e04972 tempest-VolumesActionsTest-2080751655 tempest-VolumesActionsTest-2080751655-project-member] Using url versioning {{(pid=99689) process_request /opt/stack/glance/glance/api/middleware/version_negotiation.py:57}}
Jul 21 14:00:24.560567 np0000005561 devstack@g-api.service[99689]: DEBUG glance.api.middleware.version_negotiation [None req-bdf6d79e-0c0e-4f9e-b23a-a1e303e04972 tempest-VolumesActionsTest-2080751655 tempest-VolumesActionsTest-2080751655-project-member] Matched version: v2 {{(pid=99689) process_request /opt/stack/glance/glance/api/middleware/version_negotiation.py:69}}
Jul 21 14:00:24.560567 np0000005561 devstack@g-api.service[99689]: DEBUG glance.api.middleware.version_negotiation [None req-bdf6d79e-0c0e-4f9e-b23a-a1e303e04972 tempest-VolumesActionsTest-2080751655 tempest-VolumesActionsTest-2080751655-project-member] new path /v2/schemas/image {{(pid=99689) process_request /opt/stack/glance/glance/api/middleware/version_negotiation.py:70}}
Jul 21 14:00:24.564823 np0000005561 devstack@g-api.service[99689]: [pid: 99689|app: 0|req: 86/261] 127.0.0.1 () {44 vars in 1051 bytes} [Tue Jul 21 14:00:24 2026] GET /v2/schemas/image => generated 6083 bytes in 5 msecs (HTTP/1.1 200) 4 headers in 158 bytes (1 switches on core 0)
