Jul 21 13:53:52.105755 np0000005561 nova-scheduler[93476]: DEBUG cotyledon.oslo_config_glue [-] oslo_messaging_rabbit.rabbit_login_method = AMQPLAIN {{(pid=93476) log_opt_values /opt/stack/data/venv/lib/python3.12/site-packages/oslo_config/cfg.py:3253}}
Jul 21 13:53:52.105817 np0000005561 nova-scheduler[93476]: DEBUG cotyledon.oslo_config_glue [-] oslo_messaging_rabbit.rabbit_qos_prefetch_count = 0 {{(pid=93476) log_opt_values /opt/stack/data/venv/lib/python3.12/site-packages/oslo_config/cfg.py:3253}}
Jul 21 13:53:52.105878 np0000005561 nova-scheduler[93476]: DEBUG cotyledon.oslo_config_glue [-] oslo_messaging_rabbit.rabbit_quorum_delivery_limit = 0 {{(pid=93476) log_opt_values /opt/stack/data/venv/lib/python3.12/site-packages/oslo_config/cfg.py:3253}}
Jul 21 13:53:52.105937 np0000005561 nova-scheduler[93476]: DEBUG cotyledon.oslo_config_glue [-] oslo_messaging_rabbit.rabbit_quorum_max_memory_bytes = 0 {{(pid=93476) log_opt_values /opt/stack/data/venv/lib/python3.12/site-packages/oslo_config/cfg.py:3253}}
Jul 21 13:53:52.105999 np0000005561 nova-scheduler[93476]: DEBUG cotyledon.oslo_config_glue [-] oslo_messaging_rabbit.rabbit_quorum_max_memory_length = 0 {{(pid=93476) log_opt_values /opt/stack/data/venv/lib/python3.12/site-packages/oslo_config/cfg.py:3253}}
Jul 21 13:53:52.106057 np0000005561 nova-scheduler[93476]: DEBUG cotyledon.oslo_config_glue [-] oslo_messaging_rabbit.rabbit_quorum_queue = False {{(pid=93476) log_opt_values /opt/stack/data/venv/lib/python3.12/site-packages/oslo_config/cfg.py:3253}}
Jul 21 13:53:52.106109 np0000005561 nova-scheduler[93476]: DEBUG cotyledon.oslo_config_glue [-] oslo_messaging_rabbit.rabbit_retry_backoff = 2 {{(pid=93476) log_opt_values /opt/stack/data/venv/lib/python3.12/site-packages/oslo_config/cfg.py:3253}}
Jul 21 13:53:52.106165 np0000005561 nova-scheduler[93476]: DEBUG cotyledon.oslo_config_glue [-] oslo_messaging_rabbit.rabbit_retry_interval = 1 {{(pid=93476) log_opt_values /opt/stack/data/venv/lib/python3.12/site-packages/oslo_config/cfg.py:3253}}
Jul 21 13:53:52.106228 np0000005561 nova-scheduler[93476]: DEBUG cotyledon.oslo_config_glue [-] oslo_messaging_rabbit.rabbit_stream_fanout = False {{(pid=93476) log_opt_values /opt/stack/data/venv/lib/python3.12/site-packages/oslo_config/cfg.py:3253}}
Jul 21 13:53:52.106286 np0000005561 nova-scheduler[93476]: DEBUG cotyledon.oslo_config_glue [-] oslo_messaging_rabbit.rabbit_transient_queues_ttl = 1800 {{(pid=93476) log_opt_values /opt/stack/data/venv/lib/python3.12/site-packages/oslo_config/cfg.py:3253}}
Jul 21 13:53:52.106348 np0000005561 nova-scheduler[93476]: DEBUG cotyledon.oslo_config_glue [-] oslo_messaging_rabbit.rabbit_transient_quorum_queue = False {{(pid=93476) log_opt_values /opt/stack/data/venv/lib/python3.12/site-packages/oslo_config/cfg.py:3253}}
Jul 21 13:53:52.106401 np0000005561 nova-scheduler[93476]: DEBUG cotyledon.oslo_config_glue [-] oslo_messaging_rabbit.rpc_conn_pool_size = 30 {{(pid=93476) log_opt_values /opt/stack/data/venv/lib/python3.12/site-packages/oslo_config/cfg.py:3253}}
Jul 21 13:53:52.106451 np0000005561 nova-scheduler[93476]: DEBUG cotyledon.oslo_config_glue [-] oslo_messaging_rabbit.ssl = False {{(pid=93476) log_opt_values /opt/stack/data/venv/lib/python3.12/site-packages/oslo_config/cfg.py:3253}}
Jul 21 13:53:52.106536 np0000005561 nova-scheduler[93476]: DEBUG cotyledon.oslo_config_glue [-] oslo_messaging_rabbit.ssl_ca_file = {{(pid=93476) log_opt_values /opt/stack/data/venv/lib/python3.12/site-packages/oslo_config/cfg.py:3253}}
Jul 21 13:53:52.106609 np0000005561 nova-scheduler[93476]: DEBUG cotyledon.oslo_config_glue [-] oslo_messaging_rabbit.ssl_cert_file = {{(pid=93476) log_opt_values /opt/stack/data/venv/lib/python3.12/site-packages/oslo_config/cfg.py:3253}}
Jul 21 13:53:52.106688 np0000005561 nova-scheduler[93476]: DEBUG cotyledon.oslo_config_glue [-] oslo_messaging_rabbit.ssl_enforce_fips_mode = False {{(pid=93476) log_opt_values /opt/stack/data/venv/lib/python3.12/site-packages/oslo_config/cfg.py:3253}}
Jul 21 13:53:52.106763 np0000005561 nova-scheduler[93476]: DEBUG cotyledon.oslo_config_glue [-] oslo_messaging_rabbit.ssl_enforce_hostname_verification = True {{(pid=93476) log_opt_values /opt/stack/data/venv/lib/python3.12/site-packages/oslo_config/cfg.py:3253}}
Jul 21 13:53:52.106813 np0000005561 nova-scheduler[93476]: DEBUG cotyledon.oslo_config_glue [-] oslo_messaging_rabbit.ssl_key_file = {{(pid=93476) log_opt_values /opt/stack/data/venv/lib/python3.12/site-packages/oslo_config/cfg.py:3253}}
Jul 21 13:53:52.106873 np0000005561 nova-scheduler[93476]: DEBUG cotyledon.oslo_config_glue [-] oslo_messaging_rabbit.ssl_version = {{(pid=93476) log_opt_values /opt/stack/data/venv/lib/python3.12/site-packages/oslo_config/cfg.py:3253}}
Jul 21 13:53:52.106922 np0000005561 nova-scheduler[93476]: DEBUG cotyledon.oslo_config_glue [-] oslo_messaging_rabbit.use_queue_manager = False {{(pid=93476) log_opt_values /opt/stack/data/venv/lib/python3.12/site-packages/oslo_config/cfg.py:3253}}
Jul 21 13:53:52.106992 np0000005561 nova-scheduler[93476]: DEBUG cotyledon.oslo_config_glue [-] oslo_messaging_notifications.driver = ['messagingv2'] {{(pid=93476) log_opt_values /opt/stack/data/venv/lib/python3.12/site-packages/oslo_config/cfg.py:3253}}
Jul 21 13:53:52.107065 np0000005561 nova-scheduler[93476]: DEBUG cotyledon.oslo_config_glue [-] oslo_messaging_notifications.retry = -1 {{(pid=93476) log_opt_values /opt/stack/data/venv/lib/python3.12/site-packages/oslo_config/cfg.py:3253}}
Jul 21 13:53:52.107146 np0000005561 nova-scheduler[93476]: DEBUG cotyledon.oslo_config_glue [-] oslo_messaging_notifications.topics = ['notifications'] {{(pid=93476) log_opt_values /opt/stack/data/venv/lib/python3.12/site-packages/oslo_config/cfg.py:3253}}
Jul 21 13:53:52.107225 np0000005561 nova-scheduler[93476]: DEBUG cotyledon.oslo_config_glue [-] oslo_messaging_notifications.transport_url = **** {{(pid=93476) log_opt_values /opt/stack/data/venv/lib/python3.12/site-packages/oslo_config/cfg.py:3253}}
Jul 21 13:53:52.107307 np0000005561 nova-scheduler[93476]: DEBUG cotyledon.oslo_config_glue [-] oslo_limit.auth_section = None {{(pid=93476) log_opt_values /opt/stack/data/venv/lib/python3.12/site-packages/oslo_config/cfg.py:3253}}
Jul 21 13:53:52.107378 np0000005561 nova-scheduler[93476]: DEBUG cotyledon.oslo_config_glue [-] oslo_limit.auth_type = None {{(pid=93476) log_opt_values /opt/stack/data/venv/lib/python3.12/site-packages/oslo_config/cfg.py:3253}}
Jul 21 13:53:52.107431 np0000005561 nova-scheduler[93476]: DEBUG cotyledon.oslo_config_glue [-] oslo_limit.cafile = None {{(pid=93476) log_opt_values /opt/stack/data/venv/lib/python3.12/site-packages/oslo_config/cfg.py:3253}}
Jul 21 13:53:52.107484 np0000005561 nova-scheduler[93476]: DEBUG cotyledon.oslo_config_glue [-] oslo_limit.certfile = None {{(pid=93476) log_opt_values /opt/stack/data/venv/lib/python3.12/site-packages/oslo_config/cfg.py:3253}}
Jul 21 13:53:52.107540 np0000005561 nova-scheduler[93476]: DEBUG cotyledon.oslo_config_glue [-] oslo_limit.collect_timing = False {{(pid=93476) log_opt_values /opt/stack/data/venv/lib/python3.12/site-packages/oslo_config/cfg.py:3253}}
Jul 21 13:53:52.107603 np0000005561 nova-scheduler[93476]: DEBUG cotyledon.oslo_config_glue [-] oslo_limit.connect_retries = None {{(pid=93476) log_opt_values /opt/stack/data/venv/lib/python3.12/site-packages/oslo_config/cfg.py:3253}}
Jul 21 13:53:52.107668 np0000005561 nova-scheduler[93476]: DEBUG cotyledon.oslo_config_glue [-] oslo_limit.connect_retry_delay = None {{(pid=93476) log_opt_values /opt/stack/data/venv/lib/python3.12/site-packages/oslo_config/cfg.py:3253}}
Jul 21 13:53:52.107749 np0000005561 nova-scheduler[93476]: DEBUG cotyledon.oslo_config_glue [-] oslo_limit.endpoint_id = None {{(pid=93476) log_opt_values /opt/stack/data/venv/lib/python3.12/site-packages/oslo_config/cfg.py:3253}}
Jul 21 13:53:52.107810 np0000005561 nova-scheduler[93476]: DEBUG cotyledon.oslo_config_glue [-] oslo_limit.endpoint_interface = public {{(pid=93476) log_opt_values /opt/stack/data/venv/lib/python3.12/site-packages/oslo_config/cfg.py:3253}}
Jul 21 13:53:52.107870 np0000005561 nova-scheduler[93476]: DEBUG cotyledon.oslo_config_glue [-] oslo_limit.endpoint_override = None {{(pid=93476) log_opt_values /opt/stack/data/venv/lib/python3.12/site-packages/oslo_config/cfg.py:3253}}
Jul 21 13:53:52.107923 np0000005561 nova-scheduler[93476]: DEBUG cotyledon.oslo_config_glue [-] oslo_limit.endpoint_region_name = None {{(pid=93476) log_opt_values /opt/stack/data/venv/lib/python3.12/site-packages/oslo_config/cfg.py:3253}}
Jul 21 13:53:52.107981 np0000005561 nova-scheduler[93476]: DEBUG cotyledon.oslo_config_glue [-] oslo_limit.endpoint_service_name = None {{(pid=93476) log_opt_values /opt/stack/data/venv/lib/python3.12/site-packages/oslo_config/cfg.py:3253}}
Jul 21 13:53:52.108044 np0000005561 nova-scheduler[93476]: DEBUG cotyledon.oslo_config_glue [-] oslo_limit.endpoint_service_type = None {{(pid=93476) log_opt_values /opt/stack/data/venv/lib/python3.12/site-packages/oslo_config/cfg.py:3253}}
Jul 21 13:53:52.108107 np0000005561 nova-scheduler[93476]: DEBUG cotyledon.oslo_config_glue [-] oslo_limit.insecure = False {{(pid=93476) log_opt_values /opt/stack/data/venv/lib/python3.12/site-packages/oslo_config/cfg.py:3253}}
Jul 21 13:53:52.108161 np0000005561 nova-scheduler[93476]: DEBUG cotyledon.oslo_config_glue [-] oslo_limit.keyfile = None {{(pid=93476) log_opt_values /opt/stack/data/venv/lib/python3.12/site-packages/oslo_config/cfg.py:3253}}
Jul 21 13:53:52.108221 np0000005561 nova-scheduler[93476]: DEBUG cotyledon.oslo_config_glue [-] oslo_limit.max_version = None {{(pid=93476) log_opt_values /opt/stack/data/venv/lib/python3.12/site-packages/oslo_config/cfg.py:3253}}
Jul 21 13:53:52.108271 np0000005561 nova-scheduler[93476]: DEBUG cotyledon.oslo_config_glue [-] oslo_limit.min_version = None {{(pid=93476) log_opt_values /opt/stack/data/venv/lib/python3.12/site-packages/oslo_config/cfg.py:3253}}
Jul 21 13:53:52.108324 np0000005561 nova-scheduler[93476]: DEBUG cotyledon.oslo_config_glue [-] oslo_limit.region_name = None {{(pid=93476) log_opt_values /opt/stack/data/venv/lib/python3.12/site-packages/oslo_config/cfg.py:3253}}
Jul 21 13:53:52.108402 np0000005561 nova-scheduler[93476]: DEBUG cotyledon.oslo_config_glue [-] oslo_limit.retriable_status_codes = None {{(pid=93476) log_opt_values /opt/stack/data/venv/lib/python3.12/site-packages/oslo_config/cfg.py:3253}}
Jul 21 13:53:52.108475 np0000005561 nova-scheduler[93476]: DEBUG cotyledon.oslo_config_glue [-] oslo_limit.service_name = None {{(pid=93476) log_opt_values /opt/stack/data/venv/lib/python3.12/site-packages/oslo_config/cfg.py:3253}}
Jul 21 13:53:52.108550 np0000005561 nova-scheduler[93476]: DEBUG cotyledon.oslo_config_glue [-] oslo_limit.service_type = None {{(pid=93476) log_opt_values /opt/stack/data/venv/lib/python3.12/site-packages/oslo_config/cfg.py:3253}}
Jul 21 13:53:52.108606 np0000005561 nova-scheduler[93476]: DEBUG cotyledon.oslo_config_glue [-] oslo_limit.split_loggers = False {{(pid=93476) log_opt_values /opt/stack/data/venv/lib/python3.12/site-packages/oslo_config/cfg.py:3253}}
Jul 21 13:53:52.108667 np0000005561 nova-scheduler[93476]: DEBUG cotyledon.oslo_config_glue [-] oslo_limit.status_code_retries = None {{(pid=93476) log_opt_values /opt/stack/data/venv/lib/python3.12/site-packages/oslo_config/cfg.py:3253}}
Jul 21 13:53:52.108739 np0000005561 nova-scheduler[93476]: DEBUG cotyledon.oslo_config_glue [-] oslo_limit.status_code_retry_delay = None {{(pid=93476) log_opt_values /opt/stack/data/venv/lib/python3.12/site-packages/oslo_config/cfg.py:3253}}
Jul 21 13:53:52.108805 np0000005561 nova-scheduler[93476]: DEBUG cotyledon.oslo_config_glue [-] oslo_limit.timeout = None {{(pid=93476) log_opt_values /opt/stack/data/venv/lib/python3.12/site-packages/oslo_config/cfg.py:3253}}
Jul 21 13:53:52.108858 np0000005561 nova-scheduler[93476]: DEBUG cotyledon.oslo_config_glue [-] oslo_limit.valid_interfaces = None {{(pid=93476) log_opt_values /opt/stack/data/venv/lib/python3.12/site-packages/oslo_config/cfg.py:3253}}
Jul 21 13:53:52.108919 np0000005561 nova-scheduler[93476]: DEBUG cotyledon.oslo_config_glue [-] oslo_limit.version = None {{(pid=93476) log_opt_values /opt/stack/data/venv/lib/python3.12/site-packages/oslo_config/cfg.py:3253}}
Jul 21 13:53:52.109018 np0000005561 nova-scheduler[93476]: DEBUG cotyledon.oslo_config_glue [-] oslo_reports.file_event_handler = None {{(pid=93476) log_opt_values /opt/stack/data/venv/lib/python3.12/site-packages/oslo_config/cfg.py:3253}}
Jul 21 13:53:52.109072 np0000005561 nova-scheduler[93474]: DEBUG oslo_db.sqlalchemy.engines [None req-b4d5e79f-686f-4a98-b7ae-422921ea5569 None None] MySQL server mode set to STRICT_TRANS_TABLES,STRICT_ALL_TABLES,NO_ZERO_IN_DATE,NO_ZERO_DATE,ERROR_FOR_DIVISION_BY_ZERO,TRADITIONAL,NO_ENGINE_SUBSTITUTION {{(pid=93474) _check_effective_sql_mode /opt/stack/data/venv/lib/python3.12/site-packages/oslo_db/sqlalchemy/engines.py:325}}
Jul 21 13:53:52.109113 np0000005561 nova-scheduler[93476]: DEBUG cotyledon.oslo_config_glue [-] oslo_reports.file_event_handler_interval = 1 {{(pid=93476) log_opt_values /opt/stack/data/venv/lib/python3.12/site-packages/oslo_config/cfg.py:3253}}
Jul 21 13:53:52.109151 np0000005561 nova-scheduler[93476]: DEBUG cotyledon.oslo_config_glue [-] oslo_reports.log_dir = None {{(pid=93476) log_opt_values /opt/stack/data/venv/lib/python3.12/site-packages/oslo_config/cfg.py:3253}}
Jul 21 13:53:52.109205 np0000005561 nova-scheduler[93476]: DEBUG cotyledon.oslo_config_glue [-] ******************************************************************************** {{(pid=93476) log_opt_values /opt/stack/data/venv/lib/python3.12/site-packages/oslo_config/cfg.py:3260}}
Jul 21 13:53:52.109392 np0000005561 nova-scheduler[93476]: DEBUG cotyledon._service_worker [-] Run service ServiceWrapper(2) [93476] {{(pid=93476) wait_forever /opt/stack/data/venv/lib/python3.12/site-packages/cotyledon/_service_worker.py:218}}
Jul 21 13:53:52.110815 np0000005561 nova-scheduler[93476]: INFO nova.service [-] Starting scheduler node (version 33.1.0)
Jul 21 13:53:52.115561 np0000005561 nova-scheduler[93476]: INFO dbcounter [None req-ca60979b-c3db-422f-8106-0c142b4f0219 None None] Registered counter for database nova_cell0
Jul 21 13:53:52.118098 np0000005561 nova-scheduler[93474]: DEBUG dbcounter [-] [93474] Writer thread running {{(pid=93474) stat_writer /opt/stack/data/venv/lib/python3.12/site-packages/dbcounter.py:102}}
Jul 21 13:53:52.124779 np0000005561 nova-scheduler[93459]: DEBUG oslo_db.sqlalchemy.engines [None req-d30d90b7-ca06-493e-9ef8-4dff2f5c2c61 None None] MySQL server mode set to STRICT_TRANS_TABLES,STRICT_ALL_TABLES,NO_ZERO_IN_DATE,NO_ZERO_DATE,ERROR_FOR_DIVISION_BY_ZERO,TRADITIONAL,NO_ENGINE_SUBSTITUTION {{(pid=93459) _check_effective_sql_mode /opt/stack/data/venv/lib/python3.12/site-packages/oslo_db/sqlalchemy/engines.py:325}}
Jul 21 13:53:52.131215 np0000005561 nova-scheduler[93474]: DEBUG nova.service [None req-b4d5e79f-686f-4a98-b7ae-422921ea5569 None None] Creating RPC server for service: nova-scheduler on topic: scheduler {{(pid=93474) start /opt/stack/nova/nova/service.py:196}}
Jul 21 13:53:52.134073 np0000005561 nova-scheduler[93459]: DEBUG dbcounter [-] [93459] Writer thread running {{(pid=93459) stat_writer /opt/stack/data/venv/lib/python3.12/site-packages/dbcounter.py:102}}
Jul 21 13:53:52.137130 np0000005561 nova-scheduler[93459]: DEBUG nova.service [None req-d30d90b7-ca06-493e-9ef8-4dff2f5c2c61 None None] Creating RPC server for service: nova-scheduler on topic: scheduler {{(pid=93459) start /opt/stack/nova/nova/service.py:196}}
Jul 21 13:53:52.153696 np0000005561 nova-scheduler[93474]: DEBUG nova.service [None req-b4d5e79f-686f-4a98-b7ae-422921ea5569 None None] Join ServiceGroup membership for this service scheduler {{(pid=93474) start /opt/stack/nova/nova/service.py:222}}
Jul 21 13:53:52.153834 np0000005561 nova-scheduler[93476]: DEBUG oslo_db.sqlalchemy.engines [None req-ca60979b-c3db-422f-8106-0c142b4f0219 None None] MySQL server mode set to STRICT_TRANS_TABLES,STRICT_ALL_TABLES,NO_ZERO_IN_DATE,NO_ZERO_DATE,ERROR_FOR_DIVISION_BY_ZERO,TRADITIONAL,NO_ENGINE_SUBSTITUTION {{(pid=93476) _check_effective_sql_mode /opt/stack/data/venv/lib/python3.12/site-packages/oslo_db/sqlalchemy/engines.py:325}}
Jul 21 13:53:52.153876 np0000005561 nova-scheduler[93474]: DEBUG nova.servicegroup.drivers.db [None req-b4d5e79f-686f-4a98-b7ae-422921ea5569 None None] DB_Driver: join new ServiceGroup member np0000005561 to the scheduler group, service = {{(pid=93474) join /opt/stack/nova/nova/servicegroup/drivers/db.py:44}}
Jul 21 13:53:52.164261 np0000005561 nova-scheduler[93459]: DEBUG nova.service [None req-d30d90b7-ca06-493e-9ef8-4dff2f5c2c61 None None] Join ServiceGroup membership for this service scheduler {{(pid=93459) start /opt/stack/nova/nova/service.py:222}}
Jul 21 13:53:52.164582 np0000005561 nova-scheduler[93459]: DEBUG nova.servicegroup.drivers.db [None req-d30d90b7-ca06-493e-9ef8-4dff2f5c2c61 None None] DB_Driver: join new ServiceGroup member np0000005561 to the scheduler group, service = {{(pid=93459) join /opt/stack/nova/nova/servicegroup/drivers/db.py:44}}
Jul 21 13:53:52.165080 np0000005561 nova-scheduler[93476]: DEBUG dbcounter [-] [93476] Writer thread running {{(pid=93476) stat_writer /opt/stack/data/venv/lib/python3.12/site-packages/dbcounter.py:102}}
Jul 21 13:53:52.168346 np0000005561 nova-scheduler[93476]: DEBUG nova.service [None req-ca60979b-c3db-422f-8106-0c142b4f0219 None None] Creating RPC server for service: nova-scheduler on topic: scheduler {{(pid=93476) start /opt/stack/nova/nova/service.py:196}}
Jul 21 13:53:52.185257 np0000005561 nova-scheduler[93476]: DEBUG nova.service [None req-ca60979b-c3db-422f-8106-0c142b4f0219 None None] Join ServiceGroup membership for this service scheduler {{(pid=93476) start /opt/stack/nova/nova/service.py:222}}
Jul 21 13:53:52.185536 np0000005561 nova-scheduler[93476]: DEBUG nova.servicegroup.drivers.db [None req-ca60979b-c3db-422f-8106-0c142b4f0219 None None] DB_Driver: join new ServiceGroup member np0000005561 to the scheduler group, service = {{(pid=93476) join /opt/stack/nova/nova/servicegroup/drivers/db.py:44}}
Jul 21 13:53:55.187784 np0000005561 nova-scheduler[93476]: DEBUG oslo.service.backend._threading.loopingcall [None req-28e3222e-4836-4720-84ff-56cc86a9e9fb None None] Dynamic interval looping call 'nova.service.Service.periodic_tasks' sleeping for 60.00 seconds {{(pid=93476) _run_loop /opt/stack/data/venv/lib/python3.12/site-packages/oslo_service/backend/_threading/loopingcall.py:125}}
Jul 21 13:53:57.168403 np0000005561 nova-scheduler[93474]: DEBUG oslo.service.backend._threading.loopingcall [-] Fixed interval looping call 'nova.servicegroup.drivers.db.DbDriver._report_state' sleeping for 119.99 seconds {{(pid=93474) _run_loop /opt/stack/data/venv/lib/python3.12/site-packages/oslo_service/backend/_threading/loopingcall.py:125}}
Jul 21 13:53:57.174765 np0000005561 nova-scheduler[93459]: DEBUG oslo.service.backend._threading.loopingcall [-] Fixed interval looping call 'nova.servicegroup.drivers.db.DbDriver._report_state' sleeping for 119.99 seconds {{(pid=93459) _run_loop /opt/stack/data/venv/lib/python3.12/site-packages/oslo_service/backend/_threading/loopingcall.py:125}}
Jul 21 13:53:57.198555 np0000005561 nova-scheduler[93476]: DEBUG oslo.service.backend._threading.loopingcall [-] Fixed interval looping call 'nova.servicegroup.drivers.db.DbDriver._report_state' sleeping for 119.99 seconds {{(pid=93476) _run_loop /opt/stack/data/venv/lib/python3.12/site-packages/oslo_service/backend/_threading/loopingcall.py:125}}
Jul 21 13:54:00.743392 np0000005561 nova-scheduler[92193]: DEBUG dbcounter [-] [92193] Writing DB stats nova_api:SELECT=3 {{(pid=92193) stat_writer /opt/stack/data/venv/lib/python3.12/site-packages/dbcounter.py:115}}
Jul 21 13:54:00.866486 np0000005561 nova-scheduler[92193]: DEBUG dbcounter [-] [92193] Writing DB stats nova_cell1:SELECT=1 {{(pid=92193) stat_writer /opt/stack/data/venv/lib/python3.12/site-packages/dbcounter.py:115}}
Jul 21 13:54:00.878988 np0000005561 nova-scheduler[92193]: DEBUG dbcounter [-] [92193] Writing DB stats nova_cell0:SELECT=1 {{(pid=92193) stat_writer /opt/stack/data/venv/lib/python3.12/site-packages/dbcounter.py:115}}
Jul 21 13:54:07.165154 np0000005561 nova-scheduler[93474]: DEBUG dbcounter [-] [93474] Writing DB stats nova_cell0:SELECT=4,nova_cell0:INSERT=1,nova_cell0:UPDATE=1 {{(pid=93474) stat_writer /opt/stack/data/venv/lib/python3.12/site-packages/dbcounter.py:115}}
Jul 21 13:54:07.172168 np0000005561 nova-scheduler[93459]: DEBUG dbcounter [-] [93459] Writing DB stats nova_cell0:SELECT=3 {{(pid=93459) stat_writer /opt/stack/data/venv/lib/python3.12/site-packages/dbcounter.py:115}}
Jul 21 13:54:07.195354 np0000005561 nova-scheduler[93476]: DEBUG dbcounter [-] [93476] Writing DB stats nova_cell0:SELECT=3 {{(pid=93476) stat_writer /opt/stack/data/venv/lib/python3.12/site-packages/dbcounter.py:115}}
Jul 21 13:54:10.167082 np0000005561 nova-scheduler[93459]: DEBUG oslo.service.backend._threading.loopingcall [None req-de7d7323-2dcb-4cac-aac0-ab5eef36669a None None] Dynamic interval looping call 'nova.service.Service.periodic_tasks' sleeping for 60.00 seconds {{(pid=93459) _run_loop /opt/stack/data/venv/lib/python3.12/site-packages/oslo_service/backend/_threading/loopingcall.py:125}}
Jul 21 13:54:34.155850 np0000005561 nova-scheduler[93474]: DEBUG oslo.service.backend._threading.loopingcall [None req-37d2a30e-08cc-425d-a5d7-a0bd2afae98b None None] Dynamic interval looping call 'nova.service.Service.periodic_tasks' sleeping for 60.00 seconds {{(pid=93474) _run_loop /opt/stack/data/venv/lib/python3.12/site-packages/oslo_service/backend/_threading/loopingcall.py:125}}
Jul 21 13:54:55.188256 np0000005561 nova-scheduler[93476]: DEBUG oslo.service.backend._threading.loopingcall [None req-28e3222e-4836-4720-84ff-56cc86a9e9fb None None] Dynamic interval looping call 'nova.service.Service.periodic_tasks' sleeping for 60.00 seconds {{(pid=93476) _run_loop /opt/stack/data/venv/lib/python3.12/site-packages/oslo_service/backend/_threading/loopingcall.py:125}}
Jul 21 13:55:10.167651 np0000005561 nova-scheduler[93459]: DEBUG oslo.service.backend._threading.loopingcall [None req-de7d7323-2dcb-4cac-aac0-ab5eef36669a None None] Dynamic interval looping call 'nova.service.Service.periodic_tasks' sleeping for 60.00 seconds {{(pid=93459) _run_loop /opt/stack/data/venv/lib/python3.12/site-packages/oslo_service/backend/_threading/loopingcall.py:125}}
Jul 21 13:55:34.156370 np0000005561 nova-scheduler[93474]: DEBUG oslo.service.backend._threading.loopingcall [None req-37d2a30e-08cc-425d-a5d7-a0bd2afae98b None None] Dynamic interval looping call 'nova.service.Service.periodic_tasks' sleeping for 60.00 seconds {{(pid=93474) _run_loop /opt/stack/data/venv/lib/python3.12/site-packages/oslo_service/backend/_threading/loopingcall.py:125}}
Jul 21 13:55:55.188845 np0000005561 nova-scheduler[93476]: DEBUG oslo.service.backend._threading.loopingcall [None req-28e3222e-4836-4720-84ff-56cc86a9e9fb None None] Dynamic interval looping call 'nova.service.Service.periodic_tasks' sleeping for 60.00 seconds {{(pid=93476) _run_loop /opt/stack/data/venv/lib/python3.12/site-packages/oslo_service/backend/_threading/loopingcall.py:125}}
Jul 21 13:55:57.172657 np0000005561 nova-scheduler[93474]: DEBUG oslo.service.backend._threading.loopingcall [-] Fixed interval looping call 'nova.servicegroup.drivers.db.DbDriver._report_state' sleeping for 119.99 seconds {{(pid=93474) _run_loop /opt/stack/data/venv/lib/python3.12/site-packages/oslo_service/backend/_threading/loopingcall.py:125}}
Jul 21 13:55:57.173058 np0000005561 nova-scheduler[93459]: DEBUG oslo.service.backend._threading.loopingcall [-] Fixed interval looping call 'nova.servicegroup.drivers.db.DbDriver._report_state' sleeping for 119.99 seconds {{(pid=93459) _run_loop /opt/stack/data/venv/lib/python3.12/site-packages/oslo_service/backend/_threading/loopingcall.py:125}}
Jul 21 13:55:57.192545 np0000005561 nova-scheduler[93476]: DEBUG oslo.service.backend._threading.loopingcall [-] Fixed interval looping call 'nova.servicegroup.drivers.db.DbDriver._report_state' sleeping for 120.00 seconds {{(pid=93476) _run_loop /opt/stack/data/venv/lib/python3.12/site-packages/oslo_service/backend/_threading/loopingcall.py:125}}
Jul 21 13:56:07.167704 np0000005561 nova-scheduler[93474]: DEBUG dbcounter [-] [93474] Writing DB stats nova_cell0:SELECT=1,nova_cell0:UPDATE=1 {{(pid=93474) stat_writer /opt/stack/data/venv/lib/python3.12/site-packages/dbcounter.py:115}}
Jul 21 13:56:07.170119 np0000005561 nova-scheduler[93459]: DEBUG dbcounter [-] [93459] Writing DB stats nova_cell0:SELECT=1,nova_cell0:UPDATE=1 {{(pid=93459) stat_writer /opt/stack/data/venv/lib/python3.12/site-packages/dbcounter.py:115}}
Jul 21 13:56:07.190711 np0000005561 nova-scheduler[93476]: DEBUG dbcounter [-] [93476] Writing DB stats nova_cell0:SELECT=1 {{(pid=93476) stat_writer /opt/stack/data/venv/lib/python3.12/site-packages/dbcounter.py:115}}
Jul 21 13:56:10.168153 np0000005561 nova-scheduler[93459]: DEBUG oslo.service.backend._threading.loopingcall [None req-de7d7323-2dcb-4cac-aac0-ab5eef36669a None None] Dynamic interval looping call 'nova.service.Service.periodic_tasks' sleeping for 60.00 seconds {{(pid=93459) _run_loop /opt/stack/data/venv/lib/python3.12/site-packages/oslo_service/backend/_threading/loopingcall.py:125}}
Jul 21 13:56:15.171834 np0000005561 nova-scheduler[93474]: DEBUG nova.scheduler.manager [None req-61585228-fdd7-4e9d-8f41-3301a7ce886c tempest-DeleteServersTestJSON-1300172984 tempest-DeleteServersTestJSON-1300172984-project-member] Starting to schedule for instances: ['a6e8778f-2cbb-4221-916e-4bcdc3820641'] {{(pid=93474) select_destinations /opt/stack/nova/nova/scheduler/manager.py:209}}
Jul 21 13:56:15.171834 np0000005561 nova-scheduler[93474]: DEBUG nova.scheduler.request_filter [None req-61585228-fdd7-4e9d-8f41-3301a7ce886c tempest-DeleteServersTestJSON-1300172984 tempest-DeleteServersTestJSON-1300172984-project-member] compute_status_filter request filter added forbidden trait COMPUTE_STATUS_DISABLED {{(pid=93474) compute_status_filter /opt/stack/nova/nova/scheduler/request_filter.py:253}}
Jul 21 13:56:15.171834 np0000005561 nova-scheduler[93474]: DEBUG nova.scheduler.request_filter [None req-61585228-fdd7-4e9d-8f41-3301a7ce886c tempest-DeleteServersTestJSON-1300172984 tempest-DeleteServersTestJSON-1300172984-project-member] Request filter 'compute_status_filter' took 0.0 seconds {{(pid=93474) wrapper /opt/stack/nova/nova/scheduler/request_filter.py:46}}
Jul 21 13:56:15.171834 np0000005561 nova-scheduler[93474]: DEBUG nova.scheduler.request_filter [None req-61585228-fdd7-4e9d-8f41-3301a7ce886c tempest-DeleteServersTestJSON-1300172984 tempest-DeleteServersTestJSON-1300172984-project-member] Request filter 'accelerators_filter' took 0.0 seconds {{(pid=93474) wrapper /opt/stack/nova/nova/scheduler/request_filter.py:46}}
Jul 21 13:56:15.171834 np0000005561 nova-scheduler[93474]: DEBUG nova.scheduler.request_filter [None req-61585228-fdd7-4e9d-8f41-3301a7ce886c tempest-DeleteServersTestJSON-1300172984 tempest-DeleteServersTestJSON-1300172984-project-member] Request filter 'packed_virtqueue_filter' took 0.0 seconds {{(pid=93474) wrapper /opt/stack/nova/nova/scheduler/request_filter.py:46}}
Jul 21 13:56:15.172380 np0000005561 nova-scheduler[93474]: DEBUG nova.scheduler.request_filter [None req-61585228-fdd7-4e9d-8f41-3301a7ce886c tempest-DeleteServersTestJSON-1300172984 tempest-DeleteServersTestJSON-1300172984-project-member] Request filter 'remote_managed_ports_filter' took 0.0 seconds {{(pid=93474) wrapper /opt/stack/nova/nova/scheduler/request_filter.py:46}}
Jul 21 13:56:15.172667 np0000005561 nova-scheduler[93474]: DEBUG nova.scheduler.request_filter [None req-61585228-fdd7-4e9d-8f41-3301a7ce886c tempest-DeleteServersTestJSON-1300172984 tempest-DeleteServersTestJSON-1300172984-project-member] ephemeral_encryption_filter skipped {{(pid=93474) ephemeral_encryption_filter /opt/stack/nova/nova/scheduler/request_filter.py:426}}
Jul 21 13:56:15.173003 np0000005561 nova-scheduler[93474]: DEBUG nova.scheduler.request_filter [None req-61585228-fdd7-4e9d-8f41-3301a7ce886c tempest-DeleteServersTestJSON-1300172984 tempest-DeleteServersTestJSON-1300172984-project-member] virtio_sound_filter skipped {{(pid=93474) virtio_sound_filter /opt/stack/nova/nova/scheduler/request_filter.py:460}}
Jul 21 13:56:15.173657 np0000005561 nova-scheduler[93474]: DEBUG nova.scheduler.request_filter [None req-61585228-fdd7-4e9d-8f41-3301a7ce886c tempest-DeleteServersTestJSON-1300172984 tempest-DeleteServersTestJSON-1300172984-project-member] tpm_secret_security_filter skipped {{(pid=93474) tpm_secret_security_filter /opt/stack/nova/nova/scheduler/request_filter.py:477}}
Jul 21 13:56:15.662481 np0000005561 nova-scheduler[93474]: INFO nova.utils [None req-61585228-fdd7-4e9d-8f41-3301a7ce886c tempest-DeleteServersTestJSON-1300172984 tempest-DeleteServersTestJSON-1300172984-project-member] The cell worker thread pool ForkProcess-2.cell_worker is initialized
Jul 21 13:56:15.662970 np0000005561 nova-scheduler[93474]: DEBUG oslo_concurrency.lockutils [None req-61585228-fdd7-4e9d-8f41-3301a7ce886c tempest-DeleteServersTestJSON-1300172984 tempest-DeleteServersTestJSON-1300172984-project-member] Acquiring lock "f43f4da0-eef1-4b51-a9af-b36362b083e7" by "nova.context.set_target_cell..get_or_set_cached_cell_and_set_connections" {{(pid=93474) inner /opt/stack/data/venv/lib/python3.12/site-packages/oslo_concurrency/lockutils.py:512}}
Jul 21 13:56:15.663474 np0000005561 nova-scheduler[93474]: DEBUG oslo_concurrency.lockutils [None req-61585228-fdd7-4e9d-8f41-3301a7ce886c tempest-DeleteServersTestJSON-1300172984 tempest-DeleteServersTestJSON-1300172984-project-member] Lock "f43f4da0-eef1-4b51-a9af-b36362b083e7" acquired by "nova.context.set_target_cell..get_or_set_cached_cell_and_set_connections" :: waited 0.000s {{(pid=93474) inner /opt/stack/data/venv/lib/python3.12/site-packages/oslo_concurrency/lockutils.py:525}}
Jul 21 13:56:15.665445 np0000005561 nova-scheduler[93474]: DEBUG oslo_concurrency.lockutils [None req-61585228-fdd7-4e9d-8f41-3301a7ce886c tempest-DeleteServersTestJSON-1300172984 tempest-DeleteServersTestJSON-1300172984-project-member] Lock "f43f4da0-eef1-4b51-a9af-b36362b083e7" "released" by "nova.context.set_target_cell..get_or_set_cached_cell_and_set_connections" :: held 0.002s {{(pid=93474) inner /opt/stack/data/venv/lib/python3.12/site-packages/oslo_concurrency/lockutils.py:544}}
Jul 21 13:56:15.667120 np0000005561 nova-scheduler[93474]: INFO dbcounter [None req-61585228-fdd7-4e9d-8f41-3301a7ce886c tempest-DeleteServersTestJSON-1300172984 tempest-DeleteServersTestJSON-1300172984-project-member] Registered counter for database nova_cell1
Jul 21 13:56:15.696720 np0000005561 nova-scheduler[93474]: DEBUG oslo_db.sqlalchemy.engines [None req-61585228-fdd7-4e9d-8f41-3301a7ce886c tempest-DeleteServersTestJSON-1300172984 tempest-DeleteServersTestJSON-1300172984-project-member] MySQL server mode set to STRICT_TRANS_TABLES,STRICT_ALL_TABLES,NO_ZERO_IN_DATE,NO_ZERO_DATE,ERROR_FOR_DIVISION_BY_ZERO,TRADITIONAL,NO_ENGINE_SUBSTITUTION {{(pid=93474) _check_effective_sql_mode /opt/stack/data/venv/lib/python3.12/site-packages/oslo_db/sqlalchemy/engines.py:325}}
Jul 21 13:56:15.701180 np0000005561 nova-scheduler[93474]: DEBUG dbcounter [-] [93474] Writer thread running {{(pid=93474) stat_writer /opt/stack/data/venv/lib/python3.12/site-packages/dbcounter.py:102}}
Jul 21 13:56:15.711244 np0000005561 nova-scheduler[93474]: DEBUG oslo_db.sqlalchemy.engines [None req-61585228-fdd7-4e9d-8f41-3301a7ce886c tempest-DeleteServersTestJSON-1300172984 tempest-DeleteServersTestJSON-1300172984-project-member] Parent process 92193 forked (93474) with an open database connection, which is being discarded and recreated. {{(pid=93474) checkout /opt/stack/data/venv/lib/python3.12/site-packages/oslo_db/sqlalchemy/engines.py:402}}
Jul 21 13:56:15.747244 np0000005561 nova-scheduler[93474]: DEBUG dbcounter [-] [93474] Writer thread running {{(pid=93474) stat_writer /opt/stack/data/venv/lib/python3.12/site-packages/dbcounter.py:102}}
Jul 21 13:56:15.750302 np0000005561 nova-scheduler[93474]: DEBUG oslo_concurrency.lockutils [None req-61585228-fdd7-4e9d-8f41-3301a7ce886c tempest-DeleteServersTestJSON-1300172984 tempest-DeleteServersTestJSON-1300172984-project-member] Acquiring lock "f43f4da0-eef1-4b51-a9af-b36362b083e7" by "nova.context.set_target_cell..get_or_set_cached_cell_and_set_connections" {{(pid=93474) inner /opt/stack/data/venv/lib/python3.12/site-packages/oslo_concurrency/lockutils.py:512}}
Jul 21 13:56:15.750557 np0000005561 nova-scheduler[93474]: DEBUG oslo_concurrency.lockutils [None req-61585228-fdd7-4e9d-8f41-3301a7ce886c tempest-DeleteServersTestJSON-1300172984 tempest-DeleteServersTestJSON-1300172984-project-member] Lock "f43f4da0-eef1-4b51-a9af-b36362b083e7" acquired by "nova.context.set_target_cell..get_or_set_cached_cell_and_set_connections" :: waited 0.000s {{(pid=93474) inner /opt/stack/data/venv/lib/python3.12/site-packages/oslo_concurrency/lockutils.py:525}}
Jul 21 13:56:15.750712 np0000005561 nova-scheduler[93474]: DEBUG oslo_concurrency.lockutils [None req-61585228-fdd7-4e9d-8f41-3301a7ce886c tempest-DeleteServersTestJSON-1300172984 tempest-DeleteServersTestJSON-1300172984-project-member] Lock "f43f4da0-eef1-4b51-a9af-b36362b083e7" "released" by "nova.context.set_target_cell..get_or_set_cached_cell_and_set_connections" :: held 0.000s {{(pid=93474) inner /opt/stack/data/venv/lib/python3.12/site-packages/oslo_concurrency/lockutils.py:544}}
Jul 21 13:56:15.754197 np0000005561 nova-scheduler[93474]: DEBUG oslo_concurrency.lockutils [None req-61585228-fdd7-4e9d-8f41-3301a7ce886c tempest-DeleteServersTestJSON-1300172984 tempest-DeleteServersTestJSON-1300172984-project-member] Acquiring lock "np0000005561-np0000005561" by "nova.scheduler.host_manager.HostState.update.._locked_update" {{(pid=93474) inner /opt/stack/data/venv/lib/python3.12/site-packages/oslo_concurrency/lockutils.py:512}}
Jul 21 13:56:15.754349 np0000005561 nova-scheduler[93474]: DEBUG oslo_concurrency.lockutils [None req-61585228-fdd7-4e9d-8f41-3301a7ce886c tempest-DeleteServersTestJSON-1300172984 tempest-DeleteServersTestJSON-1300172984-project-member] Lock "np0000005561-np0000005561" acquired by "nova.scheduler.host_manager.HostState.update.._locked_update" :: waited 0.000s {{(pid=93474) inner /opt/stack/data/venv/lib/python3.12/site-packages/oslo_concurrency/lockutils.py:525}}
Jul 21 13:56:15.755499 np0000005561 nova-scheduler[93474]: DEBUG nova.scheduler.host_manager [None req-61585228-fdd7-4e9d-8f41-3301a7ce886c tempest-DeleteServersTestJSON-1300172984 tempest-DeleteServersTestJSON-1300172984-project-member] Update host state from compute node: ComputeNode(cpu_allocation_ratio=4.0,cpu_info='{"arch": "x86_64", "model": "EPYC-Milan", "vendor": "AMD", "topology": {"cells": 1, "sockets": 16, "cores": 1, "threads": 1}, "maxphysaddr": {"mode": "emulate", "bits": 40}, "features": ["tsc", "msr", "x2apic", "pcid", "pdpe1gb", "bmi2", "xgetbv1", "pat", "xsave", "xsaves", "null-sel-clr-base", "aes", "v-vmsave-vmload", "amd-stibp", "mmxext", "osvw", "pae", "clwb", "pse36", "pfthreshold", "amd-ssbd", "smep", "sse2", "lm", "pse", "xsaveerptr", "clzero", "sha-ni", "lahf_lm", "smap", "sep", "xsaveopt", "cmov", "tsc-deadline", "popcnt", "wbnoinvd", "movbe", "clflushopt", "de", "rdrand", "topoext", "rdseed", "rdctl-no", "ssse3", "vme", "rdtscp", "flushbyasid", "mce", "arat", "fpu", "tsc_adjust", "vaes", "ibrs", "invpcid", "cmp_legacy", "svme-addr-chk", "cx8", "ibpb", "lfence-always-serializing", "vmcb-clean", "avx", "sse4.2", "vgif", "no-nested-data-bp", "adx", "apic", "clflush", "rdpid", "syscall", "arch-capabilities", "perfctr_core", "xsavec", "spec-ctrl", "pku", "stibp", "fma", "fsrm", "sse4a", "mds-no", "mmx", "fxsr_opt", "lbrv", "ssbd", "nx", "avx2", "misalignsse", "gds-no", "cr8legacy", "umip", "pschange-mc-no", "amd-psfd", "tsc-scale", "npt", "fsgsbase", "mca", "sse", "mtrr", "vpclmulqdq", "skip-l1dfl-vmentry", "pni", "erms", "3dnowprefetch", "pclmuldq", "stibp-always-on", "hypervisor", "svm", "cx16", "sse4.1", "bmi1", "fxsr", "pause-filter", "pge", "f16c", "nrip-save", "virt-ssbd", "abm"]}',created_at=2026-07-21T13:54:13Z,current_workload=0,deleted=False,deleted_at=None,disk_allocation_ratio=1.0,disk_available_least=73,free_disk_gb=95,free_ram_mb=62765,host='np0000005561',host_ip=10.4.3.25,hypervisor_hostname='np0000005561',hypervisor_type='QEMU',hypervisor_version=8002002,id=1,local_gb=95,local_gb_used=0,mapped=1,memory_mb=63277,memory_mb_used=512,metrics='[]',numa_topology='{"nova_object.name": "NUMATopology", "nova_object.namespace": "nova", "nova_object.version": "1.2", "nova_object.data": {"cells": [{"nova_object.name": "NUMACell", "nova_object.namespace": "nova", "nova_object.version": "1.5", "nova_object.data": {"id": 0, "cpuset": [0, 1, 2, 3, 4, 5, 6, 7, 8, 9, 10, 11, 12, 13, 14, 15], "pcpuset": [0, 1, 2, 3, 4, 5, 6, 7, 8, 9, 10, 11, 12, 13, 14, 15], "memory": 63277, "cpu_usage": 0, "memory_usage": 0, "pinned_cpus": [], "siblings": [[6], [12], [2], [15], [5], [11], [8], [14], [4], [1], [7], [10], [0], [13], [3], [9]], "mempages": [{"nova_object.name": "NUMAPagesTopology", "nova_object.namespace": "nova", "nova_object.version": "1.1", "nova_object.data": {"size_kb": 4, "total": 16177928, "used": 0, "reserved": 0}, "nova_object.changes": ["total", "used", "size_kb", "reserved"]}, {"nova_object.name": "NUMAPagesTopology", "nova_object.namespace": "nova", "nova_object.version": "1.1", "nova_object.data": {"size_kb": 2048, "total": 41, "used": 0, "reserved": 0}, "nova_object.changes": ["total", "used", "size_kb", "reserved"]}, {"nova_object.name": "NUMAPagesTopology", "nova_object.namespace": "nova", "nova_object.version": "1.1", "nova_object.data": {"size_kb": 1048576, "total": 0, "used": 0, "reserved": 0}, "nova_object.changes": ["total", "used", "size_kb", "reserved"]}], "network_metadata": {"nova_object.name": "NetworkMetadata", "nova_object.namespace": "nova", "nova_object.version": "1.0", "nova_object.data": {"physnets": [], "tunneled": false}, "nova_object.changes": ["physnets", "tunneled"]}, "socket": null}, "nova_object.changes": ["pinned_cpus", "socket", "memory", "cpuset", "id", "pcpuset", "memory_usage", "mempages", "cpu_usage", "siblings", "network_metadata"]}]}, "nova_object.changes": ["cells"]}',pci_device_pools=PciDevicePoolList,ram_allocation_ratio=1.0,running_vms=0,service_id=3,stats={failed_builds='0',uptime=' 13:56:01 up 14 min, 2 users, load average: 1.58, 1.65, 0.94
Jul 21 13:56:15.755499 np0000005561 nova-scheduler[93474]: '},supported_hv_specs=[HVSpec,HVSpec,HVSpec,HVSpec,HVSpec,HVSpec,HVSpec,HVSpec,HVSpec,HVSpec,HVSpec,HVSpec,HVSpec,HVSpec,HVSpec,HVSpec,HVSpec,HVSpec,HVSpec,HVSpec,HVSpec,HVSpec,HVSpec,HVSpec,HVSpec],updated_at=2026-07-21T13:56:02Z,uuid=fde0d088-ec8a-4c80-b711-edf6e0f581d4,vcpus=16,vcpus_used=0) {{(pid=93474) _locked_update /opt/stack/nova/nova/scheduler/host_manager.py:168}}
Jul 21 13:56:15.756572 np0000005561 nova-scheduler[93474]: DEBUG nova.scheduler.host_manager [None req-61585228-fdd7-4e9d-8f41-3301a7ce886c tempest-DeleteServersTestJSON-1300172984 tempest-DeleteServersTestJSON-1300172984-project-member] Update host state with aggregates: [] {{(pid=93474) _locked_update /opt/stack/nova/nova/scheduler/host_manager.py:171}}
Jul 21 13:56:15.756738 np0000005561 nova-scheduler[93474]: DEBUG nova.scheduler.host_manager [None req-61585228-fdd7-4e9d-8f41-3301a7ce886c tempest-DeleteServersTestJSON-1300172984 tempest-DeleteServersTestJSON-1300172984-project-member] Update host state with service dict: {'id': 3, 'uuid': '9a372f4d-b710-41bf-9d5b-dc1e85f2800d', 'host': 'np0000005561', 'binary': 'nova-compute', 'topic': 'compute', 'report_count': 1, 'disabled': False, 'disabled_reason': None, 'last_seen_up': datetime.datetime(2026, 7, 21, 13, 54, 20, tzinfo=datetime.timezone.utc), 'forced_down': False, 'version': 72, 'created_at': datetime.datetime(2026, 7, 21, 13, 54, 13, tzinfo=datetime.timezone.utc), 'updated_at': datetime.datetime(2026, 7, 21, 13, 54, 20, tzinfo=datetime.timezone.utc), 'deleted_at': None, 'deleted': False} {{(pid=93474) _locked_update /opt/stack/nova/nova/scheduler/host_manager.py:174}}
Jul 21 13:56:15.756888 np0000005561 nova-scheduler[93474]: DEBUG nova.scheduler.host_manager [None req-61585228-fdd7-4e9d-8f41-3301a7ce886c tempest-DeleteServersTestJSON-1300172984 tempest-DeleteServersTestJSON-1300172984-project-member] Update host state with instances: [] {{(pid=93474) _locked_update /opt/stack/nova/nova/scheduler/host_manager.py:177}}
Jul 21 13:56:15.757050 np0000005561 nova-scheduler[93474]: DEBUG oslo_concurrency.lockutils [None req-61585228-fdd7-4e9d-8f41-3301a7ce886c tempest-DeleteServersTestJSON-1300172984 tempest-DeleteServersTestJSON-1300172984-project-member] Lock "np0000005561-np0000005561" "released" by "nova.scheduler.host_manager.HostState.update.._locked_update" :: held 0.003s {{(pid=93474) inner /opt/stack/data/venv/lib/python3.12/site-packages/oslo_concurrency/lockutils.py:544}}
Jul 21 13:56:15.757552 np0000005561 nova-scheduler[93474]: DEBUG nova.filters [None req-61585228-fdd7-4e9d-8f41-3301a7ce886c tempest-DeleteServersTestJSON-1300172984 tempest-DeleteServersTestJSON-1300172984-project-member] Starting with 1 host(s) {{(pid=93474) get_filtered_objects /opt/stack/nova/nova/filters.py:70}}
Jul 21 13:56:15.757810 np0000005561 nova-scheduler[93474]: DEBUG nova.filters [None req-61585228-fdd7-4e9d-8f41-3301a7ce886c tempest-DeleteServersTestJSON-1300172984 tempest-DeleteServersTestJSON-1300172984-project-member] Filter ComputeFilter returned 1 host(s) {{(pid=93474) get_filtered_objects /opt/stack/nova/nova/filters.py:102}}
Jul 21 13:56:15.757994 np0000005561 nova-scheduler[93474]: DEBUG nova.filters [None req-61585228-fdd7-4e9d-8f41-3301a7ce886c tempest-DeleteServersTestJSON-1300172984 tempest-DeleteServersTestJSON-1300172984-project-member] Filter ComputeCapabilitiesFilter returned 1 host(s) {{(pid=93474) get_filtered_objects /opt/stack/nova/nova/filters.py:102}}
Jul 21 13:56:15.758489 np0000005561 nova-scheduler[93474]: DEBUG nova.filters [None req-61585228-fdd7-4e9d-8f41-3301a7ce886c tempest-DeleteServersTestJSON-1300172984 tempest-DeleteServersTestJSON-1300172984-project-member] Filter ImagePropertiesFilter returned 1 host(s) {{(pid=93474) get_filtered_objects /opt/stack/nova/nova/filters.py:102}}
Jul 21 13:56:15.758618 np0000005561 nova-scheduler[93474]: DEBUG nova.filters [None req-61585228-fdd7-4e9d-8f41-3301a7ce886c tempest-DeleteServersTestJSON-1300172984 tempest-DeleteServersTestJSON-1300172984-project-member] Filter ServerGroupAntiAffinityFilter returned 1 host(s) {{(pid=93474) get_filtered_objects /opt/stack/nova/nova/filters.py:102}}
Jul 21 13:56:15.758773 np0000005561 nova-scheduler[93474]: DEBUG nova.filters [None req-61585228-fdd7-4e9d-8f41-3301a7ce886c tempest-DeleteServersTestJSON-1300172984 tempest-DeleteServersTestJSON-1300172984-project-member] Filter ServerGroupAffinityFilter returned 1 host(s) {{(pid=93474) get_filtered_objects /opt/stack/nova/nova/filters.py:102}}
Jul 21 13:56:15.758896 np0000005561 nova-scheduler[93474]: DEBUG nova.filters [None req-61585228-fdd7-4e9d-8f41-3301a7ce886c tempest-DeleteServersTestJSON-1300172984 tempest-DeleteServersTestJSON-1300172984-project-member] Filter SameHostFilter returned 1 host(s) {{(pid=93474) get_filtered_objects /opt/stack/nova/nova/filters.py:102}}
Jul 21 13:56:15.759019 np0000005561 nova-scheduler[93474]: DEBUG nova.filters [None req-61585228-fdd7-4e9d-8f41-3301a7ce886c tempest-DeleteServersTestJSON-1300172984 tempest-DeleteServersTestJSON-1300172984-project-member] Filter DifferentHostFilter returned 1 host(s) {{(pid=93474) get_filtered_objects /opt/stack/nova/nova/filters.py:102}}
Jul 21 13:56:15.759140 np0000005561 nova-scheduler[93474]: DEBUG nova.scheduler.manager [None req-61585228-fdd7-4e9d-8f41-3301a7ce886c tempest-DeleteServersTestJSON-1300172984 tempest-DeleteServersTestJSON-1300172984-project-member] Filtered [(np0000005561, np0000005561) ram: 62765MB disk: 74752MB io_ops: 0 instances: 0, allocation_candidates: 1] {{(pid=93474) _get_sorted_hosts /opt/stack/nova/nova/scheduler/manager.py:742}}
Jul 21 13:56:15.759335 np0000005561 nova-scheduler[93474]: DEBUG nova.scheduler.manager [None req-61585228-fdd7-4e9d-8f41-3301a7ce886c tempest-DeleteServersTestJSON-1300172984 tempest-DeleteServersTestJSON-1300172984-project-member] Weighed [WeighedHost [host: (np0000005561, np0000005561) ram: 62765MB disk: 74752MB io_ops: 0 instances: 0, allocation_candidates: 1, weight: 0.0]] {{(pid=93474) _get_sorted_hosts /opt/stack/nova/nova/scheduler/manager.py:764}}
Jul 21 13:56:15.759506 np0000005561 nova-scheduler[93474]: DEBUG nova.scheduler.utils [None req-61585228-fdd7-4e9d-8f41-3301a7ce886c tempest-DeleteServersTestJSON-1300172984 tempest-DeleteServersTestJSON-1300172984-project-member] Attempting to claim resources in the placement API for instance a6e8778f-2cbb-4221-916e-4bcdc3820641 {{(pid=93474) claim_resources /opt/stack/nova/nova/scheduler/utils.py:1345}}
Jul 21 13:56:15.904105 np0000005561 nova-scheduler[93474]: DEBUG nova.scheduler.manager [None req-61585228-fdd7-4e9d-8f41-3301a7ce886c tempest-DeleteServersTestJSON-1300172984 tempest-DeleteServersTestJSON-1300172984-project-member] [instance: a6e8778f-2cbb-4221-916e-4bcdc3820641] Selected host: (np0000005561, np0000005561) ram: 62765MB disk: 74752MB io_ops: 0 instances: 0, allocation_candidates: 1 {{(pid=93474) _consume_selected_host /opt/stack/nova/nova/scheduler/manager.py:624}}
Jul 21 13:56:15.904494 np0000005561 nova-scheduler[93474]: DEBUG oslo_concurrency.lockutils [None req-61585228-fdd7-4e9d-8f41-3301a7ce886c tempest-DeleteServersTestJSON-1300172984 tempest-DeleteServersTestJSON-1300172984-project-member] Acquiring lock "np0000005561-np0000005561" by "nova.scheduler.host_manager.HostState.consume_from_request.._locked" {{(pid=93474) inner /opt/stack/data/venv/lib/python3.12/site-packages/oslo_concurrency/lockutils.py:512}}
Jul 21 13:56:15.904541 np0000005561 nova-scheduler[93474]: DEBUG oslo_concurrency.lockutils [None req-61585228-fdd7-4e9d-8f41-3301a7ce886c tempest-DeleteServersTestJSON-1300172984 tempest-DeleteServersTestJSON-1300172984-project-member] Lock "np0000005561-np0000005561" acquired by "nova.scheduler.host_manager.HostState.consume_from_request.._locked" :: waited 0.000s {{(pid=93474) inner /opt/stack/data/venv/lib/python3.12/site-packages/oslo_concurrency/lockutils.py:525}}
Jul 21 13:56:15.904681 np0000005561 nova-scheduler[93474]: DEBUG oslo_concurrency.lockutils [None req-61585228-fdd7-4e9d-8f41-3301a7ce886c tempest-DeleteServersTestJSON-1300172984 tempest-DeleteServersTestJSON-1300172984-project-member] Lock "np0000005561-np0000005561" "released" by "nova.scheduler.host_manager.HostState.consume_from_request.._locked" :: held 0.000s {{(pid=93474) inner /opt/stack/data/venv/lib/python3.12/site-packages/oslo_concurrency/lockutils.py:544}}
Jul 21 13:56:21.371933 np0000005561 nova-scheduler[93459]: DEBUG nova.scheduler.manager [None req-02982dce-ce5a-4e7f-a9a3-89b8509d12fd tempest-AttachVolumeShelveTestJSON-1775268363 tempest-AttachVolumeShelveTestJSON-1775268363-project-member] Starting to schedule for instances: ['84ff2f66-f8aa-47bc-81ad-a1f2090676c0'] {{(pid=93459) select_destinations /opt/stack/nova/nova/scheduler/manager.py:209}}
Jul 21 13:56:21.372729 np0000005561 nova-scheduler[93459]: DEBUG nova.scheduler.request_filter [None req-02982dce-ce5a-4e7f-a9a3-89b8509d12fd tempest-AttachVolumeShelveTestJSON-1775268363 tempest-AttachVolumeShelveTestJSON-1775268363-project-member] compute_status_filter request filter added forbidden trait COMPUTE_STATUS_DISABLED {{(pid=93459) compute_status_filter /opt/stack/nova/nova/scheduler/request_filter.py:253}}
Jul 21 13:56:21.372729 np0000005561 nova-scheduler[93459]: DEBUG nova.scheduler.request_filter [None req-02982dce-ce5a-4e7f-a9a3-89b8509d12fd tempest-AttachVolumeShelveTestJSON-1775268363 tempest-AttachVolumeShelveTestJSON-1775268363-project-member] Request filter 'compute_status_filter' took 0.0 seconds {{(pid=93459) wrapper /opt/stack/nova/nova/scheduler/request_filter.py:46}}
Jul 21 13:56:21.373286 np0000005561 nova-scheduler[93459]: DEBUG nova.scheduler.request_filter [None req-02982dce-ce5a-4e7f-a9a3-89b8509d12fd tempest-AttachVolumeShelveTestJSON-1775268363 tempest-AttachVolumeShelveTestJSON-1775268363-project-member] Request filter 'accelerators_filter' took 0.0 seconds {{(pid=93459) wrapper /opt/stack/nova/nova/scheduler/request_filter.py:46}}
Jul 21 13:56:21.373286 np0000005561 nova-scheduler[93459]: DEBUG nova.scheduler.request_filter [None req-02982dce-ce5a-4e7f-a9a3-89b8509d12fd tempest-AttachVolumeShelveTestJSON-1775268363 tempest-AttachVolumeShelveTestJSON-1775268363-project-member] Request filter 'packed_virtqueue_filter' took 0.0 seconds {{(pid=93459) wrapper /opt/stack/nova/nova/scheduler/request_filter.py:46}}
Jul 21 13:56:21.373552 np0000005561 nova-scheduler[93459]: DEBUG nova.scheduler.request_filter [None req-02982dce-ce5a-4e7f-a9a3-89b8509d12fd tempest-AttachVolumeShelveTestJSON-1775268363 tempest-AttachVolumeShelveTestJSON-1775268363-project-member] Request filter 'remote_managed_ports_filter' took 0.0 seconds {{(pid=93459) wrapper /opt/stack/nova/nova/scheduler/request_filter.py:46}}
Jul 21 13:56:21.373743 np0000005561 nova-scheduler[93459]: DEBUG nova.scheduler.request_filter [None req-02982dce-ce5a-4e7f-a9a3-89b8509d12fd tempest-AttachVolumeShelveTestJSON-1775268363 tempest-AttachVolumeShelveTestJSON-1775268363-project-member] ephemeral_encryption_filter skipped {{(pid=93459) ephemeral_encryption_filter /opt/stack/nova/nova/scheduler/request_filter.py:426}}
