Jun 24 07:02:43.949269 np0000003521 nova-scheduler[93362]: DEBUG cotyledon.oslo_config_glue [-] oslo_limit.cafile = None {{(pid=93362) log_opt_values /opt/stack/data/venv/lib/python3.12/site-packages/oslo_config/cfg.py:3253}}
Jun 24 07:02:43.949472 np0000003521 nova-scheduler[93362]: DEBUG cotyledon.oslo_config_glue [-] oslo_limit.certfile = None {{(pid=93362) log_opt_values /opt/stack/data/venv/lib/python3.12/site-packages/oslo_config/cfg.py:3253}}
Jun 24 07:02:43.949472 np0000003521 nova-scheduler[93362]: DEBUG cotyledon.oslo_config_glue [-] oslo_limit.collect_timing = False {{(pid=93362) log_opt_values /opt/stack/data/venv/lib/python3.12/site-packages/oslo_config/cfg.py:3253}}
Jun 24 07:02:43.949472 np0000003521 nova-scheduler[93362]: DEBUG cotyledon.oslo_config_glue [-] oslo_limit.connect_retries = None {{(pid=93362) log_opt_values /opt/stack/data/venv/lib/python3.12/site-packages/oslo_config/cfg.py:3253}}
Jun 24 07:02:43.949472 np0000003521 nova-scheduler[93362]: DEBUG cotyledon.oslo_config_glue [-] oslo_limit.connect_retry_delay = None {{(pid=93362) log_opt_values /opt/stack/data/venv/lib/python3.12/site-packages/oslo_config/cfg.py:3253}}
Jun 24 07:02:43.949472 np0000003521 nova-scheduler[93362]: DEBUG cotyledon.oslo_config_glue [-] oslo_limit.endpoint_id = None {{(pid=93362) log_opt_values /opt/stack/data/venv/lib/python3.12/site-packages/oslo_config/cfg.py:3253}}
Jun 24 07:02:43.949472 np0000003521 nova-scheduler[93362]: DEBUG cotyledon.oslo_config_glue [-] oslo_limit.endpoint_interface = public {{(pid=93362) log_opt_values /opt/stack/data/venv/lib/python3.12/site-packages/oslo_config/cfg.py:3253}}
Jun 24 07:02:43.949472 np0000003521 nova-scheduler[93362]: DEBUG cotyledon.oslo_config_glue [-] oslo_limit.endpoint_override = None {{(pid=93362) log_opt_values /opt/stack/data/venv/lib/python3.12/site-packages/oslo_config/cfg.py:3253}}
Jun 24 07:02:43.949472 np0000003521 nova-scheduler[93362]: DEBUG cotyledon.oslo_config_glue [-] oslo_limit.endpoint_region_name = None {{(pid=93362) log_opt_values /opt/stack/data/venv/lib/python3.12/site-packages/oslo_config/cfg.py:3253}}
Jun 24 07:02:43.949472 np0000003521 nova-scheduler[93362]: DEBUG cotyledon.oslo_config_glue [-] oslo_limit.endpoint_service_name = None {{(pid=93362) log_opt_values /opt/stack/data/venv/lib/python3.12/site-packages/oslo_config/cfg.py:3253}}
Jun 24 07:02:43.949684 np0000003521 nova-scheduler[93362]: DEBUG cotyledon.oslo_config_glue [-] oslo_limit.endpoint_service_type = None {{(pid=93362) log_opt_values /opt/stack/data/venv/lib/python3.12/site-packages/oslo_config/cfg.py:3253}}
Jun 24 07:02:43.949684 np0000003521 nova-scheduler[93362]: DEBUG cotyledon.oslo_config_glue [-] oslo_limit.insecure = False {{(pid=93362) log_opt_values /opt/stack/data/venv/lib/python3.12/site-packages/oslo_config/cfg.py:3253}}
Jun 24 07:02:43.949684 np0000003521 nova-scheduler[93362]: DEBUG cotyledon.oslo_config_glue [-] oslo_limit.keyfile = None {{(pid=93362) log_opt_values /opt/stack/data/venv/lib/python3.12/site-packages/oslo_config/cfg.py:3253}}
Jun 24 07:02:43.949684 np0000003521 nova-scheduler[93362]: DEBUG cotyledon.oslo_config_glue [-] oslo_limit.max_version = None {{(pid=93362) log_opt_values /opt/stack/data/venv/lib/python3.12/site-packages/oslo_config/cfg.py:3253}}
Jun 24 07:02:43.949684 np0000003521 nova-scheduler[93362]: DEBUG cotyledon.oslo_config_glue [-] oslo_limit.min_version = None {{(pid=93362) log_opt_values /opt/stack/data/venv/lib/python3.12/site-packages/oslo_config/cfg.py:3253}}
Jun 24 07:02:43.949684 np0000003521 nova-scheduler[93362]: DEBUG cotyledon.oslo_config_glue [-] oslo_limit.region_name = None {{(pid=93362) log_opt_values /opt/stack/data/venv/lib/python3.12/site-packages/oslo_config/cfg.py:3253}}
Jun 24 07:02:43.949684 np0000003521 nova-scheduler[93362]: DEBUG cotyledon.oslo_config_glue [-] oslo_limit.retriable_status_codes = None {{(pid=93362) log_opt_values /opt/stack/data/venv/lib/python3.12/site-packages/oslo_config/cfg.py:3253}}
Jun 24 07:02:43.949684 np0000003521 nova-scheduler[93362]: DEBUG cotyledon.oslo_config_glue [-] oslo_limit.service_name = None {{(pid=93362) log_opt_values /opt/stack/data/venv/lib/python3.12/site-packages/oslo_config/cfg.py:3253}}
Jun 24 07:02:43.949684 np0000003521 nova-scheduler[93362]: DEBUG cotyledon.oslo_config_glue [-] oslo_limit.service_type = None {{(pid=93362) log_opt_values /opt/stack/data/venv/lib/python3.12/site-packages/oslo_config/cfg.py:3253}}
Jun 24 07:02:43.949857 np0000003521 nova-scheduler[93362]: DEBUG cotyledon.oslo_config_glue [-] oslo_limit.split_loggers = False {{(pid=93362) log_opt_values /opt/stack/data/venv/lib/python3.12/site-packages/oslo_config/cfg.py:3253}}
Jun 24 07:02:43.949857 np0000003521 nova-scheduler[93362]: DEBUG cotyledon.oslo_config_glue [-] oslo_limit.status_code_retries = None {{(pid=93362) log_opt_values /opt/stack/data/venv/lib/python3.12/site-packages/oslo_config/cfg.py:3253}}
Jun 24 07:02:43.949857 np0000003521 nova-scheduler[93362]: DEBUG cotyledon.oslo_config_glue [-] oslo_limit.status_code_retry_delay = None {{(pid=93362) log_opt_values /opt/stack/data/venv/lib/python3.12/site-packages/oslo_config/cfg.py:3253}}
Jun 24 07:02:43.949857 np0000003521 nova-scheduler[93362]: DEBUG cotyledon.oslo_config_glue [-] oslo_limit.timeout = None {{(pid=93362) log_opt_values /opt/stack/data/venv/lib/python3.12/site-packages/oslo_config/cfg.py:3253}}
Jun 24 07:02:43.949857 np0000003521 nova-scheduler[93362]: DEBUG cotyledon.oslo_config_glue [-] oslo_limit.valid_interfaces = None {{(pid=93362) log_opt_values /opt/stack/data/venv/lib/python3.12/site-packages/oslo_config/cfg.py:3253}}
Jun 24 07:02:43.949857 np0000003521 nova-scheduler[93362]: DEBUG cotyledon.oslo_config_glue [-] oslo_limit.version = None {{(pid=93362) log_opt_values /opt/stack/data/venv/lib/python3.12/site-packages/oslo_config/cfg.py:3253}}
Jun 24 07:02:43.949857 np0000003521 nova-scheduler[93362]: DEBUG cotyledon.oslo_config_glue [-] oslo_reports.file_event_handler = None {{(pid=93362) log_opt_values /opt/stack/data/venv/lib/python3.12/site-packages/oslo_config/cfg.py:3253}}
Jun 24 07:02:43.949857 np0000003521 nova-scheduler[93362]: DEBUG cotyledon.oslo_config_glue [-] oslo_reports.file_event_handler_interval = 1 {{(pid=93362) log_opt_values /opt/stack/data/venv/lib/python3.12/site-packages/oslo_config/cfg.py:3253}}
Jun 24 07:02:43.949857 np0000003521 nova-scheduler[93362]: DEBUG cotyledon.oslo_config_glue [-] oslo_reports.log_dir = None {{(pid=93362) log_opt_values /opt/stack/data/venv/lib/python3.12/site-packages/oslo_config/cfg.py:3253}}
Jun 24 07:02:43.950037 np0000003521 nova-scheduler[93362]: DEBUG cotyledon.oslo_config_glue [-] ******************************************************************************** {{(pid=93362) log_opt_values /opt/stack/data/venv/lib/python3.12/site-packages/oslo_config/cfg.py:3260}}
Jun 24 07:02:43.950037 np0000003521 nova-scheduler[93362]: DEBUG cotyledon._service_worker [-] Run service ServiceWrapper(1) [93362] {{(pid=93362) wait_forever /opt/stack/data/venv/lib/python3.12/site-packages/cotyledon/_service_worker.py:218}}
Jun 24 07:02:43.950083 np0000003521 nova-scheduler[93365]: INFO dbcounter [None req-d8433563-f245-4b3b-87d8-0f0a76c5a2f9 None None] Registered counter for database nova_cell0
Jun 24 07:02:43.950113 np0000003521 nova-scheduler[93362]: INFO nova.service [-] Starting scheduler node (version 33.1.0)
Jun 24 07:02:43.951251 np0000003521 nova-scheduler[93362]: INFO dbcounter [None req-b0cc9d09-ac3c-4efa-9ce6-1c035853d7be None None] Registered counter for database nova_cell0
Jun 24 07:02:43.970128 np0000003521 nova-scheduler[93337]: DEBUG oslo_db.sqlalchemy.engines [None req-2ce0c3eb-dfb8-4bd4-a58b-76af5d65929c None None] MySQL server mode set to STRICT_TRANS_TABLES,STRICT_ALL_TABLES,NO_ZERO_IN_DATE,NO_ZERO_DATE,ERROR_FOR_DIVISION_BY_ZERO,TRADITIONAL,NO_ENGINE_SUBSTITUTION {{(pid=93337) _check_effective_sql_mode /opt/stack/data/venv/lib/python3.12/site-packages/oslo_db/sqlalchemy/engines.py:325}}
Jun 24 07:02:43.977030 np0000003521 nova-scheduler[93365]: DEBUG oslo_db.sqlalchemy.engines [None req-d8433563-f245-4b3b-87d8-0f0a76c5a2f9 None None] MySQL server mode set to STRICT_TRANS_TABLES,STRICT_ALL_TABLES,NO_ZERO_IN_DATE,NO_ZERO_DATE,ERROR_FOR_DIVISION_BY_ZERO,TRADITIONAL,NO_ENGINE_SUBSTITUTION {{(pid=93365) _check_effective_sql_mode /opt/stack/data/venv/lib/python3.12/site-packages/oslo_db/sqlalchemy/engines.py:325}}
Jun 24 07:02:43.978635 np0000003521 nova-scheduler[93337]: DEBUG dbcounter [-] [93337] Writer thread running {{(pid=93337) stat_writer /opt/stack/data/venv/lib/python3.12/site-packages/dbcounter.py:102}}
Jun 24 07:02:43.985805 np0000003521 nova-scheduler[93365]: DEBUG dbcounter [-] [93365] Writer thread running {{(pid=93365) stat_writer /opt/stack/data/venv/lib/python3.12/site-packages/dbcounter.py:102}}
Jun 24 07:02:43.993981 np0000003521 nova-scheduler[93337]: DEBUG nova.service [None req-2ce0c3eb-dfb8-4bd4-a58b-76af5d65929c None None] Creating RPC server for service: nova-scheduler on topic: scheduler {{(pid=93337) start /opt/stack/nova/nova/service.py:196}}
Jun 24 07:02:44.000193 np0000003521 nova-scheduler[93365]: DEBUG nova.service [None req-d8433563-f245-4b3b-87d8-0f0a76c5a2f9 None None] Creating RPC server for service: nova-scheduler on topic: scheduler {{(pid=93365) start /opt/stack/nova/nova/service.py:196}}
Jun 24 07:02:44.000987 np0000003521 nova-scheduler[93362]: DEBUG oslo_db.sqlalchemy.engines [None req-b0cc9d09-ac3c-4efa-9ce6-1c035853d7be None None] MySQL server mode set to STRICT_TRANS_TABLES,STRICT_ALL_TABLES,NO_ZERO_IN_DATE,NO_ZERO_DATE,ERROR_FOR_DIVISION_BY_ZERO,TRADITIONAL,NO_ENGINE_SUBSTITUTION {{(pid=93362) _check_effective_sql_mode /opt/stack/data/venv/lib/python3.12/site-packages/oslo_db/sqlalchemy/engines.py:325}}
Jun 24 07:02:44.022334 np0000003521 nova-scheduler[93362]: DEBUG dbcounter [-] [93362] Writer thread running {{(pid=93362) stat_writer /opt/stack/data/venv/lib/python3.12/site-packages/dbcounter.py:102}}
Jun 24 07:02:44.022483 np0000003521 nova-scheduler[93365]: DEBUG nova.service [None req-d8433563-f245-4b3b-87d8-0f0a76c5a2f9 None None] Join ServiceGroup membership for this service scheduler {{(pid=93365) start /opt/stack/nova/nova/service.py:222}}
Jun 24 07:02:44.022528 np0000003521 nova-scheduler[93365]: DEBUG nova.servicegroup.drivers.db [None req-d8433563-f245-4b3b-87d8-0f0a76c5a2f9 None None] DB_Driver: join new ServiceGroup member np0000003521 to the scheduler group, service = {{(pid=93365) join /opt/stack/nova/nova/servicegroup/drivers/db.py:44}}
Jun 24 07:02:44.027217 np0000003521 nova-scheduler[93362]: DEBUG nova.service [None req-b0cc9d09-ac3c-4efa-9ce6-1c035853d7be None None] Creating RPC server for service: nova-scheduler on topic: scheduler {{(pid=93362) start /opt/stack/nova/nova/service.py:196}}
Jun 24 07:02:44.027420 np0000003521 nova-scheduler[93337]: DEBUG nova.service [None req-2ce0c3eb-dfb8-4bd4-a58b-76af5d65929c None None] Join ServiceGroup membership for this service scheduler {{(pid=93337) start /opt/stack/nova/nova/service.py:222}}
Jun 24 07:02:44.027668 np0000003521 nova-scheduler[93337]: DEBUG nova.servicegroup.drivers.db [None req-2ce0c3eb-dfb8-4bd4-a58b-76af5d65929c None None] DB_Driver: join new ServiceGroup member np0000003521 to the scheduler group, service = {{(pid=93337) join /opt/stack/nova/nova/servicegroup/drivers/db.py:44}}
Jun 24 07:02:44.045368 np0000003521 nova-scheduler[93362]: DEBUG nova.service [None req-b0cc9d09-ac3c-4efa-9ce6-1c035853d7be None None] Join ServiceGroup membership for this service scheduler {{(pid=93362) start /opt/stack/nova/nova/service.py:222}}
Jun 24 07:02:44.045684 np0000003521 nova-scheduler[93362]: DEBUG nova.servicegroup.drivers.db [None req-b0cc9d09-ac3c-4efa-9ce6-1c035853d7be None None] DB_Driver: join new ServiceGroup member np0000003521 to the scheduler group, service = {{(pid=93362) join /opt/stack/nova/nova/servicegroup/drivers/db.py:44}}
Jun 24 07:02:49.044598 np0000003521 nova-scheduler[93365]: DEBUG oslo.service.backend._threading.loopingcall [-] Fixed interval looping call 'nova.servicegroup.drivers.db.DbDriver._report_state' sleeping for 119.98 seconds {{(pid=93365) _run_loop /opt/stack/data/venv/lib/python3.12/site-packages/oslo_service/backend/_threading/loopingcall.py:125}}
Jun 24 07:02:49.045564 np0000003521 nova-scheduler[93337]: DEBUG oslo.service.backend._threading.loopingcall [-] Fixed interval looping call 'nova.servicegroup.drivers.db.DbDriver._report_state' sleeping for 119.98 seconds {{(pid=93337) _run_loop /opt/stack/data/venv/lib/python3.12/site-packages/oslo_service/backend/_threading/loopingcall.py:125}}
Jun 24 07:02:49.056227 np0000003521 nova-scheduler[93362]: DEBUG oslo.service.backend._threading.loopingcall [-] Fixed interval looping call 'nova.servicegroup.drivers.db.DbDriver._report_state' sleeping for 119.99 seconds {{(pid=93362) _run_loop /opt/stack/data/venv/lib/python3.12/site-packages/oslo_service/backend/_threading/loopingcall.py:125}}
Jun 24 07:02:52.602771 np0000003521 nova-scheduler[92078]: DEBUG dbcounter [-] [92078] Writing DB stats nova_api:SELECT=3 {{(pid=92078) stat_writer /opt/stack/data/venv/lib/python3.12/site-packages/dbcounter.py:115}}
Jun 24 07:02:52.731091 np0000003521 nova-scheduler[92078]: DEBUG dbcounter [-] [92078] Writing DB stats nova_cell0:SELECT=1 {{(pid=92078) stat_writer /opt/stack/data/venv/lib/python3.12/site-packages/dbcounter.py:115}}
Jun 24 07:02:52.737624 np0000003521 nova-scheduler[92078]: DEBUG dbcounter [-] [92078] Writing DB stats nova_cell1:SELECT=1 {{(pid=92078) stat_writer /opt/stack/data/venv/lib/python3.12/site-packages/dbcounter.py:115}}
Jun 24 07:02:57.048149 np0000003521 nova-scheduler[93362]: DEBUG oslo.service.backend._threading.loopingcall [None req-5739e5b1-f927-45a9-8f8f-0c3c665fa8cc None None] Dynamic interval looping call 'nova.service.Service.periodic_tasks' sleeping for 60.00 seconds {{(pid=93362) _run_loop /opt/stack/data/venv/lib/python3.12/site-packages/oslo_service/backend/_threading/loopingcall.py:125}}
Jun 24 07:02:59.033979 np0000003521 nova-scheduler[93365]: DEBUG dbcounter [-] [93365] Writing DB stats nova_cell0:SELECT=5,nova_cell0:INSERT=1,nova_cell0:UPDATE=1 {{(pid=93365) stat_writer /opt/stack/data/venv/lib/python3.12/site-packages/dbcounter.py:115}}
Jun 24 07:02:59.038660 np0000003521 nova-scheduler[93337]: DEBUG dbcounter [-] [93337] Writing DB stats nova_cell0:SELECT=4,nova_cell0:INSERT=1,nova_cell0:UPDATE=1 {{(pid=93337) stat_writer /opt/stack/data/venv/lib/python3.12/site-packages/dbcounter.py:115}}
Jun 24 07:02:59.053442 np0000003521 nova-scheduler[93362]: DEBUG dbcounter [-] [93362] Writing DB stats nova_cell0:SELECT=3 {{(pid=93362) stat_writer /opt/stack/data/venv/lib/python3.12/site-packages/dbcounter.py:115}}
Jun 24 07:03:24.024812 np0000003521 nova-scheduler[93365]: DEBUG oslo.service.backend._threading.loopingcall [None req-35b8dd5c-3f4d-4a5f-b05c-a3a37090ece8 None None] Dynamic interval looping call 'nova.service.Service.periodic_tasks' sleeping for 60.00 seconds {{(pid=93365) _run_loop /opt/stack/data/venv/lib/python3.12/site-packages/oslo_service/backend/_threading/loopingcall.py:125}}
Jun 24 07:03:43.029744 np0000003521 nova-scheduler[93337]: DEBUG oslo.service.backend._threading.loopingcall [None req-38d21c92-7a23-485b-a806-c9bc5e7bc3be None None] Dynamic interval looping call 'nova.service.Service.periodic_tasks' sleeping for 60.00 seconds {{(pid=93337) _run_loop /opt/stack/data/venv/lib/python3.12/site-packages/oslo_service/backend/_threading/loopingcall.py:125}}
Jun 24 07:03:57.048630 np0000003521 nova-scheduler[93362]: DEBUG oslo.service.backend._threading.loopingcall [None req-5739e5b1-f927-45a9-8f8f-0c3c665fa8cc None None] Dynamic interval looping call 'nova.service.Service.periodic_tasks' sleeping for 60.00 seconds {{(pid=93362) _run_loop /opt/stack/data/venv/lib/python3.12/site-packages/oslo_service/backend/_threading/loopingcall.py:125}}
Jun 24 07:04:24.025218 np0000003521 nova-scheduler[93365]: DEBUG oslo.service.backend._threading.loopingcall [None req-35b8dd5c-3f4d-4a5f-b05c-a3a37090ece8 None None] Dynamic interval looping call 'nova.service.Service.periodic_tasks' sleeping for 60.00 seconds {{(pid=93365) _run_loop /opt/stack/data/venv/lib/python3.12/site-packages/oslo_service/backend/_threading/loopingcall.py:125}}
Jun 24 07:04:43.030254 np0000003521 nova-scheduler[93337]: DEBUG oslo.service.backend._threading.loopingcall [None req-38d21c92-7a23-485b-a806-c9bc5e7bc3be None None] Dynamic interval looping call 'nova.service.Service.periodic_tasks' sleeping for 60.00 seconds {{(pid=93337) _run_loop /opt/stack/data/venv/lib/python3.12/site-packages/oslo_service/backend/_threading/loopingcall.py:125}}
Jun 24 07:04:49.032448 np0000003521 nova-scheduler[93337]: DEBUG oslo.service.backend._threading.loopingcall [-] Fixed interval looping call 'nova.servicegroup.drivers.db.DbDriver._report_state' sleeping for 119.99 seconds {{(pid=93337) _run_loop /opt/stack/data/venv/lib/python3.12/site-packages/oslo_service/backend/_threading/loopingcall.py:125}}
Jun 24 07:04:49.033163 np0000003521 nova-scheduler[93365]: DEBUG oslo.service.backend._threading.loopingcall [-] Fixed interval looping call 'nova.servicegroup.drivers.db.DbDriver._report_state' sleeping for 119.99 seconds {{(pid=93365) _run_loop /opt/stack/data/venv/lib/python3.12/site-packages/oslo_service/backend/_threading/loopingcall.py:125}}
Jun 24 07:04:49.049750 np0000003521 nova-scheduler[93362]: DEBUG oslo.service.backend._threading.loopingcall [-] Fixed interval looping call 'nova.servicegroup.drivers.db.DbDriver._report_state' sleeping for 120.00 seconds {{(pid=93362) _run_loop /opt/stack/data/venv/lib/python3.12/site-packages/oslo_service/backend/_threading/loopingcall.py:125}}
Jun 24 07:04:57.050743 np0000003521 nova-scheduler[93362]: DEBUG oslo.service.backend._threading.loopingcall [None req-5739e5b1-f927-45a9-8f8f-0c3c665fa8cc None None] Dynamic interval looping call 'nova.service.Service.periodic_tasks' sleeping for 60.00 seconds {{(pid=93362) _run_loop /opt/stack/data/venv/lib/python3.12/site-packages/oslo_service/backend/_threading/loopingcall.py:125}}
Jun 24 07:04:59.029001 np0000003521 nova-scheduler[93365]: DEBUG dbcounter [-] [93365] Writing DB stats nova_cell0:SELECT=1,nova_cell0:UPDATE=1 {{(pid=93365) stat_writer /opt/stack/data/venv/lib/python3.12/site-packages/dbcounter.py:115}}
Jun 24 07:04:59.029336 np0000003521 nova-scheduler[93337]: DEBUG dbcounter [-] [93337] Writing DB stats nova_cell0:SELECT=1,nova_cell0:UPDATE=1 {{(pid=93337) stat_writer /opt/stack/data/venv/lib/python3.12/site-packages/dbcounter.py:115}}
Jun 24 07:04:59.048158 np0000003521 nova-scheduler[93362]: DEBUG dbcounter [-] [93362] Writing DB stats nova_cell0:SELECT=1 {{(pid=93362) stat_writer /opt/stack/data/venv/lib/python3.12/site-packages/dbcounter.py:115}}
Jun 24 07:05:18.278149 np0000003521 nova-scheduler[93365]: DEBUG nova.scheduler.manager [None req-506fe0d7-fa67-4aa0-92cb-28052b441a4f tempest-ServerActionsTestOtherA-1379720495 tempest-ServerActionsTestOtherA-1379720495-project-member] Starting to schedule for instances: ['443b838e-4633-4bdd-8301-1ba86359b094'] {{(pid=93365) select_destinations /opt/stack/nova/nova/scheduler/manager.py:210}}
Jun 24 07:05:18.279164 np0000003521 nova-scheduler[93365]: DEBUG nova.scheduler.request_filter [None req-506fe0d7-fa67-4aa0-92cb-28052b441a4f tempest-ServerActionsTestOtherA-1379720495 tempest-ServerActionsTestOtherA-1379720495-project-member] compute_status_filter request filter added forbidden trait COMPUTE_STATUS_DISABLED {{(pid=93365) compute_status_filter /opt/stack/nova/nova/scheduler/request_filter.py:253}}
Jun 24 07:05:18.279291 np0000003521 nova-scheduler[93365]: DEBUG nova.scheduler.request_filter [None req-506fe0d7-fa67-4aa0-92cb-28052b441a4f tempest-ServerActionsTestOtherA-1379720495 tempest-ServerActionsTestOtherA-1379720495-project-member] Request filter 'compute_status_filter' took 0.0 seconds {{(pid=93365) wrapper /opt/stack/nova/nova/scheduler/request_filter.py:46}}
Jun 24 07:05:18.279491 np0000003521 nova-scheduler[93365]: DEBUG nova.scheduler.request_filter [None req-506fe0d7-fa67-4aa0-92cb-28052b441a4f tempest-ServerActionsTestOtherA-1379720495 tempest-ServerActionsTestOtherA-1379720495-project-member] Request filter 'accelerators_filter' took 0.0 seconds {{(pid=93365) wrapper /opt/stack/nova/nova/scheduler/request_filter.py:46}}
Jun 24 07:05:18.279693 np0000003521 nova-scheduler[93365]: DEBUG nova.scheduler.request_filter [None req-506fe0d7-fa67-4aa0-92cb-28052b441a4f tempest-ServerActionsTestOtherA-1379720495 tempest-ServerActionsTestOtherA-1379720495-project-member] Request filter 'packed_virtqueue_filter' took 0.0 seconds {{(pid=93365) wrapper /opt/stack/nova/nova/scheduler/request_filter.py:46}}
Jun 24 07:05:18.280049 np0000003521 nova-scheduler[93365]: DEBUG nova.scheduler.request_filter [None req-506fe0d7-fa67-4aa0-92cb-28052b441a4f tempest-ServerActionsTestOtherA-1379720495 tempest-ServerActionsTestOtherA-1379720495-project-member] Request filter 'remote_managed_ports_filter' took 0.0 seconds {{(pid=93365) wrapper /opt/stack/nova/nova/scheduler/request_filter.py:46}}
Jun 24 07:05:18.280109 np0000003521 nova-scheduler[93365]: DEBUG nova.scheduler.request_filter [None req-506fe0d7-fa67-4aa0-92cb-28052b441a4f tempest-ServerActionsTestOtherA-1379720495 tempest-ServerActionsTestOtherA-1379720495-project-member] ephemeral_encryption_filter skipped {{(pid=93365) ephemeral_encryption_filter /opt/stack/nova/nova/scheduler/request_filter.py:426}}
Jun 24 07:05:18.280245 np0000003521 nova-scheduler[93365]: DEBUG nova.scheduler.request_filter [None req-506fe0d7-fa67-4aa0-92cb-28052b441a4f tempest-ServerActionsTestOtherA-1379720495 tempest-ServerActionsTestOtherA-1379720495-project-member] virtio_sound_filter skipped {{(pid=93365) virtio_sound_filter /opt/stack/nova/nova/scheduler/request_filter.py:460}}
Jun 24 07:05:18.280358 np0000003521 nova-scheduler[93365]: DEBUG nova.scheduler.request_filter [None req-506fe0d7-fa67-4aa0-92cb-28052b441a4f tempest-ServerActionsTestOtherA-1379720495 tempest-ServerActionsTestOtherA-1379720495-project-member] tpm_secret_security_filter skipped {{(pid=93365) tpm_secret_security_filter /opt/stack/nova/nova/scheduler/request_filter.py:477}}
Jun 24 07:05:18.844516 np0000003521 nova-scheduler[93365]: INFO nova.utils [None req-506fe0d7-fa67-4aa0-92cb-28052b441a4f tempest-ServerActionsTestOtherA-1379720495 tempest-ServerActionsTestOtherA-1379720495-project-member] The cell worker thread pool ForkProcess-3.cell_worker is initialized
Jun 24 07:05:18.845020 np0000003521 nova-scheduler[93365]: DEBUG oslo_concurrency.lockutils [None req-506fe0d7-fa67-4aa0-92cb-28052b441a4f tempest-ServerActionsTestOtherA-1379720495 tempest-ServerActionsTestOtherA-1379720495-project-member] Acquiring lock "d53025d5-2085-4b50-96f6-6b368008d623" by "nova.context.set_target_cell..get_or_set_cached_cell_and_set_connections" {{(pid=93365) inner /opt/stack/data/venv/lib/python3.12/site-packages/oslo_concurrency/lockutils.py:511}}
Jun 24 07:05:18.845138 np0000003521 nova-scheduler[93365]: DEBUG oslo_concurrency.lockutils [None req-506fe0d7-fa67-4aa0-92cb-28052b441a4f tempest-ServerActionsTestOtherA-1379720495 tempest-ServerActionsTestOtherA-1379720495-project-member] Lock "d53025d5-2085-4b50-96f6-6b368008d623" acquired by "nova.context.set_target_cell..get_or_set_cached_cell_and_set_connections" :: waited 0.000s {{(pid=93365) inner /opt/stack/data/venv/lib/python3.12/site-packages/oslo_concurrency/lockutils.py:524}}
Jun 24 07:05:18.846455 np0000003521 nova-scheduler[93365]: DEBUG oslo_concurrency.lockutils [None req-506fe0d7-fa67-4aa0-92cb-28052b441a4f tempest-ServerActionsTestOtherA-1379720495 tempest-ServerActionsTestOtherA-1379720495-project-member] Lock "d53025d5-2085-4b50-96f6-6b368008d623" "released" by "nova.context.set_target_cell..get_or_set_cached_cell_and_set_connections" :: held 0.001s {{(pid=93365) inner /opt/stack/data/venv/lib/python3.12/site-packages/oslo_concurrency/lockutils.py:543}}
Jun 24 07:05:18.848662 np0000003521 nova-scheduler[93365]: INFO dbcounter [None req-506fe0d7-fa67-4aa0-92cb-28052b441a4f tempest-ServerActionsTestOtherA-1379720495 tempest-ServerActionsTestOtherA-1379720495-project-member] Registered counter for database nova_cell1
Jun 24 07:05:18.890475 np0000003521 nova-scheduler[93365]: DEBUG oslo_db.sqlalchemy.engines [None req-506fe0d7-fa67-4aa0-92cb-28052b441a4f tempest-ServerActionsTestOtherA-1379720495 tempest-ServerActionsTestOtherA-1379720495-project-member] MySQL server mode set to STRICT_TRANS_TABLES,STRICT_ALL_TABLES,NO_ZERO_IN_DATE,NO_ZERO_DATE,ERROR_FOR_DIVISION_BY_ZERO,TRADITIONAL,NO_ENGINE_SUBSTITUTION {{(pid=93365) _check_effective_sql_mode /opt/stack/data/venv/lib/python3.12/site-packages/oslo_db/sqlalchemy/engines.py:325}}
Jun 24 07:05:18.896310 np0000003521 nova-scheduler[93365]: DEBUG dbcounter [-] [93365] Writer thread running {{(pid=93365) stat_writer /opt/stack/data/venv/lib/python3.12/site-packages/dbcounter.py:102}}
Jun 24 07:05:18.914502 np0000003521 nova-scheduler[93365]: DEBUG oslo_db.sqlalchemy.engines [None req-506fe0d7-fa67-4aa0-92cb-28052b441a4f tempest-ServerActionsTestOtherA-1379720495 tempest-ServerActionsTestOtherA-1379720495-project-member] Parent process 92078 forked (93365) with an open database connection, which is being discarded and recreated. {{(pid=93365) checkout /opt/stack/data/venv/lib/python3.12/site-packages/oslo_db/sqlalchemy/engines.py:402}}
Jun 24 07:05:18.950466 np0000003521 nova-scheduler[93365]: DEBUG dbcounter [-] [93365] Writer thread running {{(pid=93365) stat_writer /opt/stack/data/venv/lib/python3.12/site-packages/dbcounter.py:102}}
Jun 24 07:05:18.952810 np0000003521 nova-scheduler[93365]: DEBUG oslo_concurrency.lockutils [None req-506fe0d7-fa67-4aa0-92cb-28052b441a4f tempest-ServerActionsTestOtherA-1379720495 tempest-ServerActionsTestOtherA-1379720495-project-member] Acquiring lock "d53025d5-2085-4b50-96f6-6b368008d623" by "nova.context.set_target_cell..get_or_set_cached_cell_and_set_connections" {{(pid=93365) inner /opt/stack/data/venv/lib/python3.12/site-packages/oslo_concurrency/lockutils.py:511}}
Jun 24 07:05:18.952982 np0000003521 nova-scheduler[93365]: DEBUG oslo_concurrency.lockutils [None req-506fe0d7-fa67-4aa0-92cb-28052b441a4f tempest-ServerActionsTestOtherA-1379720495 tempest-ServerActionsTestOtherA-1379720495-project-member] Lock "d53025d5-2085-4b50-96f6-6b368008d623" acquired by "nova.context.set_target_cell..get_or_set_cached_cell_and_set_connections" :: waited 0.000s {{(pid=93365) inner /opt/stack/data/venv/lib/python3.12/site-packages/oslo_concurrency/lockutils.py:524}}
Jun 24 07:05:18.953182 np0000003521 nova-scheduler[93365]: DEBUG oslo_concurrency.lockutils [None req-506fe0d7-fa67-4aa0-92cb-28052b441a4f tempest-ServerActionsTestOtherA-1379720495 tempest-ServerActionsTestOtherA-1379720495-project-member] Lock "d53025d5-2085-4b50-96f6-6b368008d623" "released" by "nova.context.set_target_cell..get_or_set_cached_cell_and_set_connections" :: held 0.000s {{(pid=93365) inner /opt/stack/data/venv/lib/python3.12/site-packages/oslo_concurrency/lockutils.py:543}}
Jun 24 07:05:18.956667 np0000003521 nova-scheduler[93365]: DEBUG oslo_concurrency.lockutils [None req-506fe0d7-fa67-4aa0-92cb-28052b441a4f tempest-ServerActionsTestOtherA-1379720495 tempest-ServerActionsTestOtherA-1379720495-project-member] Acquiring lock "('np0000003521', 'np0000003521')" by "nova.scheduler.host_manager.HostState.update.._locked_update" {{(pid=93365) inner /opt/stack/data/venv/lib/python3.12/site-packages/oslo_concurrency/lockutils.py:511}}
Jun 24 07:05:18.956667 np0000003521 nova-scheduler[93365]: DEBUG oslo_concurrency.lockutils [None req-506fe0d7-fa67-4aa0-92cb-28052b441a4f tempest-ServerActionsTestOtherA-1379720495 tempest-ServerActionsTestOtherA-1379720495-project-member] Lock "('np0000003521', 'np0000003521')" acquired by "nova.scheduler.host_manager.HostState.update.._locked_update" :: waited 0.000s {{(pid=93365) inner /opt/stack/data/venv/lib/python3.12/site-packages/oslo_concurrency/lockutils.py:524}}
Jun 24 07:05:18.958890 np0000003521 nova-scheduler[93365]: DEBUG nova.scheduler.host_manager [None req-506fe0d7-fa67-4aa0-92cb-28052b441a4f tempest-ServerActionsTestOtherA-1379720495 tempest-ServerActionsTestOtherA-1379720495-project-member] Update host state from compute node: ComputeNode(cpu_allocation_ratio=4.0,cpu_info='{"arch": "x86_64", "model": "EPYC-Milan", "vendor": "AMD", "topology": {"cells": 1, "sockets": 16, "cores": 1, "threads": 1}, "maxphysaddr": {"mode": "emulate", "bits": 40}, "features": ["cr8legacy", "pfthreshold", "clzero", "syscall", "rdpid", "null-sel-clr-base", "wbnoinvd", "de", "msr", "cx16", "pse", "cx8", "bmi1", "f16c", "movbe", "smap", "tsc_adjust", "arch-capabilities", "lm", "pause-filter", "arat", "ibpb", "fxsr_opt", "pat", "tsc", "xgetbv1", "bmi2", "topoext", "mtrr", "sse4.2", "nx", "umip", "v-vmsave-vmload", "3dnowprefetch", "fsrm", "clflushopt", "virt-ssbd", "sep", "tsc-deadline", "mce", "avx", "mmxext", "fsgsbase", "apic", "rdctl-no", "lahf_lm", "xsavec", "cmov", "gds-no", "erms", "rdseed", "sse4a", "misalignsse", "lbrv", "clflush", "xsaveerptr", "amd-ssbd", "abm", "lfence-always-serializing", "mca", "fma", "svm", "vpclmulqdq", "spec-ctrl", "vmcb-clean", "clwb", "xsaveopt", "pclmuldq", "sse4.1", "popcnt", "vaes", "stibp", "perfctr_core", "vme", "smep", "pcid", "flushbyasid", "pku", "pschange-mc-no", "sha-ni", "pni", "aes", "avx2", "vgif", "mds-no", "pge", "hypervisor", "nrip-save", "cmp_legacy", "pdpe1gb", "fxsr", "ssse3", "sse", "amd-stibp", "mmx", "rdtscp", "pse36", "xsaves", "amd-psfd", "invpcid", "ssbd", "no-nested-data-bp", "pae", "adx", "xsave", "stibp-always-on", "npt", "rdrand", "ibrs", "x2apic", "sse2", "osvw", "fpu", "skip-l1dfl-vmentry", "tsc-scale", "svme-addr-chk"]}',created_at=2026-06-24T07:03:09Z,current_workload=0,deleted=False,deleted_at=None,disk_allocation_ratio=1.0,disk_available_least=73,free_disk_gb=95,free_ram_mb=62765,host='np0000003521',host_ip=10.4.3.190,hypervisor_hostname='np0000003521',hypervisor_type='QEMU',hypervisor_version=8002002,id=1,local_gb=95,local_gb_used=0,mapped=1,memory_mb=63277,memory_mb_used=512,metrics='[]',numa_topology='{"nova_object.name": "NUMATopology", "nova_object.namespace": "nova", "nova_object.version": "1.2", "nova_object.data": {"cells": [{"nova_object.name": "NUMACell", "nova_object.namespace": "nova", "nova_object.version": "1.5", "nova_object.data": {"id": 0, "cpuset": [0, 1, 2, 3, 4, 5, 6, 7, 8, 9, 10, 11, 12, 13, 14, 15], "pcpuset": [0, 1, 2, 3, 4, 5, 6, 7, 8, 9, 10, 11, 12, 13, 14, 15], "memory": 63277, "cpu_usage": 0, "memory_usage": 0, "pinned_cpus": [], "siblings": [[6], [12], [2], [15], [5], [11], [8], [14], [4], [1], [7], [10], [0], [13], [3], [9]], "mempages": [{"nova_object.name": "NUMAPagesTopology", "nova_object.namespace": "nova", "nova_object.version": "1.1", "nova_object.data": {"size_kb": 4, "total": 16177929, "used": 0, "reserved": 0}, "nova_object.changes": ["size_kb", "total", "reserved", "used"]}, {"nova_object.name": "NUMAPagesTopology", "nova_object.namespace": "nova", "nova_object.version": "1.1", "nova_object.data": {"size_kb": 2048, "total": 41, "used": 0, "reserved": 0}, "nova_object.changes": ["size_kb", "total", "reserved", "used"]}, {"nova_object.name": "NUMAPagesTopology", "nova_object.namespace": "nova", "nova_object.version": "1.1", "nova_object.data": {"size_kb": 1048576, "total": 0, "used": 0, "reserved": 0}, "nova_object.changes": ["size_kb", "total", "reserved", "used"]}], "network_metadata": {"nova_object.name": "NetworkMetadata", "nova_object.namespace": "nova", "nova_object.version": "1.0", "nova_object.data": {"physnets": [], "tunneled": false}, "nova_object.changes": ["tunneled", "physnets"]}, "socket": null}, "nova_object.changes": ["socket", "pinned_cpus", "mempages", "cpu_usage", "siblings", "network_metadata", "cpuset", "memory_usage", "id", "pcpuset", "memory"]}]}, "nova_object.changes": ["cells"]}',pci_device_pools=PciDevicePoolList,ram_allocation_ratio=1.0,running_vms=0,service_id=3,stats={failed_builds='0',uptime=' 07:04:54 up 13 min, 2 users, load average: 1.32, 1.41, 0.81
Jun 24 07:05:18.958890 np0000003521 nova-scheduler[93365]: '},supported_hv_specs=[HVSpec,HVSpec,HVSpec,HVSpec,HVSpec,HVSpec,HVSpec,HVSpec,HVSpec,HVSpec,HVSpec,HVSpec,HVSpec,HVSpec,HVSpec,HVSpec,HVSpec,HVSpec,HVSpec,HVSpec,HVSpec,HVSpec,HVSpec,HVSpec,HVSpec],updated_at=2026-06-24T07:04:56Z,uuid=40cec720-29ad-42ab-9170-bf836d289f1a,vcpus=16,vcpus_used=0) {{(pid=93365) _locked_update /opt/stack/nova/nova/scheduler/host_manager.py:168}}
Jun 24 07:05:18.958890 np0000003521 nova-scheduler[93365]: DEBUG nova.scheduler.host_manager [None req-506fe0d7-fa67-4aa0-92cb-28052b441a4f tempest-ServerActionsTestOtherA-1379720495 tempest-ServerActionsTestOtherA-1379720495-project-member] Update host state with aggregates: [] {{(pid=93365) _locked_update /opt/stack/nova/nova/scheduler/host_manager.py:171}}
Jun 24 07:05:18.958890 np0000003521 nova-scheduler[93365]: DEBUG nova.scheduler.host_manager [None req-506fe0d7-fa67-4aa0-92cb-28052b441a4f tempest-ServerActionsTestOtherA-1379720495 tempest-ServerActionsTestOtherA-1379720495-project-member] Update host state with service dict: {'id': 3, 'uuid': 'ccc3de20-80b2-419f-b5c1-02eba7c8a2c8', 'host': 'np0000003521', 'binary': 'nova-compute', 'topic': 'compute', 'report_count': 2, 'disabled': False, 'disabled_reason': None, 'last_seen_up': datetime.datetime(2026, 6, 24, 7, 5, 18, tzinfo=datetime.timezone.utc), 'forced_down': False, 'version': 72, 'created_at': datetime.datetime(2026, 6, 24, 7, 3, 7, tzinfo=datetime.timezone.utc), 'updated_at': datetime.datetime(2026, 6, 24, 7, 5, 18, tzinfo=datetime.timezone.utc), 'deleted_at': None, 'deleted': False} {{(pid=93365) _locked_update /opt/stack/nova/nova/scheduler/host_manager.py:174}}
Jun 24 07:05:18.958890 np0000003521 nova-scheduler[93365]: DEBUG nova.scheduler.host_manager [None req-506fe0d7-fa67-4aa0-92cb-28052b441a4f tempest-ServerActionsTestOtherA-1379720495 tempest-ServerActionsTestOtherA-1379720495-project-member] Update host state with instances: [] {{(pid=93365) _locked_update /opt/stack/nova/nova/scheduler/host_manager.py:177}}
Jun 24 07:05:18.959257 np0000003521 nova-scheduler[93365]: DEBUG oslo_concurrency.lockutils [None req-506fe0d7-fa67-4aa0-92cb-28052b441a4f tempest-ServerActionsTestOtherA-1379720495 tempest-ServerActionsTestOtherA-1379720495-project-member] Lock "('np0000003521', 'np0000003521')" "released" by "nova.scheduler.host_manager.HostState.update.._locked_update" :: held 0.002s {{(pid=93365) inner /opt/stack/data/venv/lib/python3.12/site-packages/oslo_concurrency/lockutils.py:543}}
Jun 24 07:05:18.959257 np0000003521 nova-scheduler[93365]: DEBUG nova.filters [None req-506fe0d7-fa67-4aa0-92cb-28052b441a4f tempest-ServerActionsTestOtherA-1379720495 tempest-ServerActionsTestOtherA-1379720495-project-member] Starting with 1 host(s) {{(pid=93365) get_filtered_objects /opt/stack/nova/nova/filters.py:70}}
Jun 24 07:05:18.959257 np0000003521 nova-scheduler[93365]: DEBUG nova.filters [None req-506fe0d7-fa67-4aa0-92cb-28052b441a4f tempest-ServerActionsTestOtherA-1379720495 tempest-ServerActionsTestOtherA-1379720495-project-member] Filter ComputeFilter returned 1 host(s) {{(pid=93365) get_filtered_objects /opt/stack/nova/nova/filters.py:102}}
Jun 24 07:05:18.959257 np0000003521 nova-scheduler[93365]: DEBUG nova.filters [None req-506fe0d7-fa67-4aa0-92cb-28052b441a4f tempest-ServerActionsTestOtherA-1379720495 tempest-ServerActionsTestOtherA-1379720495-project-member] Filter ComputeCapabilitiesFilter returned 1 host(s) {{(pid=93365) get_filtered_objects /opt/stack/nova/nova/filters.py:102}}
Jun 24 07:05:18.959558 np0000003521 nova-scheduler[93365]: DEBUG nova.filters [None req-506fe0d7-fa67-4aa0-92cb-28052b441a4f tempest-ServerActionsTestOtherA-1379720495 tempest-ServerActionsTestOtherA-1379720495-project-member] Filter ImagePropertiesFilter returned 1 host(s) {{(pid=93365) get_filtered_objects /opt/stack/nova/nova/filters.py:102}}
Jun 24 07:05:18.961873 np0000003521 nova-scheduler[93365]: DEBUG nova.filters [None req-506fe0d7-fa67-4aa0-92cb-28052b441a4f tempest-ServerActionsTestOtherA-1379720495 tempest-ServerActionsTestOtherA-1379720495-project-member] Filter ServerGroupAntiAffinityFilter returned 1 host(s) {{(pid=93365) get_filtered_objects /opt/stack/nova/nova/filters.py:102}}
Jun 24 07:05:18.961976 np0000003521 nova-scheduler[93365]: DEBUG nova.filters [None req-506fe0d7-fa67-4aa0-92cb-28052b441a4f tempest-ServerActionsTestOtherA-1379720495 tempest-ServerActionsTestOtherA-1379720495-project-member] Filter ServerGroupAffinityFilter returned 1 host(s) {{(pid=93365) get_filtered_objects /opt/stack/nova/nova/filters.py:102}}
Jun 24 07:05:18.963216 np0000003521 nova-scheduler[93365]: DEBUG nova.filters [None req-506fe0d7-fa67-4aa0-92cb-28052b441a4f tempest-ServerActionsTestOtherA-1379720495 tempest-ServerActionsTestOtherA-1379720495-project-member] Filter SameHostFilter returned 1 host(s) {{(pid=93365) get_filtered_objects /opt/stack/nova/nova/filters.py:102}}
Jun 24 07:05:18.963216 np0000003521 nova-scheduler[93365]: DEBUG nova.filters [None req-506fe0d7-fa67-4aa0-92cb-28052b441a4f tempest-ServerActionsTestOtherA-1379720495 tempest-ServerActionsTestOtherA-1379720495-project-member] Filter DifferentHostFilter returned 1 host(s) {{(pid=93365) get_filtered_objects /opt/stack/nova/nova/filters.py:102}}
Jun 24 07:05:18.963216 np0000003521 nova-scheduler[93365]: DEBUG nova.scheduler.manager [None req-506fe0d7-fa67-4aa0-92cb-28052b441a4f tempest-ServerActionsTestOtherA-1379720495 tempest-ServerActionsTestOtherA-1379720495-project-member] Filtered [(np0000003521, np0000003521) ram: 62765MB disk: 74752MB io_ops: 0 instances: 0, allocation_candidates: 1] {{(pid=93365) _get_sorted_hosts /opt/stack/nova/nova/scheduler/manager.py:743}}
Jun 24 07:05:18.963216 np0000003521 nova-scheduler[93365]: DEBUG nova.scheduler.manager [None req-506fe0d7-fa67-4aa0-92cb-28052b441a4f tempest-ServerActionsTestOtherA-1379720495 tempest-ServerActionsTestOtherA-1379720495-project-member] Weighed [WeighedHost [host: (np0000003521, np0000003521) ram: 62765MB disk: 74752MB io_ops: 0 instances: 0, allocation_candidates: 1, weight: 0.0]] {{(pid=93365) _get_sorted_hosts /opt/stack/nova/nova/scheduler/manager.py:765}}
Jun 24 07:05:18.963216 np0000003521 nova-scheduler[93365]: DEBUG nova.scheduler.utils [None req-506fe0d7-fa67-4aa0-92cb-28052b441a4f tempest-ServerActionsTestOtherA-1379720495 tempest-ServerActionsTestOtherA-1379720495-project-member] Attempting to claim resources in the placement API for instance 443b838e-4633-4bdd-8301-1ba86359b094 {{(pid=93365) claim_resources /opt/stack/nova/nova/scheduler/utils.py:1345}}
Jun 24 07:05:19.106784 np0000003521 nova-scheduler[93365]: DEBUG nova.scheduler.manager [None req-506fe0d7-fa67-4aa0-92cb-28052b441a4f tempest-ServerActionsTestOtherA-1379720495 tempest-ServerActionsTestOtherA-1379720495-project-member] [instance: 443b838e-4633-4bdd-8301-1ba86359b094] Selected host: (np0000003521, np0000003521) ram: 62765MB disk: 74752MB io_ops: 0 instances: 0, allocation_candidates: 1 {{(pid=93365) _consume_selected_host /opt/stack/nova/nova/scheduler/manager.py:625}}
Jun 24 07:05:19.107128 np0000003521 nova-scheduler[93365]: DEBUG oslo_concurrency.lockutils [None req-506fe0d7-fa67-4aa0-92cb-28052b441a4f tempest-ServerActionsTestOtherA-1379720495 tempest-ServerActionsTestOtherA-1379720495-project-member] Acquiring lock "('np0000003521', 'np0000003521')" by "nova.scheduler.host_manager.HostState.consume_from_request.._locked" {{(pid=93365) inner /opt/stack/data/venv/lib/python3.12/site-packages/oslo_concurrency/lockutils.py:511}}
Jun 24 07:05:19.107319 np0000003521 nova-scheduler[93365]: DEBUG oslo_concurrency.lockutils [None req-506fe0d7-fa67-4aa0-92cb-28052b441a4f tempest-ServerActionsTestOtherA-1379720495 tempest-ServerActionsTestOtherA-1379720495-project-member] Lock "('np0000003521', 'np0000003521')" acquired by "nova.scheduler.host_manager.HostState.consume_from_request.._locked" :: waited 0.000s {{(pid=93365) inner /opt/stack/data/venv/lib/python3.12/site-packages/oslo_concurrency/lockutils.py:524}}
Jun 24 07:05:19.107517 np0000003521 nova-scheduler[93365]: DEBUG oslo_concurrency.lockutils [None req-506fe0d7-fa67-4aa0-92cb-28052b441a4f tempest-ServerActionsTestOtherA-1379720495 tempest-ServerActionsTestOtherA-1379720495-project-member] Lock "('np0000003521', 'np0000003521')" "released" by "nova.scheduler.host_manager.HostState.consume_from_request.._locked" :: held 0.000s {{(pid=93365) inner /opt/stack/data/venv/lib/python3.12/site-packages/oslo_concurrency/lockutils.py:543}}
Jun 24 07:05:24.025746 np0000003521 nova-scheduler[93365]: DEBUG oslo.service.backend._threading.loopingcall [None req-35b8dd5c-3f4d-4a5f-b05c-a3a37090ece8 None None] Dynamic interval looping call 'nova.service.Service.periodic_tasks' sleeping for 60.00 seconds {{(pid=93365) _run_loop /opt/stack/data/venv/lib/python3.12/site-packages/oslo_service/backend/_threading/loopingcall.py:125}}
Jun 24 07:05:25.970832 np0000003521 nova-scheduler[93337]: DEBUG nova.scheduler.manager [None req-67a2bc06-5349-4032-a328-adcaae437841 tempest-VolumesAdminNegativeTest-2038463215 tempest-VolumesAdminNegativeTest-2038463215-project-member] Starting to schedule for instances: ['e4a51525-b405-48f4-83d7-5f6a837d7a99'] {{(pid=93337) select_destinations /opt/stack/nova/nova/scheduler/manager.py:210}}
Jun 24 07:05:25.971291 np0000003521 nova-scheduler[93337]: DEBUG nova.scheduler.request_filter [None req-67a2bc06-5349-4032-a328-adcaae437841 tempest-VolumesAdminNegativeTest-2038463215 tempest-VolumesAdminNegativeTest-2038463215-project-member] compute_status_filter request filter added forbidden trait COMPUTE_STATUS_DISABLED {{(pid=93337) compute_status_filter /opt/stack/nova/nova/scheduler/request_filter.py:253}}
Jun 24 07:05:25.971353 np0000003521 nova-scheduler[93337]: DEBUG nova.scheduler.request_filter [None req-67a2bc06-5349-4032-a328-adcaae437841 tempest-VolumesAdminNegativeTest-2038463215 tempest-VolumesAdminNegativeTest-2038463215-project-member] Request filter 'compute_status_filter' took 0.0 seconds {{(pid=93337) wrapper /opt/stack/nova/nova/scheduler/request_filter.py:46}}
Jun 24 07:05:25.971552 np0000003521 nova-scheduler[93337]: DEBUG nova.scheduler.request_filter [None req-67a2bc06-5349-4032-a328-adcaae437841 tempest-VolumesAdminNegativeTest-2038463215 tempest-VolumesAdminNegativeTest-2038463215-project-member] Request filter 'accelerators_filter' took 0.0 seconds {{(pid=93337) wrapper /opt/stack/nova/nova/scheduler/request_filter.py:46}}
Jun 24 07:05:25.971749 np0000003521 nova-scheduler[93337]: DEBUG nova.scheduler.request_filter [None req-67a2bc06-5349-4032-a328-adcaae437841 tempest-VolumesAdminNegativeTest-2038463215 tempest-VolumesAdminNegativeTest-2038463215-project-member] Request filter 'packed_virtqueue_filter' took 0.0 seconds {{(pid=93337) wrapper /opt/stack/nova/nova/scheduler/request_filter.py:46}}
Jun 24 07:05:25.971973 np0000003521 nova-scheduler[93337]: DEBUG nova.scheduler.request_filter [None req-67a2bc06-5349-4032-a328-adcaae437841 tempest-VolumesAdminNegativeTest-2038463215 tempest-VolumesAdminNegativeTest-2038463215-project-member] Request filter 'remote_managed_ports_filter' took 0.0 seconds {{(pid=93337) wrapper /opt/stack/nova/nova/scheduler/request_filter.py:46}}
Jun 24 07:05:25.972183 np0000003521 nova-scheduler[93337]: DEBUG nova.scheduler.request_filter [None req-67a2bc06-5349-4032-a328-adcaae437841 tempest-VolumesAdminNegativeTest-2038463215 tempest-VolumesAdminNegativeTest-2038463215-project-member] ephemeral_encryption_filter skipped {{(pid=93337) ephemeral_encryption_filter /opt/stack/nova/nova/scheduler/request_filter.py:426}}
Jun 24 07:05:25.972358 np0000003521 nova-scheduler[93337]: DEBUG nova.scheduler.request_filter [None req-67a2bc06-5349-4032-a328-adcaae437841 tempest-VolumesAdminNegativeTest-2038463215 tempest-VolumesAdminNegativeTest-2038463215-project-member] virtio_sound_filter skipped {{(pid=93337) virtio_sound_filter /opt/stack/nova/nova/scheduler/request_filter.py:460}}
Jun 24 07:05:25.972506 np0000003521 nova-scheduler[93337]: DEBUG nova.scheduler.request_filter [None req-67a2bc06-5349-4032-a328-adcaae437841 tempest-VolumesAdminNegativeTest-2038463215 tempest-VolumesAdminNegativeTest-2038463215-project-member] tpm_secret_security_filter skipped {{(pid=93337) tpm_secret_security_filter /opt/stack/nova/nova/scheduler/request_filter.py:477}}
Jun 24 07:05:26.089866 np0000003521 nova-scheduler[93337]: INFO nova.utils [None req-67a2bc06-5349-4032-a328-adcaae437841 tempest-VolumesAdminNegativeTest-2038463215 tempest-VolumesAdminNegativeTest-2038463215-project-member] The cell worker thread pool ForkProcess-1.cell_worker is initialized
Jun 24 07:05:26.090312 np0000003521 nova-scheduler[93337]: DEBUG oslo_concurrency.lockutils [None req-67a2bc06-5349-4032-a328-adcaae437841 tempest-VolumesAdminNegativeTest-2038463215 tempest-VolumesAdminNegativeTest-2038463215-project-member] Acquiring lock "d53025d5-2085-4b50-96f6-6b368008d623" by "nova.context.set_target_cell..get_or_set_cached_cell_and_set_connections" {{(pid=93337) inner /opt/stack/data/venv/lib/python3.12/site-packages/oslo_concurrency/lockutils.py:511}}
Jun 24 07:05:26.090591 np0000003521 nova-scheduler[93337]: DEBUG oslo_concurrency.lockutils [None req-67a2bc06-5349-4032-a328-adcaae437841 tempest-VolumesAdminNegativeTest-2038463215 tempest-VolumesAdminNegativeTest-2038463215-project-member] Lock "d53025d5-2085-4b50-96f6-6b368008d623" acquired by "nova.context.set_target_cell..get_or_set_cached_cell_and_set_connections" :: waited 0.000s {{(pid=93337) inner /opt/stack/data/venv/lib/python3.12/site-packages/oslo_concurrency/lockutils.py:524}}
Jun 24 07:05:26.091964 np0000003521 nova-scheduler[93337]: DEBUG oslo_concurrency.lockutils [None req-67a2bc06-5349-4032-a328-adcaae437841 tempest-VolumesAdminNegativeTest-2038463215 tempest-VolumesAdminNegativeTest-2038463215-project-member] Lock "d53025d5-2085-4b50-96f6-6b368008d623" "released" by "nova.context.set_target_cell..get_or_set_cached_cell_and_set_connections" :: held 0.001s {{(pid=93337) inner /opt/stack/data/venv/lib/python3.12/site-packages/oslo_concurrency/lockutils.py:543}}
Jun 24 07:05:26.094243 np0000003521 nova-scheduler[93337]: INFO dbcounter [None req-67a2bc06-5349-4032-a328-adcaae437841 tempest-VolumesAdminNegativeTest-2038463215 tempest-VolumesAdminNegativeTest-2038463215-project-member] Registered counter for database nova_cell1
Jun 24 07:05:26.123474 np0000003521 nova-scheduler[93337]: DEBUG oslo_db.sqlalchemy.engines [None req-67a2bc06-5349-4032-a328-adcaae437841 tempest-VolumesAdminNegativeTest-2038463215 tempest-VolumesAdminNegativeTest-2038463215-project-member] MySQL server mode set to STRICT_TRANS_TABLES,STRICT_ALL_TABLES,NO_ZERO_IN_DATE,NO_ZERO_DATE,ERROR_FOR_DIVISION_BY_ZERO,TRADITIONAL,NO_ENGINE_SUBSTITUTION {{(pid=93337) _check_effective_sql_mode /opt/stack/data/venv/lib/python3.12/site-packages/oslo_db/sqlalchemy/engines.py:325}}
Jun 24 07:05:26.130548 np0000003521 nova-scheduler[93337]: DEBUG dbcounter [-] [93337] Writer thread running {{(pid=93337) stat_writer /opt/stack/data/venv/lib/python3.12/site-packages/dbcounter.py:102}}
Jun 24 07:05:26.191670 np0000003521 nova-scheduler[93337]: DEBUG dbcounter [-] [93337] Writer thread running {{(pid=93337) stat_writer /opt/stack/data/venv/lib/python3.12/site-packages/dbcounter.py:102}}
Jun 24 07:05:26.194055 np0000003521 nova-scheduler[93337]: DEBUG oslo_concurrency.lockutils [None req-67a2bc06-5349-4032-a328-adcaae437841 tempest-VolumesAdminNegativeTest-2038463215 tempest-VolumesAdminNegativeTest-2038463215-project-member] Acquiring lock "d53025d5-2085-4b50-96f6-6b368008d623" by "nova.context.set_target_cell..get_or_set_cached_cell_and_set_connections" {{(pid=93337) inner /opt/stack/data/venv/lib/python3.12/site-packages/oslo_concurrency/lockutils.py:511}}
Jun 24 07:05:26.194182 np0000003521 nova-scheduler[93337]: DEBUG oslo_concurrency.lockutils [None req-67a2bc06-5349-4032-a328-adcaae437841 tempest-VolumesAdminNegativeTest-2038463215 tempest-VolumesAdminNegativeTest-2038463215-project-member] Lock "d53025d5-2085-4b50-96f6-6b368008d623" acquired by "nova.context.set_target_cell..get_or_set_cached_cell_and_set_connections" :: waited 0.000s {{(pid=93337) inner /opt/stack/data/venv/lib/python3.12/site-packages/oslo_concurrency/lockutils.py:524}}
Jun 24 07:05:26.194286 np0000003521 nova-scheduler[93337]: DEBUG oslo_concurrency.lockutils [None req-67a2bc06-5349-4032-a328-adcaae437841 tempest-VolumesAdminNegativeTest-2038463215 tempest-VolumesAdminNegativeTest-2038463215-project-member] Lock "d53025d5-2085-4b50-96f6-6b368008d623" "released" by "nova.context.set_target_cell..get_or_set_cached_cell_and_set_connections" :: held 0.000s {{(pid=93337) inner /opt/stack/data/venv/lib/python3.12/site-packages/oslo_concurrency/lockutils.py:543}}
Jun 24 07:05:26.196915 np0000003521 nova-scheduler[93337]: DEBUG oslo_concurrency.lockutils [None req-67a2bc06-5349-4032-a328-adcaae437841 tempest-VolumesAdminNegativeTest-2038463215 tempest-VolumesAdminNegativeTest-2038463215-project-member] Acquiring lock "('np0000003521', 'np0000003521')" by "nova.scheduler.host_manager.HostState.update.._locked_update" {{(pid=93337) inner /opt/stack/data/venv/lib/python3.12/site-packages/oslo_concurrency/lockutils.py:511}}
Jun 24 07:05:26.197089 np0000003521 nova-scheduler[93337]: DEBUG oslo_concurrency.lockutils [None req-67a2bc06-5349-4032-a328-adcaae437841 tempest-VolumesAdminNegativeTest-2038463215 tempest-VolumesAdminNegativeTest-2038463215-project-member] Lock "('np0000003521', 'np0000003521')" acquired by "nova.scheduler.host_manager.HostState.update.._locked_update" :: waited 0.000s {{(pid=93337) inner /opt/stack/data/venv/lib/python3.12/site-packages/oslo_concurrency/lockutils.py:524}}
