Jun 17 06:48:29.187802 np0000003011 nova-scheduler[95803]: DEBUG cotyledon.oslo_config_glue [-] oslo_limit.cafile = None {{(pid=95803) log_opt_values /opt/stack/data/venv/lib/python3.12/site-packages/oslo_config/cfg.py:3253}}
Jun 17 06:48:29.187802 np0000003011 nova-scheduler[95803]: DEBUG cotyledon.oslo_config_glue [-] oslo_limit.certfile = None {{(pid=95803) log_opt_values /opt/stack/data/venv/lib/python3.12/site-packages/oslo_config/cfg.py:3253}}
Jun 17 06:48:29.187802 np0000003011 nova-scheduler[95803]: DEBUG cotyledon.oslo_config_glue [-] oslo_limit.collect_timing = False {{(pid=95803) log_opt_values /opt/stack/data/venv/lib/python3.12/site-packages/oslo_config/cfg.py:3253}}
Jun 17 06:48:29.188112 np0000003011 nova-scheduler[95803]: DEBUG cotyledon.oslo_config_glue [-] oslo_limit.connect_retries = None {{(pid=95803) log_opt_values /opt/stack/data/venv/lib/python3.12/site-packages/oslo_config/cfg.py:3253}}
Jun 17 06:48:29.188112 np0000003011 nova-scheduler[95803]: DEBUG cotyledon.oslo_config_glue [-] oslo_limit.connect_retry_delay = None {{(pid=95803) log_opt_values /opt/stack/data/venv/lib/python3.12/site-packages/oslo_config/cfg.py:3253}}
Jun 17 06:48:29.188112 np0000003011 nova-scheduler[95803]: DEBUG cotyledon.oslo_config_glue [-] oslo_limit.endpoint_id = None {{(pid=95803) log_opt_values /opt/stack/data/venv/lib/python3.12/site-packages/oslo_config/cfg.py:3253}}
Jun 17 06:48:29.188112 np0000003011 nova-scheduler[95803]: DEBUG cotyledon.oslo_config_glue [-] oslo_limit.endpoint_interface = public {{(pid=95803) log_opt_values /opt/stack/data/venv/lib/python3.12/site-packages/oslo_config/cfg.py:3253}}
Jun 17 06:48:29.188112 np0000003011 nova-scheduler[95803]: DEBUG cotyledon.oslo_config_glue [-] oslo_limit.endpoint_override = None {{(pid=95803) log_opt_values /opt/stack/data/venv/lib/python3.12/site-packages/oslo_config/cfg.py:3253}}
Jun 17 06:48:29.188112 np0000003011 nova-scheduler[95803]: DEBUG cotyledon.oslo_config_glue [-] oslo_limit.endpoint_region_name = None {{(pid=95803) log_opt_values /opt/stack/data/venv/lib/python3.12/site-packages/oslo_config/cfg.py:3253}}
Jun 17 06:48:29.188112 np0000003011 nova-scheduler[95803]: DEBUG cotyledon.oslo_config_glue [-] oslo_limit.endpoint_service_name = None {{(pid=95803) log_opt_values /opt/stack/data/venv/lib/python3.12/site-packages/oslo_config/cfg.py:3253}}
Jun 17 06:48:29.188112 np0000003011 nova-scheduler[95803]: DEBUG cotyledon.oslo_config_glue [-] oslo_limit.endpoint_service_type = None {{(pid=95803) log_opt_values /opt/stack/data/venv/lib/python3.12/site-packages/oslo_config/cfg.py:3253}}
Jun 17 06:48:29.188112 np0000003011 nova-scheduler[95803]: DEBUG cotyledon.oslo_config_glue [-] oslo_limit.insecure = False {{(pid=95803) log_opt_values /opt/stack/data/venv/lib/python3.12/site-packages/oslo_config/cfg.py:3253}}
Jun 17 06:48:29.188402 np0000003011 nova-scheduler[95803]: DEBUG cotyledon.oslo_config_glue [-] oslo_limit.keyfile = None {{(pid=95803) log_opt_values /opt/stack/data/venv/lib/python3.12/site-packages/oslo_config/cfg.py:3253}}
Jun 17 06:48:29.188402 np0000003011 nova-scheduler[95803]: DEBUG cotyledon.oslo_config_glue [-] oslo_limit.max_version = None {{(pid=95803) log_opt_values /opt/stack/data/venv/lib/python3.12/site-packages/oslo_config/cfg.py:3253}}
Jun 17 06:48:29.188402 np0000003011 nova-scheduler[95803]: DEBUG cotyledon.oslo_config_glue [-] oslo_limit.min_version = None {{(pid=95803) log_opt_values /opt/stack/data/venv/lib/python3.12/site-packages/oslo_config/cfg.py:3253}}
Jun 17 06:48:29.188402 np0000003011 nova-scheduler[95803]: DEBUG cotyledon.oslo_config_glue [-] oslo_limit.region_name = None {{(pid=95803) log_opt_values /opt/stack/data/venv/lib/python3.12/site-packages/oslo_config/cfg.py:3253}}
Jun 17 06:48:29.188402 np0000003011 nova-scheduler[95803]: DEBUG cotyledon.oslo_config_glue [-] oslo_limit.retriable_status_codes = None {{(pid=95803) log_opt_values /opt/stack/data/venv/lib/python3.12/site-packages/oslo_config/cfg.py:3253}}
Jun 17 06:48:29.188402 np0000003011 nova-scheduler[95803]: DEBUG cotyledon.oslo_config_glue [-] oslo_limit.service_name = None {{(pid=95803) log_opt_values /opt/stack/data/venv/lib/python3.12/site-packages/oslo_config/cfg.py:3253}}
Jun 17 06:48:29.188402 np0000003011 nova-scheduler[95803]: DEBUG cotyledon.oslo_config_glue [-] oslo_limit.service_type = None {{(pid=95803) log_opt_values /opt/stack/data/venv/lib/python3.12/site-packages/oslo_config/cfg.py:3253}}
Jun 17 06:48:29.188402 np0000003011 nova-scheduler[95803]: DEBUG cotyledon.oslo_config_glue [-] oslo_limit.split_loggers = False {{(pid=95803) log_opt_values /opt/stack/data/venv/lib/python3.12/site-packages/oslo_config/cfg.py:3253}}
Jun 17 06:48:29.188402 np0000003011 nova-scheduler[95803]: DEBUG cotyledon.oslo_config_glue [-] oslo_limit.status_code_retries = None {{(pid=95803) log_opt_values /opt/stack/data/venv/lib/python3.12/site-packages/oslo_config/cfg.py:3253}}
Jun 17 06:48:29.188678 np0000003011 nova-scheduler[95803]: DEBUG cotyledon.oslo_config_glue [-] oslo_limit.status_code_retry_delay = None {{(pid=95803) log_opt_values /opt/stack/data/venv/lib/python3.12/site-packages/oslo_config/cfg.py:3253}}
Jun 17 06:48:29.188678 np0000003011 nova-scheduler[95803]: DEBUG cotyledon.oslo_config_glue [-] oslo_limit.timeout = None {{(pid=95803) log_opt_values /opt/stack/data/venv/lib/python3.12/site-packages/oslo_config/cfg.py:3253}}
Jun 17 06:48:29.188678 np0000003011 nova-scheduler[95803]: DEBUG cotyledon.oslo_config_glue [-] oslo_limit.valid_interfaces = None {{(pid=95803) log_opt_values /opt/stack/data/venv/lib/python3.12/site-packages/oslo_config/cfg.py:3253}}
Jun 17 06:48:29.188678 np0000003011 nova-scheduler[95803]: DEBUG cotyledon.oslo_config_glue [-] oslo_limit.version = None {{(pid=95803) log_opt_values /opt/stack/data/venv/lib/python3.12/site-packages/oslo_config/cfg.py:3253}}
Jun 17 06:48:29.188678 np0000003011 nova-scheduler[95803]: DEBUG cotyledon.oslo_config_glue [-] oslo_reports.file_event_handler = None {{(pid=95803) log_opt_values /opt/stack/data/venv/lib/python3.12/site-packages/oslo_config/cfg.py:3253}}
Jun 17 06:48:29.188678 np0000003011 nova-scheduler[95803]: DEBUG cotyledon.oslo_config_glue [-] oslo_reports.file_event_handler_interval = 1 {{(pid=95803) log_opt_values /opt/stack/data/venv/lib/python3.12/site-packages/oslo_config/cfg.py:3253}}
Jun 17 06:48:29.188678 np0000003011 nova-scheduler[95803]: DEBUG cotyledon.oslo_config_glue [-] oslo_reports.log_dir = None {{(pid=95803) log_opt_values /opt/stack/data/venv/lib/python3.12/site-packages/oslo_config/cfg.py:3253}}
Jun 17 06:48:29.188678 np0000003011 nova-scheduler[95803]: DEBUG cotyledon.oslo_config_glue [-] ******************************************************************************** {{(pid=95803) log_opt_values /opt/stack/data/venv/lib/python3.12/site-packages/oslo_config/cfg.py:3260}}
Jun 17 06:48:29.188678 np0000003011 nova-scheduler[95803]: DEBUG cotyledon._service_worker [-] Run service ServiceWrapper(2) [95803] {{(pid=95803) wait_forever /opt/stack/data/venv/lib/python3.12/site-packages/cotyledon/_service_worker.py:218}}
Jun 17 06:48:29.189158 np0000003011 nova-scheduler[95803]: INFO nova.service [-] Starting scheduler node (version 33.1.0)
Jun 17 06:48:29.189158 np0000003011 nova-scheduler[95803]: INFO dbcounter [None req-5c713d47-5228-4661-bf56-b2a230192fe8 None None] Registered counter for database nova_cell0
Jun 17 06:48:29.210858 np0000003011 nova-scheduler[95801]: DEBUG oslo_db.sqlalchemy.engines [None req-64bbeb4e-208d-44ba-9754-c096466e8b77 None None] MySQL server mode set to STRICT_TRANS_TABLES,STRICT_ALL_TABLES,NO_ZERO_IN_DATE,NO_ZERO_DATE,ERROR_FOR_DIVISION_BY_ZERO,TRADITIONAL,NO_ENGINE_SUBSTITUTION {{(pid=95801) _check_effective_sql_mode /opt/stack/data/venv/lib/python3.12/site-packages/oslo_db/sqlalchemy/engines.py:325}}
Jun 17 06:48:29.219080 np0000003011 nova-scheduler[95803]: DEBUG oslo_db.sqlalchemy.engines [None req-5c713d47-5228-4661-bf56-b2a230192fe8 None None] MySQL server mode set to STRICT_TRANS_TABLES,STRICT_ALL_TABLES,NO_ZERO_IN_DATE,NO_ZERO_DATE,ERROR_FOR_DIVISION_BY_ZERO,TRADITIONAL,NO_ENGINE_SUBSTITUTION {{(pid=95803) _check_effective_sql_mode /opt/stack/data/venv/lib/python3.12/site-packages/oslo_db/sqlalchemy/engines.py:325}}
Jun 17 06:48:29.219201 np0000003011 nova-scheduler[95801]: DEBUG dbcounter [-] [95801] Writer thread running {{(pid=95801) stat_writer /opt/stack/data/venv/lib/python3.12/site-packages/dbcounter.py:102}}
Jun 17 06:48:29.221253 np0000003011 nova-scheduler[95799]: DEBUG oslo_db.sqlalchemy.engines [None req-76dac5f5-767a-4bc4-9dbd-d88fbf4e9d68 None None] MySQL server mode set to STRICT_TRANS_TABLES,STRICT_ALL_TABLES,NO_ZERO_IN_DATE,NO_ZERO_DATE,ERROR_FOR_DIVISION_BY_ZERO,TRADITIONAL,NO_ENGINE_SUBSTITUTION {{(pid=95799) _check_effective_sql_mode /opt/stack/data/venv/lib/python3.12/site-packages/oslo_db/sqlalchemy/engines.py:325}}
Jun 17 06:48:29.226338 np0000003011 nova-scheduler[95803]: DEBUG dbcounter [-] [95803] Writer thread running {{(pid=95803) stat_writer /opt/stack/data/venv/lib/python3.12/site-packages/dbcounter.py:102}}
Jun 17 06:48:29.232950 np0000003011 nova-scheduler[95799]: DEBUG dbcounter [-] [95799] Writer thread running {{(pid=95799) stat_writer /opt/stack/data/venv/lib/python3.12/site-packages/dbcounter.py:102}}
Jun 17 06:48:29.233742 np0000003011 nova-scheduler[95801]: DEBUG nova.service [None req-64bbeb4e-208d-44ba-9754-c096466e8b77 None None] Creating RPC server for service: nova-scheduler on topic: scheduler {{(pid=95801) start /opt/stack/nova/nova/service.py:196}}
Jun 17 06:48:29.236501 np0000003011 nova-scheduler[95799]: DEBUG nova.service [None req-76dac5f5-767a-4bc4-9dbd-d88fbf4e9d68 None None] Creating RPC server for service: nova-scheduler on topic: scheduler {{(pid=95799) start /opt/stack/nova/nova/service.py:196}}
Jun 17 06:48:29.241923 np0000003011 nova-scheduler[95803]: DEBUG nova.service [None req-5c713d47-5228-4661-bf56-b2a230192fe8 None None] Creating RPC server for service: nova-scheduler on topic: scheduler {{(pid=95803) start /opt/stack/nova/nova/service.py:196}}
Jun 17 06:48:29.255047 np0000003011 nova-scheduler[95801]: DEBUG nova.service [None req-64bbeb4e-208d-44ba-9754-c096466e8b77 None None] Join ServiceGroup membership for this service scheduler {{(pid=95801) start /opt/stack/nova/nova/service.py:222}}
Jun 17 06:48:29.255205 np0000003011 nova-scheduler[95801]: DEBUG nova.servicegroup.drivers.db [None req-64bbeb4e-208d-44ba-9754-c096466e8b77 None None] DB_Driver: join new ServiceGroup member np0000003011 to the scheduler group, service = {{(pid=95801) join /opt/stack/nova/nova/servicegroup/drivers/db.py:44}}
Jun 17 06:48:29.260611 np0000003011 nova-scheduler[95799]: DEBUG nova.service [None req-76dac5f5-767a-4bc4-9dbd-d88fbf4e9d68 None None] Join ServiceGroup membership for this service scheduler {{(pid=95799) start /opt/stack/nova/nova/service.py:222}}
Jun 17 06:48:29.261140 np0000003011 nova-scheduler[95799]: DEBUG nova.servicegroup.drivers.db [None req-76dac5f5-767a-4bc4-9dbd-d88fbf4e9d68 None None] DB_Driver: join new ServiceGroup member np0000003011 to the scheduler group, service = {{(pid=95799) join /opt/stack/nova/nova/servicegroup/drivers/db.py:44}}
Jun 17 06:48:29.263023 np0000003011 nova-scheduler[95803]: DEBUG nova.service [None req-5c713d47-5228-4661-bf56-b2a230192fe8 None None] Join ServiceGroup membership for this service scheduler {{(pid=95803) start /opt/stack/nova/nova/service.py:222}}
Jun 17 06:48:29.263197 np0000003011 nova-scheduler[95803]: DEBUG nova.servicegroup.drivers.db [None req-5c713d47-5228-4661-bf56-b2a230192fe8 None None] DB_Driver: join new ServiceGroup member np0000003011 to the scheduler group, service = {{(pid=95803) join /opt/stack/nova/nova/servicegroup/drivers/db.py:44}}
Jun 17 06:48:30.265312 np0000003011 nova-scheduler[95803]: DEBUG oslo.service.backend._threading.loopingcall [None req-652223e9-4a8f-4523-bf9b-45242a83438a None None] Dynamic interval looping call 'nova.service.Service.periodic_tasks' sleeping for 60.00 seconds {{(pid=95803) _run_loop /opt/stack/data/venv/lib/python3.12/site-packages/oslo_service/backend/_threading/loopingcall.py:125}}
Jun 17 06:48:34.270207 np0000003011 nova-scheduler[95801]: DEBUG oslo.service.backend._threading.loopingcall [-] Fixed interval looping call 'nova.servicegroup.drivers.db.DbDriver._report_state' sleeping for 119.99 seconds {{(pid=95801) _run_loop /opt/stack/data/venv/lib/python3.12/site-packages/oslo_service/backend/_threading/loopingcall.py:125}}
Jun 17 06:48:34.272131 np0000003011 nova-scheduler[95803]: DEBUG oslo.service.backend._threading.loopingcall [-] Fixed interval looping call 'nova.servicegroup.drivers.db.DbDriver._report_state' sleeping for 119.99 seconds {{(pid=95803) _run_loop /opt/stack/data/venv/lib/python3.12/site-packages/oslo_service/backend/_threading/loopingcall.py:125}}
Jun 17 06:48:34.274913 np0000003011 nova-scheduler[95799]: DEBUG oslo.service.backend._threading.loopingcall [-] Fixed interval looping call 'nova.servicegroup.drivers.db.DbDriver._report_state' sleeping for 119.99 seconds {{(pid=95799) _run_loop /opt/stack/data/venv/lib/python3.12/site-packages/oslo_service/backend/_threading/loopingcall.py:125}}
Jun 17 06:48:37.806834 np0000003011 nova-scheduler[94603]: DEBUG dbcounter [-] [94603] Writing DB stats nova_api:SELECT=3 {{(pid=94603) stat_writer /opt/stack/data/venv/lib/python3.12/site-packages/dbcounter.py:115}}
Jun 17 06:48:37.941173 np0000003011 nova-scheduler[94603]: DEBUG dbcounter [-] [94603] Writing DB stats nova_cell1:SELECT=1 {{(pid=94603) stat_writer /opt/stack/data/venv/lib/python3.12/site-packages/dbcounter.py:115}}
Jun 17 06:48:37.947217 np0000003011 nova-scheduler[94603]: DEBUG dbcounter [-] [94603] Writing DB stats nova_cell0:SELECT=1 {{(pid=94603) stat_writer /opt/stack/data/venv/lib/python3.12/site-packages/dbcounter.py:115}}
Jun 17 06:48:43.257360 np0000003011 nova-scheduler[95801]: DEBUG oslo.service.backend._threading.loopingcall [None req-aa4e58b7-940a-4f06-b94e-9a30ddbc780d None None] Dynamic interval looping call 'nova.service.Service.periodic_tasks' sleeping for 60.00 seconds {{(pid=95801) _run_loop /opt/stack/data/venv/lib/python3.12/site-packages/oslo_service/backend/_threading/loopingcall.py:125}}
Jun 17 06:48:44.264791 np0000003011 nova-scheduler[95801]: DEBUG dbcounter [-] [95801] Writing DB stats nova_cell0:SELECT=4,nova_cell0:INSERT=1,nova_cell0:UPDATE=1 {{(pid=95801) stat_writer /opt/stack/data/venv/lib/python3.12/site-packages/dbcounter.py:115}}
Jun 17 06:48:44.271213 np0000003011 nova-scheduler[95803]: DEBUG dbcounter [-] [95803] Writing DB stats nova_cell0:SELECT=5,nova_cell0:INSERT=1 {{(pid=95803) stat_writer /opt/stack/data/venv/lib/python3.12/site-packages/dbcounter.py:115}}
Jun 17 06:48:44.271598 np0000003011 nova-scheduler[95799]: DEBUG dbcounter [-] [95799] Writing DB stats nova_cell0:SELECT=3 {{(pid=95799) stat_writer /opt/stack/data/venv/lib/python3.12/site-packages/dbcounter.py:115}}
Jun 17 06:49:28.263507 np0000003011 nova-scheduler[95799]: DEBUG oslo.service.backend._threading.loopingcall [None req-2726f3c4-01e8-4beb-9d59-58f15c18c1be None None] Dynamic interval looping call 'nova.service.Service.periodic_tasks' sleeping for 60.00 seconds {{(pid=95799) _run_loop /opt/stack/data/venv/lib/python3.12/site-packages/oslo_service/backend/_threading/loopingcall.py:125}}
Jun 17 06:49:30.265847 np0000003011 nova-scheduler[95803]: DEBUG oslo.service.backend._threading.loopingcall [None req-652223e9-4a8f-4523-bf9b-45242a83438a None None] Dynamic interval looping call 'nova.service.Service.periodic_tasks' sleeping for 60.00 seconds {{(pid=95803) _run_loop /opt/stack/data/venv/lib/python3.12/site-packages/oslo_service/backend/_threading/loopingcall.py:125}}
Jun 17 06:49:43.257824 np0000003011 nova-scheduler[95801]: DEBUG oslo.service.backend._threading.loopingcall [None req-aa4e58b7-940a-4f06-b94e-9a30ddbc780d None None] Dynamic interval looping call 'nova.service.Service.periodic_tasks' sleeping for 60.00 seconds {{(pid=95801) _run_loop /opt/stack/data/venv/lib/python3.12/site-packages/oslo_service/backend/_threading/loopingcall.py:125}}
Jun 17 06:50:28.264011 np0000003011 nova-scheduler[95799]: DEBUG oslo.service.backend._threading.loopingcall [None req-2726f3c4-01e8-4beb-9d59-58f15c18c1be None None] Dynamic interval looping call 'nova.service.Service.periodic_tasks' sleeping for 60.00 seconds {{(pid=95799) _run_loop /opt/stack/data/venv/lib/python3.12/site-packages/oslo_service/backend/_threading/loopingcall.py:125}}
Jun 17 06:50:30.266500 np0000003011 nova-scheduler[95803]: DEBUG oslo.service.backend._threading.loopingcall [None req-652223e9-4a8f-4523-bf9b-45242a83438a None None] Dynamic interval looping call 'nova.service.Service.periodic_tasks' sleeping for 60.00 seconds {{(pid=95803) _run_loop /opt/stack/data/venv/lib/python3.12/site-packages/oslo_service/backend/_threading/loopingcall.py:125}}
Jun 17 06:50:34.273197 np0000003011 nova-scheduler[95801]: DEBUG oslo.service.backend._threading.loopingcall [-] Fixed interval looping call 'nova.servicegroup.drivers.db.DbDriver._report_state' sleeping for 119.99 seconds {{(pid=95801) _run_loop /opt/stack/data/venv/lib/python3.12/site-packages/oslo_service/backend/_threading/loopingcall.py:125}}
Jun 17 06:50:34.273757 np0000003011 nova-scheduler[95803]: DEBUG oslo.service.backend._threading.loopingcall [-] Fixed interval looping call 'nova.servicegroup.drivers.db.DbDriver._report_state' sleeping for 119.99 seconds {{(pid=95803) _run_loop /opt/stack/data/venv/lib/python3.12/site-packages/oslo_service/backend/_threading/loopingcall.py:125}}
Jun 17 06:50:34.274863 np0000003011 nova-scheduler[95799]: DEBUG oslo.service.backend._threading.loopingcall [-] Fixed interval looping call 'nova.servicegroup.drivers.db.DbDriver._report_state' sleeping for 119.99 seconds {{(pid=95799) _run_loop /opt/stack/data/venv/lib/python3.12/site-packages/oslo_service/backend/_threading/loopingcall.py:125}}
Jun 17 06:50:43.258287 np0000003011 nova-scheduler[95801]: DEBUG oslo.service.backend._threading.loopingcall [None req-aa4e58b7-940a-4f06-b94e-9a30ddbc780d None None] Dynamic interval looping call 'nova.service.Service.periodic_tasks' sleeping for 60.00 seconds {{(pid=95801) _run_loop /opt/stack/data/venv/lib/python3.12/site-packages/oslo_service/backend/_threading/loopingcall.py:125}}
Jun 17 06:50:44.264013 np0000003011 nova-scheduler[95801]: DEBUG dbcounter [-] [95801] Writing DB stats nova_cell0:SELECT=1,nova_cell0:UPDATE=1 {{(pid=95801) stat_writer /opt/stack/data/venv/lib/python3.12/site-packages/dbcounter.py:115}}
Jun 17 06:50:44.268454 np0000003011 nova-scheduler[95803]: DEBUG dbcounter [-] [95803] Writing DB stats nova_cell0:SELECT=1,nova_cell0:UPDATE=1 {{(pid=95803) stat_writer /opt/stack/data/venv/lib/python3.12/site-packages/dbcounter.py:115}}
Jun 17 06:50:44.271149 np0000003011 nova-scheduler[95799]: DEBUG dbcounter [-] [95799] Writing DB stats nova_cell0:SELECT=1,nova_cell0:UPDATE=1 {{(pid=95799) stat_writer /opt/stack/data/venv/lib/python3.12/site-packages/dbcounter.py:115}}
Jun 17 06:51:17.084379 np0000003011 nova-scheduler[95801]: DEBUG nova.scheduler.manager [None req-a2c799bd-5f55-4c98-8758-afb26577f669 tempest-DeleteServersTestJSON-1367343118 tempest-DeleteServersTestJSON-1367343118-project-member] Starting to schedule for instances: ['7a468259-0b42-43bc-8dd3-d70a424e4a0e'] {{(pid=95801) select_destinations /opt/stack/nova/nova/scheduler/manager.py:210}}
Jun 17 06:51:17.086655 np0000003011 nova-scheduler[95801]: DEBUG nova.scheduler.request_filter [None req-a2c799bd-5f55-4c98-8758-afb26577f669 tempest-DeleteServersTestJSON-1367343118 tempest-DeleteServersTestJSON-1367343118-project-member] compute_status_filter request filter added forbidden trait COMPUTE_STATUS_DISABLED {{(pid=95801) compute_status_filter /opt/stack/nova/nova/scheduler/request_filter.py:253}}
Jun 17 06:51:17.087037 np0000003011 nova-scheduler[95801]: DEBUG nova.scheduler.request_filter [None req-a2c799bd-5f55-4c98-8758-afb26577f669 tempest-DeleteServersTestJSON-1367343118 tempest-DeleteServersTestJSON-1367343118-project-member] Request filter 'compute_status_filter' took 0.0 seconds {{(pid=95801) wrapper /opt/stack/nova/nova/scheduler/request_filter.py:46}}
Jun 17 06:51:17.087374 np0000003011 nova-scheduler[95801]: DEBUG nova.scheduler.request_filter [None req-a2c799bd-5f55-4c98-8758-afb26577f669 tempest-DeleteServersTestJSON-1367343118 tempest-DeleteServersTestJSON-1367343118-project-member] Request filter 'accelerators_filter' took 0.0 seconds {{(pid=95801) wrapper /opt/stack/nova/nova/scheduler/request_filter.py:46}}
Jun 17 06:51:17.087624 np0000003011 nova-scheduler[95801]: DEBUG nova.scheduler.request_filter [None req-a2c799bd-5f55-4c98-8758-afb26577f669 tempest-DeleteServersTestJSON-1367343118 tempest-DeleteServersTestJSON-1367343118-project-member] Request filter 'packed_virtqueue_filter' took 0.0 seconds {{(pid=95801) wrapper /opt/stack/nova/nova/scheduler/request_filter.py:46}}
Jun 17 06:51:17.087982 np0000003011 nova-scheduler[95801]: DEBUG nova.scheduler.request_filter [None req-a2c799bd-5f55-4c98-8758-afb26577f669 tempest-DeleteServersTestJSON-1367343118 tempest-DeleteServersTestJSON-1367343118-project-member] Request filter 'remote_managed_ports_filter' took 0.0 seconds {{(pid=95801) wrapper /opt/stack/nova/nova/scheduler/request_filter.py:46}}
Jun 17 06:51:17.088190 np0000003011 nova-scheduler[95801]: DEBUG nova.scheduler.request_filter [None req-a2c799bd-5f55-4c98-8758-afb26577f669 tempest-DeleteServersTestJSON-1367343118 tempest-DeleteServersTestJSON-1367343118-project-member] ephemeral_encryption_filter skipped {{(pid=95801) ephemeral_encryption_filter /opt/stack/nova/nova/scheduler/request_filter.py:426}}
Jun 17 06:51:17.088894 np0000003011 nova-scheduler[95801]: DEBUG nova.scheduler.request_filter [None req-a2c799bd-5f55-4c98-8758-afb26577f669 tempest-DeleteServersTestJSON-1367343118 tempest-DeleteServersTestJSON-1367343118-project-member] virtio_sound_filter skipped {{(pid=95801) virtio_sound_filter /opt/stack/nova/nova/scheduler/request_filter.py:460}}
Jun 17 06:51:17.088894 np0000003011 nova-scheduler[95801]: DEBUG nova.scheduler.request_filter [None req-a2c799bd-5f55-4c98-8758-afb26577f669 tempest-DeleteServersTestJSON-1367343118 tempest-DeleteServersTestJSON-1367343118-project-member] tpm_secret_security_filter skipped {{(pid=95801) tpm_secret_security_filter /opt/stack/nova/nova/scheduler/request_filter.py:477}}
Jun 17 06:51:18.020812 np0000003011 nova-scheduler[95801]: INFO nova.utils [None req-a2c799bd-5f55-4c98-8758-afb26577f669 tempest-DeleteServersTestJSON-1367343118 tempest-DeleteServersTestJSON-1367343118-project-member] The cell worker thread pool ForkProcess-2.cell_worker is initialized
Jun 17 06:51:18.021191 np0000003011 nova-scheduler[95801]: DEBUG oslo_concurrency.lockutils [None req-a2c799bd-5f55-4c98-8758-afb26577f669 tempest-DeleteServersTestJSON-1367343118 tempest-DeleteServersTestJSON-1367343118-project-member] Acquiring lock "aa84283c-34e1-4351-ac0f-64746adf3dd5" by "nova.context.set_target_cell..get_or_set_cached_cell_and_set_connections" {{(pid=95801) inner /opt/stack/data/venv/lib/python3.12/site-packages/oslo_concurrency/lockutils.py:511}}
Jun 17 06:51:18.021405 np0000003011 nova-scheduler[95801]: DEBUG oslo_concurrency.lockutils [None req-a2c799bd-5f55-4c98-8758-afb26577f669 tempest-DeleteServersTestJSON-1367343118 tempest-DeleteServersTestJSON-1367343118-project-member] Lock "aa84283c-34e1-4351-ac0f-64746adf3dd5" acquired by "nova.context.set_target_cell..get_or_set_cached_cell_and_set_connections" :: waited 0.000s {{(pid=95801) inner /opt/stack/data/venv/lib/python3.12/site-packages/oslo_concurrency/lockutils.py:524}}
Jun 17 06:51:18.023061 np0000003011 nova-scheduler[95801]: DEBUG oslo_concurrency.lockutils [None req-a2c799bd-5f55-4c98-8758-afb26577f669 tempest-DeleteServersTestJSON-1367343118 tempest-DeleteServersTestJSON-1367343118-project-member] Lock "aa84283c-34e1-4351-ac0f-64746adf3dd5" "released" by "nova.context.set_target_cell..get_or_set_cached_cell_and_set_connections" :: held 0.002s {{(pid=95801) inner /opt/stack/data/venv/lib/python3.12/site-packages/oslo_concurrency/lockutils.py:543}}
Jun 17 06:51:18.025790 np0000003011 nova-scheduler[95801]: INFO dbcounter [None req-a2c799bd-5f55-4c98-8758-afb26577f669 tempest-DeleteServersTestJSON-1367343118 tempest-DeleteServersTestJSON-1367343118-project-member] Registered counter for database nova_cell1
Jun 17 06:51:18.073465 np0000003011 nova-scheduler[95801]: DEBUG oslo_db.sqlalchemy.engines [None req-a2c799bd-5f55-4c98-8758-afb26577f669 tempest-DeleteServersTestJSON-1367343118 tempest-DeleteServersTestJSON-1367343118-project-member] MySQL server mode set to STRICT_TRANS_TABLES,STRICT_ALL_TABLES,NO_ZERO_IN_DATE,NO_ZERO_DATE,ERROR_FOR_DIVISION_BY_ZERO,TRADITIONAL,NO_ENGINE_SUBSTITUTION {{(pid=95801) _check_effective_sql_mode /opt/stack/data/venv/lib/python3.12/site-packages/oslo_db/sqlalchemy/engines.py:325}}
Jun 17 06:51:18.079662 np0000003011 nova-scheduler[95801]: DEBUG dbcounter [-] [95801] Writer thread running {{(pid=95801) stat_writer /opt/stack/data/venv/lib/python3.12/site-packages/dbcounter.py:102}}
Jun 17 06:51:18.095991 np0000003011 nova-scheduler[95801]: DEBUG oslo_db.sqlalchemy.engines [None req-a2c799bd-5f55-4c98-8758-afb26577f669 tempest-DeleteServersTestJSON-1367343118 tempest-DeleteServersTestJSON-1367343118-project-member] Parent process 94603 forked (95801) with an open database connection, which is being discarded and recreated. {{(pid=95801) checkout /opt/stack/data/venv/lib/python3.12/site-packages/oslo_db/sqlalchemy/engines.py:402}}
Jun 17 06:51:18.144060 np0000003011 nova-scheduler[95801]: DEBUG dbcounter [-] [95801] Writer thread running {{(pid=95801) stat_writer /opt/stack/data/venv/lib/python3.12/site-packages/dbcounter.py:102}}
Jun 17 06:51:18.148073 np0000003011 nova-scheduler[95801]: DEBUG oslo_concurrency.lockutils [None req-a2c799bd-5f55-4c98-8758-afb26577f669 tempest-DeleteServersTestJSON-1367343118 tempest-DeleteServersTestJSON-1367343118-project-member] Acquiring lock "aa84283c-34e1-4351-ac0f-64746adf3dd5" by "nova.context.set_target_cell..get_or_set_cached_cell_and_set_connections" {{(pid=95801) inner /opt/stack/data/venv/lib/python3.12/site-packages/oslo_concurrency/lockutils.py:511}}
Jun 17 06:51:18.148279 np0000003011 nova-scheduler[95801]: DEBUG oslo_concurrency.lockutils [None req-a2c799bd-5f55-4c98-8758-afb26577f669 tempest-DeleteServersTestJSON-1367343118 tempest-DeleteServersTestJSON-1367343118-project-member] Lock "aa84283c-34e1-4351-ac0f-64746adf3dd5" acquired by "nova.context.set_target_cell..get_or_set_cached_cell_and_set_connections" :: waited 0.000s {{(pid=95801) inner /opt/stack/data/venv/lib/python3.12/site-packages/oslo_concurrency/lockutils.py:524}}
Jun 17 06:51:18.148442 np0000003011 nova-scheduler[95801]: DEBUG oslo_concurrency.lockutils [None req-a2c799bd-5f55-4c98-8758-afb26577f669 tempest-DeleteServersTestJSON-1367343118 tempest-DeleteServersTestJSON-1367343118-project-member] Lock "aa84283c-34e1-4351-ac0f-64746adf3dd5" "released" by "nova.context.set_target_cell..get_or_set_cached_cell_and_set_connections" :: held 0.000s {{(pid=95801) inner /opt/stack/data/venv/lib/python3.12/site-packages/oslo_concurrency/lockutils.py:543}}
Jun 17 06:51:18.151950 np0000003011 nova-scheduler[95801]: DEBUG oslo_concurrency.lockutils [None req-a2c799bd-5f55-4c98-8758-afb26577f669 tempest-DeleteServersTestJSON-1367343118 tempest-DeleteServersTestJSON-1367343118-project-member] Acquiring lock "('np0000003011', 'np0000003011')" by "nova.scheduler.host_manager.HostState.update.._locked_update" {{(pid=95801) inner /opt/stack/data/venv/lib/python3.12/site-packages/oslo_concurrency/lockutils.py:511}}
Jun 17 06:51:18.152029 np0000003011 nova-scheduler[95801]: DEBUG oslo_concurrency.lockutils [None req-a2c799bd-5f55-4c98-8758-afb26577f669 tempest-DeleteServersTestJSON-1367343118 tempest-DeleteServersTestJSON-1367343118-project-member] Lock "('np0000003011', 'np0000003011')" acquired by "nova.scheduler.host_manager.HostState.update.._locked_update" :: waited 0.000s {{(pid=95801) inner /opt/stack/data/venv/lib/python3.12/site-packages/oslo_concurrency/lockutils.py:524}}
Jun 17 06:51:18.153321 np0000003011 nova-scheduler[95801]: DEBUG nova.scheduler.host_manager [None req-a2c799bd-5f55-4c98-8758-afb26577f669 tempest-DeleteServersTestJSON-1367343118 tempest-DeleteServersTestJSON-1367343118-project-member] Update host state from compute node: ComputeNode(cpu_allocation_ratio=4.0,cpu_info='{"arch": "x86_64", "model": "EPYC-Milan", "vendor": "AMD", "topology": {"cells": 1, "sockets": 12, "cores": 1, "threads": 1}, "maxphysaddr": {"mode": "emulate", "bits": 40}, "features": ["arch-capabilities", "xgetbv1", "ssse3", "rdtscp", "pae", "invpcid", "xsaveerptr", "sse", "de", "erms", "fsrm", "pcid", "mds-no", "umip", "npt", "vpclmulqdq", "rdrand", "arat", "mce", "cr8legacy", "sep", "lm", "mmxext", "rdctl-no", "mca", "f16c", "pschange-mc-no", "xsaves", "ibrs", "vgif", "null-sel-clr-base", "tsc-deadline", "sse4.2", "lbrv", "mtrr", "perfctr_core", "sha-ni", "clflushopt", "pdpe1gb", "xsaveopt", "vmcb-clean", "mmx", "clzero", "ssbd", "nx", "lfence-always-serializing", "sse4.1", "clflush", "xsavec", "fma", "amd-psfd", "nrip-save", "sse2", "cmov", "tsc-scale", "flushbyasid", "pclmuldq", "clwb", "cmp_legacy", "lahf_lm", "msr", "tsc", "pge", "amd-ssbd", "wbnoinvd", "avx", "pku", "x2apic", "hypervisor", "pse", "pni", "bmi1", "fsgsbase", "pause-filter", "cx8", "aes", "sse4a", "adx", "pse36", "smep", "no-nested-data-bp", "movbe", "rdseed", "fxsr_opt", "svme-addr-chk", "amd-stibp", "popcnt", "3dnowprefetch", "virt-ssbd", "stibp", "bmi2", "vaes", "pat", "ibpb", "syscall", "smap", "osvw", "xsave", "gds-no", "fxsr", "vme", "topoext", "apic", "misalignsse", "tsc_adjust", "rdpid", "v-vmsave-vmload", "spec-ctrl", "skip-l1dfl-vmentry", "stibp-always-on", "fpu", "abm", "cx16", "pfthreshold", "avx2", "svm"]}',created_at=2026-06-17T06:48:54Z,current_workload=0,deleted=False,deleted_at=None,disk_allocation_ratio=1.0,disk_available_least=74,free_disk_gb=95,free_ram_mb=23518,host='np0000003011',host_ip=10.4.3.231,hypervisor_hostname='np0000003011',hypervisor_type='QEMU',hypervisor_version=8002002,id=1,local_gb=95,local_gb_used=0,mapped=1,memory_mb=24030,memory_mb_used=512,metrics='[]',numa_topology='{"nova_object.name": "NUMATopology", "nova_object.namespace": "nova", "nova_object.version": "1.2", "nova_object.data": {"cells": [{"nova_object.name": "NUMACell", "nova_object.namespace": "nova", "nova_object.version": "1.5", "nova_object.data": {"id": 0, "cpuset": [0, 1, 2, 3, 4, 5, 6, 7, 8, 9, 10, 11], "pcpuset": [0, 1, 2, 3, 4, 5, 6, 7, 8, 9, 10, 11], "memory": 24030, "cpu_usage": 0, "memory_usage": 0, "pinned_cpus": [], "siblings": [[6], [2], [5], [11], [8], [4], [1], [7], [10], [0], [3], [9]], "mempages": [{"nova_object.name": "NUMAPagesTopology", "nova_object.namespace": "nova", "nova_object.version": "1.1", "nova_object.data": {"size_kb": 4, "total": 6151797, "used": 0, "reserved": 0}, "nova_object.changes": ["total", "used", "size_kb", "reserved"]}, {"nova_object.name": "NUMAPagesTopology", "nova_object.namespace": "nova", "nova_object.version": "1.1", "nova_object.data": {"size_kb": 2048, "total": 0, "used": 0, "reserved": 0}, "nova_object.changes": ["total", "used", "size_kb", "reserved"]}, {"nova_object.name": "NUMAPagesTopology", "nova_object.namespace": "nova", "nova_object.version": "1.1", "nova_object.data": {"size_kb": 1048576, "total": 0, "used": 0, "reserved": 0}, "nova_object.changes": ["total", "used", "size_kb", "reserved"]}], "network_metadata": {"nova_object.name": "NetworkMetadata", "nova_object.namespace": "nova", "nova_object.version": "1.0", "nova_object.data": {"physnets": [], "tunneled": false}, "nova_object.changes": ["tunneled", "physnets"]}, "socket": null}, "nova_object.changes": ["pinned_cpus", "mempages", "cpuset", "network_metadata", "pcpuset", "cpu_usage", "id", "siblings", "memory_usage", "socket", "memory"]}]}, "nova_object.changes": ["cells"]}',pci_device_pools=PciDevicePoolList,ram_allocation_ratio=1.0,running_vms=0,service_id=4,stats={failed_builds='0',uptime=' 06:50:39 up 26 min, 2 users, load average: 0.93, 1.30, 0.81
Jun 17 06:51:18.153321 np0000003011 nova-scheduler[95801]: '},supported_hv_specs=[HVSpec,HVSpec,HVSpec,HVSpec,HVSpec,HVSpec,HVSpec,HVSpec,HVSpec,HVSpec,HVSpec,HVSpec,HVSpec,HVSpec,HVSpec,HVSpec,HVSpec,HVSpec,HVSpec,HVSpec,HVSpec,HVSpec,HVSpec,HVSpec,HVSpec],updated_at=2026-06-17T06:50:42Z,uuid=41a6c86d-1dd3-4234-b7f9-d7168fc633e4,vcpus=12,vcpus_used=0) {{(pid=95801) _locked_update /opt/stack/nova/nova/scheduler/host_manager.py:168}}
Jun 17 06:51:18.155891 np0000003011 nova-scheduler[95801]: DEBUG nova.scheduler.host_manager [None req-a2c799bd-5f55-4c98-8758-afb26577f669 tempest-DeleteServersTestJSON-1367343118 tempest-DeleteServersTestJSON-1367343118-project-member] Update host state with aggregates: [] {{(pid=95801) _locked_update /opt/stack/nova/nova/scheduler/host_manager.py:171}}
Jun 17 06:51:18.155891 np0000003011 nova-scheduler[95801]: DEBUG nova.scheduler.host_manager [None req-a2c799bd-5f55-4c98-8758-afb26577f669 tempest-DeleteServersTestJSON-1367343118 tempest-DeleteServersTestJSON-1367343118-project-member] Update host state with service dict: {'id': 4, 'uuid': 'e4498868-df4b-4b9a-bad9-46eff643c82f', 'host': 'np0000003011', 'binary': 'nova-compute', 'topic': 'compute', 'report_count': 2, 'disabled': False, 'disabled_reason': None, 'last_seen_up': datetime.datetime(2026, 6, 17, 6, 51, 3, tzinfo=datetime.timezone.utc), 'forced_down': False, 'version': 72, 'created_at': datetime.datetime(2026, 6, 17, 6, 48, 52, tzinfo=datetime.timezone.utc), 'updated_at': datetime.datetime(2026, 6, 17, 6, 51, 3, tzinfo=datetime.timezone.utc), 'deleted_at': None, 'deleted': False} {{(pid=95801) _locked_update /opt/stack/nova/nova/scheduler/host_manager.py:174}}
Jun 17 06:51:18.155891 np0000003011 nova-scheduler[95801]: DEBUG nova.scheduler.host_manager [None req-a2c799bd-5f55-4c98-8758-afb26577f669 tempest-DeleteServersTestJSON-1367343118 tempest-DeleteServersTestJSON-1367343118-project-member] Update host state with instances: [] {{(pid=95801) _locked_update /opt/stack/nova/nova/scheduler/host_manager.py:177}}
Jun 17 06:51:18.155891 np0000003011 nova-scheduler[95801]: DEBUG oslo_concurrency.lockutils [None req-a2c799bd-5f55-4c98-8758-afb26577f669 tempest-DeleteServersTestJSON-1367343118 tempest-DeleteServersTestJSON-1367343118-project-member] Lock "('np0000003011', 'np0000003011')" "released" by "nova.scheduler.host_manager.HostState.update.._locked_update" :: held 0.003s {{(pid=95801) inner /opt/stack/data/venv/lib/python3.12/site-packages/oslo_concurrency/lockutils.py:543}}
Jun 17 06:51:18.155891 np0000003011 nova-scheduler[95801]: DEBUG nova.filters [None req-a2c799bd-5f55-4c98-8758-afb26577f669 tempest-DeleteServersTestJSON-1367343118 tempest-DeleteServersTestJSON-1367343118-project-member] Starting with 1 host(s) {{(pid=95801) get_filtered_objects /opt/stack/nova/nova/filters.py:70}}
Jun 17 06:51:18.155891 np0000003011 nova-scheduler[95801]: DEBUG nova.filters [None req-a2c799bd-5f55-4c98-8758-afb26577f669 tempest-DeleteServersTestJSON-1367343118 tempest-DeleteServersTestJSON-1367343118-project-member] Filter ComputeFilter returned 1 host(s) {{(pid=95801) get_filtered_objects /opt/stack/nova/nova/filters.py:102}}
Jun 17 06:51:18.155891 np0000003011 nova-scheduler[95801]: DEBUG nova.filters [None req-a2c799bd-5f55-4c98-8758-afb26577f669 tempest-DeleteServersTestJSON-1367343118 tempest-DeleteServersTestJSON-1367343118-project-member] Filter ComputeCapabilitiesFilter returned 1 host(s) {{(pid=95801) get_filtered_objects /opt/stack/nova/nova/filters.py:102}}
Jun 17 06:51:18.155891 np0000003011 nova-scheduler[95801]: DEBUG nova.filters [None req-a2c799bd-5f55-4c98-8758-afb26577f669 tempest-DeleteServersTestJSON-1367343118 tempest-DeleteServersTestJSON-1367343118-project-member] Filter ImagePropertiesFilter returned 1 host(s) {{(pid=95801) get_filtered_objects /opt/stack/nova/nova/filters.py:102}}
Jun 17 06:51:18.155891 np0000003011 nova-scheduler[95801]: DEBUG nova.filters [None req-a2c799bd-5f55-4c98-8758-afb26577f669 tempest-DeleteServersTestJSON-1367343118 tempest-DeleteServersTestJSON-1367343118-project-member] Filter ServerGroupAntiAffinityFilter returned 1 host(s) {{(pid=95801) get_filtered_objects /opt/stack/nova/nova/filters.py:102}}
Jun 17 06:51:18.156353 np0000003011 nova-scheduler[95801]: DEBUG nova.filters [None req-a2c799bd-5f55-4c98-8758-afb26577f669 tempest-DeleteServersTestJSON-1367343118 tempest-DeleteServersTestJSON-1367343118-project-member] Filter ServerGroupAffinityFilter returned 1 host(s) {{(pid=95801) get_filtered_objects /opt/stack/nova/nova/filters.py:102}}
Jun 17 06:51:18.156353 np0000003011 nova-scheduler[95801]: DEBUG nova.filters [None req-a2c799bd-5f55-4c98-8758-afb26577f669 tempest-DeleteServersTestJSON-1367343118 tempest-DeleteServersTestJSON-1367343118-project-member] Filter SameHostFilter returned 1 host(s) {{(pid=95801) get_filtered_objects /opt/stack/nova/nova/filters.py:102}}
Jun 17 06:51:18.156353 np0000003011 nova-scheduler[95801]: DEBUG nova.filters [None req-a2c799bd-5f55-4c98-8758-afb26577f669 tempest-DeleteServersTestJSON-1367343118 tempest-DeleteServersTestJSON-1367343118-project-member] Filter DifferentHostFilter returned 1 host(s) {{(pid=95801) get_filtered_objects /opt/stack/nova/nova/filters.py:102}}
Jun 17 06:51:18.156470 np0000003011 nova-scheduler[95801]: DEBUG nova.scheduler.manager [None req-a2c799bd-5f55-4c98-8758-afb26577f669 tempest-DeleteServersTestJSON-1367343118 tempest-DeleteServersTestJSON-1367343118-project-member] Filtered [(np0000003011, np0000003011) ram: 23518MB disk: 75776MB io_ops: 0 instances: 0, allocation_candidates: 1] {{(pid=95801) _get_sorted_hosts /opt/stack/nova/nova/scheduler/manager.py:743}}
Jun 17 06:51:18.156578 np0000003011 nova-scheduler[95801]: DEBUG nova.scheduler.manager [None req-a2c799bd-5f55-4c98-8758-afb26577f669 tempest-DeleteServersTestJSON-1367343118 tempest-DeleteServersTestJSON-1367343118-project-member] Weighed [WeighedHost [host: (np0000003011, np0000003011) ram: 23518MB disk: 75776MB io_ops: 0 instances: 0, allocation_candidates: 1, weight: 0.0]] {{(pid=95801) _get_sorted_hosts /opt/stack/nova/nova/scheduler/manager.py:765}}
Jun 17 06:51:18.157122 np0000003011 nova-scheduler[95801]: DEBUG nova.scheduler.utils [None req-a2c799bd-5f55-4c98-8758-afb26577f669 tempest-DeleteServersTestJSON-1367343118 tempest-DeleteServersTestJSON-1367343118-project-member] Attempting to claim resources in the placement API for instance 7a468259-0b42-43bc-8dd3-d70a424e4a0e {{(pid=95801) claim_resources /opt/stack/nova/nova/scheduler/utils.py:1345}}
Jun 17 06:51:18.357044 np0000003011 nova-scheduler[95801]: DEBUG nova.scheduler.manager [None req-a2c799bd-5f55-4c98-8758-afb26577f669 tempest-DeleteServersTestJSON-1367343118 tempest-DeleteServersTestJSON-1367343118-project-member] [instance: 7a468259-0b42-43bc-8dd3-d70a424e4a0e] Selected host: (np0000003011, np0000003011) ram: 23518MB disk: 75776MB io_ops: 0 instances: 0, allocation_candidates: 1 {{(pid=95801) _consume_selected_host /opt/stack/nova/nova/scheduler/manager.py:625}}
Jun 17 06:51:18.357044 np0000003011 nova-scheduler[95801]: DEBUG oslo_concurrency.lockutils [None req-a2c799bd-5f55-4c98-8758-afb26577f669 tempest-DeleteServersTestJSON-1367343118 tempest-DeleteServersTestJSON-1367343118-project-member] Acquiring lock "('np0000003011', 'np0000003011')" by "nova.scheduler.host_manager.HostState.consume_from_request.._locked" {{(pid=95801) inner /opt/stack/data/venv/lib/python3.12/site-packages/oslo_concurrency/lockutils.py:511}}
Jun 17 06:51:18.357044 np0000003011 nova-scheduler[95801]: DEBUG oslo_concurrency.lockutils [None req-a2c799bd-5f55-4c98-8758-afb26577f669 tempest-DeleteServersTestJSON-1367343118 tempest-DeleteServersTestJSON-1367343118-project-member] Lock "('np0000003011', 'np0000003011')" acquired by "nova.scheduler.host_manager.HostState.consume_from_request.._locked" :: waited 0.000s {{(pid=95801) inner /opt/stack/data/venv/lib/python3.12/site-packages/oslo_concurrency/lockutils.py:524}}
Jun 17 06:51:18.357238 np0000003011 nova-scheduler[95801]: DEBUG oslo_concurrency.lockutils [None req-a2c799bd-5f55-4c98-8758-afb26577f669 tempest-DeleteServersTestJSON-1367343118 tempest-DeleteServersTestJSON-1367343118-project-member] Lock "('np0000003011', 'np0000003011')" "released" by "nova.scheduler.host_manager.HostState.consume_from_request.._locked" :: held 0.000s {{(pid=95801) inner /opt/stack/data/venv/lib/python3.12/site-packages/oslo_concurrency/lockutils.py:543}}
Jun 17 06:51:28.151810 np0000003011 nova-scheduler[95801]: DEBUG dbcounter [-] [95801] Writing DB stats nova_cell1:SELECT=3 {{(pid=95801) stat_writer /opt/stack/data/venv/lib/python3.12/site-packages/dbcounter.py:115}}
Jun 17 06:51:28.264612 np0000003011 nova-scheduler[95799]: DEBUG oslo.service.backend._threading.loopingcall [None req-2726f3c4-01e8-4beb-9d59-58f15c18c1be None None] Dynamic interval looping call 'nova.service.Service.periodic_tasks' sleeping for 60.00 seconds {{(pid=95799) _run_loop /opt/stack/data/venv/lib/python3.12/site-packages/oslo_service/backend/_threading/loopingcall.py:125}}
Jun 17 06:51:30.267044 np0000003011 nova-scheduler[95803]: DEBUG oslo.service.backend._threading.loopingcall [None req-652223e9-4a8f-4523-bf9b-45242a83438a None None] Dynamic interval looping call 'nova.service.Service.periodic_tasks' sleeping for 60.00 seconds {{(pid=95803) _run_loop /opt/stack/data/venv/lib/python3.12/site-packages/oslo_service/backend/_threading/loopingcall.py:125}}
Jun 17 06:51:32.830796 np0000003011 nova-scheduler[95799]: DEBUG nova.scheduler.manager [None req-e9714ce8-3cef-4031-b2e8-a87360fa0442 tempest-AttachSCSIVolumeTestJSON-716437140 tempest-AttachSCSIVolumeTestJSON-716437140-project-member] Starting to schedule for instances: ['62b27b93-aabe-4c50-b672-19477e11c8d4'] {{(pid=95799) select_destinations /opt/stack/nova/nova/scheduler/manager.py:210}}
Jun 17 06:51:32.830796 np0000003011 nova-scheduler[95799]: DEBUG nova.scheduler.request_filter [None req-e9714ce8-3cef-4031-b2e8-a87360fa0442 tempest-AttachSCSIVolumeTestJSON-716437140 tempest-AttachSCSIVolumeTestJSON-716437140-project-member] compute_status_filter request filter added forbidden trait COMPUTE_STATUS_DISABLED {{(pid=95799) compute_status_filter /opt/stack/nova/nova/scheduler/request_filter.py:253}}
Jun 17 06:51:32.830796 np0000003011 nova-scheduler[95799]: DEBUG nova.scheduler.request_filter [None req-e9714ce8-3cef-4031-b2e8-a87360fa0442 tempest-AttachSCSIVolumeTestJSON-716437140 tempest-AttachSCSIVolumeTestJSON-716437140-project-member] Request filter 'compute_status_filter' took 0.0 seconds {{(pid=95799) wrapper /opt/stack/nova/nova/scheduler/request_filter.py:46}}
Jun 17 06:51:32.830796 np0000003011 nova-scheduler[95799]: DEBUG nova.scheduler.request_filter [None req-e9714ce8-3cef-4031-b2e8-a87360fa0442 tempest-AttachSCSIVolumeTestJSON-716437140 tempest-AttachSCSIVolumeTestJSON-716437140-project-member] Request filter 'accelerators_filter' took 0.0 seconds {{(pid=95799) wrapper /opt/stack/nova/nova/scheduler/request_filter.py:46}}
Jun 17 06:51:32.830796 np0000003011 nova-scheduler[95799]: DEBUG nova.scheduler.request_filter [None req-e9714ce8-3cef-4031-b2e8-a87360fa0442 tempest-AttachSCSIVolumeTestJSON-716437140 tempest-AttachSCSIVolumeTestJSON-716437140-project-member] Request filter 'packed_virtqueue_filter' took 0.0 seconds {{(pid=95799) wrapper /opt/stack/nova/nova/scheduler/request_filter.py:46}}
Jun 17 06:51:32.831620 np0000003011 nova-scheduler[95799]: DEBUG nova.scheduler.request_filter [None req-e9714ce8-3cef-4031-b2e8-a87360fa0442 tempest-AttachSCSIVolumeTestJSON-716437140 tempest-AttachSCSIVolumeTestJSON-716437140-project-member] Request filter 'remote_managed_ports_filter' took 0.0 seconds {{(pid=95799) wrapper /opt/stack/nova/nova/scheduler/request_filter.py:46}}
Jun 17 06:51:32.832094 np0000003011 nova-scheduler[95799]: DEBUG nova.scheduler.request_filter [None req-e9714ce8-3cef-4031-b2e8-a87360fa0442 tempest-AttachSCSIVolumeTestJSON-716437140 tempest-AttachSCSIVolumeTestJSON-716437140-project-member] ephemeral_encryption_filter skipped {{(pid=95799) ephemeral_encryption_filter /opt/stack/nova/nova/scheduler/request_filter.py:426}}
Jun 17 06:51:32.832327 np0000003011 nova-scheduler[95799]: DEBUG nova.scheduler.request_filter [None req-e9714ce8-3cef-4031-b2e8-a87360fa0442 tempest-AttachSCSIVolumeTestJSON-716437140 tempest-AttachSCSIVolumeTestJSON-716437140-project-member] virtio_sound_filter skipped {{(pid=95799) virtio_sound_filter /opt/stack/nova/nova/scheduler/request_filter.py:460}}
Jun 17 06:51:32.832595 np0000003011 nova-scheduler[95799]: DEBUG nova.scheduler.request_filter [None req-e9714ce8-3cef-4031-b2e8-a87360fa0442 tempest-AttachSCSIVolumeTestJSON-716437140 tempest-AttachSCSIVolumeTestJSON-716437140-project-member] tpm_secret_security_filter skipped {{(pid=95799) tpm_secret_security_filter /opt/stack/nova/nova/scheduler/request_filter.py:477}}
Jun 17 06:51:32.934870 np0000003011 nova-scheduler[95799]: INFO nova.utils [None req-e9714ce8-3cef-4031-b2e8-a87360fa0442 tempest-AttachSCSIVolumeTestJSON-716437140 tempest-AttachSCSIVolumeTestJSON-716437140-project-member] The cell worker thread pool ForkProcess-1.cell_worker is initialized
Jun 17 06:51:32.935062 np0000003011 nova-scheduler[95799]: DEBUG oslo_concurrency.lockutils [None req-e9714ce8-3cef-4031-b2e8-a87360fa0442 tempest-AttachSCSIVolumeTestJSON-716437140 tempest-AttachSCSIVolumeTestJSON-716437140-project-member] Acquiring lock "aa84283c-34e1-4351-ac0f-64746adf3dd5" by "nova.context.set_target_cell..get_or_set_cached_cell_and_set_connections" {{(pid=95799) inner /opt/stack/data/venv/lib/python3.12/site-packages/oslo_concurrency/lockutils.py:511}}
Jun 17 06:51:32.935128 np0000003011 nova-scheduler[95799]: DEBUG oslo_concurrency.lockutils [None req-e9714ce8-3cef-4031-b2e8-a87360fa0442 tempest-AttachSCSIVolumeTestJSON-716437140 tempest-AttachSCSIVolumeTestJSON-716437140-project-member] Lock "aa84283c-34e1-4351-ac0f-64746adf3dd5" acquired by "nova.context.set_target_cell..get_or_set_cached_cell_and_set_connections" :: waited 0.000s {{(pid=95799) inner /opt/stack/data/venv/lib/python3.12/site-packages/oslo_concurrency/lockutils.py:524}}
Jun 17 06:51:32.936477 np0000003011 nova-scheduler[95799]: DEBUG oslo_concurrency.lockutils [None req-e9714ce8-3cef-4031-b2e8-a87360fa0442 tempest-AttachSCSIVolumeTestJSON-716437140 tempest-AttachSCSIVolumeTestJSON-716437140-project-member] Lock "aa84283c-34e1-4351-ac0f-64746adf3dd5" "released" by "nova.context.set_target_cell..get_or_set_cached_cell_and_set_connections" :: held 0.001s {{(pid=95799) inner /opt/stack/data/venv/lib/python3.12/site-packages/oslo_concurrency/lockutils.py:543}}
Jun 17 06:51:32.939127 np0000003011 nova-scheduler[95799]: INFO dbcounter [None req-e9714ce8-3cef-4031-b2e8-a87360fa0442 tempest-AttachSCSIVolumeTestJSON-716437140 tempest-AttachSCSIVolumeTestJSON-716437140-project-member] Registered counter for database nova_cell1
Jun 17 06:51:32.988934 np0000003011 nova-scheduler[95799]: DEBUG oslo_db.sqlalchemy.engines [None req-e9714ce8-3cef-4031-b2e8-a87360fa0442 tempest-AttachSCSIVolumeTestJSON-716437140 tempest-AttachSCSIVolumeTestJSON-716437140-project-member] MySQL server mode set to STRICT_TRANS_TABLES,STRICT_ALL_TABLES,NO_ZERO_IN_DATE,NO_ZERO_DATE,ERROR_FOR_DIVISION_BY_ZERO,TRADITIONAL,NO_ENGINE_SUBSTITUTION {{(pid=95799) _check_effective_sql_mode /opt/stack/data/venv/lib/python3.12/site-packages/oslo_db/sqlalchemy/engines.py:325}}
Jun 17 06:51:32.995789 np0000003011 nova-scheduler[95799]: DEBUG dbcounter [-] [95799] Writer thread running {{(pid=95799) stat_writer /opt/stack/data/venv/lib/python3.12/site-packages/dbcounter.py:102}}
Jun 17 06:51:33.058267 np0000003011 nova-scheduler[95799]: DEBUG dbcounter [-] [95799] Writer thread running {{(pid=95799) stat_writer /opt/stack/data/venv/lib/python3.12/site-packages/dbcounter.py:102}}
Jun 17 06:51:33.061132 np0000003011 nova-scheduler[95799]: DEBUG oslo_concurrency.lockutils [None req-e9714ce8-3cef-4031-b2e8-a87360fa0442 tempest-AttachSCSIVolumeTestJSON-716437140 tempest-AttachSCSIVolumeTestJSON-716437140-project-member] Acquiring lock "aa84283c-34e1-4351-ac0f-64746adf3dd5" by "nova.context.set_target_cell..get_or_set_cached_cell_and_set_connections" {{(pid=95799) inner /opt/stack/data/venv/lib/python3.12/site-packages/oslo_concurrency/lockutils.py:511}}
Jun 17 06:51:33.061327 np0000003011 nova-scheduler[95799]: DEBUG oslo_concurrency.lockutils [None req-e9714ce8-3cef-4031-b2e8-a87360fa0442 tempest-AttachSCSIVolumeTestJSON-716437140 tempest-AttachSCSIVolumeTestJSON-716437140-project-member] Lock "aa84283c-34e1-4351-ac0f-64746adf3dd5" acquired by "nova.context.set_target_cell..get_or_set_cached_cell_and_set_connections" :: waited 0.000s {{(pid=95799) inner /opt/stack/data/venv/lib/python3.12/site-packages/oslo_concurrency/lockutils.py:524}}
Jun 17 06:51:33.061548 np0000003011 nova-scheduler[95799]: DEBUG oslo_concurrency.lockutils [None req-e9714ce8-3cef-4031-b2e8-a87360fa0442 tempest-AttachSCSIVolumeTestJSON-716437140 tempest-AttachSCSIVolumeTestJSON-716437140-project-member] Lock "aa84283c-34e1-4351-ac0f-64746adf3dd5" "released" by "nova.context.set_target_cell..get_or_set_cached_cell_and_set_connections" :: held 0.000s {{(pid=95799) inner /opt/stack/data/venv/lib/python3.12/site-packages/oslo_concurrency/lockutils.py:543}}
