Jun 30 18:21:20.439232 np0000004019 devstack@g-api.service[99609]: DEBUG glance.api.middleware.version_negotiation [None req-a5ceea08-12eb-4389-b451-73d7e579a554 tempest-TestEncryptedCinderVolumes-127315955 tempest-TestEncryptedCinderVolumes-127315955-project-member] Using url versioning {{(pid=99609) process_request /opt/stack/glance/glance/api/middleware/version_negotiation.py:57}}
Jun 30 18:21:20.440177 np0000004019 devstack@g-api.service[99609]: DEBUG glance.api.middleware.version_negotiation [None req-a5ceea08-12eb-4389-b451-73d7e579a554 tempest-TestEncryptedCinderVolumes-127315955 tempest-TestEncryptedCinderVolumes-127315955-project-member] Matched version: v2 {{(pid=99609) process_request /opt/stack/glance/glance/api/middleware/version_negotiation.py:69}}
Jun 30 18:21:20.440177 np0000004019 devstack@g-api.service[99609]: DEBUG glance.api.middleware.version_negotiation [None req-a5ceea08-12eb-4389-b451-73d7e579a554 tempest-TestEncryptedCinderVolumes-127315955 tempest-TestEncryptedCinderVolumes-127315955-project-member] new path /v2/images {{(pid=99609) process_request /opt/stack/glance/glance/api/middleware/version_negotiation.py:70}}
Jun 30 18:21:21.177918 np0000004019 devstack@g-api.service[99609]: [pid: 99609|app: 0|req: 94/288] 127.0.0.1 () {46 vars in 1055 bytes} [Tue Jun 30 18:21:20 2026] POST /v2/images => generated 1357 bytes in 739 msecs (HTTP/1.1 201) 6 headers in 316 bytes (1 switches on core 0)
Jun 30 18:21:21.260539 np0000004019 devstack@g-api.service[99607]: DEBUG glance.api.middleware.version_negotiation [None req-a5ceea08-12eb-4389-b451-73d7e579a554 tempest-TestEncryptedCinderVolumes-127315955 tempest-TestEncryptedCinderVolumes-127315955-project-member] Determining version of request: GET /v2/images/0ef76990-3c36-40d0-8607-14f4ff610ed5 Accept: application/json {{(pid=99607) process_request /opt/stack/glance/glance/api/middleware/version_negotiation.py:44}}
Jun 30 18:21:21.260918 np0000004019 devstack@g-api.service[99607]: DEBUG glance.api.middleware.version_negotiation [None req-a5ceea08-12eb-4389-b451-73d7e579a554 tempest-TestEncryptedCinderVolumes-127315955 tempest-TestEncryptedCinderVolumes-127315955-project-member] Using url versioning {{(pid=99607) process_request /opt/stack/glance/glance/api/middleware/version_negotiation.py:57}}
Jun 30 18:21:21.260918 np0000004019 devstack@g-api.service[99607]: DEBUG glance.api.middleware.version_negotiation [None req-a5ceea08-12eb-4389-b451-73d7e579a554 tempest-TestEncryptedCinderVolumes-127315955 tempest-TestEncryptedCinderVolumes-127315955-project-member] Matched version: v2 {{(pid=99607) process_request /opt/stack/glance/glance/api/middleware/version_negotiation.py:69}}
Jun 30 18:21:21.261030 np0000004019 devstack@g-api.service[99607]: DEBUG glance.api.middleware.version_negotiation [None req-a5ceea08-12eb-4389-b451-73d7e579a554 tempest-TestEncryptedCinderVolumes-127315955 tempest-TestEncryptedCinderVolumes-127315955-project-member] new path /v2/images/0ef76990-3c36-40d0-8607-14f4ff610ed5 {{(pid=99607) process_request /opt/stack/glance/glance/api/middleware/version_negotiation.py:70}}
Jun 30 18:21:21.277711 np0000004019 devstack@g-api.service[99607]: [pid: 99607|app: 0|req: 101/289] 127.0.0.1 () {40 vars in 838 bytes} [Tue Jun 30 18:21:21 2026] GET /v2/images/0ef76990-3c36-40d0-8607-14f4ff610ed5 => generated 1357 bytes in 17 msecs (HTTP/1.1 200) 4 headers in 158 bytes (1 switches on core 0)
Jun 30 18:21:22.290765 np0000004019 devstack@g-api.service[99608]: DEBUG glance.api.middleware.version_negotiation [None req-fb6eef62-16a5-4b30-abc9-cbd0412cc9e6 tempest-ServerBootFromVolumeStableRescueTest-182837038 tempest-ServerBootFromVolumeStableRescueTest-182837038-project-member] Determining version of request: GET /v2/images/0ef76990-3c36-40d0-8607-14f4ff610ed5 Accept: application/json {{(pid=99608) process_request /opt/stack/glance/glance/api/middleware/version_negotiation.py:44}}
Jun 30 18:21:22.291295 np0000004019 devstack@g-api.service[99608]: DEBUG glance.api.middleware.version_negotiation [None req-fb6eef62-16a5-4b30-abc9-cbd0412cc9e6 tempest-ServerBootFromVolumeStableRescueTest-182837038 tempest-ServerBootFromVolumeStableRescueTest-182837038-project-member] Using url versioning {{(pid=99608) process_request /opt/stack/glance/glance/api/middleware/version_negotiation.py:57}}
Jun 30 18:21:22.291295 np0000004019 devstack@g-api.service[99608]: DEBUG glance.api.middleware.version_negotiation [None req-fb6eef62-16a5-4b30-abc9-cbd0412cc9e6 tempest-ServerBootFromVolumeStableRescueTest-182837038 tempest-ServerBootFromVolumeStableRescueTest-182837038-project-member] Matched version: v2 {{(pid=99608) process_request /opt/stack/glance/glance/api/middleware/version_negotiation.py:69}}
Jun 30 18:21:22.291396 np0000004019 devstack@g-api.service[99608]: DEBUG glance.api.middleware.version_negotiation [None req-fb6eef62-16a5-4b30-abc9-cbd0412cc9e6 tempest-ServerBootFromVolumeStableRescueTest-182837038 tempest-ServerBootFromVolumeStableRescueTest-182837038-project-member] new path /v2/images/0ef76990-3c36-40d0-8607-14f4ff610ed5 {{(pid=99608) process_request /opt/stack/glance/glance/api/middleware/version_negotiation.py:70}}
Jun 30 18:21:22.309198 np0000004019 devstack@g-api.service[99608]: [pid: 99608|app: 0|req: 95/290] 127.0.0.1 () {40 vars in 838 bytes} [Tue Jun 30 18:21:22 2026] GET /v2/images/0ef76990-3c36-40d0-8607-14f4ff610ed5 => generated 1357 bytes in 18 msecs (HTTP/1.1 200) 4 headers in 158 bytes (1 switches on core 0)
Jun 30 18:21:22.861054 np0000004019 devstack@g-api.service[99609]: DEBUG glance.api.middleware.version_negotiation [None req-fb6eef62-16a5-4b30-abc9-cbd0412cc9e6 tempest-ServerBootFromVolumeStableRescueTest-182837038 tempest-ServerBootFromVolumeStableRescueTest-182837038-project-member] Determining version of request: GET /v2/images/0ef76990-3c36-40d0-8607-14f4ff610ed5 Accept: */* {{(pid=99609) process_request /opt/stack/glance/glance/api/middleware/version_negotiation.py:44}}
Jun 30 18:21:22.861489 np0000004019 devstack@g-api.service[99609]: DEBUG glance.api.middleware.version_negotiation [None req-fb6eef62-16a5-4b30-abc9-cbd0412cc9e6 tempest-ServerBootFromVolumeStableRescueTest-182837038 tempest-ServerBootFromVolumeStableRescueTest-182837038-project-member] Using url versioning {{(pid=99609) process_request /opt/stack/glance/glance/api/middleware/version_negotiation.py:57}}
Jun 30 18:21:22.861537 np0000004019 devstack@g-api.service[99609]: DEBUG glance.api.middleware.version_negotiation [None req-fb6eef62-16a5-4b30-abc9-cbd0412cc9e6 tempest-ServerBootFromVolumeStableRescueTest-182837038 tempest-ServerBootFromVolumeStableRescueTest-182837038-project-member] Matched version: v2 {{(pid=99609) process_request /opt/stack/glance/glance/api/middleware/version_negotiation.py:69}}
Jun 30 18:21:22.861703 np0000004019 devstack@g-api.service[99609]: DEBUG glance.api.middleware.version_negotiation [None req-fb6eef62-16a5-4b30-abc9-cbd0412cc9e6 tempest-ServerBootFromVolumeStableRescueTest-182837038 tempest-ServerBootFromVolumeStableRescueTest-182837038-project-member] new path /v2/images/0ef76990-3c36-40d0-8607-14f4ff610ed5 {{(pid=99609) process_request /opt/stack/glance/glance/api/middleware/version_negotiation.py:70}}
Jun 30 18:21:22.875748 np0000004019 devstack@g-api.service[99609]: [pid: 99609|app: 0|req: 95/291] 127.0.0.1 () {44 vars in 1115 bytes} [Tue Jun 30 18:21:22 2026] GET /v2/images/0ef76990-3c36-40d0-8607-14f4ff610ed5 => generated 1357 bytes in 15 msecs (HTTP/1.1 200) 4 headers in 158 bytes (1 switches on core 0)
Jun 30 18:21:22.936139 np0000004019 devstack@g-api.service[99607]: DEBUG glance.api.middleware.version_negotiation [None req-2b4ffacf-498c-4b05-a6d4-62760f5f4c00 tempest-ServerBootFromVolumeStableRescueTest-182837038 tempest-ServerBootFromVolumeStableRescueTest-182837038-project-member] Determining version of request: GET /v2/schemas/image Accept: */* {{(pid=99607) process_request /opt/stack/glance/glance/api/middleware/version_negotiation.py:44}}
Jun 30 18:21:22.936139 np0000004019 devstack@g-api.service[99607]: DEBUG glance.api.middleware.version_negotiation [None req-2b4ffacf-498c-4b05-a6d4-62760f5f4c00 tempest-ServerBootFromVolumeStableRescueTest-182837038 tempest-ServerBootFromVolumeStableRescueTest-182837038-project-member] Using url versioning {{(pid=99607) process_request /opt/stack/glance/glance/api/middleware/version_negotiation.py:57}}
Jun 30 18:21:22.936139 np0000004019 devstack@g-api.service[99607]: DEBUG glance.api.middleware.version_negotiation [None req-2b4ffacf-498c-4b05-a6d4-62760f5f4c00 tempest-ServerBootFromVolumeStableRescueTest-182837038 tempest-ServerBootFromVolumeStableRescueTest-182837038-project-member] Matched version: v2 {{(pid=99607) process_request /opt/stack/glance/glance/api/middleware/version_negotiation.py:69}}
Jun 30 18:21:22.936139 np0000004019 devstack@g-api.service[99607]: DEBUG glance.api.middleware.version_negotiation [None req-2b4ffacf-498c-4b05-a6d4-62760f5f4c00 tempest-ServerBootFromVolumeStableRescueTest-182837038 tempest-ServerBootFromVolumeStableRescueTest-182837038-project-member] new path /v2/schemas/image {{(pid=99607) process_request /opt/stack/glance/glance/api/middleware/version_negotiation.py:70}}
Jun 30 18:21:22.937236 np0000004019 devstack@g-api.service[99607]: [pid: 99607|app: 0|req: 102/292] 127.0.0.1 () {44 vars in 1055 bytes} [Tue Jun 30 18:21:22 2026] GET /v2/schemas/image => generated 6083 bytes in 3 msecs (HTTP/1.1 200) 4 headers in 158 bytes (1 switches on core 0)
Jun 30 18:21:23.325466 np0000004019 devstack@g-api.service[99608]: DEBUG glance.api.middleware.version_negotiation [None req-d628bae9-2cf7-476e-836a-b583126bb0bf tempest-ServerBootFromVolumeStableRescueTest-182837038 tempest-ServerBootFromVolumeStableRescueTest-182837038-project-member] Determining version of request: GET /v2/images/0ef76990-3c36-40d0-8607-14f4ff610ed5 Accept: application/json {{(pid=99608) process_request /opt/stack/glance/glance/api/middleware/version_negotiation.py:44}}
Jun 30 18:21:23.325928 np0000004019 devstack@g-api.service[99608]: DEBUG glance.api.middleware.version_negotiation [None req-d628bae9-2cf7-476e-836a-b583126bb0bf tempest-ServerBootFromVolumeStableRescueTest-182837038 tempest-ServerBootFromVolumeStableRescueTest-182837038-project-member] Using url versioning {{(pid=99608) process_request /opt/stack/glance/glance/api/middleware/version_negotiation.py:57}}
Jun 30 18:21:23.325928 np0000004019 devstack@g-api.service[99608]: DEBUG glance.api.middleware.version_negotiation [None req-d628bae9-2cf7-476e-836a-b583126bb0bf tempest-ServerBootFromVolumeStableRescueTest-182837038 tempest-ServerBootFromVolumeStableRescueTest-182837038-project-member] Matched version: v2 {{(pid=99608) process_request /opt/stack/glance/glance/api/middleware/version_negotiation.py:69}}
Jun 30 18:21:23.326115 np0000004019 devstack@g-api.service[99608]: DEBUG glance.api.middleware.version_negotiation [None req-d628bae9-2cf7-476e-836a-b583126bb0bf tempest-ServerBootFromVolumeStableRescueTest-182837038 tempest-ServerBootFromVolumeStableRescueTest-182837038-project-member] new path /v2/images/0ef76990-3c36-40d0-8607-14f4ff610ed5 {{(pid=99608) process_request /opt/stack/glance/glance/api/middleware/version_negotiation.py:70}}
Jun 30 18:21:23.348398 np0000004019 devstack@g-api.service[99608]: [pid: 99608|app: 0|req: 96/293] 127.0.0.1 () {40 vars in 838 bytes} [Tue Jun 30 18:21:23 2026] GET /v2/images/0ef76990-3c36-40d0-8607-14f4ff610ed5 => generated 1357 bytes in 23 msecs (HTTP/1.1 200) 4 headers in 158 bytes (1 switches on core 0)
Jun 30 18:21:24.356671 np0000004019 devstack@g-api.service[99609]: DEBUG glance.api.middleware.version_negotiation [None req-fb6eef62-16a5-4b30-abc9-cbd0412cc9e6 tempest-ServerBootFromVolumeStableRescueTest-182837038 tempest-ServerBootFromVolumeStableRescueTest-182837038-project-member] Determining version of request: GET /v2/images/0ef76990-3c36-40d0-8607-14f4ff610ed5 Accept: application/json {{(pid=99609) process_request /opt/stack/glance/glance/api/middleware/version_negotiation.py:44}}
Jun 30 18:21:24.357063 np0000004019 devstack@g-api.service[99609]: DEBUG glance.api.middleware.version_negotiation [None req-fb6eef62-16a5-4b30-abc9-cbd0412cc9e6 tempest-ServerBootFromVolumeStableRescueTest-182837038 tempest-ServerBootFromVolumeStableRescueTest-182837038-project-member] Using url versioning {{(pid=99609) process_request /opt/stack/glance/glance/api/middleware/version_negotiation.py:57}}
Jun 30 18:21:24.357137 np0000004019 devstack@g-api.service[99609]: DEBUG glance.api.middleware.version_negotiation [None req-fb6eef62-16a5-4b30-abc9-cbd0412cc9e6 tempest-ServerBootFromVolumeStableRescueTest-182837038 tempest-ServerBootFromVolumeStableRescueTest-182837038-project-member] Matched version: v2 {{(pid=99609) process_request /opt/stack/glance/glance/api/middleware/version_negotiation.py:69}}
Jun 30 18:21:24.357583 np0000004019 devstack@g-api.service[99609]: DEBUG glance.api.middleware.version_negotiation [None req-fb6eef62-16a5-4b30-abc9-cbd0412cc9e6 tempest-ServerBootFromVolumeStableRescueTest-182837038 tempest-ServerBootFromVolumeStableRescueTest-182837038-project-member] new path /v2/images/0ef76990-3c36-40d0-8607-14f4ff610ed5 {{(pid=99609) process_request /opt/stack/glance/glance/api/middleware/version_negotiation.py:70}}
Jun 30 18:21:24.387062 np0000004019 devstack@g-api.service[99609]: [pid: 99609|app: 0|req: 96/294] 127.0.0.1 () {40 vars in 838 bytes} [Tue Jun 30 18:21:24 2026] GET /v2/images/0ef76990-3c36-40d0-8607-14f4ff610ed5 => generated 1357 bytes in 31 msecs (HTTP/1.1 200) 4 headers in 158 bytes (1 switches on core 0)
Jun 30 18:21:25.399557 np0000004019 devstack@g-api.service[99607]: DEBUG glance.api.middleware.version_negotiation [None req-fb6eef62-16a5-4b30-abc9-cbd0412cc9e6 tempest-ServerBootFromVolumeStableRescueTest-182837038 tempest-ServerBootFromVolumeStableRescueTest-182837038-project-member] Determining version of request: GET /v2/images/0ef76990-3c36-40d0-8607-14f4ff610ed5 Accept: application/json {{(pid=99607) process_request /opt/stack/glance/glance/api/middleware/version_negotiation.py:44}}
Jun 30 18:21:25.400073 np0000004019 devstack@g-api.service[99607]: DEBUG glance.api.middleware.version_negotiation [None req-fb6eef62-16a5-4b30-abc9-cbd0412cc9e6 tempest-ServerBootFromVolumeStableRescueTest-182837038 tempest-ServerBootFromVolumeStableRescueTest-182837038-project-member] Using url versioning {{(pid=99607) process_request /opt/stack/glance/glance/api/middleware/version_negotiation.py:57}}
Jun 30 18:21:25.400164 np0000004019 devstack@g-api.service[99607]: DEBUG glance.api.middleware.version_negotiation [None req-fb6eef62-16a5-4b30-abc9-cbd0412cc9e6 tempest-ServerBootFromVolumeStableRescueTest-182837038 tempest-ServerBootFromVolumeStableRescueTest-182837038-project-member] Matched version: v2 {{(pid=99607) process_request /opt/stack/glance/glance/api/middleware/version_negotiation.py:69}}
Jun 30 18:21:25.400364 np0000004019 devstack@g-api.service[99607]: DEBUG glance.api.middleware.version_negotiation [None req-fb6eef62-16a5-4b30-abc9-cbd0412cc9e6 tempest-ServerBootFromVolumeStableRescueTest-182837038 tempest-ServerBootFromVolumeStableRescueTest-182837038-project-member] new path /v2/images/0ef76990-3c36-40d0-8607-14f4ff610ed5 {{(pid=99607) process_request /opt/stack/glance/glance/api/middleware/version_negotiation.py:70}}
Jun 30 18:21:25.416983 np0000004019 devstack@g-api.service[99607]: [pid: 99607|app: 0|req: 103/295] 127.0.0.1 () {40 vars in 838 bytes} [Tue Jun 30 18:21:25 2026] GET /v2/images/0ef76990-3c36-40d0-8607-14f4ff610ed5 => generated 1357 bytes in 18 msecs (HTTP/1.1 200) 4 headers in 158 bytes (1 switches on core 0)
Jun 30 18:21:25.915557 np0000004019 devstack@g-api.service[99608]: DEBUG glance.api.middleware.version_negotiation [None req-f825dcf3-b90f-48af-9446-f887128ebdcd tempest-ServerBootFromVolumeStableRescueTest-182837038 tempest-ServerBootFromVolumeStableRescueTest-182837038-project-member] Determining version of request: GET /v2/images/0ef76990-3c36-40d0-8607-14f4ff610ed5 Accept: */* {{(pid=99608) process_request /opt/stack/glance/glance/api/middleware/version_negotiation.py:44}}
Jun 30 18:21:25.916058 np0000004019 devstack@g-api.service[99608]: DEBUG glance.api.middleware.version_negotiation [None req-f825dcf3-b90f-48af-9446-f887128ebdcd tempest-ServerBootFromVolumeStableRescueTest-182837038 tempest-ServerBootFromVolumeStableRescueTest-182837038-project-member] Using url versioning {{(pid=99608) process_request /opt/stack/glance/glance/api/middleware/version_negotiation.py:57}}
Jun 30 18:21:25.916058 np0000004019 devstack@g-api.service[99608]: DEBUG glance.api.middleware.version_negotiation [None req-f825dcf3-b90f-48af-9446-f887128ebdcd tempest-ServerBootFromVolumeStableRescueTest-182837038 tempest-ServerBootFromVolumeStableRescueTest-182837038-project-member] Matched version: v2 {{(pid=99608) process_request /opt/stack/glance/glance/api/middleware/version_negotiation.py:69}}
Jun 30 18:21:25.916058 np0000004019 devstack@g-api.service[99608]: DEBUG glance.api.middleware.version_negotiation [None req-f825dcf3-b90f-48af-9446-f887128ebdcd tempest-ServerBootFromVolumeStableRescueTest-182837038 tempest-ServerBootFromVolumeStableRescueTest-182837038-project-member] new path /v2/images/0ef76990-3c36-40d0-8607-14f4ff610ed5 {{(pid=99608) process_request /opt/stack/glance/glance/api/middleware/version_negotiation.py:70}}
Jun 30 18:21:25.939349 np0000004019 devstack@g-api.service[99608]: [pid: 99608|app: 0|req: 97/296] 127.0.0.1 () {44 vars in 1115 bytes} [Tue Jun 30 18:21:25 2026] GET /v2/images/0ef76990-3c36-40d0-8607-14f4ff610ed5 => generated 1357 bytes in 24 msecs (HTTP/1.1 200) 4 headers in 158 bytes (1 switches on core 0)
Jun 30 18:21:25.965556 np0000004019 devstack@g-api.service[99609]: DEBUG glance.api.middleware.version_negotiation [None req-930831b0-bbb2-414d-92be-3865dacce821 tempest-ServerBootFromVolumeStableRescueTest-182837038 tempest-ServerBootFromVolumeStableRescueTest-182837038-project-member] Determining version of request: GET /v2/schemas/image Accept: */* {{(pid=99609) process_request /opt/stack/glance/glance/api/middleware/version_negotiation.py:44}}
Jun 30 18:21:25.966030 np0000004019 devstack@g-api.service[99609]: DEBUG glance.api.middleware.version_negotiation [None req-930831b0-bbb2-414d-92be-3865dacce821 tempest-ServerBootFromVolumeStableRescueTest-182837038 tempest-ServerBootFromVolumeStableRescueTest-182837038-project-member] Using url versioning {{(pid=99609) process_request /opt/stack/glance/glance/api/middleware/version_negotiation.py:57}}
Jun 30 18:21:25.966030 np0000004019 devstack@g-api.service[99609]: DEBUG glance.api.middleware.version_negotiation [None req-930831b0-bbb2-414d-92be-3865dacce821 tempest-ServerBootFromVolumeStableRescueTest-182837038 tempest-ServerBootFromVolumeStableRescueTest-182837038-project-member] Matched version: v2 {{(pid=99609) process_request /opt/stack/glance/glance/api/middleware/version_negotiation.py:69}}
Jun 30 18:21:25.966170 np0000004019 devstack@g-api.service[99609]: DEBUG glance.api.middleware.version_negotiation [None req-930831b0-bbb2-414d-92be-3865dacce821 tempest-ServerBootFromVolumeStableRescueTest-182837038 tempest-ServerBootFromVolumeStableRescueTest-182837038-project-member] new path /v2/schemas/image {{(pid=99609) process_request /opt/stack/glance/glance/api/middleware/version_negotiation.py:70}}
Jun 30 18:21:25.969859 np0000004019 devstack@g-api.service[99609]: [pid: 99609|app: 0|req: 97/297] 127.0.0.1 () {44 vars in 1055 bytes} [Tue Jun 30 18:21:25 2026] GET /v2/schemas/image => generated 6083 bytes in 4 msecs (HTTP/1.1 200) 4 headers in 158 bytes (1 switches on core 0)
Jun 30 18:21:26.001601 np0000004019 devstack@g-api.service[99607]: DEBUG glance.api.middleware.version_negotiation [None req-f0c5c8cd-17c0-4bb5-a1bc-6a9dd1ac9e2f tempest-ServerBootFromVolumeStableRescueTest-182837038 tempest-ServerBootFromVolumeStableRescueTest-182837038-project-member] Determining version of request: GET /v2/schemas/image Accept: */* {{(pid=99607) process_request /opt/stack/glance/glance/api/middleware/version_negotiation.py:44}}
Jun 30 18:21:26.001676 np0000004019 devstack@g-api.service[99607]: DEBUG glance.api.middleware.version_negotiation [None req-f0c5c8cd-17c0-4bb5-a1bc-6a9dd1ac9e2f tempest-ServerBootFromVolumeStableRescueTest-182837038 tempest-ServerBootFromVolumeStableRescueTest-182837038-project-member] Using url versioning {{(pid=99607) process_request /opt/stack/glance/glance/api/middleware/version_negotiation.py:57}}
Jun 30 18:21:26.001827 np0000004019 devstack@g-api.service[99607]: DEBUG glance.api.middleware.version_negotiation [None req-f0c5c8cd-17c0-4bb5-a1bc-6a9dd1ac9e2f tempest-ServerBootFromVolumeStableRescueTest-182837038 tempest-ServerBootFromVolumeStableRescueTest-182837038-project-member] Matched version: v2 {{(pid=99607) process_request /opt/stack/glance/glance/api/middleware/version_negotiation.py:69}}
Jun 30 18:21:26.001982 np0000004019 devstack@g-api.service[99607]: DEBUG glance.api.middleware.version_negotiation [None req-f0c5c8cd-17c0-4bb5-a1bc-6a9dd1ac9e2f tempest-ServerBootFromVolumeStableRescueTest-182837038 tempest-ServerBootFromVolumeStableRescueTest-182837038-project-member] new path /v2/schemas/image {{(pid=99607) process_request /opt/stack/glance/glance/api/middleware/version_negotiation.py:70}}
Jun 30 18:21:26.007524 np0000004019 devstack@g-api.service[99607]: [pid: 99607|app: 0|req: 104/298] 127.0.0.1 () {44 vars in 1055 bytes} [Tue Jun 30 18:21:26 2026] GET /v2/schemas/image => generated 6083 bytes in 6 msecs (HTTP/1.1 200) 4 headers in 158 bytes (1 switches on core 0)
Jun 30 18:21:26.052301 np0000004019 devstack@g-api.service[99608]: DEBUG glance.api.middleware.version_negotiation [None req-fb6eef62-16a5-4b30-abc9-cbd0412cc9e6 tempest-ServerBootFromVolumeStableRescueTest-182837038 tempest-ServerBootFromVolumeStableRescueTest-182837038-project-member] Determining version of request: PATCH /v2/images/0ef76990-3c36-40d0-8607-14f4ff610ed5 Accept: */* {{(pid=99608) process_request /opt/stack/glance/glance/api/middleware/version_negotiation.py:44}}
Jun 30 18:21:26.053196 np0000004019 devstack@g-api.service[99608]: DEBUG glance.api.middleware.version_negotiation [None req-fb6eef62-16a5-4b30-abc9-cbd0412cc9e6 tempest-ServerBootFromVolumeStableRescueTest-182837038 tempest-ServerBootFromVolumeStableRescueTest-182837038-project-member] Using url versioning {{(pid=99608) process_request /opt/stack/glance/glance/api/middleware/version_negotiation.py:57}}
Jun 30 18:21:26.053196 np0000004019 devstack@g-api.service[99608]: DEBUG glance.api.middleware.version_negotiation [None req-fb6eef62-16a5-4b30-abc9-cbd0412cc9e6 tempest-ServerBootFromVolumeStableRescueTest-182837038 tempest-ServerBootFromVolumeStableRescueTest-182837038-project-member] Matched version: v2 {{(pid=99608) process_request /opt/stack/glance/glance/api/middleware/version_negotiation.py:69}}
Jun 30 18:21:26.053196 np0000004019 devstack@g-api.service[99608]: DEBUG glance.api.middleware.version_negotiation [None req-fb6eef62-16a5-4b30-abc9-cbd0412cc9e6 tempest-ServerBootFromVolumeStableRescueTest-182837038 tempest-ServerBootFromVolumeStableRescueTest-182837038-project-member] new path /v2/images/0ef76990-3c36-40d0-8607-14f4ff610ed5 {{(pid=99608) process_request /opt/stack/glance/glance/api/middleware/version_negotiation.py:70}}
Jun 30 18:21:26.282635 np0000004019 devstack@g-api.service[99608]: [pid: 99608|app: 0|req: 98/299] 127.0.0.1 () {46 vars in 1158 bytes} [Tue Jun 30 18:21:26 2026] PATCH /v2/images/0ef76990-3c36-40d0-8607-14f4ff610ed5 => generated 1468 bytes in 230 msecs (HTTP/1.1 200) 4 headers in 158 bytes (1 switches on core 0)
Jun 30 18:21:26.351236 np0000004019 devstack@g-api.service[99609]: DEBUG glance.api.middleware.version_negotiation [None req-fb6eef62-16a5-4b30-abc9-cbd0412cc9e6 tempest-ServerBootFromVolumeStableRescueTest-182837038 tempest-ServerBootFromVolumeStableRescueTest-182837038-project-member] Determining version of request: GET /v2/images/0ef76990-3c36-40d0-8607-14f4ff610ed5 Accept: */* {{(pid=99609) process_request /opt/stack/glance/glance/api/middleware/version_negotiation.py:44}}
Jun 30 18:21:26.351432 np0000004019 devstack@g-api.service[99609]: DEBUG glance.api.middleware.version_negotiation [None req-fb6eef62-16a5-4b30-abc9-cbd0412cc9e6 tempest-ServerBootFromVolumeStableRescueTest-182837038 tempest-ServerBootFromVolumeStableRescueTest-182837038-project-member] Using url versioning {{(pid=99609) process_request /opt/stack/glance/glance/api/middleware/version_negotiation.py:57}}
Jun 30 18:21:26.351658 np0000004019 devstack@g-api.service[99609]: DEBUG glance.api.middleware.version_negotiation [None req-fb6eef62-16a5-4b30-abc9-cbd0412cc9e6 tempest-ServerBootFromVolumeStableRescueTest-182837038 tempest-ServerBootFromVolumeStableRescueTest-182837038-project-member] Matched version: v2 {{(pid=99609) process_request /opt/stack/glance/glance/api/middleware/version_negotiation.py:69}}
Jun 30 18:21:26.351882 np0000004019 devstack@g-api.service[99609]: DEBUG glance.api.middleware.version_negotiation [None req-fb6eef62-16a5-4b30-abc9-cbd0412cc9e6 tempest-ServerBootFromVolumeStableRescueTest-182837038 tempest-ServerBootFromVolumeStableRescueTest-182837038-project-member] new path /v2/images/0ef76990-3c36-40d0-8607-14f4ff610ed5 {{(pid=99609) process_request /opt/stack/glance/glance/api/middleware/version_negotiation.py:70}}
Jun 30 18:21:26.370843 np0000004019 devstack@g-api.service[99609]: [pid: 99609|app: 0|req: 98/300] 127.0.0.1 () {44 vars in 1115 bytes} [Tue Jun 30 18:21:26 2026] GET /v2/images/0ef76990-3c36-40d0-8607-14f4ff610ed5 => generated 1468 bytes in 20 msecs (HTTP/1.1 200) 4 headers in 158 bytes (1 switches on core 0)
Jun 30 18:21:26.426996 np0000004019 devstack@g-api.service[99607]: DEBUG glance.api.middleware.version_negotiation [None req-fb6eef62-16a5-4b30-abc9-cbd0412cc9e6 tempest-ServerBootFromVolumeStableRescueTest-182837038 tempest-ServerBootFromVolumeStableRescueTest-182837038-project-member] Determining version of request: PUT /v2/images/0ef76990-3c36-40d0-8607-14f4ff610ed5/file Accept: */* {{(pid=99607) process_request /opt/stack/glance/glance/api/middleware/version_negotiation.py:44}}
Jun 30 18:21:26.426996 np0000004019 devstack@g-api.service[99607]: DEBUG glance.api.middleware.version_negotiation [None req-fb6eef62-16a5-4b30-abc9-cbd0412cc9e6 tempest-ServerBootFromVolumeStableRescueTest-182837038 tempest-ServerBootFromVolumeStableRescueTest-182837038-project-member] Using url versioning {{(pid=99607) process_request /opt/stack/glance/glance/api/middleware/version_negotiation.py:57}}
Jun 30 18:21:26.426996 np0000004019 devstack@g-api.service[99607]: DEBUG glance.api.middleware.version_negotiation [None req-fb6eef62-16a5-4b30-abc9-cbd0412cc9e6 tempest-ServerBootFromVolumeStableRescueTest-182837038 tempest-ServerBootFromVolumeStableRescueTest-182837038-project-member] Matched version: v2 {{(pid=99607) process_request /opt/stack/glance/glance/api/middleware/version_negotiation.py:69}}
Jun 30 18:21:26.426996 np0000004019 devstack@g-api.service[99607]: DEBUG glance.api.middleware.version_negotiation [None req-fb6eef62-16a5-4b30-abc9-cbd0412cc9e6 tempest-ServerBootFromVolumeStableRescueTest-182837038 tempest-ServerBootFromVolumeStableRescueTest-182837038-project-member] new path /v2/images/0ef76990-3c36-40d0-8607-14f4ff610ed5/file {{(pid=99607) process_request /opt/stack/glance/glance/api/middleware/version_negotiation.py:70}}
Jun 30 18:21:26.429935 np0000004019 devstack@g-api.service[99608]: DEBUG glance.api.middleware.version_negotiation [None req-fb6eef62-16a5-4b30-abc9-cbd0412cc9e6 tempest-ServerBootFromVolumeStableRescueTest-182837038 tempest-ServerBootFromVolumeStableRescueTest-182837038-project-member] Determining version of request: GET /v2/images/0ef76990-3c36-40d0-8607-14f4ff610ed5 Accept: application/json {{(pid=99608) process_request /opt/stack/glance/glance/api/middleware/version_negotiation.py:44}}
Jun 30 18:21:26.429935 np0000004019 devstack@g-api.service[99608]: DEBUG glance.api.middleware.version_negotiation [None req-fb6eef62-16a5-4b30-abc9-cbd0412cc9e6 tempest-ServerBootFromVolumeStableRescueTest-182837038 tempest-ServerBootFromVolumeStableRescueTest-182837038-project-member] Using url versioning {{(pid=99608) process_request /opt/stack/glance/glance/api/middleware/version_negotiation.py:57}}
Jun 30 18:21:26.429935 np0000004019 devstack@g-api.service[99608]: DEBUG glance.api.middleware.version_negotiation [None req-fb6eef62-16a5-4b30-abc9-cbd0412cc9e6 tempest-ServerBootFromVolumeStableRescueTest-182837038 tempest-ServerBootFromVolumeStableRescueTest-182837038-project-member] Matched version: v2 {{(pid=99608) process_request /opt/stack/glance/glance/api/middleware/version_negotiation.py:69}}
Jun 30 18:21:26.430048 np0000004019 devstack@g-api.service[99608]: DEBUG glance.api.middleware.version_negotiation [None req-fb6eef62-16a5-4b30-abc9-cbd0412cc9e6 tempest-ServerBootFromVolumeStableRescueTest-182837038 tempest-ServerBootFromVolumeStableRescueTest-182837038-project-member] new path /v2/images/0ef76990-3c36-40d0-8607-14f4ff610ed5 {{(pid=99608) process_request /opt/stack/glance/glance/api/middleware/version_negotiation.py:70}}
Jun 30 18:21:26.448371 np0000004019 devstack@g-api.service[99608]: [pid: 99608|app: 0|req: 99/301] 127.0.0.1 () {40 vars in 838 bytes} [Tue Jun 30 18:21:26 2026] GET /v2/images/0ef76990-3c36-40d0-8607-14f4ff610ed5 => generated 1468 bytes in 19 msecs (HTTP/1.1 200) 4 headers in 158 bytes (1 switches on core 0)
Jun 30 18:21:27.054752 np0000004019 devstack@g-api.service[99607]: INFO glance.api.v2.image_data [None req-fb6eef62-16a5-4b30-abc9-cbd0412cc9e6 tempest-ServerBootFromVolumeStableRescueTest-182837038 tempest-ServerBootFromVolumeStableRescueTest-182837038-project-member] Unable to create trust: no such option collect_timing in group [keystone_authtoken] Use the existing user token.
Jun 30 18:21:27.458284 np0000004019 devstack@g-api.service[99609]: DEBUG glance.api.middleware.version_negotiation [None req-fb6eef62-16a5-4b30-abc9-cbd0412cc9e6 tempest-ServerBootFromVolumeStableRescueTest-182837038 tempest-ServerBootFromVolumeStableRescueTest-182837038-project-member] Determining version of request: GET /v2/images/0ef76990-3c36-40d0-8607-14f4ff610ed5 Accept: application/json {{(pid=99609) process_request /opt/stack/glance/glance/api/middleware/version_negotiation.py:44}}
Jun 30 18:21:27.458635 np0000004019 devstack@g-api.service[99609]: DEBUG glance.api.middleware.version_negotiation [None req-fb6eef62-16a5-4b30-abc9-cbd0412cc9e6 tempest-ServerBootFromVolumeStableRescueTest-182837038 tempest-ServerBootFromVolumeStableRescueTest-182837038-project-member] Using url versioning {{(pid=99609) process_request /opt/stack/glance/glance/api/middleware/version_negotiation.py:57}}
Jun 30 18:21:27.458810 np0000004019 devstack@g-api.service[99609]: DEBUG glance.api.middleware.version_negotiation [None req-fb6eef62-16a5-4b30-abc9-cbd0412cc9e6 tempest-ServerBootFromVolumeStableRescueTest-182837038 tempest-ServerBootFromVolumeStableRescueTest-182837038-project-member] Matched version: v2 {{(pid=99609) process_request /opt/stack/glance/glance/api/middleware/version_negotiation.py:69}}
Jun 30 18:21:27.458949 np0000004019 devstack@g-api.service[99609]: DEBUG glance.api.middleware.version_negotiation [None req-fb6eef62-16a5-4b30-abc9-cbd0412cc9e6 tempest-ServerBootFromVolumeStableRescueTest-182837038 tempest-ServerBootFromVolumeStableRescueTest-182837038-project-member] new path /v2/images/0ef76990-3c36-40d0-8607-14f4ff610ed5 {{(pid=99609) process_request /opt/stack/glance/glance/api/middleware/version_negotiation.py:70}}
Jun 30 18:21:27.497226 np0000004019 devstack@g-api.service[99609]: [pid: 99609|app: 0|req: 99/302] 127.0.0.1 () {40 vars in 838 bytes} [Tue Jun 30 18:21:27 2026] GET /v2/images/0ef76990-3c36-40d0-8607-14f4ff610ed5 => generated 1468 bytes in 39 msecs (HTTP/1.1 200) 4 headers in 158 bytes (1 switches on core 0)
Jun 30 18:21:27.837304 np0000004019 devstack@g-api.service[99607]: DEBUG glance.location [None req-fb6eef62-16a5-4b30-abc9-cbd0412cc9e6 tempest-ServerBootFromVolumeStableRescueTest-182837038 tempest-ServerBootFromVolumeStableRescueTest-182837038-project-member] Enabling in-flight format inspection for qcow2 {{(pid=99607) set_data /opt/stack/glance/glance/location.py:616}}
Jun 30 18:21:27.837304 np0000004019 devstack@g-api.service[99607]: DEBUG glance_store.backend [None req-fb6eef62-16a5-4b30-abc9-cbd0412cc9e6 tempest-ServerBootFromVolumeStableRescueTest-182837038 tempest-ServerBootFromVolumeStableRescueTest-182837038-project-member] Attempting to import store swift {{(pid=99607) _load_store /opt/stack/data/venv/lib/python3.12/site-packages/glance_store/backend.py:215}}
Jun 30 18:21:27.839485 np0000004019 devstack@g-api.service[99607]: DEBUG glance_store.capabilities [None req-fb6eef62-16a5-4b30-abc9-cbd0412cc9e6 tempest-ServerBootFromVolumeStableRescueTest-182837038 tempest-ServerBootFromVolumeStableRescueTest-182837038-project-member] Store glance_store._drivers.swift.store.SingleTenantStore doesn't support updating dynamic storage capabilities. Please overwrite 'update_capabilities' method of the store to implement updating logics if needed. {{(pid=99607) update_capabilities /opt/stack/data/venv/lib/python3.12/site-packages/glance_store/capabilities.py:91}}
Jun 30 18:21:27.839833 np0000004019 devstack@g-api.service[99607]: DEBUG glance_store.driver [None req-fb6eef62-16a5-4b30-abc9-cbd0412cc9e6 tempest-ServerBootFromVolumeStableRescueTest-182837038 tempest-ServerBootFromVolumeStableRescueTest-182837038-project-member] Late loading location class glance_store._drivers.swift.store.StoreLocation {{(pid=99607) get_store_location_class /opt/stack/data/venv/lib/python3.12/site-packages/glance_store/driver.py:134}}
Jun 30 18:21:27.839833 np0000004019 devstack@g-api.service[99607]: DEBUG glance_store.location [None req-fb6eef62-16a5-4b30-abc9-cbd0412cc9e6 tempest-ServerBootFromVolumeStableRescueTest-182837038 tempest-ServerBootFromVolumeStableRescueTest-182837038-project-member] Registering scheme swift+https with {'store': , 'location_class': , 'store_entry': 'swift'} {{(pid=99607) register_scheme_map /opt/stack/data/venv/lib/python3.12/site-packages/glance_store/location.py:146}}
Jun 30 18:21:27.840204 np0000004019 devstack@g-api.service[99607]: DEBUG glance_store.location [None req-fb6eef62-16a5-4b30-abc9-cbd0412cc9e6 tempest-ServerBootFromVolumeStableRescueTest-182837038 tempest-ServerBootFromVolumeStableRescueTest-182837038-project-member] Registering scheme swift+https with {'store': , 'location_class': , 'store_entry': 'swift'} {{(pid=99607) register_scheme_map /opt/stack/data/venv/lib/python3.12/site-packages/glance_store/location.py:146}}
Jun 30 18:21:27.840204 np0000004019 devstack@g-api.service[99607]: DEBUG glance_store.location [None req-fb6eef62-16a5-4b30-abc9-cbd0412cc9e6 tempest-ServerBootFromVolumeStableRescueTest-182837038 tempest-ServerBootFromVolumeStableRescueTest-182837038-project-member] Registering scheme swift with {'store': , 'location_class': , 'store_entry': 'swift'} {{(pid=99607) register_scheme_map /opt/stack/data/venv/lib/python3.12/site-packages/glance_store/location.py:146}}
Jun 30 18:21:27.840204 np0000004019 devstack@g-api.service[99607]: DEBUG glance_store.location [None req-fb6eef62-16a5-4b30-abc9-cbd0412cc9e6 tempest-ServerBootFromVolumeStableRescueTest-182837038 tempest-ServerBootFromVolumeStableRescueTest-182837038-project-member] Registering scheme swift+https with {'store': , 'location_class': , 'store_entry': 'swift'} {{(pid=99607) register_scheme_map /opt/stack/data/venv/lib/python3.12/site-packages/glance_store/location.py:146}}
Jun 30 18:21:27.840524 np0000004019 devstack@g-api.service[99607]: DEBUG glance_store.location [None req-fb6eef62-16a5-4b30-abc9-cbd0412cc9e6 tempest-ServerBootFromVolumeStableRescueTest-182837038 tempest-ServerBootFromVolumeStableRescueTest-182837038-project-member] Registering scheme swift with {'store': , 'location_class': , 'store_entry': 'swift'} {{(pid=99607) register_scheme_map /opt/stack/data/venv/lib/python3.12/site-packages/glance_store/location.py:146}}
Jun 30 18:21:27.840524 np0000004019 devstack@g-api.service[99607]: DEBUG glance_store.location [None req-fb6eef62-16a5-4b30-abc9-cbd0412cc9e6 tempest-ServerBootFromVolumeStableRescueTest-182837038 tempest-ServerBootFromVolumeStableRescueTest-182837038-project-member] Registering scheme swift+http with {'store': , 'location_class': , 'store_entry': 'swift'} {{(pid=99607) register_scheme_map /opt/stack/data/venv/lib/python3.12/site-packages/glance_store/location.py:146}}
Jun 30 18:21:27.840785 np0000004019 devstack@g-api.service[99607]: DEBUG glance_store.location [None req-fb6eef62-16a5-4b30-abc9-cbd0412cc9e6 tempest-ServerBootFromVolumeStableRescueTest-182837038 tempest-ServerBootFromVolumeStableRescueTest-182837038-project-member] Registering scheme swift+https with {'store': , 'location_class': , 'store_entry': 'swift'} {{(pid=99607) register_scheme_map /opt/stack/data/venv/lib/python3.12/site-packages/glance_store/location.py:146}}
Jun 30 18:21:27.840785 np0000004019 devstack@g-api.service[99607]: DEBUG glance_store.location [None req-fb6eef62-16a5-4b30-abc9-cbd0412cc9e6 tempest-ServerBootFromVolumeStableRescueTest-182837038 tempest-ServerBootFromVolumeStableRescueTest-182837038-project-member] Registering scheme swift with {'store': , 'location_class': , 'store_entry': 'swift'} {{(pid=99607) register_scheme_map /opt/stack/data/venv/lib/python3.12/site-packages/glance_store/location.py:146}}
Jun 30 18:21:27.840785 np0000004019 devstack@g-api.service[99607]: DEBUG glance_store.location [None req-fb6eef62-16a5-4b30-abc9-cbd0412cc9e6 tempest-ServerBootFromVolumeStableRescueTest-182837038 tempest-ServerBootFromVolumeStableRescueTest-182837038-project-member] Registering scheme swift+http with {'store': , 'location_class': , 'store_entry': 'swift'} {{(pid=99607) register_scheme_map /opt/stack/data/venv/lib/python3.12/site-packages/glance_store/location.py:146}}
Jun 30 18:21:27.840928 np0000004019 devstack@g-api.service[99607]: DEBUG glance_store.location [None req-fb6eef62-16a5-4b30-abc9-cbd0412cc9e6 tempest-ServerBootFromVolumeStableRescueTest-182837038 tempest-ServerBootFromVolumeStableRescueTest-182837038-project-member] Registering scheme swift+config with {'store': , 'location_class': , 'store_entry': 'swift'} {{(pid=99607) register_scheme_map /opt/stack/data/venv/lib/python3.12/site-packages/glance_store/location.py:146}}
Jun 30 18:21:28.137410 np0000004019 devstack@g-api.service[99607]: DEBUG swiftclient [None req-fb6eef62-16a5-4b30-abc9-cbd0412cc9e6 tempest-ServerBootFromVolumeStableRescueTest-182837038 tempest-ServerBootFromVolumeStableRescueTest-182837038-project-member] REQ: curl -i https://10.4.3.239:8080/v1/AUTH_3825f4757d294d1593380e86aaf1a7b8/glance -I -H "X-Auth-Token: gAAAAABqRAknr4_b..." {{(pid=99607) http_log /opt/stack/data/venv/lib/python3.12/site-packages/swiftclient/client.py:160}}
Jun 30 18:21:28.138339 np0000004019 devstack@g-api.service[99607]: DEBUG swiftclient [None req-fb6eef62-16a5-4b30-abc9-cbd0412cc9e6 tempest-ServerBootFromVolumeStableRescueTest-182837038 tempest-ServerBootFromVolumeStableRescueTest-182837038-project-member] RESP STATUS: 204 No Content {{(pid=99607) http_log /opt/stack/data/venv/lib/python3.12/site-packages/swiftclient/client.py:161}}
Jun 30 18:21:28.138638 np0000004019 devstack@g-api.service[99607]: DEBUG swiftclient [None req-fb6eef62-16a5-4b30-abc9-cbd0412cc9e6 tempest-ServerBootFromVolumeStableRescueTest-182837038 tempest-ServerBootFromVolumeStableRescueTest-182837038-project-member] RESP HEADERS: {'Date': 'Tue, 30 Jun 2026 18:21:28 GMT', 'Server': 'Apache/2.4.58 (Ubuntu)', 'Content-Type': 'text/plain; charset=utf-8', 'X-Container-Object-Count': '3', 'X-Container-Bytes-Used': '64356352', 'X-Timestamp': '1782843226.34021', 'Last-Modified': 'Tue, 30 Jun 2026 18:13:47 GMT', 'Accept-Ranges': 'bytes', 'X-Storage-Policy': 'Policy-0', 'X-Container-Sharding': 'False', 'Vary': 'Accept', 'X-Trans-Id': 'tx565544613f1c45e79942f-006a440927', 'X-Openstack-Request-Id': 'tx565544613f1c45e79942f-006a440927', 'Connection': 'close'} {{(pid=99607) http_log /opt/stack/data/venv/lib/python3.12/site-packages/swiftclient/client.py:162}}
Jun 30 18:21:28.139526 np0000004019 devstack@g-api.service[99607]: DEBUG glance_store._drivers.swift.store [None req-fb6eef62-16a5-4b30-abc9-cbd0412cc9e6 tempest-ServerBootFromVolumeStableRescueTest-182837038 tempest-ServerBootFromVolumeStableRescueTest-182837038-project-member] Adding image object '0ef76990-3c36-40d0-8607-14f4ff610ed5' to Swift {{(pid=99607) add /opt/stack/data/venv/lib/python3.12/site-packages/glance_store/_drivers/swift/store.py:970}}
Jun 30 18:21:28.139632 np0000004019 devstack@g-api.service[99607]: DEBUG glance_store._drivers.swift.store [None req-fb6eef62-16a5-4b30-abc9-cbd0412cc9e6 tempest-ServerBootFromVolumeStableRescueTest-182837038 tempest-ServerBootFromVolumeStableRescueTest-182837038-project-member] Cannot determine image size because it is either not provided in the request or chunked-transfer encoding is used. Adding image as a segmented object to Swift. {{(pid=99607) add /opt/stack/data/venv/lib/python3.12/site-packages/glance_store/_drivers/swift/store.py:994}}
Jun 30 18:21:28.152569 np0000004019 devstack@g-api.service[99607]: DEBUG oslo_utils.imageutils.format_inspector [None req-fb6eef62-16a5-4b30-abc9-cbd0412cc9e6 tempest-ServerBootFromVolumeStableRescueTest-182837038 tempest-ServerBootFromVolumeStableRescueTest-182837038-project-member] Format inspector for vmdk does not match, excluding from consideration (Signature KDMV not found: b'QFI\xfb') {{(pid=99607) _process_chunk /opt/stack/data/venv/lib/python3.12/site-packages/oslo_utils/imageutils/format_inspector.py:1758}}
Jun 30 18:21:28.158647 np0000004019 devstack@g-api.service[99607]: DEBUG oslo_utils.imageutils.format_inspector [None req-fb6eef62-16a5-4b30-abc9-cbd0412cc9e6 tempest-ServerBootFromVolumeStableRescueTest-182837038 tempest-ServerBootFromVolumeStableRescueTest-182837038-project-member] Format inspector for vhdx does not match, excluding from consideration (Region signature not found at 30000) {{(pid=99607) _process_chunk /opt/stack/data/venv/lib/python3.12/site-packages/oslo_utils/imageutils/format_inspector.py:1758}}
Jun 30 18:21:28.510872 np0000004019 devstack@g-api.service[99608]: DEBUG glance.api.middleware.version_negotiation [None req-3ca63870-9dc0-4fad-a19e-f2a5bc19100e tempest-ServerBootFromVolumeStableRescueTest-182837038 tempest-ServerBootFromVolumeStableRescueTest-182837038-project-member] Determining version of request: GET /v2/images/0ef76990-3c36-40d0-8607-14f4ff610ed5 Accept: application/json {{(pid=99608) process_request /opt/stack/glance/glance/api/middleware/version_negotiation.py:44}}
Jun 30 18:21:28.512242 np0000004019 devstack@g-api.service[99608]: DEBUG glance.api.middleware.version_negotiation [None req-3ca63870-9dc0-4fad-a19e-f2a5bc19100e tempest-ServerBootFromVolumeStableRescueTest-182837038 tempest-ServerBootFromVolumeStableRescueTest-182837038-project-member] Using url versioning {{(pid=99608) process_request /opt/stack/glance/glance/api/middleware/version_negotiation.py:57}}
Jun 30 18:21:28.512769 np0000004019 devstack@g-api.service[99608]: DEBUG glance.api.middleware.version_negotiation [None req-3ca63870-9dc0-4fad-a19e-f2a5bc19100e tempest-ServerBootFromVolumeStableRescueTest-182837038 tempest-ServerBootFromVolumeStableRescueTest-182837038-project-member] Matched version: v2 {{(pid=99608) process_request /opt/stack/glance/glance/api/middleware/version_negotiation.py:69}}
Jun 30 18:21:28.513345 np0000004019 devstack@g-api.service[99608]: DEBUG glance.api.middleware.version_negotiation [None req-3ca63870-9dc0-4fad-a19e-f2a5bc19100e tempest-ServerBootFromVolumeStableRescueTest-182837038 tempest-ServerBootFromVolumeStableRescueTest-182837038-project-member] new path /v2/images/0ef76990-3c36-40d0-8607-14f4ff610ed5 {{(pid=99608) process_request /opt/stack/glance/glance/api/middleware/version_negotiation.py:70}}
Jun 30 18:21:28.531028 np0000004019 devstack@g-api.service[99607]: DEBUG swiftclient [None req-fb6eef62-16a5-4b30-abc9-cbd0412cc9e6 tempest-ServerBootFromVolumeStableRescueTest-182837038 tempest-ServerBootFromVolumeStableRescueTest-182837038-project-member] REQ: curl -i https://10.4.3.239:8080/v1/AUTH_3825f4757d294d1593380e86aaf1a7b8/glance/0ef76990-3c36-40d0-8607-14f4ff610ed5-00001 -X PUT -H "X-Auth-Token: gAAAAABqRAknr4_b..." {{(pid=99607) http_log /opt/stack/data/venv/lib/python3.12/site-packages/swiftclient/client.py:160}}
Jun 30 18:21:28.531179 np0000004019 devstack@g-api.service[99607]: DEBUG swiftclient [None req-fb6eef62-16a5-4b30-abc9-cbd0412cc9e6 tempest-ServerBootFromVolumeStableRescueTest-182837038 tempest-ServerBootFromVolumeStableRescueTest-182837038-project-member] RESP STATUS: 201 Created {{(pid=99607) http_log /opt/stack/data/venv/lib/python3.12/site-packages/swiftclient/client.py:161}}
Jun 30 18:21:28.531261 np0000004019 devstack@g-api.service[99607]: DEBUG swiftclient [None req-fb6eef62-16a5-4b30-abc9-cbd0412cc9e6 tempest-ServerBootFromVolumeStableRescueTest-182837038 tempest-ServerBootFromVolumeStableRescueTest-182837038-project-member] RESP HEADERS: {'Date': 'Tue, 30 Jun 2026 18:21:28 GMT', 'Server': 'Apache/2.4.58 (Ubuntu)', 'Content-Type': 'text/html; charset=UTF-8', 'Content-Length': '0', 'Etag': '4fa343ee581d8d2e78533191fd1ac3e1', 'Last-Modified': 'Tue, 30 Jun 2026 18:21:29 GMT', 'X-Trans-Id': 'tx0ebd66f7260a4aa0a106a-006a440928', 'X-Openstack-Request-Id': 'tx0ebd66f7260a4aa0a106a-006a440928', 'Connection': 'close'} {{(pid=99607) http_log /opt/stack/data/venv/lib/python3.12/site-packages/swiftclient/client.py:162}}
Jun 30 18:21:28.531368 np0000004019 devstack@g-api.service[99607]: DEBUG glance_store._drivers.swift.store [None req-fb6eef62-16a5-4b30-abc9-cbd0412cc9e6 tempest-ServerBootFromVolumeStableRescueTest-182837038 tempest-ServerBootFromVolumeStableRescueTest-182837038-project-member] Wrote chunk 0ef76990-3c36-40d0-8607-14f4ff610ed5-00001 (1/?) of length 23527424 to Swift returning MD5 of content: 4fa343ee581d8d2e78533191fd1ac3e1 {{(pid=99607) add /opt/stack/data/venv/lib/python3.12/site-packages/glance_store/_drivers/swift/store.py:1059}}
Jun 30 18:21:28.531609 np0000004019 devstack@g-api.service[99607]: DEBUG glance_store._drivers.swift.store [None req-fb6eef62-16a5-4b30-abc9-cbd0412cc9e6 tempest-ServerBootFromVolumeStableRescueTest-182837038 tempest-ServerBootFromVolumeStableRescueTest-182837038-project-member] Not writing zero-length chunk. {{(pid=99607) add /opt/stack/data/venv/lib/python3.12/site-packages/glance_store/_drivers/swift/store.py:1028}}
Jun 30 18:21:28.531910 np0000004019 devstack@g-api.service[99608]: [pid: 99608|app: 0|req: 100/303] 127.0.0.1 () {40 vars in 838 bytes} [Tue Jun 30 18:21:28 2026] GET /v2/images/0ef76990-3c36-40d0-8607-14f4ff610ed5 => generated 1468 bytes in 21 msecs (HTTP/1.1 200) 4 headers in 158 bytes (1 switches on core 0)
Jun 30 18:21:28.573064 np0000004019 devstack@g-api.service[99607]: DEBUG swiftclient [None req-fb6eef62-16a5-4b30-abc9-cbd0412cc9e6 tempest-ServerBootFromVolumeStableRescueTest-182837038 tempest-ServerBootFromVolumeStableRescueTest-182837038-project-member] REQ: curl -i https://10.4.3.239:8080/v1/AUTH_3825f4757d294d1593380e86aaf1a7b8/glance/0ef76990-3c36-40d0-8607-14f4ff610ed5 -X PUT -H "X-Object-Manifest: glance/0ef76990-3c36-40d0-8607-14f4ff610ed5-" -H "X-Auth-Token: gAAAAABqRAknr4_b..." -H "Content-Length: 0" {{(pid=99607) http_log /opt/stack/data/venv/lib/python3.12/site-packages/swiftclient/client.py:160}}
Jun 30 18:21:28.573697 np0000004019 devstack@g-api.service[99607]: DEBUG swiftclient [None req-fb6eef62-16a5-4b30-abc9-cbd0412cc9e6 tempest-ServerBootFromVolumeStableRescueTest-182837038 tempest-ServerBootFromVolumeStableRescueTest-182837038-project-member] RESP STATUS: 201 Created {{(pid=99607) http_log /opt/stack/data/venv/lib/python3.12/site-packages/swiftclient/client.py:161}}
Jun 30 18:21:28.574130 np0000004019 devstack@g-api.service[99607]: DEBUG swiftclient [None req-fb6eef62-16a5-4b30-abc9-cbd0412cc9e6 tempest-ServerBootFromVolumeStableRescueTest-182837038 tempest-ServerBootFromVolumeStableRescueTest-182837038-project-member] RESP HEADERS: {'Date': 'Tue, 30 Jun 2026 18:21:28 GMT', 'Server': 'Apache/2.4.58 (Ubuntu)', 'Content-Type': 'text/html; charset=UTF-8', 'Content-Length': '0', 'Etag': 'd41d8cd98f00b204e9800998ecf8427e', 'Last-Modified': 'Tue, 30 Jun 2026 18:21:29 GMT', 'X-Trans-Id': 'txbe3439d466de4d249bb87-006a440928', 'X-Openstack-Request-Id': 'txbe3439d466de4d249bb87-006a440928', 'Connection': 'close'} {{(pid=99607) http_log /opt/stack/data/venv/lib/python3.12/site-packages/swiftclient/client.py:162}}
Jun 30 18:21:28.578117 np0000004019 devstack@g-api.service[99607]: INFO glance.location [None req-fb6eef62-16a5-4b30-abc9-cbd0412cc9e6 tempest-ServerBootFromVolumeStableRescueTest-182837038 tempest-ServerBootFromVolumeStableRescueTest-182837038-project-member] Image format matched and virtual size computed: 1073741824
Jun 30 18:21:28.626124 np0000004019 devstack@g-api.service[99607]: DEBUG glance_store.backend [None req-fb6eef62-16a5-4b30-abc9-cbd0412cc9e6 tempest-ServerBootFromVolumeStableRescueTest-182837038 tempest-ServerBootFromVolumeStableRescueTest-182837038-project-member] Attempting to import store swift {{(pid=99607) _load_store /opt/stack/data/venv/lib/python3.12/site-packages/glance_store/backend.py:215}}
