Jun 30 18:22:35.864595 np0000004019 devstack@g-api.service[99607]: DEBUG glance_store.location [None req-151f16bc-ab49-4328-8823-0d0179bf8fbd tempest-TestVolumeBootPatternV346-331002367 tempest-TestVolumeBootPatternV346-331002367-project-member] Registering scheme swift with {'store': , 'location_class': , 'store_entry': 'swift'} {{(pid=99607) register_scheme_map /opt/stack/data/venv/lib/python3.12/site-packages/glance_store/location.py:146}}
Jun 30 18:22:35.864595 np0000004019 devstack@g-api.service[99607]: DEBUG glance_store.location [None req-151f16bc-ab49-4328-8823-0d0179bf8fbd tempest-TestVolumeBootPatternV346-331002367 tempest-TestVolumeBootPatternV346-331002367-project-member] Registering scheme swift+http with {'store': , 'location_class': , 'store_entry': 'swift'} {{(pid=99607) register_scheme_map /opt/stack/data/venv/lib/python3.12/site-packages/glance_store/location.py:146}}
Jun 30 18:22:35.864595 np0000004019 devstack@g-api.service[99607]: DEBUG glance_store.location [None req-151f16bc-ab49-4328-8823-0d0179bf8fbd tempest-TestVolumeBootPatternV346-331002367 tempest-TestVolumeBootPatternV346-331002367-project-member] Registering scheme swift+https with {'store': , 'location_class': , 'store_entry': 'swift'} {{(pid=99607) register_scheme_map /opt/stack/data/venv/lib/python3.12/site-packages/glance_store/location.py:146}}
Jun 30 18:22:35.864595 np0000004019 devstack@g-api.service[99607]: DEBUG glance_store.location [None req-151f16bc-ab49-4328-8823-0d0179bf8fbd tempest-TestVolumeBootPatternV346-331002367 tempest-TestVolumeBootPatternV346-331002367-project-member] Registering scheme swift with {'store': , 'location_class': , 'store_entry': 'swift'} {{(pid=99607) register_scheme_map /opt/stack/data/venv/lib/python3.12/site-packages/glance_store/location.py:146}}
Jun 30 18:22:35.865575 np0000004019 devstack@g-api.service[99607]: DEBUG glance_store.location [None req-151f16bc-ab49-4328-8823-0d0179bf8fbd tempest-TestVolumeBootPatternV346-331002367 tempest-TestVolumeBootPatternV346-331002367-project-member] Registering scheme swift+http with {'store': , 'location_class': , 'store_entry': 'swift'} {{(pid=99607) register_scheme_map /opt/stack/data/venv/lib/python3.12/site-packages/glance_store/location.py:146}}
Jun 30 18:22:35.865892 np0000004019 devstack@g-api.service[99607]: DEBUG glance_store.location [None req-151f16bc-ab49-4328-8823-0d0179bf8fbd tempest-TestVolumeBootPatternV346-331002367 tempest-TestVolumeBootPatternV346-331002367-project-member] Registering scheme swift+config with {'store': , 'location_class': , 'store_entry': 'swift'} {{(pid=99607) register_scheme_map /opt/stack/data/venv/lib/python3.12/site-packages/glance_store/location.py:146}}
Jun 30 18:22:35.866756 np0000004019 devstack@g-api.service[99607]: DEBUG keystoneclient.auth.identity.v3.base [None req-151f16bc-ab49-4328-8823-0d0179bf8fbd tempest-TestVolumeBootPatternV346-331002367 tempest-TestVolumeBootPatternV346-331002367-project-member] Making authentication request to https://10.4.3.239/identity/v3/auth/tokens {{(pid=99607) get_auth_ref /opt/stack/data/venv/lib/python3.12/site-packages/keystoneclient/auth/identity/v3/base.py:185}}
Jun 30 18:22:35.879749 np0000004019 devstack@g-api.service[99609]: DEBUG glance.api.middleware.version_negotiation [None req-427f5ada-8283-49f9-be69-8191eb705a4d tempest-ServerBootFromVolumeStableRescueTest-182837038 tempest-ServerBootFromVolumeStableRescueTest-182837038-project-member] Determining version of request: GET /v2/schemas/image Accept: */* {{(pid=99609) process_request /opt/stack/glance/glance/api/middleware/version_negotiation.py:44}}
Jun 30 18:22:35.881307 np0000004019 devstack@g-api.service[99609]: DEBUG glance.api.middleware.version_negotiation [None req-427f5ada-8283-49f9-be69-8191eb705a4d tempest-ServerBootFromVolumeStableRescueTest-182837038 tempest-ServerBootFromVolumeStableRescueTest-182837038-project-member] Using url versioning {{(pid=99609) process_request /opt/stack/glance/glance/api/middleware/version_negotiation.py:57}}
Jun 30 18:22:35.881307 np0000004019 devstack@g-api.service[99609]: DEBUG glance.api.middleware.version_negotiation [None req-427f5ada-8283-49f9-be69-8191eb705a4d tempest-ServerBootFromVolumeStableRescueTest-182837038 tempest-ServerBootFromVolumeStableRescueTest-182837038-project-member] Matched version: v2 {{(pid=99609) process_request /opt/stack/glance/glance/api/middleware/version_negotiation.py:69}}
Jun 30 18:22:35.881307 np0000004019 devstack@g-api.service[99609]: DEBUG glance.api.middleware.version_negotiation [None req-427f5ada-8283-49f9-be69-8191eb705a4d tempest-ServerBootFromVolumeStableRescueTest-182837038 tempest-ServerBootFromVolumeStableRescueTest-182837038-project-member] new path /v2/schemas/image {{(pid=99609) process_request /opt/stack/glance/glance/api/middleware/version_negotiation.py:70}}
Jun 30 18:22:35.885932 np0000004019 devstack@g-api.service[99609]: [pid: 99609|app: 0|req: 129/390] 127.0.0.1 () {44 vars in 1055 bytes} [Tue Jun 30 18:22:35 2026] GET /v2/schemas/image => generated 6083 bytes in 6 msecs (HTTP/1.1 200) 4 headers in 158 bytes (1 switches on core 0)
Jun 30 18:22:35.927816 np0000004019 devstack@g-api.service[99608]: DEBUG glance.api.middleware.version_negotiation [None req-427f5ada-8283-49f9-be69-8191eb705a4d tempest-ServerBootFromVolumeStableRescueTest-182837038 tempest-ServerBootFromVolumeStableRescueTest-182837038-project-member] Determining version of request: PATCH /v2/images/9525a527-b15b-4acf-bfef-c1455e4c095b Accept: */* {{(pid=99608) process_request /opt/stack/glance/glance/api/middleware/version_negotiation.py:44}}
Jun 30 18:22:35.927952 np0000004019 devstack@g-api.service[99608]: DEBUG glance.api.middleware.version_negotiation [None req-427f5ada-8283-49f9-be69-8191eb705a4d tempest-ServerBootFromVolumeStableRescueTest-182837038 tempest-ServerBootFromVolumeStableRescueTest-182837038-project-member] Using url versioning {{(pid=99608) process_request /opt/stack/glance/glance/api/middleware/version_negotiation.py:57}}
Jun 30 18:22:35.928052 np0000004019 devstack@g-api.service[99608]: DEBUG glance.api.middleware.version_negotiation [None req-427f5ada-8283-49f9-be69-8191eb705a4d tempest-ServerBootFromVolumeStableRescueTest-182837038 tempest-ServerBootFromVolumeStableRescueTest-182837038-project-member] Matched version: v2 {{(pid=99608) process_request /opt/stack/glance/glance/api/middleware/version_negotiation.py:69}}
Jun 30 18:22:35.928193 np0000004019 devstack@g-api.service[99608]: DEBUG glance.api.middleware.version_negotiation [None req-427f5ada-8283-49f9-be69-8191eb705a4d tempest-ServerBootFromVolumeStableRescueTest-182837038 tempest-ServerBootFromVolumeStableRescueTest-182837038-project-member] new path /v2/images/9525a527-b15b-4acf-bfef-c1455e4c095b {{(pid=99608) process_request /opt/stack/glance/glance/api/middleware/version_negotiation.py:70}}
Jun 30 18:22:35.985426 np0000004019 devstack@g-api.service[99607]: DEBUG keystoneclient.auth.identity.v3.base [None req-151f16bc-ab49-4328-8823-0d0179bf8fbd tempest-TestVolumeBootPatternV346-331002367 tempest-TestVolumeBootPatternV346-331002367-project-member] {"token": {"methods": ["password"], "user": {"domain": {"id": "default", "name": "Default"}, "id": "50c4cce2f9ce4441a289459f54320a58", "name": "glance-swift", "password_expires_at": null}, "audit_ids": ["CUKagAxeTUyuVb8Q1mA2qA"], "expires_at": "2026-06-30T19:22:35.000000Z", "issued_at": "2026-06-30T18:22:35.000000Z", "project": {"domain": {"id": "default", "name": "Default"}, "id": "3825f4757d294d1593380e86aaf1a7b8", "name": "service"}, "is_domain": false, "roles": [{"id": "a303f0eaf87b41f8a1551f6cad2797f1", "name": "ResellerAdmin"}, {"id": "687da00dd98b46c1b2fb5bf731c890b8", "name": "service"}], "catalog": [{"endpoints": [{"id": "5dd526cd18a04cf0bb487c2110008ad8", "interface": "public", "region_id": "RegionOne", "url": "https://10.4.3.239/image", "region": "RegionOne"}], "id": "4c8a4e038ae447dcaaecb9ade705b92d", "type": "image", "name": "glance"}, {"endpoints": [{"id": "7476e8246a9f47799eb364d43427baf9", "interface": "public", "region_id": "RegionOne", "url": "https://10.4.3.239:8080/v1/AUTH_3825f4757d294d1593380e86aaf1a7b8", "region": "RegionOne"}, {"id": "d119f17ac84f40209c7d3b655864a6f7", "interface": "admin", "region_id": "RegionOne", "url": "https://10.4.3.239:8080", "region": "RegionOne"}], "id": "6c4f7db254b44a67950616d8e3dc3fda", "type": "object-store", "name": "swift"}, {"endpoints": [{"id": "9748eaab60ea4720afd71e5c2a7458b2", "interface": "public", "region_id": "RegionOne", "url": "https://10.4.3.239/identity", "region": "RegionOne"}], "id": "75d01c60680b4a87b604e9fdd474bca7", "type": "identity", "name": "keystone"}, {"endpoints": [{"id": "de8b109b16394269b1c0b03cc5336398", "interface": "public", "region_id": "RegionOne", "url": "https://10.4.3.239/placement", "region": "RegionOne"}], "id": "75f3067894d84e74afac9b5f0d05cad3", "type": "placement", "name": "placement"}, {"endpoints": [{"id": "0756ea15d19a45f093c88d327c77d03e", "interface": "public", "region_id": "RegionOne", "url": "https://10.4.3.239/compute/v2/3825f4757d294d1593380e86aaf1a7b8", "region": "RegionOne"}], "id": "85050e8047cb49bc92cd4aa6f3e39f2d", "type": "compute_legacy", "name": "nova_legacy"}, {"endpoints": [{"id": "36e90786f2204d5a80f0438b956649d8", "interface": "public", "region_id": "RegionOne", "url": "https://10.4.3.239/networking", "region": "RegionOne"}], "id": "b03816157e6d479da3c691e2a01d0d17", "type": "network", "name": "neutron"}, {"endpoints": [{"id": "c4a950516680459f929110efd87c855c", "interface": "public", "region_id": "RegionOne", "url": "https://10.4.3.239/compute/v2.1", "region": "RegionOne"}], "id": "e9e4e247ec31420895df209fab223643", "type": "compute", "name": "nova"}, {"endpoints": [{"id": "b846500abe974051a750d6d69ae6fff4", "interface": "public", "region_id": "RegionOne", "url": "https://10.4.3.239/volume/v3", "region": "RegionOne"}], "id": "ebcdffd1e79048c1a572e98fbd56fd7a", "type": "block-storage", "name": "cinder"}]}} {{(pid=99607) get_auth_ref /opt/stack/data/venv/lib/python3.12/site-packages/keystoneclient/auth/identity/v3/base.py:190}}
Jun 30 18:22:35.986216 np0000004019 devstack@g-api.service[99607]: DEBUG keystoneclient.httpclient [None req-151f16bc-ab49-4328-8823-0d0179bf8fbd tempest-TestVolumeBootPatternV346-331002367 tempest-TestVolumeBootPatternV346-331002367-project-member] Failed to find endpoint for management url admin endpoint for identity service not found {{(pid=99607) _process_management_url /opt/stack/data/venv/lib/python3.12/site-packages/keystoneclient/httpclient.py:670}}
Jun 30 18:22:36.047395 np0000004019 devstack@g-api.service[99609]: DEBUG glance.api.middleware.version_negotiation [None req-427f5ada-8283-49f9-be69-8191eb705a4d tempest-ServerBootFromVolumeStableRescueTest-182837038 tempest-ServerBootFromVolumeStableRescueTest-182837038-project-member] Determining version of request: GET /v2/images/9525a527-b15b-4acf-bfef-c1455e4c095b Accept: application/json {{(pid=99609) process_request /opt/stack/glance/glance/api/middleware/version_negotiation.py:44}}
Jun 30 18:22:36.047470 np0000004019 devstack@g-api.service[99609]: DEBUG glance.api.middleware.version_negotiation [None req-427f5ada-8283-49f9-be69-8191eb705a4d tempest-ServerBootFromVolumeStableRescueTest-182837038 tempest-ServerBootFromVolumeStableRescueTest-182837038-project-member] Using url versioning {{(pid=99609) process_request /opt/stack/glance/glance/api/middleware/version_negotiation.py:57}}
Jun 30 18:22:36.049526 np0000004019 devstack@g-api.service[99609]: DEBUG glance.api.middleware.version_negotiation [None req-427f5ada-8283-49f9-be69-8191eb705a4d tempest-ServerBootFromVolumeStableRescueTest-182837038 tempest-ServerBootFromVolumeStableRescueTest-182837038-project-member] Matched version: v2 {{(pid=99609) process_request /opt/stack/glance/glance/api/middleware/version_negotiation.py:69}}
Jun 30 18:22:36.050230 np0000004019 devstack@g-api.service[99609]: DEBUG glance.api.middleware.version_negotiation [None req-427f5ada-8283-49f9-be69-8191eb705a4d tempest-ServerBootFromVolumeStableRescueTest-182837038 tempest-ServerBootFromVolumeStableRescueTest-182837038-project-member] new path /v2/images/9525a527-b15b-4acf-bfef-c1455e4c095b {{(pid=99609) process_request /opt/stack/glance/glance/api/middleware/version_negotiation.py:70}}
Jun 30 18:22:36.067479 np0000004019 devstack@g-api.service[99609]: [pid: 99609|app: 0|req: 130/391] 127.0.0.1 () {40 vars in 838 bytes} [Tue Jun 30 18:22:36 2026] GET /v2/images/9525a527-b15b-4acf-bfef-c1455e4c095b => generated 1357 bytes in 20 msecs (HTTP/1.1 200) 4 headers in 158 bytes (1 switches on core 0)
Jun 30 18:22:36.127961 np0000004019 devstack@g-api.service[99608]: [pid: 99608|app: 0|req: 130/392] 127.0.0.1 () {46 vars in 1158 bytes} [Tue Jun 30 18:22:35 2026] PATCH /v2/images/9525a527-b15b-4acf-bfef-c1455e4c095b => generated 1468 bytes in 200 msecs (HTTP/1.1 200) 4 headers in 158 bytes (1 switches on core 0)
Jun 30 18:22:36.159132 np0000004019 devstack@g-api.service[99607]: DEBUG swiftclient [None req-151f16bc-ab49-4328-8823-0d0179bf8fbd tempest-TestVolumeBootPatternV346-331002367 tempest-TestVolumeBootPatternV346-331002367-project-member] REQ: curl -i https://10.4.3.239:8080/v1/AUTH_3825f4757d294d1593380e86aaf1a7b8/glance/7b5c3f0d-2f9e-451c-84c9-ab76cb940624 -I -H "X-Auth-Token: gAAAAABqRAlrZjFF..." {{(pid=99607) http_log /opt/stack/data/venv/lib/python3.12/site-packages/swiftclient/client.py:160}}
Jun 30 18:22:36.159481 np0000004019 devstack@g-api.service[99607]: DEBUG swiftclient [None req-151f16bc-ab49-4328-8823-0d0179bf8fbd tempest-TestVolumeBootPatternV346-331002367 tempest-TestVolumeBootPatternV346-331002367-project-member] RESP STATUS: 200 OK {{(pid=99607) http_log /opt/stack/data/venv/lib/python3.12/site-packages/swiftclient/client.py:161}}
Jun 30 18:22:36.159512 np0000004019 devstack@g-api.service[99607]: DEBUG swiftclient [None req-151f16bc-ab49-4328-8823-0d0179bf8fbd tempest-TestVolumeBootPatternV346-331002367 tempest-TestVolumeBootPatternV346-331002367-project-member] RESP HEADERS: {'Date': 'Tue, 30 Jun 2026 18:22:36 GMT', 'Server': 'Apache/2.4.58 (Ubuntu)', 'Content-Type': 'application/octet-stream', 'X-Object-Manifest': 'glance/7b5c3f0d-2f9e-451c-84c9-ab76cb940624-', 'Last-Modified': 'Tue, 30 Jun 2026 18:21:37 GMT', 'X-Timestamp': '1782843696.97612', 'Accept-Ranges': 'bytes', 'Etag': '"d41d8cd98f00b204e9800998ecf8427e"', 'X-Trans-Id': 'txd2d8c2977f0e431aa594c-006a44096b', 'X-Openstack-Request-Id': 'txd2d8c2977f0e431aa594c-006a44096b', 'Connection': 'close'} {{(pid=99607) http_log /opt/stack/data/venv/lib/python3.12/site-packages/swiftclient/client.py:162}}
Jun 30 18:22:36.182399 np0000004019 devstack@g-api.service[99609]: DEBUG glance.api.middleware.version_negotiation [None req-0cc508d2-4466-45e4-96ee-2cad8d17c5c7 tempest-ServerBootFromVolumeStableRescueTest-182837038 tempest-ServerBootFromVolumeStableRescueTest-182837038-project-member] Determining version of request: GET /v2/images/9525a527-b15b-4acf-bfef-c1455e4c095b Accept: */* {{(pid=99609) process_request /opt/stack/glance/glance/api/middleware/version_negotiation.py:44}}
Jun 30 18:22:36.183115 np0000004019 devstack@g-api.service[99609]: DEBUG glance.api.middleware.version_negotiation [None req-0cc508d2-4466-45e4-96ee-2cad8d17c5c7 tempest-ServerBootFromVolumeStableRescueTest-182837038 tempest-ServerBootFromVolumeStableRescueTest-182837038-project-member] Using url versioning {{(pid=99609) process_request /opt/stack/glance/glance/api/middleware/version_negotiation.py:57}}
Jun 30 18:22:36.183389 np0000004019 devstack@g-api.service[99609]: DEBUG glance.api.middleware.version_negotiation [None req-0cc508d2-4466-45e4-96ee-2cad8d17c5c7 tempest-ServerBootFromVolumeStableRescueTest-182837038 tempest-ServerBootFromVolumeStableRescueTest-182837038-project-member] Matched version: v2 {{(pid=99609) process_request /opt/stack/glance/glance/api/middleware/version_negotiation.py:69}}
Jun 30 18:22:36.183613 np0000004019 devstack@g-api.service[99609]: DEBUG glance.api.middleware.version_negotiation [None req-0cc508d2-4466-45e4-96ee-2cad8d17c5c7 tempest-ServerBootFromVolumeStableRescueTest-182837038 tempest-ServerBootFromVolumeStableRescueTest-182837038-project-member] new path /v2/images/9525a527-b15b-4acf-bfef-c1455e4c095b {{(pid=99609) process_request /opt/stack/glance/glance/api/middleware/version_negotiation.py:70}}
Jun 30 18:22:36.186578 np0000004019 devstack@g-api.service[99607]: DEBUG swiftclient [None req-151f16bc-ab49-4328-8823-0d0179bf8fbd tempest-TestVolumeBootPatternV346-331002367 tempest-TestVolumeBootPatternV346-331002367-project-member] REQ: curl -i https://10.4.3.239:8080/v1/AUTH_3825f4757d294d1593380e86aaf1a7b8/glance?format=json&prefix=7b5c3f0d-2f9e-451c-84c9-ab76cb940624- -X GET -H "X-Auth-Token: gAAAAABqRAlrZjFF..." -H "Accept-Encoding: gzip" {{(pid=99607) http_log /opt/stack/data/venv/lib/python3.12/site-packages/swiftclient/client.py:160}}
Jun 30 18:22:36.186726 np0000004019 devstack@g-api.service[99607]: DEBUG swiftclient [None req-151f16bc-ab49-4328-8823-0d0179bf8fbd tempest-TestVolumeBootPatternV346-331002367 tempest-TestVolumeBootPatternV346-331002367-project-member] RESP STATUS: 200 OK {{(pid=99607) http_log /opt/stack/data/venv/lib/python3.12/site-packages/swiftclient/client.py:161}}
Jun 30 18:22:36.187166 np0000004019 devstack@g-api.service[99607]: DEBUG swiftclient [None req-151f16bc-ab49-4328-8823-0d0179bf8fbd tempest-TestVolumeBootPatternV346-331002367 tempest-TestVolumeBootPatternV346-331002367-project-member] RESP HEADERS: {'Date': 'Tue, 30 Jun 2026 18:22:36 GMT', 'Server': 'Apache/2.4.58 (Ubuntu)', 'Content-Type': 'application/json; charset=utf-8', 'Content-Length': '2', 'X-Container-Object-Count': '8', 'X-Container-Bytes-Used': '141950976', 'X-Timestamp': '1782843226.34021', 'Last-Modified': 'Tue, 30 Jun 2026 18:13:47 GMT', 'Accept-Ranges': 'bytes', 'X-Storage-Policy': 'Policy-0', 'X-Container-Sharding': 'False', 'X-Trans-Id': 'txdbab3d5ffdb845e8afc25-006a44096c', 'X-Openstack-Request-Id': 'txdbab3d5ffdb845e8afc25-006a44096c', 'Connection': 'close'} {{(pid=99607) http_log /opt/stack/data/venv/lib/python3.12/site-packages/swiftclient/client.py:162}}
Jun 30 18:22:36.187333 np0000004019 devstack@g-api.service[99607]: DEBUG swiftclient [None req-151f16bc-ab49-4328-8823-0d0179bf8fbd tempest-TestVolumeBootPatternV346-331002367 tempest-TestVolumeBootPatternV346-331002367-project-member] RESP BODY: b'[]' {{(pid=99607) http_log /opt/stack/data/venv/lib/python3.12/site-packages/swiftclient/client.py:166}}
Jun 30 18:22:36.210579 np0000004019 devstack@g-api.service[99609]: [pid: 99609|app: 0|req: 131/393] 127.0.0.1 () {44 vars in 1115 bytes} [Tue Jun 30 18:22:36 2026] GET /v2/images/9525a527-b15b-4acf-bfef-c1455e4c095b => generated 1468 bytes in 28 msecs (HTTP/1.1 200) 4 headers in 158 bytes (1 switches on core 0)
Jun 30 18:22:36.224557 np0000004019 devstack@g-api.service[99607]: DEBUG swiftclient [None req-151f16bc-ab49-4328-8823-0d0179bf8fbd tempest-TestVolumeBootPatternV346-331002367 tempest-TestVolumeBootPatternV346-331002367-project-member] REQ: curl -i https://10.4.3.239:8080/v1/AUTH_3825f4757d294d1593380e86aaf1a7b8/glance/7b5c3f0d-2f9e-451c-84c9-ab76cb940624 DELETE -H "X-Auth-Token: gAAAAABqRAlrZjFF..." {{(pid=99607) http_log /opt/stack/data/venv/lib/python3.12/site-packages/swiftclient/client.py:160}}
Jun 30 18:22:36.224557 np0000004019 devstack@g-api.service[99607]: DEBUG swiftclient [None req-151f16bc-ab49-4328-8823-0d0179bf8fbd tempest-TestVolumeBootPatternV346-331002367 tempest-TestVolumeBootPatternV346-331002367-project-member] RESP STATUS: 204 No Content {{(pid=99607) http_log /opt/stack/data/venv/lib/python3.12/site-packages/swiftclient/client.py:161}}
Jun 30 18:22:36.224557 np0000004019 devstack@g-api.service[99607]: DEBUG swiftclient [None req-151f16bc-ab49-4328-8823-0d0179bf8fbd tempest-TestVolumeBootPatternV346-331002367 tempest-TestVolumeBootPatternV346-331002367-project-member] RESP HEADERS: {'Date': 'Tue, 30 Jun 2026 18:22:36 GMT', 'Server': 'Apache/2.4.58 (Ubuntu)', 'Content-Type': 'text/html; charset=UTF-8', 'X-Trans-Id': 'txac712b3324844d54b103f-006a44096c', 'X-Openstack-Request-Id': 'txac712b3324844d54b103f-006a44096c', 'Connection': 'close'} {{(pid=99607) http_log /opt/stack/data/venv/lib/python3.12/site-packages/swiftclient/client.py:162}}
Jun 30 18:22:36.252766 np0000004019 devstack@g-api.service[99608]: DEBUG glance.api.middleware.version_negotiation [None req-427f5ada-8283-49f9-be69-8191eb705a4d tempest-ServerBootFromVolumeStableRescueTest-182837038 tempest-ServerBootFromVolumeStableRescueTest-182837038-project-member] Determining version of request: PUT /v2/images/9525a527-b15b-4acf-bfef-c1455e4c095b/file Accept: */* {{(pid=99608) process_request /opt/stack/glance/glance/api/middleware/version_negotiation.py:44}}
Jun 30 18:22:36.253052 np0000004019 devstack@g-api.service[99608]: DEBUG glance.api.middleware.version_negotiation [None req-427f5ada-8283-49f9-be69-8191eb705a4d tempest-ServerBootFromVolumeStableRescueTest-182837038 tempest-ServerBootFromVolumeStableRescueTest-182837038-project-member] Using url versioning {{(pid=99608) process_request /opt/stack/glance/glance/api/middleware/version_negotiation.py:57}}
Jun 30 18:22:36.253052 np0000004019 devstack@g-api.service[99608]: DEBUG glance.api.middleware.version_negotiation [None req-427f5ada-8283-49f9-be69-8191eb705a4d tempest-ServerBootFromVolumeStableRescueTest-182837038 tempest-ServerBootFromVolumeStableRescueTest-182837038-project-member] Matched version: v2 {{(pid=99608) process_request /opt/stack/glance/glance/api/middleware/version_negotiation.py:69}}
Jun 30 18:22:36.253293 np0000004019 devstack@g-api.service[99608]: DEBUG glance.api.middleware.version_negotiation [None req-427f5ada-8283-49f9-be69-8191eb705a4d tempest-ServerBootFromVolumeStableRescueTest-182837038 tempest-ServerBootFromVolumeStableRescueTest-182837038-project-member] new path /v2/images/9525a527-b15b-4acf-bfef-c1455e4c095b/file {{(pid=99608) process_request /opt/stack/glance/glance/api/middleware/version_negotiation.py:70}}
Jun 30 18:22:36.382906 np0000004019 devstack@g-api.service[99607]: [pid: 99607|app: 0|req: 133/394] 127.0.0.1 () {40 vars in 841 bytes} [Tue Jun 30 18:22:35 2026] DELETE /v2/images/7b5c3f0d-2f9e-451c-84c9-ab76cb940624 => generated 0 bytes in 547 msecs (HTTP/1.1 204) 4 headers in 171 bytes (1 switches on core 0)
Jun 30 18:22:36.394656 np0000004019 devstack@g-api.service[99609]: DEBUG glance.api.middleware.version_negotiation [None req-427f5ada-8283-49f9-be69-8191eb705a4d tempest-ServerBootFromVolumeStableRescueTest-182837038 tempest-ServerBootFromVolumeStableRescueTest-182837038-project-member] Determining version of request: GET /v2/images/7b5c3f0d-2f9e-451c-84c9-ab76cb940624 Accept: application/json {{(pid=99609) process_request /opt/stack/glance/glance/api/middleware/version_negotiation.py:44}}
Jun 30 18:22:36.394656 np0000004019 devstack@g-api.service[99609]: DEBUG glance.api.middleware.version_negotiation [None req-427f5ada-8283-49f9-be69-8191eb705a4d tempest-ServerBootFromVolumeStableRescueTest-182837038 tempest-ServerBootFromVolumeStableRescueTest-182837038-project-member] Using url versioning {{(pid=99609) process_request /opt/stack/glance/glance/api/middleware/version_negotiation.py:57}}
Jun 30 18:22:36.394656 np0000004019 devstack@g-api.service[99609]: DEBUG glance.api.middleware.version_negotiation [None req-427f5ada-8283-49f9-be69-8191eb705a4d tempest-ServerBootFromVolumeStableRescueTest-182837038 tempest-ServerBootFromVolumeStableRescueTest-182837038-project-member] Matched version: v2 {{(pid=99609) process_request /opt/stack/glance/glance/api/middleware/version_negotiation.py:69}}
Jun 30 18:22:36.395278 np0000004019 devstack@g-api.service[99609]: DEBUG glance.api.middleware.version_negotiation [None req-427f5ada-8283-49f9-be69-8191eb705a4d tempest-ServerBootFromVolumeStableRescueTest-182837038 tempest-ServerBootFromVolumeStableRescueTest-182837038-project-member] new path /v2/images/7b5c3f0d-2f9e-451c-84c9-ab76cb940624 {{(pid=99609) process_request /opt/stack/glance/glance/api/middleware/version_negotiation.py:70}}
Jun 30 18:22:36.407208 np0000004019 devstack@g-api.service[99609]: DEBUG glance.db.sqlalchemy.api [None req-4717238f-d531-4c92-a708-37d07cfa688a tempest-TestVolumeBootPatternV346-331002367 tempest-TestVolumeBootPatternV346-331002367-project-member] No image found with ID 7b5c3f0d-2f9e-451c-84c9-ab76cb940624 {{(pid=99609) _image_get /opt/stack/glance/glance/db/sqlalchemy/api.py:303}}
Jun 30 18:22:36.411791 np0000004019 devstack@g-api.service[99609]: [pid: 99609|app: 0|req: 132/395] 127.0.0.1 () {40 vars in 838 bytes} [Tue Jun 30 18:22:36 2026] GET /v2/images/7b5c3f0d-2f9e-451c-84c9-ab76cb940624 => generated 139 bytes in 18 msecs (HTTP/1.1 404) 4 headers in 164 bytes (1 switches on core 0)
Jun 30 18:22:36.833758 np0000004019 devstack@g-api.service[99607]: DEBUG glance.api.middleware.version_negotiation [None req-151f16bc-ab49-4328-8823-0d0179bf8fbd tempest-TestVolumeBootPatternV346-331002367 tempest-TestVolumeBootPatternV346-331002367-project-member] Determining version of request: DELETE /v2/images/f3aa1542-86b1-453c-8ccc-30531d8a9628 Accept: */* {{(pid=99607) process_request /opt/stack/glance/glance/api/middleware/version_negotiation.py:44}}
Jun 30 18:22:36.833758 np0000004019 devstack@g-api.service[99607]: DEBUG glance.api.middleware.version_negotiation [None req-151f16bc-ab49-4328-8823-0d0179bf8fbd tempest-TestVolumeBootPatternV346-331002367 tempest-TestVolumeBootPatternV346-331002367-project-member] Using url versioning {{(pid=99607) process_request /opt/stack/glance/glance/api/middleware/version_negotiation.py:57}}
Jun 30 18:22:36.833758 np0000004019 devstack@g-api.service[99607]: DEBUG glance.api.middleware.version_negotiation [None req-151f16bc-ab49-4328-8823-0d0179bf8fbd tempest-TestVolumeBootPatternV346-331002367 tempest-TestVolumeBootPatternV346-331002367-project-member] Matched version: v2 {{(pid=99607) process_request /opt/stack/glance/glance/api/middleware/version_negotiation.py:69}}
Jun 30 18:22:36.833758 np0000004019 devstack@g-api.service[99607]: DEBUG glance.api.middleware.version_negotiation [None req-151f16bc-ab49-4328-8823-0d0179bf8fbd tempest-TestVolumeBootPatternV346-331002367 tempest-TestVolumeBootPatternV346-331002367-project-member] new path /v2/images/f3aa1542-86b1-453c-8ccc-30531d8a9628 {{(pid=99607) process_request /opt/stack/glance/glance/api/middleware/version_negotiation.py:70}}
Jun 30 18:22:36.864457 np0000004019 devstack@g-api.service[99607]: WARNING glance.api.v2.images [None req-e11052ae-4a5f-45be-a359-b362e0022287 tempest-AttachVolumeShelveTestJSON-1629651079 tempest-AttachVolumeShelveTestJSON-1629651079-project-member] After upload to backend, deletion of staged image data has failed because it cannot be found at /tmp/staging//f3aa1542-86b1-453c-8ccc-30531d8a9628
Jun 30 18:22:36.864457 np0000004019 devstack@g-api.service[99607]: DEBUG glance_store.backend [None req-e11052ae-4a5f-45be-a359-b362e0022287 tempest-AttachVolumeShelveTestJSON-1629651079 tempest-AttachVolumeShelveTestJSON-1629651079-project-member] Attempting to import store swift {{(pid=99607) _load_store /opt/stack/data/venv/lib/python3.12/site-packages/glance_store/backend.py:215}}
Jun 30 18:22:36.866440 np0000004019 devstack@g-api.service[99607]: DEBUG glance_store.capabilities [None req-e11052ae-4a5f-45be-a359-b362e0022287 tempest-AttachVolumeShelveTestJSON-1629651079 tempest-AttachVolumeShelveTestJSON-1629651079-project-member] Store glance_store._drivers.swift.store.SingleTenantStore doesn't support updating dynamic storage capabilities. Please overwrite 'update_capabilities' method of the store to implement updating logics if needed. {{(pid=99607) update_capabilities /opt/stack/data/venv/lib/python3.12/site-packages/glance_store/capabilities.py:91}}
Jun 30 18:22:36.866998 np0000004019 devstack@g-api.service[99607]: DEBUG glance_store.driver [None req-e11052ae-4a5f-45be-a359-b362e0022287 tempest-AttachVolumeShelveTestJSON-1629651079 tempest-AttachVolumeShelveTestJSON-1629651079-project-member] Late loading location class glance_store._drivers.swift.store.StoreLocation {{(pid=99607) get_store_location_class /opt/stack/data/venv/lib/python3.12/site-packages/glance_store/driver.py:134}}
Jun 30 18:22:36.867346 np0000004019 devstack@g-api.service[99607]: DEBUG glance_store.location [None req-e11052ae-4a5f-45be-a359-b362e0022287 tempest-AttachVolumeShelveTestJSON-1629651079 tempest-AttachVolumeShelveTestJSON-1629651079-project-member] Registering scheme swift+https with {'store': , 'location_class': , 'store_entry': 'swift'} {{(pid=99607) register_scheme_map /opt/stack/data/venv/lib/python3.12/site-packages/glance_store/location.py:146}}
Jun 30 18:22:36.867596 np0000004019 devstack@g-api.service[99607]: DEBUG glance_store.location [None req-e11052ae-4a5f-45be-a359-b362e0022287 tempest-AttachVolumeShelveTestJSON-1629651079 tempest-AttachVolumeShelveTestJSON-1629651079-project-member] Registering scheme swift+https with {'store': , 'location_class': , 'store_entry': 'swift'} {{(pid=99607) register_scheme_map /opt/stack/data/venv/lib/python3.12/site-packages/glance_store/location.py:146}}
Jun 30 18:22:36.867821 np0000004019 devstack@g-api.service[99607]: DEBUG glance_store.location [None req-e11052ae-4a5f-45be-a359-b362e0022287 tempest-AttachVolumeShelveTestJSON-1629651079 tempest-AttachVolumeShelveTestJSON-1629651079-project-member] Registering scheme swift with {'store': , 'location_class': , 'store_entry': 'swift'} {{(pid=99607) register_scheme_map /opt/stack/data/venv/lib/python3.12/site-packages/glance_store/location.py:146}}
Jun 30 18:22:36.868623 np0000004019 devstack@g-api.service[99607]: DEBUG glance_store.location [None req-e11052ae-4a5f-45be-a359-b362e0022287 tempest-AttachVolumeShelveTestJSON-1629651079 tempest-AttachVolumeShelveTestJSON-1629651079-project-member] Registering scheme swift+https with {'store': , 'location_class': , 'store_entry': 'swift'} {{(pid=99607) register_scheme_map /opt/stack/data/venv/lib/python3.12/site-packages/glance_store/location.py:146}}
Jun 30 18:22:36.868861 np0000004019 devstack@g-api.service[99607]: DEBUG glance_store.location [None req-e11052ae-4a5f-45be-a359-b362e0022287 tempest-AttachVolumeShelveTestJSON-1629651079 tempest-AttachVolumeShelveTestJSON-1629651079-project-member] Registering scheme swift with {'store': , 'location_class': , 'store_entry': 'swift'} {{(pid=99607) register_scheme_map /opt/stack/data/venv/lib/python3.12/site-packages/glance_store/location.py:146}}
Jun 30 18:22:36.869118 np0000004019 devstack@g-api.service[99607]: DEBUG glance_store.location [None req-e11052ae-4a5f-45be-a359-b362e0022287 tempest-AttachVolumeShelveTestJSON-1629651079 tempest-AttachVolumeShelveTestJSON-1629651079-project-member] Registering scheme swift+http with {'store': , 'location_class': , 'store_entry': 'swift'} {{(pid=99607) register_scheme_map /opt/stack/data/venv/lib/python3.12/site-packages/glance_store/location.py:146}}
Jun 30 18:22:36.869355 np0000004019 devstack@g-api.service[99607]: DEBUG glance_store.location [None req-e11052ae-4a5f-45be-a359-b362e0022287 tempest-AttachVolumeShelveTestJSON-1629651079 tempest-AttachVolumeShelveTestJSON-1629651079-project-member] Registering scheme swift+https with {'store': , 'location_class': , 'store_entry': 'swift'} {{(pid=99607) register_scheme_map /opt/stack/data/venv/lib/python3.12/site-packages/glance_store/location.py:146}}
Jun 30 18:22:36.869581 np0000004019 devstack@g-api.service[99607]: DEBUG glance_store.location [None req-e11052ae-4a5f-45be-a359-b362e0022287 tempest-AttachVolumeShelveTestJSON-1629651079 tempest-AttachVolumeShelveTestJSON-1629651079-project-member] Registering scheme swift with {'store': , 'location_class': , 'store_entry': 'swift'} {{(pid=99607) register_scheme_map /opt/stack/data/venv/lib/python3.12/site-packages/glance_store/location.py:146}}
Jun 30 18:22:36.869973 np0000004019 devstack@g-api.service[99607]: DEBUG glance_store.location [None req-e11052ae-4a5f-45be-a359-b362e0022287 tempest-AttachVolumeShelveTestJSON-1629651079 tempest-AttachVolumeShelveTestJSON-1629651079-project-member] Registering scheme swift+http with {'store': , 'location_class': , 'store_entry': 'swift'} {{(pid=99607) register_scheme_map /opt/stack/data/venv/lib/python3.12/site-packages/glance_store/location.py:146}}
Jun 30 18:22:36.870213 np0000004019 devstack@g-api.service[99607]: DEBUG glance_store.location [None req-e11052ae-4a5f-45be-a359-b362e0022287 tempest-AttachVolumeShelveTestJSON-1629651079 tempest-AttachVolumeShelveTestJSON-1629651079-project-member] Registering scheme swift+config with {'store': , 'location_class': , 'store_entry': 'swift'} {{(pid=99607) register_scheme_map /opt/stack/data/venv/lib/python3.12/site-packages/glance_store/location.py:146}}
Jun 30 18:22:36.871887 np0000004019 devstack@g-api.service[99607]: DEBUG keystoneclient.auth.identity.v3.base [None req-e11052ae-4a5f-45be-a359-b362e0022287 tempest-AttachVolumeShelveTestJSON-1629651079 tempest-AttachVolumeShelveTestJSON-1629651079-project-member] Making authentication request to https://10.4.3.239/identity/v3/auth/tokens {{(pid=99607) get_auth_ref /opt/stack/data/venv/lib/python3.12/site-packages/keystoneclient/auth/identity/v3/base.py:185}}
Jun 30 18:22:36.933172 np0000004019 devstack@g-api.service[99607]: DEBUG keystoneclient.auth.identity.v3.base [None req-e11052ae-4a5f-45be-a359-b362e0022287 tempest-AttachVolumeShelveTestJSON-1629651079 tempest-AttachVolumeShelveTestJSON-1629651079-project-member] {"token": {"methods": ["password"], "user": {"domain": {"id": "default", "name": "Default"}, "id": "50c4cce2f9ce4441a289459f54320a58", "name": "glance-swift", "password_expires_at": null}, "audit_ids": ["uEnHSGtzTxuwFenCy3HcSg"], "expires_at": "2026-06-30T19:22:36.000000Z", "issued_at": "2026-06-30T18:22:36.000000Z", "project": {"domain": {"id": "default", "name": "Default"}, "id": "3825f4757d294d1593380e86aaf1a7b8", "name": "service"}, "is_domain": false, "roles": [{"id": "a303f0eaf87b41f8a1551f6cad2797f1", "name": "ResellerAdmin"}, {"id": "687da00dd98b46c1b2fb5bf731c890b8", "name": "service"}], "catalog": [{"endpoints": [{"id": "5dd526cd18a04cf0bb487c2110008ad8", "interface": "public", "region_id": "RegionOne", "url": "https://10.4.3.239/image", "region": "RegionOne"}], "id": "4c8a4e038ae447dcaaecb9ade705b92d", "type": "image", "name": "glance"}, {"endpoints": [{"id": "7476e8246a9f47799eb364d43427baf9", "interface": "public", "region_id": "RegionOne", "url": "https://10.4.3.239:8080/v1/AUTH_3825f4757d294d1593380e86aaf1a7b8", "region": "RegionOne"}, {"id": "d119f17ac84f40209c7d3b655864a6f7", "interface": "admin", "region_id": "RegionOne", "url": "https://10.4.3.239:8080", "region": "RegionOne"}], "id": "6c4f7db254b44a67950616d8e3dc3fda", "type": "object-store", "name": "swift"}, {"endpoints": [{"id": "9748eaab60ea4720afd71e5c2a7458b2", "interface": "public", "region_id": "RegionOne", "url": "https://10.4.3.239/identity", "region": "RegionOne"}], "id": "75d01c60680b4a87b604e9fdd474bca7", "type": "identity", "name": "keystone"}, {"endpoints": [{"id": "de8b109b16394269b1c0b03cc5336398", "interface": "public", "region_id": "RegionOne", "url": "https://10.4.3.239/placement", "region": "RegionOne"}], "id": "75f3067894d84e74afac9b5f0d05cad3", "type": "placement", "name": "placement"}, {"endpoints": [{"id": "0756ea15d19a45f093c88d327c77d03e", "interface": "public", "region_id": "RegionOne", "url": "https://10.4.3.239/compute/v2/3825f4757d294d1593380e86aaf1a7b8", "region": "RegionOne"}], "id": "85050e8047cb49bc92cd4aa6f3e39f2d", "type": "compute_legacy", "name": "nova_legacy"}, {"endpoints": [{"id": "36e90786f2204d5a80f0438b956649d8", "interface": "public", "region_id": "RegionOne", "url": "https://10.4.3.239/networking", "region": "RegionOne"}], "id": "b03816157e6d479da3c691e2a01d0d17", "type": "network", "name": "neutron"}, {"endpoints": [{"id": "c4a950516680459f929110efd87c855c", "interface": "public", "region_id": "RegionOne", "url": "https://10.4.3.239/compute/v2.1", "region": "RegionOne"}], "id": "e9e4e247ec31420895df209fab223643", "type": "compute", "name": "nova"}, {"endpoints": [{"id": "b846500abe974051a750d6d69ae6fff4", "interface": "public", "region_id": "RegionOne", "url": "https://10.4.3.239/volume/v3", "region": "RegionOne"}], "id": "ebcdffd1e79048c1a572e98fbd56fd7a", "type": "block-storage", "name": "cinder"}]}} {{(pid=99607) get_auth_ref /opt/stack/data/venv/lib/python3.12/site-packages/keystoneclient/auth/identity/v3/base.py:190}}
Jun 30 18:22:36.933172 np0000004019 devstack@g-api.service[99607]: DEBUG keystoneclient.httpclient [None req-e11052ae-4a5f-45be-a359-b362e0022287 tempest-AttachVolumeShelveTestJSON-1629651079 tempest-AttachVolumeShelveTestJSON-1629651079-project-member] Failed to find endpoint for management url admin endpoint for identity service not found {{(pid=99607) _process_management_url /opt/stack/data/venv/lib/python3.12/site-packages/keystoneclient/httpclient.py:670}}
Jun 30 18:22:37.021863 np0000004019 devstack@g-api.service[99608]: INFO glance.api.v2.image_data [None req-427f5ada-8283-49f9-be69-8191eb705a4d tempest-ServerBootFromVolumeStableRescueTest-182837038 tempest-ServerBootFromVolumeStableRescueTest-182837038-project-member] Unable to create trust: no such option collect_timing in group [keystone_authtoken] Use the existing user token.
Jun 30 18:22:37.053395 np0000004019 devstack@g-api.service[99607]: DEBUG swiftclient [None req-e11052ae-4a5f-45be-a359-b362e0022287 tempest-AttachVolumeShelveTestJSON-1629651079 tempest-AttachVolumeShelveTestJSON-1629651079-project-member] REQ: curl -i https://10.4.3.239:8080/v1/AUTH_3825f4757d294d1593380e86aaf1a7b8/glance/f3aa1542-86b1-453c-8ccc-30531d8a9628 -I -H "X-Auth-Token: gAAAAABqRAlsjvFx..." {{(pid=99607) http_log /opt/stack/data/venv/lib/python3.12/site-packages/swiftclient/client.py:160}}
Jun 30 18:22:37.053395 np0000004019 devstack@g-api.service[99607]: DEBUG swiftclient [None req-e11052ae-4a5f-45be-a359-b362e0022287 tempest-AttachVolumeShelveTestJSON-1629651079 tempest-AttachVolumeShelveTestJSON-1629651079-project-member] RESP STATUS: 200 OK {{(pid=99607) http_log /opt/stack/data/venv/lib/python3.12/site-packages/swiftclient/client.py:161}}
Jun 30 18:22:37.053395 np0000004019 devstack@g-api.service[99607]: DEBUG swiftclient [None req-e11052ae-4a5f-45be-a359-b362e0022287 tempest-AttachVolumeShelveTestJSON-1629651079 tempest-AttachVolumeShelveTestJSON-1629651079-project-member] RESP HEADERS: {'Date': 'Tue, 30 Jun 2026 18:22:37 GMT', 'Server': 'Apache/2.4.58 (Ubuntu)', 'Content-Type': 'application/octet-stream', 'Content-Length': '54067200', 'X-Object-Manifest': 'glance/f3aa1542-86b1-453c-8ccc-30531d8a9628-', 'Last-Modified': 'Tue, 30 Jun 2026 18:22:04 GMT', 'X-Timestamp': '1782843723.27273', 'Accept-Ranges': 'bytes', 'Etag': '"0948789d317b423290fbac101fb718c4"', 'X-Trans-Id': 'tx809185ab485c451ba521a-006a44096c', 'X-Openstack-Request-Id': 'tx809185ab485c451ba521a-006a44096c', 'Connection': 'close'} {{(pid=99607) http_log /opt/stack/data/venv/lib/python3.12/site-packages/swiftclient/client.py:162}}
Jun 30 18:22:37.077615 np0000004019 devstack@g-api.service[99609]: DEBUG glance.api.middleware.version_negotiation [None req-4717238f-d531-4c92-a708-37d07cfa688a tempest-TestVolumeBootPatternV346-331002367 tempest-TestVolumeBootPatternV346-331002367-project-member] Determining version of request: GET /v2/images/9525a527-b15b-4acf-bfef-c1455e4c095b Accept: application/json {{(pid=99609) process_request /opt/stack/glance/glance/api/middleware/version_negotiation.py:44}}
Jun 30 18:22:37.079832 np0000004019 devstack@g-api.service[99609]: DEBUG glance.api.middleware.version_negotiation [None req-4717238f-d531-4c92-a708-37d07cfa688a tempest-TestVolumeBootPatternV346-331002367 tempest-TestVolumeBootPatternV346-331002367-project-member] Using url versioning {{(pid=99609) process_request /opt/stack/glance/glance/api/middleware/version_negotiation.py:57}}
Jun 30 18:22:37.080262 np0000004019 devstack@g-api.service[99609]: DEBUG glance.api.middleware.version_negotiation [None req-4717238f-d531-4c92-a708-37d07cfa688a tempest-TestVolumeBootPatternV346-331002367 tempest-TestVolumeBootPatternV346-331002367-project-member] Matched version: v2 {{(pid=99609) process_request /opt/stack/glance/glance/api/middleware/version_negotiation.py:69}}
Jun 30 18:22:37.080467 np0000004019 devstack@g-api.service[99609]: DEBUG glance.api.middleware.version_negotiation [None req-4717238f-d531-4c92-a708-37d07cfa688a tempest-TestVolumeBootPatternV346-331002367 tempest-TestVolumeBootPatternV346-331002367-project-member] new path /v2/images/9525a527-b15b-4acf-bfef-c1455e4c095b {{(pid=99609) process_request /opt/stack/glance/glance/api/middleware/version_negotiation.py:70}}
Jun 30 18:22:37.094784 np0000004019 devstack@g-api.service[99607]: DEBUG swiftclient [None req-e11052ae-4a5f-45be-a359-b362e0022287 tempest-AttachVolumeShelveTestJSON-1629651079 tempest-AttachVolumeShelveTestJSON-1629651079-project-member] REQ: curl -i https://10.4.3.239:8080/v1/AUTH_3825f4757d294d1593380e86aaf1a7b8/glance?format=json&prefix=f3aa1542-86b1-453c-8ccc-30531d8a9628- -X GET -H "X-Auth-Token: gAAAAABqRAlsjvFx..." -H "Accept-Encoding: gzip" {{(pid=99607) http_log /opt/stack/data/venv/lib/python3.12/site-packages/swiftclient/client.py:160}}
Jun 30 18:22:37.094976 np0000004019 devstack@g-api.service[99607]: DEBUG swiftclient [None req-e11052ae-4a5f-45be-a359-b362e0022287 tempest-AttachVolumeShelveTestJSON-1629651079 tempest-AttachVolumeShelveTestJSON-1629651079-project-member] RESP STATUS: 200 OK {{(pid=99607) http_log /opt/stack/data/venv/lib/python3.12/site-packages/swiftclient/client.py:161}}
Jun 30 18:22:37.095198 np0000004019 devstack@g-api.service[99607]: DEBUG swiftclient [None req-e11052ae-4a5f-45be-a359-b362e0022287 tempest-AttachVolumeShelveTestJSON-1629651079 tempest-AttachVolumeShelveTestJSON-1629651079-project-member] RESP HEADERS: {'Date': 'Tue, 30 Jun 2026 18:22:37 GMT', 'Server': 'Apache/2.4.58 (Ubuntu)', 'Content-Type': 'application/json; charset=utf-8', 'Content-Length': '210', 'X-Container-Object-Count': '7', 'X-Container-Bytes-Used': '141950976', 'X-Timestamp': '1782843226.34021', 'Last-Modified': 'Tue, 30 Jun 2026 18:13:47 GMT', 'Accept-Ranges': 'bytes', 'X-Storage-Policy': 'Policy-0', 'X-Container-Sharding': 'False', 'X-Trans-Id': 'tx698d0580b29549498edb9-006a44096d', 'X-Openstack-Request-Id': 'tx698d0580b29549498edb9-006a44096d', 'Connection': 'close'} {{(pid=99607) http_log /opt/stack/data/venv/lib/python3.12/site-packages/swiftclient/client.py:162}}
Jun 30 18:22:37.095451 np0000004019 devstack@g-api.service[99607]: DEBUG swiftclient [None req-e11052ae-4a5f-45be-a359-b362e0022287 tempest-AttachVolumeShelveTestJSON-1629651079 tempest-AttachVolumeShelveTestJSON-1629651079-project-member] RESP BODY: b'[{"bytes": 54067200, "hash": "3c40efc7351993d767a6a51a4af76baa", "name": "f3aa1542-86b1-453c-8ccc-30531d8a9628-00001", "content_type": "application/octet-stream", "last_modified": "2026-06-30T18:22:02.675580"}]' {{(pid=99607) http_log /opt/stack/data/venv/lib/python3.12/site-packages/swiftclient/client.py:166}}
Jun 30 18:22:37.112998 np0000004019 devstack@g-api.service[99609]: [pid: 99609|app: 0|req: 133/396] 127.0.0.1 () {40 vars in 838 bytes} [Tue Jun 30 18:22:37 2026] GET /v2/images/9525a527-b15b-4acf-bfef-c1455e4c095b => generated 1468 bytes in 35 msecs (HTTP/1.1 200) 4 headers in 158 bytes (1 switches on core 0)
Jun 30 18:22:37.143417 np0000004019 devstack@g-api.service[99607]: DEBUG swiftclient [None req-e11052ae-4a5f-45be-a359-b362e0022287 tempest-AttachVolumeShelveTestJSON-1629651079 tempest-AttachVolumeShelveTestJSON-1629651079-project-member] REQ: curl -i https://10.4.3.239:8080/v1/AUTH_3825f4757d294d1593380e86aaf1a7b8/glance/f3aa1542-86b1-453c-8ccc-30531d8a9628-00001 DELETE -H "X-Auth-Token: gAAAAABqRAlsjvFx..." {{(pid=99607) http_log /opt/stack/data/venv/lib/python3.12/site-packages/swiftclient/client.py:160}}
Jun 30 18:22:37.143592 np0000004019 devstack@g-api.service[99607]: DEBUG swiftclient [None req-e11052ae-4a5f-45be-a359-b362e0022287 tempest-AttachVolumeShelveTestJSON-1629651079 tempest-AttachVolumeShelveTestJSON-1629651079-project-member] RESP STATUS: 204 No Content {{(pid=99607) http_log /opt/stack/data/venv/lib/python3.12/site-packages/swiftclient/client.py:161}}
Jun 30 18:22:37.143648 np0000004019 devstack@g-api.service[99607]: DEBUG swiftclient [None req-e11052ae-4a5f-45be-a359-b362e0022287 tempest-AttachVolumeShelveTestJSON-1629651079 tempest-AttachVolumeShelveTestJSON-1629651079-project-member] RESP HEADERS: {'Date': 'Tue, 30 Jun 2026 18:22:37 GMT', 'Server': 'Apache/2.4.58 (Ubuntu)', 'Content-Type': 'text/html; charset=UTF-8', 'X-Trans-Id': 'txa2d31695d1a7480b8ee98-006a44096d', 'X-Openstack-Request-Id': 'txa2d31695d1a7480b8ee98-006a44096d', 'Connection': 'close'} {{(pid=99607) http_log /opt/stack/data/venv/lib/python3.12/site-packages/swiftclient/client.py:162}}
Jun 30 18:22:37.193248 np0000004019 devstack@g-api.service[99607]: DEBUG swiftclient [None req-e11052ae-4a5f-45be-a359-b362e0022287 tempest-AttachVolumeShelveTestJSON-1629651079 tempest-AttachVolumeShelveTestJSON-1629651079-project-member] REQ: curl -i https://10.4.3.239:8080/v1/AUTH_3825f4757d294d1593380e86aaf1a7b8/glance/f3aa1542-86b1-453c-8ccc-30531d8a9628 DELETE -H "X-Auth-Token: gAAAAABqRAlsjvFx..." {{(pid=99607) http_log /opt/stack/data/venv/lib/python3.12/site-packages/swiftclient/client.py:160}}
Jun 30 18:22:37.193248 np0000004019 devstack@g-api.service[99607]: DEBUG swiftclient [None req-e11052ae-4a5f-45be-a359-b362e0022287 tempest-AttachVolumeShelveTestJSON-1629651079 tempest-AttachVolumeShelveTestJSON-1629651079-project-member] RESP STATUS: 204 No Content {{(pid=99607) http_log /opt/stack/data/venv/lib/python3.12/site-packages/swiftclient/client.py:161}}
Jun 30 18:22:37.193248 np0000004019 devstack@g-api.service[99607]: DEBUG swiftclient [None req-e11052ae-4a5f-45be-a359-b362e0022287 tempest-AttachVolumeShelveTestJSON-1629651079 tempest-AttachVolumeShelveTestJSON-1629651079-project-member] RESP HEADERS: {'Date': 'Tue, 30 Jun 2026 18:22:37 GMT', 'Server': 'Apache/2.4.58 (Ubuntu)', 'Content-Type': 'text/html; charset=UTF-8', 'X-Trans-Id': 'txa0903b3b122e4217afcfc-006a44096d', 'X-Openstack-Request-Id': 'txa0903b3b122e4217afcfc-006a44096d', 'Connection': 'close'} {{(pid=99607) http_log /opt/stack/data/venv/lib/python3.12/site-packages/swiftclient/client.py:162}}
Jun 30 18:22:37.387167 np0000004019 devstack@g-api.service[99607]: DEBUG glance.api.middleware.cache [None req-e11052ae-4a5f-45be-a359-b362e0022287 tempest-AttachVolumeShelveTestJSON-1629651079 tempest-AttachVolumeShelveTestJSON-1629651079-project-member] Removing image f3aa1542-86b1-453c-8ccc-30531d8a9628 from cache {{(pid=99607) _process_DELETE_response /opt/stack/glance/glance/api/middleware/cache.py:264}}
Jun 30 18:22:37.389849 np0000004019 devstack@g-api.service[99607]: DEBUG glance.image_cache.drivers.centralized_db [None req-e11052ae-4a5f-45be-a359-b362e0022287 tempest-AttachVolumeShelveTestJSON-1629651079 tempest-AttachVolumeShelveTestJSON-1629651079-project-member] Deleting image cache file '/opt/stack/data/glance/cache/f3aa1542-86b1-453c-8ccc-30531d8a9628' {{(pid=99607) delete_cached_file /opt/stack/glance/glance/image_cache/drivers/centralized_db.py:400}}
Jun 30 18:22:37.419248 np0000004019 devstack@g-api.service[99607]: [pid: 99607|app: 0|req: 134/397] 127.0.0.1 () {46 vars in 1137 bytes} [Tue Jun 30 18:22:36 2026] DELETE /v2/images/f3aa1542-86b1-453c-8ccc-30531d8a9628 => generated 0 bytes in 588 msecs (HTTP/1.1 204) 4 headers in 171 bytes (1 switches on core 0)
Jun 30 18:22:37.560258 np0000004019 devstack@g-api.service[99609]: DEBUG glance.api.middleware.version_negotiation [None req-34b34595-794c-4d65-b9ff-911fe8faae74 tempest-ServerBootFromVolumeStableRescueTest-182837038 tempest-ServerBootFromVolumeStableRescueTest-182837038-project-member] Determining version of request: GET /v2/schemas/image Accept: */* {{(pid=99609) process_request /opt/stack/glance/glance/api/middleware/version_negotiation.py:44}}
Jun 30 18:22:37.560258 np0000004019 devstack@g-api.service[99609]: DEBUG glance.api.middleware.version_negotiation [None req-34b34595-794c-4d65-b9ff-911fe8faae74 tempest-ServerBootFromVolumeStableRescueTest-182837038 tempest-ServerBootFromVolumeStableRescueTest-182837038-project-member] Using url versioning {{(pid=99609) process_request /opt/stack/glance/glance/api/middleware/version_negotiation.py:57}}
Jun 30 18:22:37.560258 np0000004019 devstack@g-api.service[99609]: DEBUG glance.api.middleware.version_negotiation [None req-34b34595-794c-4d65-b9ff-911fe8faae74 tempest-ServerBootFromVolumeStableRescueTest-182837038 tempest-ServerBootFromVolumeStableRescueTest-182837038-project-member] Matched version: v2 {{(pid=99609) process_request /opt/stack/glance/glance/api/middleware/version_negotiation.py:69}}
Jun 30 18:22:37.560258 np0000004019 devstack@g-api.service[99609]: DEBUG glance.api.middleware.version_negotiation [None req-34b34595-794c-4d65-b9ff-911fe8faae74 tempest-ServerBootFromVolumeStableRescueTest-182837038 tempest-ServerBootFromVolumeStableRescueTest-182837038-project-member] new path /v2/schemas/image {{(pid=99609) process_request /opt/stack/glance/glance/api/middleware/version_negotiation.py:70}}
Jun 30 18:22:37.568919 np0000004019 devstack@g-api.service[99609]: [pid: 99609|app: 0|req: 134/398] 127.0.0.1 () {44 vars in 1055 bytes} [Tue Jun 30 18:22:37 2026] GET /v2/schemas/image => generated 6083 bytes in 9 msecs (HTTP/1.1 200) 4 headers in 158 bytes (1 switches on core 0)
