Jun 30 18:13:39.617329 np0000004019 devstack@g-api.service[99608]: DEBUG glance.common.config [None req-9d543ef3-a233-40ff-84f6-0e3694ff3cb0 None None] oslo_messaging_rabbit.rabbit_quorum_queue = False {{(pid=99608) log_opt_values /opt/stack/data/venv/lib/python3.12/site-packages/oslo_config/cfg.py:3253}}
Jun 30 18:13:39.617428 np0000004019 devstack@g-api.service[99608]: DEBUG glance.common.config [None req-9d543ef3-a233-40ff-84f6-0e3694ff3cb0 None None] oslo_messaging_rabbit.rabbit_retry_backoff = 2 {{(pid=99608) log_opt_values /opt/stack/data/venv/lib/python3.12/site-packages/oslo_config/cfg.py:3253}}
Jun 30 18:13:39.617567 np0000004019 devstack@g-api.service[99608]: DEBUG glance.common.config [None req-9d543ef3-a233-40ff-84f6-0e3694ff3cb0 None None] oslo_messaging_rabbit.rabbit_retry_interval = 1 {{(pid=99608) log_opt_values /opt/stack/data/venv/lib/python3.12/site-packages/oslo_config/cfg.py:3253}}
Jun 30 18:13:39.617663 np0000004019 devstack@g-api.service[99608]: DEBUG glance.common.config [None req-9d543ef3-a233-40ff-84f6-0e3694ff3cb0 None None] oslo_messaging_rabbit.rabbit_stream_fanout = False {{(pid=99608) log_opt_values /opt/stack/data/venv/lib/python3.12/site-packages/oslo_config/cfg.py:3253}}
Jun 30 18:13:39.617751 np0000004019 devstack@g-api.service[99608]: DEBUG glance.common.config [None req-9d543ef3-a233-40ff-84f6-0e3694ff3cb0 None None] oslo_messaging_rabbit.rabbit_transient_queues_ttl = 1800 {{(pid=99608) log_opt_values /opt/stack/data/venv/lib/python3.12/site-packages/oslo_config/cfg.py:3253}}
Jun 30 18:13:39.617849 np0000004019 devstack@g-api.service[99608]: DEBUG glance.common.config [None req-9d543ef3-a233-40ff-84f6-0e3694ff3cb0 None None] oslo_messaging_rabbit.rabbit_transient_quorum_queue = False {{(pid=99608) log_opt_values /opt/stack/data/venv/lib/python3.12/site-packages/oslo_config/cfg.py:3253}}
Jun 30 18:13:39.617936 np0000004019 devstack@g-api.service[99608]: DEBUG glance.common.config [None req-9d543ef3-a233-40ff-84f6-0e3694ff3cb0 None None] oslo_messaging_rabbit.rpc_conn_pool_size = 30 {{(pid=99608) log_opt_values /opt/stack/data/venv/lib/python3.12/site-packages/oslo_config/cfg.py:3253}}
Jun 30 18:13:39.618020 np0000004019 devstack@g-api.service[99608]: DEBUG glance.common.config [None req-9d543ef3-a233-40ff-84f6-0e3694ff3cb0 None None] oslo_messaging_rabbit.ssl = False {{(pid=99608) log_opt_values /opt/stack/data/venv/lib/python3.12/site-packages/oslo_config/cfg.py:3253}}
Jun 30 18:13:39.618138 np0000004019 devstack@g-api.service[99608]: DEBUG glance.common.config [None req-9d543ef3-a233-40ff-84f6-0e3694ff3cb0 None None] oslo_messaging_rabbit.ssl_ca_file = {{(pid=99608) log_opt_values /opt/stack/data/venv/lib/python3.12/site-packages/oslo_config/cfg.py:3253}}
Jun 30 18:13:39.618231 np0000004019 devstack@g-api.service[99608]: DEBUG glance.common.config [None req-9d543ef3-a233-40ff-84f6-0e3694ff3cb0 None None] oslo_messaging_rabbit.ssl_cert_file = {{(pid=99608) log_opt_values /opt/stack/data/venv/lib/python3.12/site-packages/oslo_config/cfg.py:3253}}
Jun 30 18:13:39.618324 np0000004019 devstack@g-api.service[99608]: DEBUG glance.common.config [None req-9d543ef3-a233-40ff-84f6-0e3694ff3cb0 None None] oslo_messaging_rabbit.ssl_enforce_fips_mode = False {{(pid=99608) log_opt_values /opt/stack/data/venv/lib/python3.12/site-packages/oslo_config/cfg.py:3253}}
Jun 30 18:13:39.618403 np0000004019 devstack@g-api.service[99608]: DEBUG glance.common.config [None req-9d543ef3-a233-40ff-84f6-0e3694ff3cb0 None None] oslo_messaging_rabbit.ssl_enforce_hostname_verification = True {{(pid=99608) log_opt_values /opt/stack/data/venv/lib/python3.12/site-packages/oslo_config/cfg.py:3253}}
Jun 30 18:13:39.618538 np0000004019 devstack@g-api.service[99608]: DEBUG glance.common.config [None req-9d543ef3-a233-40ff-84f6-0e3694ff3cb0 None None] oslo_messaging_rabbit.ssl_key_file = {{(pid=99608) log_opt_values /opt/stack/data/venv/lib/python3.12/site-packages/oslo_config/cfg.py:3253}}
Jun 30 18:13:39.618641 np0000004019 devstack@g-api.service[99608]: DEBUG glance.common.config [None req-9d543ef3-a233-40ff-84f6-0e3694ff3cb0 None None] oslo_messaging_rabbit.ssl_version = {{(pid=99608) log_opt_values /opt/stack/data/venv/lib/python3.12/site-packages/oslo_config/cfg.py:3253}}
Jun 30 18:13:39.618729 np0000004019 devstack@g-api.service[99608]: DEBUG glance.common.config [None req-9d543ef3-a233-40ff-84f6-0e3694ff3cb0 None None] oslo_messaging_rabbit.use_queue_manager = False {{(pid=99608) log_opt_values /opt/stack/data/venv/lib/python3.12/site-packages/oslo_config/cfg.py:3253}}
Jun 30 18:13:39.618842 np0000004019 devstack@g-api.service[99608]: DEBUG glance.common.config [None req-9d543ef3-a233-40ff-84f6-0e3694ff3cb0 None None] key_manager.backend = barbican {{(pid=99608) log_opt_values /opt/stack/data/venv/lib/python3.12/site-packages/oslo_config/cfg.py:3253}}
Jun 30 18:13:39.618934 np0000004019 devstack@g-api.service[99608]: DEBUG glance.common.config [None req-9d543ef3-a233-40ff-84f6-0e3694ff3cb0 None None] key_manager.fixed_key = None {{(pid=99608) log_opt_values /opt/stack/data/venv/lib/python3.12/site-packages/oslo_config/cfg.py:3253}}
Jun 30 18:13:39.619282 np0000004019 devstack@g-api.service[99608]: DEBUG glance.common.config [None req-9d543ef3-a233-40ff-84f6-0e3694ff3cb0 None None] barbican.auth_endpoint = http://localhost/identity/v3 {{(pid=99608) log_opt_values /opt/stack/data/venv/lib/python3.12/site-packages/oslo_config/cfg.py:3253}}
Jun 30 18:13:39.619401 np0000004019 devstack@g-api.service[99608]: DEBUG glance.common.config [None req-9d543ef3-a233-40ff-84f6-0e3694ff3cb0 None None] barbican.barbican_api_version = None {{(pid=99608) log_opt_values /opt/stack/data/venv/lib/python3.12/site-packages/oslo_config/cfg.py:3253}}
Jun 30 18:13:39.619534 np0000004019 devstack@g-api.service[99608]: DEBUG glance.common.config [None req-9d543ef3-a233-40ff-84f6-0e3694ff3cb0 None None] barbican.barbican_endpoint = None {{(pid=99608) log_opt_values /opt/stack/data/venv/lib/python3.12/site-packages/oslo_config/cfg.py:3253}}
Jun 30 18:13:39.619643 np0000004019 devstack@g-api.service[99608]: DEBUG glance.common.config [None req-9d543ef3-a233-40ff-84f6-0e3694ff3cb0 None None] barbican.barbican_endpoint_type = public {{(pid=99608) log_opt_values /opt/stack/data/venv/lib/python3.12/site-packages/oslo_config/cfg.py:3253}}
Jun 30 18:13:39.619735 np0000004019 devstack@g-api.service[99608]: DEBUG glance.common.config [None req-9d543ef3-a233-40ff-84f6-0e3694ff3cb0 None None] barbican.barbican_region_name = None {{(pid=99608) log_opt_values /opt/stack/data/venv/lib/python3.12/site-packages/oslo_config/cfg.py:3253}}
Jun 30 18:13:39.619889 np0000004019 devstack@g-api.service[99608]: DEBUG glance.common.config [None req-9d543ef3-a233-40ff-84f6-0e3694ff3cb0 None None] barbican.cafile = None {{(pid=99608) log_opt_values /opt/stack/data/venv/lib/python3.12/site-packages/oslo_config/cfg.py:3253}}
Jun 30 18:13:39.620029 np0000004019 devstack@g-api.service[99608]: DEBUG glance.common.config [None req-9d543ef3-a233-40ff-84f6-0e3694ff3cb0 None None] barbican.certfile = None {{(pid=99608) log_opt_values /opt/stack/data/venv/lib/python3.12/site-packages/oslo_config/cfg.py:3253}}
Jun 30 18:13:39.620191 np0000004019 devstack@g-api.service[99608]: DEBUG glance.common.config [None req-9d543ef3-a233-40ff-84f6-0e3694ff3cb0 None None] barbican.collect_timing = False {{(pid=99608) log_opt_values /opt/stack/data/venv/lib/python3.12/site-packages/oslo_config/cfg.py:3253}}
Jun 30 18:13:39.620320 np0000004019 devstack@g-api.service[99608]: DEBUG glance.common.config [None req-9d543ef3-a233-40ff-84f6-0e3694ff3cb0 None None] barbican.insecure = False {{(pid=99608) log_opt_values /opt/stack/data/venv/lib/python3.12/site-packages/oslo_config/cfg.py:3253}}
Jun 30 18:13:39.620450 np0000004019 devstack@g-api.service[99608]: DEBUG glance.common.config [None req-9d543ef3-a233-40ff-84f6-0e3694ff3cb0 None None] barbican.keyfile = None {{(pid=99608) log_opt_values /opt/stack/data/venv/lib/python3.12/site-packages/oslo_config/cfg.py:3253}}
Jun 30 18:13:39.620587 np0000004019 devstack@g-api.service[99608]: DEBUG glance.common.config [None req-9d543ef3-a233-40ff-84f6-0e3694ff3cb0 None None] barbican.number_of_retries = 60 {{(pid=99608) log_opt_values /opt/stack/data/venv/lib/python3.12/site-packages/oslo_config/cfg.py:3253}}
Jun 30 18:13:39.620737 np0000004019 devstack@g-api.service[99608]: DEBUG glance.common.config [None req-9d543ef3-a233-40ff-84f6-0e3694ff3cb0 None None] barbican.retry_delay = 1 {{(pid=99608) log_opt_values /opt/stack/data/venv/lib/python3.12/site-packages/oslo_config/cfg.py:3253}}
Jun 30 18:13:39.620882 np0000004019 devstack@g-api.service[99608]: DEBUG glance.common.config [None req-9d543ef3-a233-40ff-84f6-0e3694ff3cb0 None None] barbican.send_service_user_token = False {{(pid=99608) log_opt_values /opt/stack/data/venv/lib/python3.12/site-packages/oslo_config/cfg.py:3253}}
Jun 30 18:13:39.621015 np0000004019 devstack@g-api.service[99608]: DEBUG glance.common.config [None req-9d543ef3-a233-40ff-84f6-0e3694ff3cb0 None None] barbican.split_loggers = False {{(pid=99608) log_opt_values /opt/stack/data/venv/lib/python3.12/site-packages/oslo_config/cfg.py:3253}}
Jun 30 18:13:39.621205 np0000004019 devstack@g-api.service[99608]: DEBUG glance.common.config [None req-9d543ef3-a233-40ff-84f6-0e3694ff3cb0 None None] barbican.timeout = None {{(pid=99608) log_opt_values /opt/stack/data/venv/lib/python3.12/site-packages/oslo_config/cfg.py:3253}}
Jun 30 18:13:39.621345 np0000004019 devstack@g-api.service[99608]: DEBUG glance.common.config [None req-9d543ef3-a233-40ff-84f6-0e3694ff3cb0 None None] barbican.verify_ssl = True {{(pid=99608) log_opt_values /opt/stack/data/venv/lib/python3.12/site-packages/oslo_config/cfg.py:3253}}
Jun 30 18:13:39.621482 np0000004019 devstack@g-api.service[99608]: DEBUG glance.common.config [None req-9d543ef3-a233-40ff-84f6-0e3694ff3cb0 None None] barbican.verify_ssl_path = None {{(pid=99608) log_opt_values /opt/stack/data/venv/lib/python3.12/site-packages/oslo_config/cfg.py:3253}}
Jun 30 18:13:39.621621 np0000004019 devstack@g-api.service[99608]: DEBUG glance.common.config [None req-9d543ef3-a233-40ff-84f6-0e3694ff3cb0 None None] barbican_service_user.auth_section = None {{(pid=99608) log_opt_values /opt/stack/data/venv/lib/python3.12/site-packages/oslo_config/cfg.py:3253}}
Jun 30 18:13:39.621752 np0000004019 devstack@g-api.service[99608]: DEBUG glance.common.config [None req-9d543ef3-a233-40ff-84f6-0e3694ff3cb0 None None] barbican_service_user.auth_type = None {{(pid=99608) log_opt_values /opt/stack/data/venv/lib/python3.12/site-packages/oslo_config/cfg.py:3253}}
Jun 30 18:13:39.621891 np0000004019 devstack@g-api.service[99608]: DEBUG glance.common.config [None req-9d543ef3-a233-40ff-84f6-0e3694ff3cb0 None None] barbican_service_user.cafile = None {{(pid=99608) log_opt_values /opt/stack/data/venv/lib/python3.12/site-packages/oslo_config/cfg.py:3253}}
Jun 30 18:13:39.622020 np0000004019 devstack@g-api.service[99608]: DEBUG glance.common.config [None req-9d543ef3-a233-40ff-84f6-0e3694ff3cb0 None None] barbican_service_user.certfile = None {{(pid=99608) log_opt_values /opt/stack/data/venv/lib/python3.12/site-packages/oslo_config/cfg.py:3253}}
Jun 30 18:13:39.622169 np0000004019 devstack@g-api.service[99608]: DEBUG glance.common.config [None req-9d543ef3-a233-40ff-84f6-0e3694ff3cb0 None None] barbican_service_user.collect_timing = False {{(pid=99608) log_opt_values /opt/stack/data/venv/lib/python3.12/site-packages/oslo_config/cfg.py:3253}}
Jun 30 18:13:39.622308 np0000004019 devstack@g-api.service[99608]: DEBUG glance.common.config [None req-9d543ef3-a233-40ff-84f6-0e3694ff3cb0 None None] barbican_service_user.insecure = False {{(pid=99608) log_opt_values /opt/stack/data/venv/lib/python3.12/site-packages/oslo_config/cfg.py:3253}}
Jun 30 18:13:39.622439 np0000004019 devstack@g-api.service[99608]: DEBUG glance.common.config [None req-9d543ef3-a233-40ff-84f6-0e3694ff3cb0 None None] barbican_service_user.keyfile = None {{(pid=99608) log_opt_values /opt/stack/data/venv/lib/python3.12/site-packages/oslo_config/cfg.py:3253}}
Jun 30 18:13:39.622571 np0000004019 devstack@g-api.service[99608]: DEBUG glance.common.config [None req-9d543ef3-a233-40ff-84f6-0e3694ff3cb0 None None] barbican_service_user.split_loggers = False {{(pid=99608) log_opt_values /opt/stack/data/venv/lib/python3.12/site-packages/oslo_config/cfg.py:3253}}
Jun 30 18:13:39.622703 np0000004019 devstack@g-api.service[99609]: DEBUG dbcounter [-] [99609] Writer thread running {{(pid=99609) stat_writer /opt/stack/data/venv/lib/python3.12/site-packages/dbcounter.py:102}}
Jun 30 18:13:39.622761 np0000004019 devstack@g-api.service[99608]: DEBUG glance.common.config [None req-9d543ef3-a233-40ff-84f6-0e3694ff3cb0 None None] barbican_service_user.timeout = None {{(pid=99608) log_opt_values /opt/stack/data/venv/lib/python3.12/site-packages/oslo_config/cfg.py:3253}}
Jun 30 18:13:39.622860 np0000004019 devstack@g-api.service[99608]: DEBUG glance.common.config [None req-9d543ef3-a233-40ff-84f6-0e3694ff3cb0 None None] database.asyncio_connection = **** {{(pid=99608) log_opt_values /opt/stack/data/venv/lib/python3.12/site-packages/oslo_config/cfg.py:3253}}
Jun 30 18:13:39.622995 np0000004019 devstack@g-api.service[99608]: DEBUG glance.common.config [None req-9d543ef3-a233-40ff-84f6-0e3694ff3cb0 None None] database.asyncio_slave_connection = **** {{(pid=99608) log_opt_values /opt/stack/data/venv/lib/python3.12/site-packages/oslo_config/cfg.py:3253}}
Jun 30 18:13:39.623153 np0000004019 devstack@g-api.service[99608]: DEBUG glance.common.config [None req-9d543ef3-a233-40ff-84f6-0e3694ff3cb0 None None] database.backend = sqlalchemy {{(pid=99608) log_opt_values /opt/stack/data/venv/lib/python3.12/site-packages/oslo_config/cfg.py:3253}}
Jun 30 18:13:39.623298 np0000004019 devstack@g-api.service[99608]: DEBUG glance.common.config [None req-9d543ef3-a233-40ff-84f6-0e3694ff3cb0 None None] database.connection = **** {{(pid=99608) log_opt_values /opt/stack/data/venv/lib/python3.12/site-packages/oslo_config/cfg.py:3253}}
Jun 30 18:13:39.623430 np0000004019 devstack@g-api.service[99608]: DEBUG glance.common.config [None req-9d543ef3-a233-40ff-84f6-0e3694ff3cb0 None None] database.connection_debug = 0 {{(pid=99608) log_opt_values /opt/stack/data/venv/lib/python3.12/site-packages/oslo_config/cfg.py:3253}}
Jun 30 18:13:39.623567 np0000004019 devstack@g-api.service[99608]: DEBUG glance.common.config [None req-9d543ef3-a233-40ff-84f6-0e3694ff3cb0 None None] database.connection_parameters = {{(pid=99608) log_opt_values /opt/stack/data/venv/lib/python3.12/site-packages/oslo_config/cfg.py:3253}}
Jun 30 18:13:39.623696 np0000004019 devstack@g-api.service[99608]: DEBUG glance.common.config [None req-9d543ef3-a233-40ff-84f6-0e3694ff3cb0 None None] database.connection_recycle_time = 3600 {{(pid=99608) log_opt_values /opt/stack/data/venv/lib/python3.12/site-packages/oslo_config/cfg.py:3253}}
Jun 30 18:13:39.623836 np0000004019 devstack@g-api.service[99608]: DEBUG glance.common.config [None req-9d543ef3-a233-40ff-84f6-0e3694ff3cb0 None None] database.connection_trace = False {{(pid=99608) log_opt_values /opt/stack/data/venv/lib/python3.12/site-packages/oslo_config/cfg.py:3253}}
Jun 30 18:13:39.624014 np0000004019 devstack@g-api.service[99608]: DEBUG glance.common.config [None req-9d543ef3-a233-40ff-84f6-0e3694ff3cb0 None None] database.db_inc_retry_interval = True {{(pid=99608) log_opt_values /opt/stack/data/venv/lib/python3.12/site-packages/oslo_config/cfg.py:3253}}
Jun 30 18:13:39.624174 np0000004019 devstack@g-api.service[99608]: DEBUG glance.common.config [None req-9d543ef3-a233-40ff-84f6-0e3694ff3cb0 None None] database.db_max_retries = 20 {{(pid=99608) log_opt_values /opt/stack/data/venv/lib/python3.12/site-packages/oslo_config/cfg.py:3253}}
Jun 30 18:13:39.624308 np0000004019 devstack@g-api.service[99608]: DEBUG glance.common.config [None req-9d543ef3-a233-40ff-84f6-0e3694ff3cb0 None None] database.db_max_retry_interval = 10 {{(pid=99608) log_opt_values /opt/stack/data/venv/lib/python3.12/site-packages/oslo_config/cfg.py:3253}}
Jun 30 18:13:39.624439 np0000004019 devstack@g-api.service[99608]: DEBUG glance.common.config [None req-9d543ef3-a233-40ff-84f6-0e3694ff3cb0 None None] database.db_retry_interval = 1 {{(pid=99608) log_opt_values /opt/stack/data/venv/lib/python3.12/site-packages/oslo_config/cfg.py:3253}}
Jun 30 18:13:39.624572 np0000004019 devstack@g-api.service[99608]: DEBUG glance.common.config [None req-9d543ef3-a233-40ff-84f6-0e3694ff3cb0 None None] database.max_overflow = 50 {{(pid=99608) log_opt_values /opt/stack/data/venv/lib/python3.12/site-packages/oslo_config/cfg.py:3253}}
Jun 30 18:13:39.624704 np0000004019 devstack@g-api.service[99608]: DEBUG glance.common.config [None req-9d543ef3-a233-40ff-84f6-0e3694ff3cb0 None None] database.max_pool_size = 5 {{(pid=99608) log_opt_values /opt/stack/data/venv/lib/python3.12/site-packages/oslo_config/cfg.py:3253}}
Jun 30 18:13:39.624845 np0000004019 devstack@g-api.service[99608]: DEBUG glance.common.config [None req-9d543ef3-a233-40ff-84f6-0e3694ff3cb0 None None] database.max_retries = 10 {{(pid=99608) log_opt_values /opt/stack/data/venv/lib/python3.12/site-packages/oslo_config/cfg.py:3253}}
Jun 30 18:13:39.624986 np0000004019 devstack@g-api.service[99608]: DEBUG glance.common.config [None req-9d543ef3-a233-40ff-84f6-0e3694ff3cb0 None None] database.mysql_sql_mode = TRADITIONAL {{(pid=99608) log_opt_values /opt/stack/data/venv/lib/python3.12/site-packages/oslo_config/cfg.py:3253}}
Jun 30 18:13:39.625138 np0000004019 devstack@g-api.service[99608]: DEBUG glance.common.config [None req-9d543ef3-a233-40ff-84f6-0e3694ff3cb0 None None] database.mysql_wsrep_sync_wait = None {{(pid=99608) log_opt_values /opt/stack/data/venv/lib/python3.12/site-packages/oslo_config/cfg.py:3253}}
Jun 30 18:13:39.625279 np0000004019 devstack@g-api.service[99608]: DEBUG glance.common.config [None req-9d543ef3-a233-40ff-84f6-0e3694ff3cb0 None None] database.pool_timeout = None {{(pid=99608) log_opt_values /opt/stack/data/venv/lib/python3.12/site-packages/oslo_config/cfg.py:3253}}
Jun 30 18:13:39.625411 np0000004019 devstack@g-api.service[99608]: DEBUG glance.common.config [None req-9d543ef3-a233-40ff-84f6-0e3694ff3cb0 None None] database.retry_interval = 10 {{(pid=99608) log_opt_values /opt/stack/data/venv/lib/python3.12/site-packages/oslo_config/cfg.py:3253}}
Jun 30 18:13:39.625545 np0000004019 devstack@g-api.service[99608]: DEBUG glance.common.config [None req-9d543ef3-a233-40ff-84f6-0e3694ff3cb0 None None] database.slave_connection = **** {{(pid=99608) log_opt_values /opt/stack/data/venv/lib/python3.12/site-packages/oslo_config/cfg.py:3253}}
Jun 30 18:13:39.625675 np0000004019 devstack@g-api.service[99608]: DEBUG glance.common.config [None req-9d543ef3-a233-40ff-84f6-0e3694ff3cb0 None None] database.sqlite_synchronous = True {{(pid=99608) log_opt_values /opt/stack/data/venv/lib/python3.12/site-packages/oslo_config/cfg.py:3253}}
Jun 30 18:13:39.625806 np0000004019 devstack@g-api.service[99608]: DEBUG glance.common.config [None req-9d543ef3-a233-40ff-84f6-0e3694ff3cb0 None None] database.synchronous_reader = True {{(pid=99608) log_opt_values /opt/stack/data/venv/lib/python3.12/site-packages/oslo_config/cfg.py:3253}}
Jun 30 18:13:39.625948 np0000004019 devstack@g-api.service[99608]: DEBUG glance.common.config [None req-9d543ef3-a233-40ff-84f6-0e3694ff3cb0 None None] database.use_db_reconnect = False {{(pid=99608) log_opt_values /opt/stack/data/venv/lib/python3.12/site-packages/oslo_config/cfg.py:3253}}
Jun 30 18:13:39.626103 np0000004019 devstack@g-api.service[99608]: DEBUG glance.common.config [None req-9d543ef3-a233-40ff-84f6-0e3694ff3cb0 None None] healthcheck.allowed_source_ranges = [] {{(pid=99608) log_opt_values /opt/stack/data/venv/lib/python3.12/site-packages/oslo_config/cfg.py:3253}}
Jun 30 18:13:39.626238 np0000004019 devstack@g-api.service[99608]: DEBUG glance.common.config [None req-9d543ef3-a233-40ff-84f6-0e3694ff3cb0 None None] healthcheck.backends = ['disable_by_file'] {{(pid=99608) log_opt_values /opt/stack/data/venv/lib/python3.12/site-packages/oslo_config/cfg.py:3253}}
Jun 30 18:13:39.626379 np0000004019 devstack@g-api.service[99608]: DEBUG glance.common.config [None req-9d543ef3-a233-40ff-84f6-0e3694ff3cb0 None None] healthcheck.detailed = False {{(pid=99608) log_opt_values /opt/stack/data/venv/lib/python3.12/site-packages/oslo_config/cfg.py:3253}}
Jun 30 18:13:39.626512 np0000004019 devstack@g-api.service[99608]: DEBUG glance.common.config [None req-9d543ef3-a233-40ff-84f6-0e3694ff3cb0 None None] healthcheck.disable_by_file_path = None {{(pid=99608) log_opt_values /opt/stack/data/venv/lib/python3.12/site-packages/oslo_config/cfg.py:3253}}
Jun 30 18:13:39.626642 np0000004019 devstack@g-api.service[99608]: DEBUG glance.common.config [None req-9d543ef3-a233-40ff-84f6-0e3694ff3cb0 None None] healthcheck.ignore_proxied_requests = False {{(pid=99608) log_opt_values /opt/stack/data/venv/lib/python3.12/site-packages/oslo_config/cfg.py:3253}}
Jun 30 18:13:39.626745 np0000004019 devstack@g-api.service[99608]: DEBUG glance.common.config [None req-9d543ef3-a233-40ff-84f6-0e3694ff3cb0 None None] ******************************************************************************** {{(pid=99608) log_opt_values /opt/stack/data/venv/lib/python3.12/site-packages/oslo_config/cfg.py:3260}}
Jun 30 18:13:39.626793 np0000004019 devstack@g-api.service[99609]: DEBUG glance.image_cache.drivers.centralized_db [None req-6de5725d-0702-4bf0-abc0-3b2f936e0bea None None] Node reference is already recorded, ignoring it {{(pid=99609) configure /opt/stack/glance/glance/image_cache/drivers/centralized_db.py:71}}
Jun 30 18:13:39.626892 np0000004019 devstack@g-api.service[99608]: WSGI app 0 (mountpoint='') ready in 2 seconds on interpreter 0x705fa46a3668 pid: 99608 (default app)
Jun 30 18:13:39.627532 np0000004019 devstack@g-api.service[99608]: DEBUG glance.api.middleware.version_negotiation [None req-9d543ef3-a233-40ff-84f6-0e3694ff3cb0 None None] Determining version of request: GET / Accept: */* {{(pid=99608) process_request /opt/stack/glance/glance/api/middleware/version_negotiation.py:44}}
Jun 30 18:13:39.627684 np0000004019 devstack@g-api.service[99608]: DEBUG glance.api.middleware.version_negotiation [None req-9d543ef3-a233-40ff-84f6-0e3694ff3cb0 None None] Using url versioning {{(pid=99608) process_request /opt/stack/glance/glance/api/middleware/version_negotiation.py:57}}
Jun 30 18:13:39.627907 np0000004019 devstack@g-api.service[99608]: DEBUG glance.api.middleware.version_negotiation [None req-9d543ef3-a233-40ff-84f6-0e3694ff3cb0 None None] Unknown version. Returning version choices. {{(pid=99608) process_request /opt/stack/glance/glance/api/middleware/version_negotiation.py:64}}
Jun 30 18:13:39.628707 np0000004019 devstack@g-api.service[99608]: [pid: 99608|app: 0|req: 1/1] 127.0.0.1 () {34 vars in 455 bytes} [Tue Jun 30 18:13:39 2026] GET / => generated 1407 bytes in 1 msecs (HTTP/1.1 300) 3 headers in 106 bytes (1 switches on core 0)
Jun 30 18:13:39.633945 np0000004019 devstack@g-api.service[99609]: INFO glance.image_cache [None req-6de5725d-0702-4bf0-abc0-3b2f936e0bea None None] Image cache loaded driver 'centralized_db'.
Jun 30 18:13:39.730009 np0000004019 devstack@g-api.service[99607]: DEBUG glance.image_cache.drivers.centralized_db [None req-69deb5b6-b3fd-4abf-8637-ed2db6dceecf None None] Node reference is already recorded, ignoring it {{(pid=99607) configure /opt/stack/glance/glance/image_cache/drivers/centralized_db.py:71}}
Jun 30 18:13:39.737655 np0000004019 devstack@g-api.service[99607]: DEBUG glance.api.v2.cached_images [None req-69deb5b6-b3fd-4abf-8637-ed2db6dceecf None None] Started cache worker thread {{(pid=99607) __init__ /opt/stack/glance/glance/api/v2/cached_images.py:69}}
Jun 30 18:13:39.738510 np0000004019 devstack@g-api.service[99607]: INFO glance.image_cache [None req-69deb5b6-b3fd-4abf-8637-ed2db6dceecf None None] Image cache loaded driver 'centralized_db'.
Jun 30 18:13:39.743471 np0000004019 devstack@g-api.service[99609]: DEBUG glance.image_cache.drivers.centralized_db [None req-6de5725d-0702-4bf0-abc0-3b2f936e0bea None None] Node reference is already recorded, ignoring it {{(pid=99609) configure /opt/stack/glance/glance/image_cache/drivers/centralized_db.py:71}}
Jun 30 18:13:39.748747 np0000004019 devstack@g-api.service[99609]: DEBUG glance.api.v2.cached_images [None req-6de5725d-0702-4bf0-abc0-3b2f936e0bea None None] Started cache worker thread {{(pid=99609) __init__ /opt/stack/glance/glance/api/v2/cached_images.py:69}}
Jun 30 18:13:39.749447 np0000004019 devstack@g-api.service[99609]: INFO glance.image_cache [None req-6de5725d-0702-4bf0-abc0-3b2f936e0bea None None] Image cache loaded driver 'centralized_db'.
Jun 30 18:13:39.749860 np0000004019 devstack@g-api.service[99607]: DEBUG glance.image_cache.drivers.centralized_db [None req-69deb5b6-b3fd-4abf-8637-ed2db6dceecf None None] Node reference is already recorded, ignoring it {{(pid=99607) configure /opt/stack/glance/glance/image_cache/drivers/centralized_db.py:71}}
Jun 30 18:13:39.755299 np0000004019 devstack@g-api.service[99607]: INFO glance.api.middleware.cache_manage [None req-69deb5b6-b3fd-4abf-8637-ed2db6dceecf None None] Initialized image cache management middleware
Jun 30 18:13:39.755462 np0000004019 devstack@g-api.service[99607]: INFO glance.image_cache [None req-69deb5b6-b3fd-4abf-8637-ed2db6dceecf None None] Image cache loaded driver 'centralized_db'.
Jun 30 18:13:39.758337 np0000004019 devstack@g-api.service[99609]: DEBUG glance.image_cache.drivers.centralized_db [None req-6de5725d-0702-4bf0-abc0-3b2f936e0bea None None] Node reference is already recorded, ignoring it {{(pid=99609) configure /opt/stack/glance/glance/image_cache/drivers/centralized_db.py:71}}
Jun 30 18:13:39.763962 np0000004019 devstack@g-api.service[99609]: INFO glance.api.middleware.cache_manage [None req-6de5725d-0702-4bf0-abc0-3b2f936e0bea None None] Initialized image cache management middleware
Jun 30 18:13:39.764156 np0000004019 devstack@g-api.service[99609]: INFO glance.image_cache [None req-6de5725d-0702-4bf0-abc0-3b2f936e0bea None None] Image cache loaded driver 'centralized_db'.
Jun 30 18:13:39.766370 np0000004019 devstack@g-api.service[99607]: DEBUG glance.image_cache.drivers.centralized_db [None req-69deb5b6-b3fd-4abf-8637-ed2db6dceecf None None] Node reference is already recorded, ignoring it {{(pid=99607) configure /opt/stack/glance/glance/image_cache/drivers/centralized_db.py:71}}
Jun 30 18:13:39.771140 np0000004019 devstack@g-api.service[99607]: INFO glance.api.middleware.cache [None req-69deb5b6-b3fd-4abf-8637-ed2db6dceecf None None] Initialized image cache middleware
Jun 30 18:13:39.772309 np0000004019 devstack@g-api.service[99609]: DEBUG glance.image_cache.drivers.centralized_db [None req-6de5725d-0702-4bf0-abc0-3b2f936e0bea None None] Node reference is already recorded, ignoring it {{(pid=99609) configure /opt/stack/glance/glance/image_cache/drivers/centralized_db.py:71}}
Jun 30 18:13:39.776326 np0000004019 devstack@g-api.service[99609]: INFO glance.api.middleware.cache [None req-6de5725d-0702-4bf0-abc0-3b2f936e0bea None None] Initialized image cache middleware
Jun 30 18:13:39.786686 np0000004019 devstack@g-api.service[99607]: DEBUG glance.common.config [None req-69deb5b6-b3fd-4abf-8637-ed2db6dceecf None None] ******************************************************************************** {{(pid=99607) log_opt_values /opt/stack/data/venv/lib/python3.12/site-packages/oslo_config/cfg.py:3226}}
Jun 30 18:13:39.786820 np0000004019 devstack@g-api.service[99607]: DEBUG glance.common.config [None req-69deb5b6-b3fd-4abf-8637-ed2db6dceecf None None] Configuration options gathered from: {{(pid=99607) log_opt_values /opt/stack/data/venv/lib/python3.12/site-packages/oslo_config/cfg.py:3227}}
Jun 30 18:13:39.787199 np0000004019 devstack@g-api.service[99607]: DEBUG glance.common.config [None req-69deb5b6-b3fd-4abf-8637-ed2db6dceecf None None] command line args: [] {{(pid=99607) log_opt_values /opt/stack/data/venv/lib/python3.12/site-packages/oslo_config/cfg.py:3228}}
Jun 30 18:13:39.787351 np0000004019 devstack@g-api.service[99607]: DEBUG glance.common.config [None req-69deb5b6-b3fd-4abf-8637-ed2db6dceecf None None] config files: ['/etc/glance/glance-image-import.conf', '/etc/glance/glance-api.conf'] {{(pid=99607) log_opt_values /opt/stack/data/venv/lib/python3.12/site-packages/oslo_config/cfg.py:3229}}
Jun 30 18:13:39.787454 np0000004019 devstack@g-api.service[99607]: DEBUG glance.common.config [None req-69deb5b6-b3fd-4abf-8637-ed2db6dceecf None None] ================================================================================ {{(pid=99607) log_opt_values /opt/stack/data/venv/lib/python3.12/site-packages/oslo_config/cfg.py:3234}}
Jun 30 18:13:39.787592 np0000004019 devstack@g-api.service[99607]: DEBUG glance.common.config [None req-69deb5b6-b3fd-4abf-8637-ed2db6dceecf None None] allow_anonymous_access = False {{(pid=99607) log_opt_values /opt/stack/data/venv/lib/python3.12/site-packages/oslo_config/cfg.py:3242}}
Jun 30 18:13:39.787696 np0000004019 devstack@g-api.service[99607]: DEBUG glance.common.config [None req-69deb5b6-b3fd-4abf-8637-ed2db6dceecf None None] api_limit_max = 1000 {{(pid=99607) log_opt_values /opt/stack/data/venv/lib/python3.12/site-packages/oslo_config/cfg.py:3242}}
Jun 30 18:13:39.787809 np0000004019 devstack@g-api.service[99607]: DEBUG glance.common.config [None req-69deb5b6-b3fd-4abf-8637-ed2db6dceecf None None] backlog = 4096 {{(pid=99607) log_opt_values /opt/stack/data/venv/lib/python3.12/site-packages/oslo_config/cfg.py:3242}}
Jun 30 18:13:39.787973 np0000004019 devstack@g-api.service[99607]: DEBUG glance.common.config [None req-69deb5b6-b3fd-4abf-8637-ed2db6dceecf None None] bind_host = 0.0.0.0 {{(pid=99607) log_opt_values /opt/stack/data/venv/lib/python3.12/site-packages/oslo_config/cfg.py:3242}}
Jun 30 18:13:39.788105 np0000004019 devstack@g-api.service[99607]: DEBUG glance.common.config [None req-69deb5b6-b3fd-4abf-8637-ed2db6dceecf None None] bind_port = 19292 {{(pid=99607) log_opt_values /opt/stack/data/venv/lib/python3.12/site-packages/oslo_config/cfg.py:3242}}
Jun 30 18:13:39.788224 np0000004019 devstack@g-api.service[99607]: DEBUG glance.common.config [None req-69deb5b6-b3fd-4abf-8637-ed2db6dceecf None None] client_socket_timeout = 900 {{(pid=99607) log_opt_values /opt/stack/data/venv/lib/python3.12/site-packages/oslo_config/cfg.py:3242}}
Jun 30 18:13:39.788338 np0000004019 devstack@g-api.service[99607]: DEBUG glance.common.config [None req-69deb5b6-b3fd-4abf-8637-ed2db6dceecf None None] config_dir = [] {{(pid=99607) log_opt_values /opt/stack/data/venv/lib/python3.12/site-packages/oslo_config/cfg.py:3242}}
Jun 30 18:13:39.788424 np0000004019 devstack@g-api.service[99607]: DEBUG glance.common.config [None req-69deb5b6-b3fd-4abf-8637-ed2db6dceecf None None] config_file = ['/etc/glance/glance-image-import.conf', '/etc/glance/glance-api.conf'] {{(pid=99607) log_opt_values /opt/stack/data/venv/lib/python3.12/site-packages/oslo_config/cfg.py:3242}}
Jun 30 18:13:39.788532 np0000004019 devstack@g-api.service[99607]: DEBUG glance.common.config [None req-69deb5b6-b3fd-4abf-8637-ed2db6dceecf None None] config_source = [] {{(pid=99607) log_opt_values /opt/stack/data/venv/lib/python3.12/site-packages/oslo_config/cfg.py:3242}}
Jun 30 18:13:39.788647 np0000004019 devstack@g-api.service[99607]: DEBUG glance.common.config [None req-69deb5b6-b3fd-4abf-8637-ed2db6dceecf None None] control_exchange = glance {{(pid=99607) log_opt_values /opt/stack/data/venv/lib/python3.12/site-packages/oslo_config/cfg.py:3242}}
Jun 30 18:13:39.788727 np0000004019 devstack@g-api.service[99607]: DEBUG glance.common.config [None req-69deb5b6-b3fd-4abf-8637-ed2db6dceecf None None] debug = True {{(pid=99607) log_opt_values /opt/stack/data/venv/lib/python3.12/site-packages/oslo_config/cfg.py:3242}}
Jun 30 18:13:39.788939 np0000004019 devstack@g-api.service[99607]: DEBUG glance.common.config [None req-69deb5b6-b3fd-4abf-8637-ed2db6dceecf None None] default_log_levels = ['amqp=WARN', 'boto=WARN', 'sqlalchemy=WARN', 'suds=INFO', 'oslo.messaging=INFO', 'oslo_messaging=INFO', 'iso8601=WARN', 'requests.packages.urllib3.connectionpool=WARN', 'urllib3.connectionpool=WARN', 'websocket=WARN', 'requests.packages.urllib3.util.retry=WARN', 'urllib3.util.retry=WARN', 'keystonemiddleware=WARN', 'routes.middleware=WARN', 'stevedore=WARN', 'taskflow=WARN', 'keystoneauth=WARN', 'oslo.cache=INFO', 'oslo_policy=INFO', 'dogpile.core.dogpile=INFO'] {{(pid=99607) log_opt_values /opt/stack/data/venv/lib/python3.12/site-packages/oslo_config/cfg.py:3242}}
Jun 30 18:13:39.789043 np0000004019 devstack@g-api.service[99607]: DEBUG glance.common.config [None req-69deb5b6-b3fd-4abf-8637-ed2db6dceecf None None] default_publisher_id = image.localhost {{(pid=99607) log_opt_values /opt/stack/data/venv/lib/python3.12/site-packages/oslo_config/cfg.py:3242}}
Jun 30 18:13:39.789176 np0000004019 devstack@g-api.service[99607]: DEBUG glance.common.config [None req-69deb5b6-b3fd-4abf-8637-ed2db6dceecf None None] delayed_delete = False {{(pid=99607) log_opt_values /opt/stack/data/venv/lib/python3.12/site-packages/oslo_config/cfg.py:3242}}
Jun 30 18:13:39.789288 np0000004019 devstack@g-api.service[99607]: DEBUG glance.common.config [None req-69deb5b6-b3fd-4abf-8637-ed2db6dceecf None None] digest_algorithm = sha256 {{(pid=99607) log_opt_values /opt/stack/data/venv/lib/python3.12/site-packages/oslo_config/cfg.py:3242}}
Jun 30 18:13:39.789395 np0000004019 devstack@g-api.service[99607]: DEBUG glance.common.config [None req-69deb5b6-b3fd-4abf-8637-ed2db6dceecf None None] disabled_notifications = [] {{(pid=99607) log_opt_values /opt/stack/data/venv/lib/python3.12/site-packages/oslo_config/cfg.py:3242}}
Jun 30 18:13:39.789498 np0000004019 devstack@g-api.service[99607]: DEBUG glance.common.config [None req-69deb5b6-b3fd-4abf-8637-ed2db6dceecf None None] do_secure_hash = True {{(pid=99607) log_opt_values /opt/stack/data/venv/lib/python3.12/site-packages/oslo_config/cfg.py:3242}}
Jun 30 18:13:39.789605 np0000004019 devstack@g-api.service[99607]: DEBUG glance.common.config [None req-69deb5b6-b3fd-4abf-8637-ed2db6dceecf None None] enabled_backends = None {{(pid=99607) log_opt_values /opt/stack/data/venv/lib/python3.12/site-packages/oslo_config/cfg.py:3242}}
Jun 30 18:13:39.789728 np0000004019 devstack@g-api.service[99607]: DEBUG glance.common.config [None req-69deb5b6-b3fd-4abf-8637-ed2db6dceecf None None] enabled_import_methods = ['glance-direct', 'web-download', 'copy-image'] {{(pid=99607) log_opt_values /opt/stack/data/venv/lib/python3.12/site-packages/oslo_config/cfg.py:3242}}
Jun 30 18:13:39.789857 np0000004019 devstack@g-api.service[99607]: DEBUG glance.common.config [None req-69deb5b6-b3fd-4abf-8637-ed2db6dceecf None None] fatal_deprecations = False {{(pid=99607) log_opt_values /opt/stack/data/venv/lib/python3.12/site-packages/oslo_config/cfg.py:3242}}
Jun 30 18:13:39.789953 np0000004019 devstack@g-api.service[99607]: DEBUG glance.common.config [None req-69deb5b6-b3fd-4abf-8637-ed2db6dceecf None None] hashing_algorithm = sha512 {{(pid=99607) log_opt_values /opt/stack/data/venv/lib/python3.12/site-packages/oslo_config/cfg.py:3242}}
Jun 30 18:13:39.790059 np0000004019 devstack@g-api.service[99607]: DEBUG glance.common.config [None req-69deb5b6-b3fd-4abf-8637-ed2db6dceecf None None] http_keepalive = True {{(pid=99607) log_opt_values /opt/stack/data/venv/lib/python3.12/site-packages/oslo_config/cfg.py:3242}}
Jun 30 18:13:39.790179 np0000004019 devstack@g-api.service[99607]: DEBUG glance.common.config [None req-69deb5b6-b3fd-4abf-8637-ed2db6dceecf None None] http_retries = 3 {{(pid=99607) log_opt_values /opt/stack/data/venv/lib/python3.12/site-packages/oslo_config/cfg.py:3242}}
Jun 30 18:13:39.790292 np0000004019 devstack@g-api.service[99607]: DEBUG glance.common.config [None req-69deb5b6-b3fd-4abf-8637-ed2db6dceecf None None] image_cache_dir = /opt/stack/data/glance/cache/ {{(pid=99607) log_opt_values /opt/stack/data/venv/lib/python3.12/site-packages/oslo_config/cfg.py:3242}}
Jun 30 18:13:39.790403 np0000004019 devstack@g-api.service[99607]: DEBUG glance.common.config [None req-69deb5b6-b3fd-4abf-8637-ed2db6dceecf None None] image_cache_driver = centralized_db {{(pid=99607) log_opt_values /opt/stack/data/venv/lib/python3.12/site-packages/oslo_config/cfg.py:3242}}
Jun 30 18:13:39.790508 np0000004019 devstack@g-api.service[99607]: DEBUG glance.common.config [None req-69deb5b6-b3fd-4abf-8637-ed2db6dceecf None None] image_cache_max_size = 10737418240 {{(pid=99607) log_opt_values /opt/stack/data/venv/lib/python3.12/site-packages/oslo_config/cfg.py:3242}}
Jun 30 18:13:39.790617 np0000004019 devstack@g-api.service[99607]: DEBUG glance.common.config [None req-69deb5b6-b3fd-4abf-8637-ed2db6dceecf None None] image_cache_sqlite_db = cache.db {{(pid=99607) log_opt_values /opt/stack/data/venv/lib/python3.12/site-packages/oslo_config/cfg.py:3242}}
Jun 30 18:13:39.790668 np0000004019 devstack@g-api.service[99609]: DEBUG glance.common.config [None req-6de5725d-0702-4bf0-abc0-3b2f936e0bea None None] ******************************************************************************** {{(pid=99609) log_opt_values /opt/stack/data/venv/lib/python3.12/site-packages/oslo_config/cfg.py:3226}}
Jun 30 18:13:39.790726 np0000004019 devstack@g-api.service[99607]: DEBUG glance.common.config [None req-69deb5b6-b3fd-4abf-8637-ed2db6dceecf None None] image_cache_stall_time = 86400 {{(pid=99607) log_opt_values /opt/stack/data/venv/lib/python3.12/site-packages/oslo_config/cfg.py:3242}}
Jun 30 18:13:39.790871 np0000004019 devstack@g-api.service[99609]: DEBUG glance.common.config [None req-6de5725d-0702-4bf0-abc0-3b2f936e0bea None None] Configuration options gathered from: {{(pid=99609) log_opt_values /opt/stack/data/venv/lib/python3.12/site-packages/oslo_config/cfg.py:3227}}
Jun 30 18:13:39.790933 np0000004019 devstack@g-api.service[99607]: DEBUG glance.common.config [None req-69deb5b6-b3fd-4abf-8637-ed2db6dceecf None None] image_location_quota = 10 {{(pid=99607) log_opt_values /opt/stack/data/venv/lib/python3.12/site-packages/oslo_config/cfg.py:3242}}
Jun 30 18:13:39.790933 np0000004019 devstack@g-api.service[99607]: DEBUG glance.common.config [None req-69deb5b6-b3fd-4abf-8637-ed2db6dceecf None None] image_member_quota = 128 {{(pid=99607) log_opt_values /opt/stack/data/venv/lib/python3.12/site-packages/oslo_config/cfg.py:3242}}
Jun 30 18:13:39.791035 np0000004019 devstack@g-api.service[99607]: DEBUG glance.common.config [None req-69deb5b6-b3fd-4abf-8637-ed2db6dceecf None None] image_property_quota = 128 {{(pid=99607) log_opt_values /opt/stack/data/venv/lib/python3.12/site-packages/oslo_config/cfg.py:3242}}
Jun 30 18:13:39.791160 np0000004019 devstack@g-api.service[99607]: DEBUG glance.common.config [None req-69deb5b6-b3fd-4abf-8637-ed2db6dceecf None None] image_size_cap = 1099511627776 {{(pid=99607) log_opt_values /opt/stack/data/venv/lib/python3.12/site-packages/oslo_config/cfg.py:3242}}
Jun 30 18:13:39.791266 np0000004019 devstack@g-api.service[99609]: DEBUG glance.common.config [None req-6de5725d-0702-4bf0-abc0-3b2f936e0bea None None] command line args: [] {{(pid=99609) log_opt_values /opt/stack/data/venv/lib/python3.12/site-packages/oslo_config/cfg.py:3228}}
Jun 30 18:13:39.791314 np0000004019 devstack@g-api.service[99607]: DEBUG glance.common.config [None req-69deb5b6-b3fd-4abf-8637-ed2db6dceecf None None] image_tag_quota = 128 {{(pid=99607) log_opt_values /opt/stack/data/venv/lib/python3.12/site-packages/oslo_config/cfg.py:3242}}
Jun 30 18:13:39.791381 np0000004019 devstack@g-api.service[99607]: DEBUG glance.common.config [None req-69deb5b6-b3fd-4abf-8637-ed2db6dceecf None None] instance_format = [instance: %(uuid)s] {{(pid=99607) log_opt_values /opt/stack/data/venv/lib/python3.12/site-packages/oslo_config/cfg.py:3242}}
Jun 30 18:13:39.791426 np0000004019 devstack@g-api.service[99609]: DEBUG glance.common.config [None req-6de5725d-0702-4bf0-abc0-3b2f936e0bea None None] config files: ['/etc/glance/glance-image-import.conf', '/etc/glance/glance-api.conf'] {{(pid=99609) log_opt_values /opt/stack/data/venv/lib/python3.12/site-packages/oslo_config/cfg.py:3229}}
Jun 30 18:13:39.791474 np0000004019 devstack@g-api.service[99607]: DEBUG glance.common.config [None req-69deb5b6-b3fd-4abf-8637-ed2db6dceecf None None] instance_uuid_format = [instance: %(uuid)s] {{(pid=99607) log_opt_values /opt/stack/data/venv/lib/python3.12/site-packages/oslo_config/cfg.py:3242}}
Jun 30 18:13:39.791520 np0000004019 devstack@g-api.service[99609]: DEBUG glance.common.config [None req-6de5725d-0702-4bf0-abc0-3b2f936e0bea None None] ================================================================================ {{(pid=99609) log_opt_values /opt/stack/data/venv/lib/python3.12/site-packages/oslo_config/cfg.py:3234}}
Jun 30 18:13:39.791571 np0000004019 devstack@g-api.service[99607]: DEBUG glance.common.config [None req-69deb5b6-b3fd-4abf-8637-ed2db6dceecf None None] limit_param_default = 25 {{(pid=99607) log_opt_values /opt/stack/data/venv/lib/python3.12/site-packages/oslo_config/cfg.py:3242}}
Jun 30 18:13:39.791688 np0000004019 devstack@g-api.service[99607]: DEBUG glance.common.config [None req-69deb5b6-b3fd-4abf-8637-ed2db6dceecf None None] log_color = False {{(pid=99607) log_opt_values /opt/stack/data/venv/lib/python3.12/site-packages/oslo_config/cfg.py:3242}}
Jun 30 18:13:39.791734 np0000004019 devstack@g-api.service[99609]: DEBUG glance.common.config [None req-6de5725d-0702-4bf0-abc0-3b2f936e0bea None None] allow_anonymous_access = False {{(pid=99609) log_opt_values /opt/stack/data/venv/lib/python3.12/site-packages/oslo_config/cfg.py:3242}}
Jun 30 18:13:39.791793 np0000004019 devstack@g-api.service[99607]: DEBUG glance.common.config [None req-69deb5b6-b3fd-4abf-8637-ed2db6dceecf None None] log_config_append = None {{(pid=99607) log_opt_values /opt/stack/data/venv/lib/python3.12/site-packages/oslo_config/cfg.py:3242}}
Jun 30 18:13:39.791841 np0000004019 devstack@g-api.service[99609]: DEBUG glance.common.config [None req-6de5725d-0702-4bf0-abc0-3b2f936e0bea None None] api_limit_max = 1000 {{(pid=99609) log_opt_values /opt/stack/data/venv/lib/python3.12/site-packages/oslo_config/cfg.py:3242}}
Jun 30 18:13:39.791915 np0000004019 devstack@g-api.service[99607]: DEBUG glance.common.config [None req-69deb5b6-b3fd-4abf-8637-ed2db6dceecf None None] log_date_format = %Y-%m-%d %H:%M:%S {{(pid=99607) log_opt_values /opt/stack/data/venv/lib/python3.12/site-packages/oslo_config/cfg.py:3242}}
Jun 30 18:13:39.791963 np0000004019 devstack@g-api.service[99609]: DEBUG glance.common.config [None req-6de5725d-0702-4bf0-abc0-3b2f936e0bea None None] backlog = 4096 {{(pid=99609) log_opt_values /opt/stack/data/venv/lib/python3.12/site-packages/oslo_config/cfg.py:3242}}
Jun 30 18:13:39.792022 np0000004019 devstack@g-api.service[99607]: DEBUG glance.common.config [None req-69deb5b6-b3fd-4abf-8637-ed2db6dceecf None None] log_dir = None {{(pid=99607) log_opt_values /opt/stack/data/venv/lib/python3.12/site-packages/oslo_config/cfg.py:3242}}
Jun 30 18:13:39.792062 np0000004019 devstack@g-api.service[99609]: DEBUG glance.common.config [None req-6de5725d-0702-4bf0-abc0-3b2f936e0bea None None] bind_host = 0.0.0.0 {{(pid=99609) log_opt_values /opt/stack/data/venv/lib/python3.12/site-packages/oslo_config/cfg.py:3242}}
Jun 30 18:13:39.792141 np0000004019 devstack@g-api.service[99607]: DEBUG glance.common.config [None req-69deb5b6-b3fd-4abf-8637-ed2db6dceecf None None] log_file = None {{(pid=99607) log_opt_values /opt/stack/data/venv/lib/python3.12/site-packages/oslo_config/cfg.py:3242}}
Jun 30 18:13:39.792192 np0000004019 devstack@g-api.service[99609]: DEBUG glance.common.config [None req-6de5725d-0702-4bf0-abc0-3b2f936e0bea None None] bind_port = 19292 {{(pid=99609) log_opt_values /opt/stack/data/venv/lib/python3.12/site-packages/oslo_config/cfg.py:3242}}
Jun 30 18:13:39.792247 np0000004019 devstack@g-api.service[99607]: DEBUG glance.common.config [None req-69deb5b6-b3fd-4abf-8637-ed2db6dceecf None None] log_rotate_interval = 1 {{(pid=99607) log_opt_values /opt/stack/data/venv/lib/python3.12/site-packages/oslo_config/cfg.py:3242}}
Jun 30 18:13:39.792295 np0000004019 devstack@g-api.service[99609]: DEBUG glance.common.config [None req-6de5725d-0702-4bf0-abc0-3b2f936e0bea None None] client_socket_timeout = 900 {{(pid=99609) log_opt_values /opt/stack/data/venv/lib/python3.12/site-packages/oslo_config/cfg.py:3242}}
Jun 30 18:13:39.792362 np0000004019 devstack@g-api.service[99607]: DEBUG glance.common.config [None req-69deb5b6-b3fd-4abf-8637-ed2db6dceecf None None] log_rotate_interval_type = days {{(pid=99607) log_opt_values /opt/stack/data/venv/lib/python3.12/site-packages/oslo_config/cfg.py:3242}}
Jun 30 18:13:39.792416 np0000004019 devstack@g-api.service[99609]: DEBUG glance.common.config [None req-6de5725d-0702-4bf0-abc0-3b2f936e0bea None None] config_dir = [] {{(pid=99609) log_opt_values /opt/stack/data/venv/lib/python3.12/site-packages/oslo_config/cfg.py:3242}}
Jun 30 18:13:39.792473 np0000004019 devstack@g-api.service[99607]: DEBUG glance.common.config [None req-69deb5b6-b3fd-4abf-8637-ed2db6dceecf None None] log_rotation_type = none {{(pid=99607) log_opt_values /opt/stack/data/venv/lib/python3.12/site-packages/oslo_config/cfg.py:3242}}
Jun 30 18:13:39.792514 np0000004019 devstack@g-api.service[99609]: DEBUG glance.common.config [None req-6de5725d-0702-4bf0-abc0-3b2f936e0bea None None] config_file = ['/etc/glance/glance-image-import.conf', '/etc/glance/glance-api.conf'] {{(pid=99609) log_opt_values /opt/stack/data/venv/lib/python3.12/site-packages/oslo_config/cfg.py:3242}}
Jun 30 18:13:39.792554 np0000004019 devstack@g-api.service[99607]: DEBUG glance.common.config [None req-69deb5b6-b3fd-4abf-8637-ed2db6dceecf None None] logging_context_format_string = %(color)s%(levelname)s %(name)s [%(global_request_id)s %(request_id)s %(project_name)s %(user_name)s%(color)s] %(instance)s%(color)s%(message)s {{(pid=99607) log_opt_values /opt/stack/data/venv/lib/python3.12/site-packages/oslo_config/cfg.py:3242}}
Jun 30 18:13:39.792598 np0000004019 devstack@g-api.service[99609]: DEBUG glance.common.config [None req-6de5725d-0702-4bf0-abc0-3b2f936e0bea None None] config_source = [] {{(pid=99609) log_opt_values /opt/stack/data/venv/lib/python3.12/site-packages/oslo_config/cfg.py:3242}}
Jun 30 18:13:39.792640 np0000004019 devstack@g-api.service[99607]: DEBUG glance.common.config [None req-69deb5b6-b3fd-4abf-8637-ed2db6dceecf None None] logging_debug_format_suffix = {{(pid=%(process)d) %(funcName)s %(pathname)s:%(lineno)d}} {{(pid=99607) log_opt_values /opt/stack/data/venv/lib/python3.12/site-packages/oslo_config/cfg.py:3242}}
Jun 30 18:13:39.792706 np0000004019 devstack@g-api.service[99609]: DEBUG glance.common.config [None req-6de5725d-0702-4bf0-abc0-3b2f936e0bea None None] control_exchange = glance {{(pid=99609) log_opt_values /opt/stack/data/venv/lib/python3.12/site-packages/oslo_config/cfg.py:3242}}
Jun 30 18:13:39.792750 np0000004019 devstack@g-api.service[99607]: DEBUG glance.common.config [None req-69deb5b6-b3fd-4abf-8637-ed2db6dceecf None None] logging_default_format_string = %(color)s%(levelname)s %(name)s [-%(color)s] %(instance)s%(color)s%(message)s {{(pid=99607) log_opt_values /opt/stack/data/venv/lib/python3.12/site-packages/oslo_config/cfg.py:3242}}
Jun 30 18:13:39.792797 np0000004019 devstack@g-api.service[99609]: DEBUG glance.common.config [None req-6de5725d-0702-4bf0-abc0-3b2f936e0bea None None] debug = True {{(pid=99609) log_opt_values /opt/stack/data/venv/lib/python3.12/site-packages/oslo_config/cfg.py:3242}}
Jun 30 18:13:39.792847 np0000004019 devstack@g-api.service[99607]: DEBUG glance.common.config [None req-69deb5b6-b3fd-4abf-8637-ed2db6dceecf None None] logging_exception_prefix = ERROR %(name)s %(instance)s {{(pid=99607) log_opt_values /opt/stack/data/venv/lib/python3.12/site-packages/oslo_config/cfg.py:3242}}
Jun 30 18:13:39.792922 np0000004019 devstack@g-api.service[99607]: DEBUG glance.common.config [None req-69deb5b6-b3fd-4abf-8637-ed2db6dceecf None None] logging_user_identity_format = %(user)s %(project)s %(domain)s %(system_scope)s %(user_domain)s %(project_domain)s {{(pid=99607) log_opt_values /opt/stack/data/venv/lib/python3.12/site-packages/oslo_config/cfg.py:3242}}
Jun 30 18:13:39.792973 np0000004019 devstack@g-api.service[99609]: DEBUG glance.common.config [None req-6de5725d-0702-4bf0-abc0-3b2f936e0bea None None] default_log_levels = ['amqp=WARN', 'boto=WARN', 'sqlalchemy=WARN', 'suds=INFO', 'oslo.messaging=INFO', 'oslo_messaging=INFO', 'iso8601=WARN', 'requests.packages.urllib3.connectionpool=WARN', 'urllib3.connectionpool=WARN', 'websocket=WARN', 'requests.packages.urllib3.util.retry=WARN', 'urllib3.util.retry=WARN', 'keystonemiddleware=WARN', 'routes.middleware=WARN', 'stevedore=WARN', 'taskflow=WARN', 'keystoneauth=WARN', 'oslo.cache=INFO', 'oslo_policy=INFO', 'dogpile.core.dogpile=INFO'] {{(pid=99609) log_opt_values /opt/stack/data/venv/lib/python3.12/site-packages/oslo_config/cfg.py:3242}}
Jun 30 18:13:39.793055 np0000004019 devstack@g-api.service[99607]: DEBUG glance.common.config [None req-69deb5b6-b3fd-4abf-8637-ed2db6dceecf None None] max_header_line = 16384 {{(pid=99607) log_opt_values /opt/stack/data/venv/lib/python3.12/site-packages/oslo_config/cfg.py:3242}}
Jun 30 18:13:39.793107 np0000004019 devstack@g-api.service[99609]: DEBUG glance.common.config [None req-6de5725d-0702-4bf0-abc0-3b2f936e0bea None None] default_publisher_id = image.localhost {{(pid=99609) log_opt_values /opt/stack/data/venv/lib/python3.12/site-packages/oslo_config/cfg.py:3242}}
