Jun 30 18:13:13.365680 np0000004019 nova-scheduler[93297]: DEBUG cotyledon.oslo_config_glue [-] oslo_limit.auth_type = None {{(pid=93297) log_opt_values /opt/stack/data/venv/lib/python3.12/site-packages/oslo_config/cfg.py:3253}}
Jun 30 18:13:13.365680 np0000004019 nova-scheduler[93297]: DEBUG cotyledon.oslo_config_glue [-] oslo_limit.cafile = None {{(pid=93297) log_opt_values /opt/stack/data/venv/lib/python3.12/site-packages/oslo_config/cfg.py:3253}}
Jun 30 18:13:13.365680 np0000004019 nova-scheduler[93297]: DEBUG cotyledon.oslo_config_glue [-] oslo_limit.certfile = None {{(pid=93297) log_opt_values /opt/stack/data/venv/lib/python3.12/site-packages/oslo_config/cfg.py:3253}}
Jun 30 18:13:13.365680 np0000004019 nova-scheduler[93297]: DEBUG cotyledon.oslo_config_glue [-] oslo_limit.collect_timing = False {{(pid=93297) log_opt_values /opt/stack/data/venv/lib/python3.12/site-packages/oslo_config/cfg.py:3253}}
Jun 30 18:13:13.365895 np0000004019 nova-scheduler[93297]: DEBUG cotyledon.oslo_config_glue [-] oslo_limit.connect_retries = None {{(pid=93297) log_opt_values /opt/stack/data/venv/lib/python3.12/site-packages/oslo_config/cfg.py:3253}}
Jun 30 18:13:13.365895 np0000004019 nova-scheduler[93297]: DEBUG cotyledon.oslo_config_glue [-] oslo_limit.connect_retry_delay = None {{(pid=93297) log_opt_values /opt/stack/data/venv/lib/python3.12/site-packages/oslo_config/cfg.py:3253}}
Jun 30 18:13:13.365895 np0000004019 nova-scheduler[93297]: DEBUG cotyledon.oslo_config_glue [-] oslo_limit.endpoint_id = None {{(pid=93297) log_opt_values /opt/stack/data/venv/lib/python3.12/site-packages/oslo_config/cfg.py:3253}}
Jun 30 18:13:13.365895 np0000004019 nova-scheduler[93297]: DEBUG cotyledon.oslo_config_glue [-] oslo_limit.endpoint_interface = public {{(pid=93297) log_opt_values /opt/stack/data/venv/lib/python3.12/site-packages/oslo_config/cfg.py:3253}}
Jun 30 18:13:13.365895 np0000004019 nova-scheduler[93297]: DEBUG cotyledon.oslo_config_glue [-] oslo_limit.endpoint_override = None {{(pid=93297) log_opt_values /opt/stack/data/venv/lib/python3.12/site-packages/oslo_config/cfg.py:3253}}
Jun 30 18:13:13.365895 np0000004019 nova-scheduler[93297]: DEBUG cotyledon.oslo_config_glue [-] oslo_limit.endpoint_region_name = None {{(pid=93297) log_opt_values /opt/stack/data/venv/lib/python3.12/site-packages/oslo_config/cfg.py:3253}}
Jun 30 18:13:13.365895 np0000004019 nova-scheduler[93297]: DEBUG cotyledon.oslo_config_glue [-] oslo_limit.endpoint_service_name = None {{(pid=93297) log_opt_values /opt/stack/data/venv/lib/python3.12/site-packages/oslo_config/cfg.py:3253}}
Jun 30 18:13:13.365895 np0000004019 nova-scheduler[93297]: DEBUG cotyledon.oslo_config_glue [-] oslo_limit.endpoint_service_type = None {{(pid=93297) log_opt_values /opt/stack/data/venv/lib/python3.12/site-packages/oslo_config/cfg.py:3253}}
Jun 30 18:13:13.365895 np0000004019 nova-scheduler[93297]: DEBUG cotyledon.oslo_config_glue [-] oslo_limit.insecure = False {{(pid=93297) log_opt_values /opt/stack/data/venv/lib/python3.12/site-packages/oslo_config/cfg.py:3253}}
Jun 30 18:13:13.366132 np0000004019 nova-scheduler[93297]: DEBUG cotyledon.oslo_config_glue [-] oslo_limit.keyfile = None {{(pid=93297) log_opt_values /opt/stack/data/venv/lib/python3.12/site-packages/oslo_config/cfg.py:3253}}
Jun 30 18:13:13.366132 np0000004019 nova-scheduler[93297]: DEBUG cotyledon.oslo_config_glue [-] oslo_limit.max_version = None {{(pid=93297) log_opt_values /opt/stack/data/venv/lib/python3.12/site-packages/oslo_config/cfg.py:3253}}
Jun 30 18:13:13.366132 np0000004019 nova-scheduler[93297]: DEBUG cotyledon.oslo_config_glue [-] oslo_limit.min_version = None {{(pid=93297) log_opt_values /opt/stack/data/venv/lib/python3.12/site-packages/oslo_config/cfg.py:3253}}
Jun 30 18:13:13.366132 np0000004019 nova-scheduler[93297]: DEBUG cotyledon.oslo_config_glue [-] oslo_limit.region_name = None {{(pid=93297) log_opt_values /opt/stack/data/venv/lib/python3.12/site-packages/oslo_config/cfg.py:3253}}
Jun 30 18:13:13.366132 np0000004019 nova-scheduler[93297]: DEBUG cotyledon.oslo_config_glue [-] oslo_limit.retriable_status_codes = None {{(pid=93297) log_opt_values /opt/stack/data/venv/lib/python3.12/site-packages/oslo_config/cfg.py:3253}}
Jun 30 18:13:13.366132 np0000004019 nova-scheduler[93297]: DEBUG cotyledon.oslo_config_glue [-] oslo_limit.service_name = None {{(pid=93297) log_opt_values /opt/stack/data/venv/lib/python3.12/site-packages/oslo_config/cfg.py:3253}}
Jun 30 18:13:13.366132 np0000004019 nova-scheduler[93297]: DEBUG cotyledon.oslo_config_glue [-] oslo_limit.service_type = None {{(pid=93297) log_opt_values /opt/stack/data/venv/lib/python3.12/site-packages/oslo_config/cfg.py:3253}}
Jun 30 18:13:13.366132 np0000004019 nova-scheduler[93297]: DEBUG cotyledon.oslo_config_glue [-] oslo_limit.split_loggers = False {{(pid=93297) log_opt_values /opt/stack/data/venv/lib/python3.12/site-packages/oslo_config/cfg.py:3253}}
Jun 30 18:13:13.366132 np0000004019 nova-scheduler[93297]: DEBUG cotyledon.oslo_config_glue [-] oslo_limit.status_code_retries = None {{(pid=93297) log_opt_values /opt/stack/data/venv/lib/python3.12/site-packages/oslo_config/cfg.py:3253}}
Jun 30 18:13:13.366402 np0000004019 nova-scheduler[93297]: DEBUG cotyledon.oslo_config_glue [-] oslo_limit.status_code_retry_delay = None {{(pid=93297) log_opt_values /opt/stack/data/venv/lib/python3.12/site-packages/oslo_config/cfg.py:3253}}
Jun 30 18:13:13.366402 np0000004019 nova-scheduler[93297]: DEBUG cotyledon.oslo_config_glue [-] oslo_limit.timeout = None {{(pid=93297) log_opt_values /opt/stack/data/venv/lib/python3.12/site-packages/oslo_config/cfg.py:3253}}
Jun 30 18:13:13.366402 np0000004019 nova-scheduler[93297]: DEBUG cotyledon.oslo_config_glue [-] oslo_limit.valid_interfaces = None {{(pid=93297) log_opt_values /opt/stack/data/venv/lib/python3.12/site-packages/oslo_config/cfg.py:3253}}
Jun 30 18:13:13.366402 np0000004019 nova-scheduler[93297]: DEBUG cotyledon.oslo_config_glue [-] oslo_limit.version = None {{(pid=93297) log_opt_values /opt/stack/data/venv/lib/python3.12/site-packages/oslo_config/cfg.py:3253}}
Jun 30 18:13:13.366402 np0000004019 nova-scheduler[93297]: DEBUG cotyledon.oslo_config_glue [-] oslo_reports.file_event_handler = None {{(pid=93297) log_opt_values /opt/stack/data/venv/lib/python3.12/site-packages/oslo_config/cfg.py:3253}}
Jun 30 18:13:13.366402 np0000004019 nova-scheduler[93297]: DEBUG cotyledon.oslo_config_glue [-] oslo_reports.file_event_handler_interval = 1 {{(pid=93297) log_opt_values /opt/stack/data/venv/lib/python3.12/site-packages/oslo_config/cfg.py:3253}}
Jun 30 18:13:13.366402 np0000004019 nova-scheduler[93297]: DEBUG cotyledon.oslo_config_glue [-] oslo_reports.log_dir = None {{(pid=93297) log_opt_values /opt/stack/data/venv/lib/python3.12/site-packages/oslo_config/cfg.py:3253}}
Jun 30 18:13:13.366402 np0000004019 nova-scheduler[93297]: DEBUG cotyledon.oslo_config_glue [-] ******************************************************************************** {{(pid=93297) log_opt_values /opt/stack/data/venv/lib/python3.12/site-packages/oslo_config/cfg.py:3260}}
Jun 30 18:13:13.366402 np0000004019 nova-scheduler[93297]: DEBUG cotyledon._service_worker [-] Run service ServiceWrapper(2) [93297] {{(pid=93297) wait_forever /opt/stack/data/venv/lib/python3.12/site-packages/cotyledon/_service_worker.py:218}}
Jun 30 18:13:13.367197 np0000004019 nova-scheduler[93297]: INFO nova.service [-] Starting scheduler node (version 33.1.0)
Jun 30 18:13:13.373315 np0000004019 nova-scheduler[93297]: INFO dbcounter [None req-b3ae7051-5395-4087-842b-c24ef8c4df51 None None] Registered counter for database nova_cell0
Jun 30 18:13:13.387086 np0000004019 nova-scheduler[93293]: DEBUG oslo_db.sqlalchemy.engines [None req-32558b9b-e4a8-4f0d-b078-21adda479482 None None] MySQL server mode set to STRICT_TRANS_TABLES,STRICT_ALL_TABLES,NO_ZERO_IN_DATE,NO_ZERO_DATE,ERROR_FOR_DIVISION_BY_ZERO,TRADITIONAL,NO_ENGINE_SUBSTITUTION {{(pid=93293) _check_effective_sql_mode /opt/stack/data/venv/lib/python3.12/site-packages/oslo_db/sqlalchemy/engines.py:325}}
Jun 30 18:13:13.398970 np0000004019 nova-scheduler[93293]: DEBUG dbcounter [-] [93293] Writer thread running {{(pid=93293) stat_writer /opt/stack/data/venv/lib/python3.12/site-packages/dbcounter.py:102}}
Jun 30 18:13:13.400600 np0000004019 nova-scheduler[93295]: DEBUG oslo_db.sqlalchemy.engines [None req-81cb8d50-f7aa-4b9f-9fc0-a1a075817249 None None] MySQL server mode set to STRICT_TRANS_TABLES,STRICT_ALL_TABLES,NO_ZERO_IN_DATE,NO_ZERO_DATE,ERROR_FOR_DIVISION_BY_ZERO,TRADITIONAL,NO_ENGINE_SUBSTITUTION {{(pid=93295) _check_effective_sql_mode /opt/stack/data/venv/lib/python3.12/site-packages/oslo_db/sqlalchemy/engines.py:325}}
Jun 30 18:13:13.416598 np0000004019 nova-scheduler[93295]: DEBUG dbcounter [-] [93295] Writer thread running {{(pid=93295) stat_writer /opt/stack/data/venv/lib/python3.12/site-packages/dbcounter.py:102}}
Jun 30 18:13:13.419595 np0000004019 nova-scheduler[93293]: DEBUG nova.service [None req-32558b9b-e4a8-4f0d-b078-21adda479482 None None] Creating RPC server for service: nova-scheduler on topic: scheduler {{(pid=93293) start /opt/stack/nova/nova/service.py:196}}
Jun 30 18:13:13.441176 np0000004019 nova-scheduler[93295]: DEBUG nova.service [None req-81cb8d50-f7aa-4b9f-9fc0-a1a075817249 None None] Creating RPC server for service: nova-scheduler on topic: scheduler {{(pid=93295) start /opt/stack/nova/nova/service.py:196}}
Jun 30 18:13:13.442695 np0000004019 nova-scheduler[93297]: DEBUG oslo_db.sqlalchemy.engines [None req-b3ae7051-5395-4087-842b-c24ef8c4df51 None None] MySQL server mode set to STRICT_TRANS_TABLES,STRICT_ALL_TABLES,NO_ZERO_IN_DATE,NO_ZERO_DATE,ERROR_FOR_DIVISION_BY_ZERO,TRADITIONAL,NO_ENGINE_SUBSTITUTION {{(pid=93297) _check_effective_sql_mode /opt/stack/data/venv/lib/python3.12/site-packages/oslo_db/sqlalchemy/engines.py:325}}
Jun 30 18:13:13.461138 np0000004019 nova-scheduler[93297]: DEBUG dbcounter [-] [93297] Writer thread running {{(pid=93297) stat_writer /opt/stack/data/venv/lib/python3.12/site-packages/dbcounter.py:102}}
Jun 30 18:13:13.463335 np0000004019 nova-scheduler[93293]: DEBUG nova.service [None req-32558b9b-e4a8-4f0d-b078-21adda479482 None None] Join ServiceGroup membership for this service scheduler {{(pid=93293) start /opt/stack/nova/nova/service.py:222}}
Jun 30 18:13:13.463755 np0000004019 nova-scheduler[93293]: DEBUG nova.servicegroup.drivers.db [None req-32558b9b-e4a8-4f0d-b078-21adda479482 None None] DB_Driver: join new ServiceGroup member np0000004019 to the scheduler group, service = {{(pid=93293) join /opt/stack/nova/nova/servicegroup/drivers/db.py:44}}
Jun 30 18:13:13.465912 np0000004019 nova-scheduler[93297]: DEBUG nova.service [None req-b3ae7051-5395-4087-842b-c24ef8c4df51 None None] Creating RPC server for service: nova-scheduler on topic: scheduler {{(pid=93297) start /opt/stack/nova/nova/service.py:196}}
Jun 30 18:13:13.474178 np0000004019 nova-scheduler[93295]: DEBUG nova.service [None req-81cb8d50-f7aa-4b9f-9fc0-a1a075817249 None None] Join ServiceGroup membership for this service scheduler {{(pid=93295) start /opt/stack/nova/nova/service.py:222}}
Jun 30 18:13:13.474419 np0000004019 nova-scheduler[93295]: DEBUG nova.servicegroup.drivers.db [None req-81cb8d50-f7aa-4b9f-9fc0-a1a075817249 None None] DB_Driver: join new ServiceGroup member np0000004019 to the scheduler group, service = {{(pid=93295) join /opt/stack/nova/nova/servicegroup/drivers/db.py:44}}
Jun 30 18:13:13.487741 np0000004019 nova-scheduler[93297]: DEBUG nova.service [None req-b3ae7051-5395-4087-842b-c24ef8c4df51 None None] Join ServiceGroup membership for this service scheduler {{(pid=93297) start /opt/stack/nova/nova/service.py:222}}
Jun 30 18:13:13.488004 np0000004019 nova-scheduler[93297]: DEBUG nova.servicegroup.drivers.db [None req-b3ae7051-5395-4087-842b-c24ef8c4df51 None None] DB_Driver: join new ServiceGroup member np0000004019 to the scheduler group, service = {{(pid=93297) join /opt/stack/nova/nova/servicegroup/drivers/db.py:44}}
Jun 30 18:13:16.466234 np0000004019 nova-scheduler[93293]: DEBUG oslo.service.backend._threading.loopingcall [None req-6b0cda6e-0729-4336-9422-5922902e9f6e None None] Dynamic interval looping call 'nova.service.Service.periodic_tasks' sleeping for 60.00 seconds {{(pid=93293) _run_loop /opt/stack/data/venv/lib/python3.12/site-packages/oslo_service/backend/_threading/loopingcall.py:125}}
Jun 30 18:13:16.490976 np0000004019 nova-scheduler[93297]: DEBUG oslo.service.backend._threading.loopingcall [None req-3b7ffc64-c59d-4281-80af-0b9709969a92 None None] Dynamic interval looping call 'nova.service.Service.periodic_tasks' sleeping for 60.00 seconds {{(pid=93297) _run_loop /opt/stack/data/venv/lib/python3.12/site-packages/oslo_service/backend/_threading/loopingcall.py:125}}
Jun 30 18:13:18.482536 np0000004019 nova-scheduler[93293]: DEBUG oslo.service.backend._threading.loopingcall [-] Fixed interval looping call 'nova.servicegroup.drivers.db.DbDriver._report_state' sleeping for 119.98 seconds {{(pid=93293) _run_loop /opt/stack/data/venv/lib/python3.12/site-packages/oslo_service/backend/_threading/loopingcall.py:125}}
Jun 30 18:13:18.483880 np0000004019 nova-scheduler[93295]: DEBUG oslo.service.backend._threading.loopingcall [-] Fixed interval looping call 'nova.servicegroup.drivers.db.DbDriver._report_state' sleeping for 119.99 seconds {{(pid=93295) _run_loop /opt/stack/data/venv/lib/python3.12/site-packages/oslo_service/backend/_threading/loopingcall.py:125}}
Jun 30 18:13:18.502064 np0000004019 nova-scheduler[93297]: DEBUG oslo.service.backend._threading.loopingcall [-] Fixed interval looping call 'nova.servicegroup.drivers.db.DbDriver._report_state' sleeping for 119.99 seconds {{(pid=93297) _run_loop /opt/stack/data/venv/lib/python3.12/site-packages/oslo_service/backend/_threading/loopingcall.py:125}}
Jun 30 18:13:21.937944 np0000004019 nova-scheduler[92088]: DEBUG dbcounter [-] [92088] Writing DB stats nova_api:SELECT=3 {{(pid=92088) stat_writer /opt/stack/data/venv/lib/python3.12/site-packages/dbcounter.py:115}}
Jun 30 18:13:22.093377 np0000004019 nova-scheduler[92088]: DEBUG dbcounter [-] [92088] Writing DB stats nova_cell0:SELECT=1 {{(pid=92088) stat_writer /opt/stack/data/venv/lib/python3.12/site-packages/dbcounter.py:115}}
Jun 30 18:13:22.097073 np0000004019 nova-scheduler[92088]: DEBUG dbcounter [-] [92088] Writing DB stats nova_cell1:SELECT=1 {{(pid=92088) stat_writer /opt/stack/data/venv/lib/python3.12/site-packages/dbcounter.py:115}}
Jun 30 18:13:28.477846 np0000004019 nova-scheduler[93293]: DEBUG dbcounter [-] [93293] Writing DB stats nova_cell0:SELECT=4,nova_cell0:INSERT=1,nova_cell0:UPDATE=1 {{(pid=93293) stat_writer /opt/stack/data/venv/lib/python3.12/site-packages/dbcounter.py:115}}
Jun 30 18:13:28.482378 np0000004019 nova-scheduler[93295]: DEBUG dbcounter [-] [93295] Writing DB stats nova_cell0:SELECT=4,nova_cell0:INSERT=1,nova_cell0:UPDATE=1 {{(pid=93295) stat_writer /opt/stack/data/venv/lib/python3.12/site-packages/dbcounter.py:115}}
Jun 30 18:13:28.498680 np0000004019 nova-scheduler[93297]: DEBUG dbcounter [-] [93297] Writing DB stats nova_cell0:SELECT=3 {{(pid=93297) stat_writer /opt/stack/data/venv/lib/python3.12/site-packages/dbcounter.py:115}}
Jun 30 18:13:30.476613 np0000004019 nova-scheduler[93295]: DEBUG oslo.service.backend._threading.loopingcall [None req-a7041850-e448-4443-89db-841cf444a9be None None] Dynamic interval looping call 'nova.service.Service.periodic_tasks' sleeping for 60.00 seconds {{(pid=93295) _run_loop /opt/stack/data/venv/lib/python3.12/site-packages/oslo_service/backend/_threading/loopingcall.py:125}}
Jun 30 18:14:16.466900 np0000004019 nova-scheduler[93293]: DEBUG oslo.service.backend._threading.loopingcall [None req-6b0cda6e-0729-4336-9422-5922902e9f6e None None] Dynamic interval looping call 'nova.service.Service.periodic_tasks' sleeping for 60.00 seconds {{(pid=93293) _run_loop /opt/stack/data/venv/lib/python3.12/site-packages/oslo_service/backend/_threading/loopingcall.py:125}}
Jun 30 18:14:16.491494 np0000004019 nova-scheduler[93297]: DEBUG oslo.service.backend._threading.loopingcall [None req-3b7ffc64-c59d-4281-80af-0b9709969a92 None None] Dynamic interval looping call 'nova.service.Service.periodic_tasks' sleeping for 60.00 seconds {{(pid=93297) _run_loop /opt/stack/data/venv/lib/python3.12/site-packages/oslo_service/backend/_threading/loopingcall.py:125}}
Jun 30 18:14:30.477207 np0000004019 nova-scheduler[93295]: DEBUG oslo.service.backend._threading.loopingcall [None req-a7041850-e448-4443-89db-841cf444a9be None None] Dynamic interval looping call 'nova.service.Service.periodic_tasks' sleeping for 60.00 seconds {{(pid=93295) _run_loop /opt/stack/data/venv/lib/python3.12/site-packages/oslo_service/backend/_threading/loopingcall.py:125}}
Jun 30 18:15:16.467393 np0000004019 nova-scheduler[93293]: DEBUG oslo.service.backend._threading.loopingcall [None req-6b0cda6e-0729-4336-9422-5922902e9f6e None None] Dynamic interval looping call 'nova.service.Service.periodic_tasks' sleeping for 60.00 seconds {{(pid=93293) _run_loop /opt/stack/data/venv/lib/python3.12/site-packages/oslo_service/backend/_threading/loopingcall.py:125}}
Jun 30 18:15:16.492046 np0000004019 nova-scheduler[93297]: DEBUG oslo.service.backend._threading.loopingcall [None req-3b7ffc64-c59d-4281-80af-0b9709969a92 None None] Dynamic interval looping call 'nova.service.Service.periodic_tasks' sleeping for 60.00 seconds {{(pid=93297) _run_loop /opt/stack/data/venv/lib/python3.12/site-packages/oslo_service/backend/_threading/loopingcall.py:125}}
Jun 30 18:15:18.469606 np0000004019 nova-scheduler[93293]: DEBUG oslo.service.backend._threading.loopingcall [-] Fixed interval looping call 'nova.servicegroup.drivers.db.DbDriver._report_state' sleeping for 119.99 seconds {{(pid=93293) _run_loop /opt/stack/data/venv/lib/python3.12/site-packages/oslo_service/backend/_threading/loopingcall.py:125}}
Jun 30 18:15:18.477776 np0000004019 nova-scheduler[93295]: DEBUG oslo.service.backend._threading.loopingcall [-] Fixed interval looping call 'nova.servicegroup.drivers.db.DbDriver._report_state' sleeping for 120.00 seconds {{(pid=93295) _run_loop /opt/stack/data/venv/lib/python3.12/site-packages/oslo_service/backend/_threading/loopingcall.py:125}}
Jun 30 18:15:18.496253 np0000004019 nova-scheduler[93297]: DEBUG oslo.service.backend._threading.loopingcall [-] Fixed interval looping call 'nova.servicegroup.drivers.db.DbDriver._report_state' sleeping for 120.00 seconds {{(pid=93297) _run_loop /opt/stack/data/venv/lib/python3.12/site-packages/oslo_service/backend/_threading/loopingcall.py:125}}
Jun 30 18:15:28.466318 np0000004019 nova-scheduler[93293]: DEBUG dbcounter [-] [93293] Writing DB stats nova_cell0:SELECT=1,nova_cell0:UPDATE=1 {{(pid=93293) stat_writer /opt/stack/data/venv/lib/python3.12/site-packages/dbcounter.py:115}}
Jun 30 18:15:28.476114 np0000004019 nova-scheduler[93295]: DEBUG dbcounter [-] [93295] Writing DB stats nova_cell0:SELECT=1 {{(pid=93295) stat_writer /opt/stack/data/venv/lib/python3.12/site-packages/dbcounter.py:115}}
Jun 30 18:15:28.494746 np0000004019 nova-scheduler[93297]: DEBUG dbcounter [-] [93297] Writing DB stats nova_cell0:SELECT=1 {{(pid=93297) stat_writer /opt/stack/data/venv/lib/python3.12/site-packages/dbcounter.py:115}}
Jun 30 18:15:30.477782 np0000004019 nova-scheduler[93295]: DEBUG oslo.service.backend._threading.loopingcall [None req-a7041850-e448-4443-89db-841cf444a9be None None] Dynamic interval looping call 'nova.service.Service.periodic_tasks' sleeping for 60.00 seconds {{(pid=93295) _run_loop /opt/stack/data/venv/lib/python3.12/site-packages/oslo_service/backend/_threading/loopingcall.py:125}}
Jun 30 18:15:57.885585 np0000004019 nova-scheduler[93293]: DEBUG nova.scheduler.manager [None req-83d2c1ac-d941-4769-875e-e6da2a60e185 tempest-DeleteServersTestJSON-750426884 tempest-DeleteServersTestJSON-750426884-project-member] Starting to schedule for instances: ['0f81c88b-a31b-4958-b04e-d513d0e37e2f'] {{(pid=93293) select_destinations /opt/stack/nova/nova/scheduler/manager.py:209}}
Jun 30 18:15:57.886234 np0000004019 nova-scheduler[93293]: DEBUG nova.scheduler.request_filter [None req-83d2c1ac-d941-4769-875e-e6da2a60e185 tempest-DeleteServersTestJSON-750426884 tempest-DeleteServersTestJSON-750426884-project-member] compute_status_filter request filter added forbidden trait COMPUTE_STATUS_DISABLED {{(pid=93293) compute_status_filter /opt/stack/nova/nova/scheduler/request_filter.py:253}}
Jun 30 18:15:57.886463 np0000004019 nova-scheduler[93293]: DEBUG nova.scheduler.request_filter [None req-83d2c1ac-d941-4769-875e-e6da2a60e185 tempest-DeleteServersTestJSON-750426884 tempest-DeleteServersTestJSON-750426884-project-member] Request filter 'compute_status_filter' took 0.0 seconds {{(pid=93293) wrapper /opt/stack/nova/nova/scheduler/request_filter.py:46}}
Jun 30 18:15:57.886863 np0000004019 nova-scheduler[93293]: DEBUG nova.scheduler.request_filter [None req-83d2c1ac-d941-4769-875e-e6da2a60e185 tempest-DeleteServersTestJSON-750426884 tempest-DeleteServersTestJSON-750426884-project-member] Request filter 'accelerators_filter' took 0.0 seconds {{(pid=93293) wrapper /opt/stack/nova/nova/scheduler/request_filter.py:46}}
Jun 30 18:15:57.887230 np0000004019 nova-scheduler[93293]: DEBUG nova.scheduler.request_filter [None req-83d2c1ac-d941-4769-875e-e6da2a60e185 tempest-DeleteServersTestJSON-750426884 tempest-DeleteServersTestJSON-750426884-project-member] Request filter 'packed_virtqueue_filter' took 0.0 seconds {{(pid=93293) wrapper /opt/stack/nova/nova/scheduler/request_filter.py:46}}
Jun 30 18:15:57.889430 np0000004019 nova-scheduler[93293]: DEBUG nova.scheduler.request_filter [None req-83d2c1ac-d941-4769-875e-e6da2a60e185 tempest-DeleteServersTestJSON-750426884 tempest-DeleteServersTestJSON-750426884-project-member] Request filter 'remote_managed_ports_filter' took 0.0 seconds {{(pid=93293) wrapper /opt/stack/nova/nova/scheduler/request_filter.py:46}}
Jun 30 18:15:57.889802 np0000004019 nova-scheduler[93293]: DEBUG nova.scheduler.request_filter [None req-83d2c1ac-d941-4769-875e-e6da2a60e185 tempest-DeleteServersTestJSON-750426884 tempest-DeleteServersTestJSON-750426884-project-member] ephemeral_encryption_filter skipped {{(pid=93293) ephemeral_encryption_filter /opt/stack/nova/nova/scheduler/request_filter.py:426}}
Jun 30 18:15:57.890432 np0000004019 nova-scheduler[93293]: DEBUG nova.scheduler.request_filter [None req-83d2c1ac-d941-4769-875e-e6da2a60e185 tempest-DeleteServersTestJSON-750426884 tempest-DeleteServersTestJSON-750426884-project-member] virtio_sound_filter skipped {{(pid=93293) virtio_sound_filter /opt/stack/nova/nova/scheduler/request_filter.py:460}}
Jun 30 18:15:57.890432 np0000004019 nova-scheduler[93293]: DEBUG nova.scheduler.request_filter [None req-83d2c1ac-d941-4769-875e-e6da2a60e185 tempest-DeleteServersTestJSON-750426884 tempest-DeleteServersTestJSON-750426884-project-member] tpm_secret_security_filter skipped {{(pid=93293) tpm_secret_security_filter /opt/stack/nova/nova/scheduler/request_filter.py:477}}
Jun 30 18:15:58.639110 np0000004019 nova-scheduler[93293]: INFO nova.utils [None req-83d2c1ac-d941-4769-875e-e6da2a60e185 tempest-DeleteServersTestJSON-750426884 tempest-DeleteServersTestJSON-750426884-project-member] The cell worker thread pool ForkProcess-1.cell_worker is initialized
Jun 30 18:15:58.639886 np0000004019 nova-scheduler[93293]: DEBUG oslo_concurrency.lockutils [None req-83d2c1ac-d941-4769-875e-e6da2a60e185 tempest-DeleteServersTestJSON-750426884 tempest-DeleteServersTestJSON-750426884-project-member] Acquiring lock "a8ceb0b7-e2b7-44f2-822a-3b76202dce01" by "nova.context.set_target_cell..get_or_set_cached_cell_and_set_connections" {{(pid=93293) inner /opt/stack/data/venv/lib/python3.12/site-packages/oslo_concurrency/lockutils.py:511}}
Jun 30 18:15:58.640337 np0000004019 nova-scheduler[93293]: DEBUG oslo_concurrency.lockutils [None req-83d2c1ac-d941-4769-875e-e6da2a60e185 tempest-DeleteServersTestJSON-750426884 tempest-DeleteServersTestJSON-750426884-project-member] Lock "a8ceb0b7-e2b7-44f2-822a-3b76202dce01" acquired by "nova.context.set_target_cell..get_or_set_cached_cell_and_set_connections" :: waited 0.000s {{(pid=93293) inner /opt/stack/data/venv/lib/python3.12/site-packages/oslo_concurrency/lockutils.py:524}}
Jun 30 18:15:58.642706 np0000004019 nova-scheduler[93293]: DEBUG oslo_concurrency.lockutils [None req-83d2c1ac-d941-4769-875e-e6da2a60e185 tempest-DeleteServersTestJSON-750426884 tempest-DeleteServersTestJSON-750426884-project-member] Lock "a8ceb0b7-e2b7-44f2-822a-3b76202dce01" "released" by "nova.context.set_target_cell..get_or_set_cached_cell_and_set_connections" :: held 0.002s {{(pid=93293) inner /opt/stack/data/venv/lib/python3.12/site-packages/oslo_concurrency/lockutils.py:543}}
Jun 30 18:15:58.644358 np0000004019 nova-scheduler[93293]: INFO dbcounter [None req-83d2c1ac-d941-4769-875e-e6da2a60e185 tempest-DeleteServersTestJSON-750426884 tempest-DeleteServersTestJSON-750426884-project-member] Registered counter for database nova_cell1
Jun 30 18:15:58.685111 np0000004019 nova-scheduler[93293]: DEBUG oslo_db.sqlalchemy.engines [None req-83d2c1ac-d941-4769-875e-e6da2a60e185 tempest-DeleteServersTestJSON-750426884 tempest-DeleteServersTestJSON-750426884-project-member] MySQL server mode set to STRICT_TRANS_TABLES,STRICT_ALL_TABLES,NO_ZERO_IN_DATE,NO_ZERO_DATE,ERROR_FOR_DIVISION_BY_ZERO,TRADITIONAL,NO_ENGINE_SUBSTITUTION {{(pid=93293) _check_effective_sql_mode /opt/stack/data/venv/lib/python3.12/site-packages/oslo_db/sqlalchemy/engines.py:325}}
Jun 30 18:15:58.695854 np0000004019 nova-scheduler[93293]: DEBUG dbcounter [-] [93293] Writer thread running {{(pid=93293) stat_writer /opt/stack/data/venv/lib/python3.12/site-packages/dbcounter.py:102}}
Jun 30 18:15:58.712145 np0000004019 nova-scheduler[93293]: DEBUG oslo_db.sqlalchemy.engines [None req-83d2c1ac-d941-4769-875e-e6da2a60e185 tempest-DeleteServersTestJSON-750426884 tempest-DeleteServersTestJSON-750426884-project-member] Parent process 92088 forked (93293) with an open database connection, which is being discarded and recreated. {{(pid=93293) checkout /opt/stack/data/venv/lib/python3.12/site-packages/oslo_db/sqlalchemy/engines.py:402}}
Jun 30 18:15:58.760690 np0000004019 nova-scheduler[93293]: DEBUG dbcounter [-] [93293] Writer thread running {{(pid=93293) stat_writer /opt/stack/data/venv/lib/python3.12/site-packages/dbcounter.py:102}}
Jun 30 18:15:58.765507 np0000004019 nova-scheduler[93293]: DEBUG oslo_concurrency.lockutils [None req-83d2c1ac-d941-4769-875e-e6da2a60e185 tempest-DeleteServersTestJSON-750426884 tempest-DeleteServersTestJSON-750426884-project-member] Acquiring lock "a8ceb0b7-e2b7-44f2-822a-3b76202dce01" by "nova.context.set_target_cell..get_or_set_cached_cell_and_set_connections" {{(pid=93293) inner /opt/stack/data/venv/lib/python3.12/site-packages/oslo_concurrency/lockutils.py:511}}
Jun 30 18:15:58.765572 np0000004019 nova-scheduler[93293]: DEBUG oslo_concurrency.lockutils [None req-83d2c1ac-d941-4769-875e-e6da2a60e185 tempest-DeleteServersTestJSON-750426884 tempest-DeleteServersTestJSON-750426884-project-member] Lock "a8ceb0b7-e2b7-44f2-822a-3b76202dce01" acquired by "nova.context.set_target_cell..get_or_set_cached_cell_and_set_connections" :: waited 0.000s {{(pid=93293) inner /opt/stack/data/venv/lib/python3.12/site-packages/oslo_concurrency/lockutils.py:524}}
Jun 30 18:15:58.765693 np0000004019 nova-scheduler[93293]: DEBUG oslo_concurrency.lockutils [None req-83d2c1ac-d941-4769-875e-e6da2a60e185 tempest-DeleteServersTestJSON-750426884 tempest-DeleteServersTestJSON-750426884-project-member] Lock "a8ceb0b7-e2b7-44f2-822a-3b76202dce01" "released" by "nova.context.set_target_cell..get_or_set_cached_cell_and_set_connections" :: held 0.000s {{(pid=93293) inner /opt/stack/data/venv/lib/python3.12/site-packages/oslo_concurrency/lockutils.py:543}}
Jun 30 18:15:58.769781 np0000004019 nova-scheduler[93293]: DEBUG oslo_concurrency.lockutils [None req-83d2c1ac-d941-4769-875e-e6da2a60e185 tempest-DeleteServersTestJSON-750426884 tempest-DeleteServersTestJSON-750426884-project-member] Acquiring lock "np0000004019-np0000004019" by "nova.scheduler.host_manager.HostState.update.._locked_update" {{(pid=93293) inner /opt/stack/data/venv/lib/python3.12/site-packages/oslo_concurrency/lockutils.py:511}}
Jun 30 18:15:58.770054 np0000004019 nova-scheduler[93293]: DEBUG oslo_concurrency.lockutils [None req-83d2c1ac-d941-4769-875e-e6da2a60e185 tempest-DeleteServersTestJSON-750426884 tempest-DeleteServersTestJSON-750426884-project-member] Lock "np0000004019-np0000004019" acquired by "nova.scheduler.host_manager.HostState.update.._locked_update" :: waited 0.000s {{(pid=93293) inner /opt/stack/data/venv/lib/python3.12/site-packages/oslo_concurrency/lockutils.py:524}}
Jun 30 18:15:58.771026 np0000004019 nova-scheduler[93293]: DEBUG nova.scheduler.host_manager [None req-83d2c1ac-d941-4769-875e-e6da2a60e185 tempest-DeleteServersTestJSON-750426884 tempest-DeleteServersTestJSON-750426884-project-member] Update host state from compute node: ComputeNode(cpu_allocation_ratio=4.0,cpu_info='{"arch": "x86_64", "model": "EPYC-Milan", "vendor": "AMD", "topology": {"cells": 1, "sockets": 16, "cores": 1, "threads": 1}, "maxphysaddr": {"mode": "emulate", "bits": 40}, "features": ["hypervisor", "sse4a", "rdctl-no", "lahf_lm", "mtrr", "fma", "stibp", "cmp_legacy", "gds-no", "wbnoinvd", "smap", "clzero", "amd-psfd", "vme", "pfthreshold", "cx8", "vgif", "x2apic", "rdrand", "clwb", "pku", "pdpe1gb", "arch-capabilities", "rdseed", "sse4.1", "cx16", "lm", "sse2", "ssbd", "smep", "v-vmsave-vmload", "pae", "pcid", "xsavec", "bmi2", "sse", "rdpid", "tsc", "osvw", "pni", "flushbyasid", "erms", "f16c", "xsaves", "xsaveopt", "cmov", "invpcid", "de", "cr8legacy", "spec-ctrl", "msr", "sse4.2", "ibpb", "ibrs", "sep", "popcnt", "arat", "vaes", "misalignsse", "mmx", "apic", "pclmuldq", "lbrv", "skip-l1dfl-vmentry", "npt", "vmcb-clean", "mca", "movbe", "tsc_adjust", "xgetbv1", "amd-stibp", "3dnowprefetch", "pschange-mc-no", "mmxext", "adx", "pge", "pat", "fsrm", "xsave", "mce", "clflush", "pse36", "fsgsbase", "ssse3", "tsc-scale", "syscall", "bmi1", "topoext", "xsaveerptr", "virt-ssbd", "fxsr_opt", "tsc-deadline", "stibp-always-on", "nx", "pse", "fpu", "avx", "aes", "no-nested-data-bp", "nrip-save", "vpclmulqdq", "pause-filter", "abm", "lfence-always-serializing", "fxsr", "avx2", "null-sel-clr-base", "svm", "umip", "perfctr_core", "svme-addr-chk", "amd-ssbd", "sha-ni", "rdtscp", "clflushopt", "mds-no"]}',created_at=2026-06-30T18:13:41Z,current_workload=0,deleted=False,deleted_at=None,disk_allocation_ratio=1.0,disk_available_least=73,free_disk_gb=95,free_ram_mb=62765,host='np0000004019',host_ip=10.4.3.239,hypervisor_hostname='np0000004019',hypervisor_type='QEMU',hypervisor_version=8002002,id=1,local_gb=95,local_gb_used=0,mapped=1,memory_mb=63277,memory_mb_used=512,metrics='[]',numa_topology='{"nova_object.name": "NUMATopology", "nova_object.namespace": "nova", "nova_object.version": "1.2", "nova_object.data": {"cells": [{"nova_object.name": "NUMACell", "nova_object.namespace": "nova", "nova_object.version": "1.5", "nova_object.data": {"id": 0, "cpuset": [0, 1, 2, 3, 4, 5, 6, 7, 8, 9, 10, 11, 12, 13, 14, 15], "pcpuset": [0, 1, 2, 3, 4, 5, 6, 7, 8, 9, 10, 11, 12, 13, 14, 15], "memory": 63277, "cpu_usage": 0, "memory_usage": 0, "pinned_cpus": [], "siblings": [[6], [12], [2], [15], [5], [11], [8], [14], [4], [1], [7], [10], [0], [13], [3], [9]], "mempages": [{"nova_object.name": "NUMAPagesTopology", "nova_object.namespace": "nova", "nova_object.version": "1.1", "nova_object.data": {"size_kb": 4, "total": 16177931, "used": 0, "reserved": 0}, "nova_object.changes": ["used", "size_kb", "total", "reserved"]}, {"nova_object.name": "NUMAPagesTopology", "nova_object.namespace": "nova", "nova_object.version": "1.1", "nova_object.data": {"size_kb": 2048, "total": 41, "used": 0, "reserved": 0}, "nova_object.changes": ["used", "size_kb", "total", "reserved"]}, {"nova_object.name": "NUMAPagesTopology", "nova_object.namespace": "nova", "nova_object.version": "1.1", "nova_object.data": {"size_kb": 1048576, "total": 0, "used": 0, "reserved": 0}, "nova_object.changes": ["used", "size_kb", "total", "reserved"]}], "network_metadata": {"nova_object.name": "NetworkMetadata", "nova_object.namespace": "nova", "nova_object.version": "1.0", "nova_object.data": {"physnets": [], "tunneled": false}, "nova_object.changes": ["physnets", "tunneled"]}, "socket": null}, "nova_object.changes": ["pinned_cpus", "memory", "id", "siblings", "cpuset", "memory_usage", "mempages", "socket", "network_metadata", "pcpuset", "cpu_usage"]}]}, "nova_object.changes": ["cells"]}',pci_device_pools=PciDevicePoolList,ram_allocation_ratio=1.0,running_vms=0,service_id=2,stats={failed_builds='0',uptime=' 18:15:25 up 13 min, 2 users, load average: 1.19, 1.34, 0.77
Jun 30 18:15:58.771026 np0000004019 nova-scheduler[93293]: '},supported_hv_specs=[HVSpec,HVSpec,HVSpec,HVSpec,HVSpec,HVSpec,HVSpec,HVSpec,HVSpec,HVSpec,HVSpec,HVSpec,HVSpec,HVSpec,HVSpec,HVSpec,HVSpec,HVSpec,HVSpec,HVSpec,HVSpec,HVSpec,HVSpec,HVSpec,HVSpec],updated_at=2026-06-30T18:15:27Z,uuid=cc8e240d-f4d6-4532-95db-88b1fa199215,vcpus=16,vcpus_used=0) {{(pid=93293) _locked_update /opt/stack/nova/nova/scheduler/host_manager.py:168}}
Jun 30 18:15:58.772873 np0000004019 nova-scheduler[93293]: DEBUG nova.scheduler.host_manager [None req-83d2c1ac-d941-4769-875e-e6da2a60e185 tempest-DeleteServersTestJSON-750426884 tempest-DeleteServersTestJSON-750426884-project-member] Update host state with aggregates: [] {{(pid=93293) _locked_update /opt/stack/nova/nova/scheduler/host_manager.py:171}}
Jun 30 18:15:58.773251 np0000004019 nova-scheduler[93293]: DEBUG nova.scheduler.host_manager [None req-83d2c1ac-d941-4769-875e-e6da2a60e185 tempest-DeleteServersTestJSON-750426884 tempest-DeleteServersTestJSON-750426884-project-member] Update host state with service dict: {'id': 2, 'uuid': '2756f8cc-7c9d-4d0a-b7e6-b449adf42cce', 'host': 'np0000004019', 'binary': 'nova-compute', 'topic': 'compute', 'report_count': 2, 'disabled': False, 'disabled_reason': None, 'last_seen_up': datetime.datetime(2026, 6, 30, 18, 15, 50, tzinfo=datetime.timezone.utc), 'forced_down': False, 'version': 72, 'created_at': datetime.datetime(2026, 6, 30, 18, 13, 40, tzinfo=datetime.timezone.utc), 'updated_at': datetime.datetime(2026, 6, 30, 18, 15, 50, tzinfo=datetime.timezone.utc), 'deleted_at': None, 'deleted': False} {{(pid=93293) _locked_update /opt/stack/nova/nova/scheduler/host_manager.py:174}}
Jun 30 18:15:58.773803 np0000004019 nova-scheduler[93293]: DEBUG nova.scheduler.host_manager [None req-83d2c1ac-d941-4769-875e-e6da2a60e185 tempest-DeleteServersTestJSON-750426884 tempest-DeleteServersTestJSON-750426884-project-member] Update host state with instances: [] {{(pid=93293) _locked_update /opt/stack/nova/nova/scheduler/host_manager.py:177}}
Jun 30 18:15:58.773803 np0000004019 nova-scheduler[93293]: DEBUG oslo_concurrency.lockutils [None req-83d2c1ac-d941-4769-875e-e6da2a60e185 tempest-DeleteServersTestJSON-750426884 tempest-DeleteServersTestJSON-750426884-project-member] Lock "np0000004019-np0000004019" "released" by "nova.scheduler.host_manager.HostState.update.._locked_update" :: held 0.004s {{(pid=93293) inner /opt/stack/data/venv/lib/python3.12/site-packages/oslo_concurrency/lockutils.py:543}}
Jun 30 18:15:58.774747 np0000004019 nova-scheduler[93293]: DEBUG nova.filters [None req-83d2c1ac-d941-4769-875e-e6da2a60e185 tempest-DeleteServersTestJSON-750426884 tempest-DeleteServersTestJSON-750426884-project-member] Starting with 1 host(s) {{(pid=93293) get_filtered_objects /opt/stack/nova/nova/filters.py:70}}
Jun 30 18:15:58.774747 np0000004019 nova-scheduler[93293]: DEBUG nova.filters [None req-83d2c1ac-d941-4769-875e-e6da2a60e185 tempest-DeleteServersTestJSON-750426884 tempest-DeleteServersTestJSON-750426884-project-member] Filter ComputeFilter returned 1 host(s) {{(pid=93293) get_filtered_objects /opt/stack/nova/nova/filters.py:102}}
Jun 30 18:15:58.774747 np0000004019 nova-scheduler[93293]: DEBUG nova.filters [None req-83d2c1ac-d941-4769-875e-e6da2a60e185 tempest-DeleteServersTestJSON-750426884 tempest-DeleteServersTestJSON-750426884-project-member] Filter ComputeCapabilitiesFilter returned 1 host(s) {{(pid=93293) get_filtered_objects /opt/stack/nova/nova/filters.py:102}}
Jun 30 18:15:58.775175 np0000004019 nova-scheduler[93293]: DEBUG nova.filters [None req-83d2c1ac-d941-4769-875e-e6da2a60e185 tempest-DeleteServersTestJSON-750426884 tempest-DeleteServersTestJSON-750426884-project-member] Filter ImagePropertiesFilter returned 1 host(s) {{(pid=93293) get_filtered_objects /opt/stack/nova/nova/filters.py:102}}
Jun 30 18:15:58.775175 np0000004019 nova-scheduler[93293]: DEBUG nova.filters [None req-83d2c1ac-d941-4769-875e-e6da2a60e185 tempest-DeleteServersTestJSON-750426884 tempest-DeleteServersTestJSON-750426884-project-member] Filter ServerGroupAntiAffinityFilter returned 1 host(s) {{(pid=93293) get_filtered_objects /opt/stack/nova/nova/filters.py:102}}
Jun 30 18:15:58.775336 np0000004019 nova-scheduler[93293]: DEBUG nova.filters [None req-83d2c1ac-d941-4769-875e-e6da2a60e185 tempest-DeleteServersTestJSON-750426884 tempest-DeleteServersTestJSON-750426884-project-member] Filter ServerGroupAffinityFilter returned 1 host(s) {{(pid=93293) get_filtered_objects /opt/stack/nova/nova/filters.py:102}}
Jun 30 18:15:58.775454 np0000004019 nova-scheduler[93293]: DEBUG nova.filters [None req-83d2c1ac-d941-4769-875e-e6da2a60e185 tempest-DeleteServersTestJSON-750426884 tempest-DeleteServersTestJSON-750426884-project-member] Filter SameHostFilter returned 1 host(s) {{(pid=93293) get_filtered_objects /opt/stack/nova/nova/filters.py:102}}
Jun 30 18:15:58.775726 np0000004019 nova-scheduler[93293]: DEBUG nova.filters [None req-83d2c1ac-d941-4769-875e-e6da2a60e185 tempest-DeleteServersTestJSON-750426884 tempest-DeleteServersTestJSON-750426884-project-member] Filter DifferentHostFilter returned 1 host(s) {{(pid=93293) get_filtered_objects /opt/stack/nova/nova/filters.py:102}}
Jun 30 18:15:58.776467 np0000004019 nova-scheduler[93293]: DEBUG nova.scheduler.manager [None req-83d2c1ac-d941-4769-875e-e6da2a60e185 tempest-DeleteServersTestJSON-750426884 tempest-DeleteServersTestJSON-750426884-project-member] Filtered [(np0000004019, np0000004019) ram: 62765MB disk: 74752MB io_ops: 0 instances: 0, allocation_candidates: 1] {{(pid=93293) _get_sorted_hosts /opt/stack/nova/nova/scheduler/manager.py:742}}
Jun 30 18:15:58.776801 np0000004019 nova-scheduler[93293]: DEBUG nova.scheduler.manager [None req-83d2c1ac-d941-4769-875e-e6da2a60e185 tempest-DeleteServersTestJSON-750426884 tempest-DeleteServersTestJSON-750426884-project-member] Weighed [WeighedHost [host: (np0000004019, np0000004019) ram: 62765MB disk: 74752MB io_ops: 0 instances: 0, allocation_candidates: 1, weight: 0.0]] {{(pid=93293) _get_sorted_hosts /opt/stack/nova/nova/scheduler/manager.py:764}}
Jun 30 18:15:58.777031 np0000004019 nova-scheduler[93293]: DEBUG nova.scheduler.utils [None req-83d2c1ac-d941-4769-875e-e6da2a60e185 tempest-DeleteServersTestJSON-750426884 tempest-DeleteServersTestJSON-750426884-project-member] Attempting to claim resources in the placement API for instance 0f81c88b-a31b-4958-b04e-d513d0e37e2f {{(pid=93293) claim_resources /opt/stack/nova/nova/scheduler/utils.py:1345}}
Jun 30 18:15:59.026450 np0000004019 nova-scheduler[93293]: DEBUG nova.scheduler.manager [None req-83d2c1ac-d941-4769-875e-e6da2a60e185 tempest-DeleteServersTestJSON-750426884 tempest-DeleteServersTestJSON-750426884-project-member] [instance: 0f81c88b-a31b-4958-b04e-d513d0e37e2f] Selected host: (np0000004019, np0000004019) ram: 62765MB disk: 74752MB io_ops: 0 instances: 0, allocation_candidates: 1 {{(pid=93293) _consume_selected_host /opt/stack/nova/nova/scheduler/manager.py:624}}
Jun 30 18:15:59.026450 np0000004019 nova-scheduler[93293]: DEBUG oslo_concurrency.lockutils [None req-83d2c1ac-d941-4769-875e-e6da2a60e185 tempest-DeleteServersTestJSON-750426884 tempest-DeleteServersTestJSON-750426884-project-member] Acquiring lock "np0000004019-np0000004019" by "nova.scheduler.host_manager.HostState.consume_from_request.._locked" {{(pid=93293) inner /opt/stack/data/venv/lib/python3.12/site-packages/oslo_concurrency/lockutils.py:511}}
Jun 30 18:15:59.026940 np0000004019 nova-scheduler[93293]: DEBUG oslo_concurrency.lockutils [None req-83d2c1ac-d941-4769-875e-e6da2a60e185 tempest-DeleteServersTestJSON-750426884 tempest-DeleteServersTestJSON-750426884-project-member] Lock "np0000004019-np0000004019" acquired by "nova.scheduler.host_manager.HostState.consume_from_request.._locked" :: waited 0.000s {{(pid=93293) inner /opt/stack/data/venv/lib/python3.12/site-packages/oslo_concurrency/lockutils.py:524}}
Jun 30 18:15:59.026940 np0000004019 nova-scheduler[93293]: DEBUG oslo_concurrency.lockutils [None req-83d2c1ac-d941-4769-875e-e6da2a60e185 tempest-DeleteServersTestJSON-750426884 tempest-DeleteServersTestJSON-750426884-project-member] Lock "np0000004019-np0000004019" "released" by "nova.scheduler.host_manager.HostState.consume_from_request.._locked" :: held 0.000s {{(pid=93293) inner /opt/stack/data/venv/lib/python3.12/site-packages/oslo_concurrency/lockutils.py:543}}
Jun 30 18:16:00.108607 np0000004019 nova-scheduler[93295]: DEBUG nova.scheduler.manager [None req-ad5c1026-658f-4469-827d-bdcbd8097c10 tempest-ServerActionsTestOtherB-49258030 tempest-ServerActionsTestOtherB-49258030-project-member] Starting to schedule for instances: ['2954fe52-89ab-49f9-8b83-a9d2952f6aa9'] {{(pid=93295) select_destinations /opt/stack/nova/nova/scheduler/manager.py:209}}
Jun 30 18:16:00.109070 np0000004019 nova-scheduler[93295]: DEBUG nova.scheduler.request_filter [None req-ad5c1026-658f-4469-827d-bdcbd8097c10 tempest-ServerActionsTestOtherB-49258030 tempest-ServerActionsTestOtherB-49258030-project-member] compute_status_filter request filter added forbidden trait COMPUTE_STATUS_DISABLED {{(pid=93295) compute_status_filter /opt/stack/nova/nova/scheduler/request_filter.py:253}}
Jun 30 18:16:00.109410 np0000004019 nova-scheduler[93295]: DEBUG nova.scheduler.request_filter [None req-ad5c1026-658f-4469-827d-bdcbd8097c10 tempest-ServerActionsTestOtherB-49258030 tempest-ServerActionsTestOtherB-49258030-project-member] Request filter 'compute_status_filter' took 0.0 seconds {{(pid=93295) wrapper /opt/stack/nova/nova/scheduler/request_filter.py:46}}
Jun 30 18:16:00.109686 np0000004019 nova-scheduler[93295]: DEBUG nova.scheduler.request_filter [None req-ad5c1026-658f-4469-827d-bdcbd8097c10 tempest-ServerActionsTestOtherB-49258030 tempest-ServerActionsTestOtherB-49258030-project-member] Request filter 'accelerators_filter' took 0.0 seconds {{(pid=93295) wrapper /opt/stack/nova/nova/scheduler/request_filter.py:46}}
Jun 30 18:16:00.109939 np0000004019 nova-scheduler[93295]: DEBUG nova.scheduler.request_filter [None req-ad5c1026-658f-4469-827d-bdcbd8097c10 tempest-ServerActionsTestOtherB-49258030 tempest-ServerActionsTestOtherB-49258030-project-member] Request filter 'packed_virtqueue_filter' took 0.0 seconds {{(pid=93295) wrapper /opt/stack/nova/nova/scheduler/request_filter.py:46}}
Jun 30 18:16:00.110287 np0000004019 nova-scheduler[93295]: DEBUG nova.scheduler.request_filter [None req-ad5c1026-658f-4469-827d-bdcbd8097c10 tempest-ServerActionsTestOtherB-49258030 tempest-ServerActionsTestOtherB-49258030-project-member] Request filter 'remote_managed_ports_filter' took 0.0 seconds {{(pid=93295) wrapper /opt/stack/nova/nova/scheduler/request_filter.py:46}}
Jun 30 18:16:00.110473 np0000004019 nova-scheduler[93295]: DEBUG nova.scheduler.request_filter [None req-ad5c1026-658f-4469-827d-bdcbd8097c10 tempest-ServerActionsTestOtherB-49258030 tempest-ServerActionsTestOtherB-49258030-project-member] ephemeral_encryption_filter skipped {{(pid=93295) ephemeral_encryption_filter /opt/stack/nova/nova/scheduler/request_filter.py:426}}
Jun 30 18:16:00.110652 np0000004019 nova-scheduler[93295]: DEBUG nova.scheduler.request_filter [None req-ad5c1026-658f-4469-827d-bdcbd8097c10 tempest-ServerActionsTestOtherB-49258030 tempest-ServerActionsTestOtherB-49258030-project-member] virtio_sound_filter skipped {{(pid=93295) virtio_sound_filter /opt/stack/nova/nova/scheduler/request_filter.py:460}}
Jun 30 18:16:00.110818 np0000004019 nova-scheduler[93295]: DEBUG nova.scheduler.request_filter [None req-ad5c1026-658f-4469-827d-bdcbd8097c10 tempest-ServerActionsTestOtherB-49258030 tempest-ServerActionsTestOtherB-49258030-project-member] tpm_secret_security_filter skipped {{(pid=93295) tpm_secret_security_filter /opt/stack/nova/nova/scheduler/request_filter.py:477}}
Jun 30 18:16:00.281526 np0000004019 nova-scheduler[93295]: INFO nova.utils [None req-ad5c1026-658f-4469-827d-bdcbd8097c10 tempest-ServerActionsTestOtherB-49258030 tempest-ServerActionsTestOtherB-49258030-project-member] The cell worker thread pool ForkProcess-2.cell_worker is initialized
Jun 30 18:16:00.283302 np0000004019 nova-scheduler[93295]: DEBUG oslo_concurrency.lockutils [None req-ad5c1026-658f-4469-827d-bdcbd8097c10 tempest-ServerActionsTestOtherB-49258030 tempest-ServerActionsTestOtherB-49258030-project-member] Acquiring lock "a8ceb0b7-e2b7-44f2-822a-3b76202dce01" by "nova.context.set_target_cell..get_or_set_cached_cell_and_set_connections" {{(pid=93295) inner /opt/stack/data/venv/lib/python3.12/site-packages/oslo_concurrency/lockutils.py:511}}
Jun 30 18:16:00.283302 np0000004019 nova-scheduler[93295]: DEBUG oslo_concurrency.lockutils [None req-ad5c1026-658f-4469-827d-bdcbd8097c10 tempest-ServerActionsTestOtherB-49258030 tempest-ServerActionsTestOtherB-49258030-project-member] Lock "a8ceb0b7-e2b7-44f2-822a-3b76202dce01" acquired by "nova.context.set_target_cell..get_or_set_cached_cell_and_set_connections" :: waited 0.000s {{(pid=93295) inner /opt/stack/data/venv/lib/python3.12/site-packages/oslo_concurrency/lockutils.py:524}}
Jun 30 18:16:00.296448 np0000004019 nova-scheduler[93295]: DEBUG oslo_concurrency.lockutils [None req-ad5c1026-658f-4469-827d-bdcbd8097c10 tempest-ServerActionsTestOtherB-49258030 tempest-ServerActionsTestOtherB-49258030-project-member] Lock "a8ceb0b7-e2b7-44f2-822a-3b76202dce01" "released" by "nova.context.set_target_cell..get_or_set_cached_cell_and_set_connections" :: held 0.014s {{(pid=93295) inner /opt/stack/data/venv/lib/python3.12/site-packages/oslo_concurrency/lockutils.py:543}}
Jun 30 18:16:00.298873 np0000004019 nova-scheduler[93295]: INFO dbcounter [None req-ad5c1026-658f-4469-827d-bdcbd8097c10 tempest-ServerActionsTestOtherB-49258030 tempest-ServerActionsTestOtherB-49258030-project-member] Registered counter for database nova_cell1
Jun 30 18:16:00.353350 np0000004019 nova-scheduler[93295]: DEBUG oslo_db.sqlalchemy.engines [None req-ad5c1026-658f-4469-827d-bdcbd8097c10 tempest-ServerActionsTestOtherB-49258030 tempest-ServerActionsTestOtherB-49258030-project-member] MySQL server mode set to STRICT_TRANS_TABLES,STRICT_ALL_TABLES,NO_ZERO_IN_DATE,NO_ZERO_DATE,ERROR_FOR_DIVISION_BY_ZERO,TRADITIONAL,NO_ENGINE_SUBSTITUTION {{(pid=93295) _check_effective_sql_mode /opt/stack/data/venv/lib/python3.12/site-packages/oslo_db/sqlalchemy/engines.py:325}}
Jun 30 18:16:00.370564 np0000004019 nova-scheduler[93295]: DEBUG dbcounter [-] [93295] Writer thread running {{(pid=93295) stat_writer /opt/stack/data/venv/lib/python3.12/site-packages/dbcounter.py:102}}
Jun 30 18:16:00.459332 np0000004019 nova-scheduler[93295]: DEBUG dbcounter [-] [93295] Writer thread running {{(pid=93295) stat_writer /opt/stack/data/venv/lib/python3.12/site-packages/dbcounter.py:102}}
Jun 30 18:16:00.463119 np0000004019 nova-scheduler[93295]: DEBUG oslo_concurrency.lockutils [None req-ad5c1026-658f-4469-827d-bdcbd8097c10 tempest-ServerActionsTestOtherB-49258030 tempest-ServerActionsTestOtherB-49258030-project-member] Acquiring lock "a8ceb0b7-e2b7-44f2-822a-3b76202dce01" by "nova.context.set_target_cell..get_or_set_cached_cell_and_set_connections" {{(pid=93295) inner /opt/stack/data/venv/lib/python3.12/site-packages/oslo_concurrency/lockutils.py:511}}
Jun 30 18:16:00.463316 np0000004019 nova-scheduler[93295]: DEBUG oslo_concurrency.lockutils [None req-ad5c1026-658f-4469-827d-bdcbd8097c10 tempest-ServerActionsTestOtherB-49258030 tempest-ServerActionsTestOtherB-49258030-project-member] Lock "a8ceb0b7-e2b7-44f2-822a-3b76202dce01" acquired by "nova.context.set_target_cell..get_or_set_cached_cell_and_set_connections" :: waited 0.000s {{(pid=93295) inner /opt/stack/data/venv/lib/python3.12/site-packages/oslo_concurrency/lockutils.py:524}}
Jun 30 18:16:00.463497 np0000004019 nova-scheduler[93295]: DEBUG oslo_concurrency.lockutils [None req-ad5c1026-658f-4469-827d-bdcbd8097c10 tempest-ServerActionsTestOtherB-49258030 tempest-ServerActionsTestOtherB-49258030-project-member] Lock "a8ceb0b7-e2b7-44f2-822a-3b76202dce01" "released" by "nova.context.set_target_cell..get_or_set_cached_cell_and_set_connections" :: held 0.000s {{(pid=93295) inner /opt/stack/data/venv/lib/python3.12/site-packages/oslo_concurrency/lockutils.py:543}}
Jun 30 18:16:00.471012 np0000004019 nova-scheduler[93295]: DEBUG oslo_concurrency.lockutils [None req-ad5c1026-658f-4469-827d-bdcbd8097c10 tempest-ServerActionsTestOtherB-49258030 tempest-ServerActionsTestOtherB-49258030-project-member] Acquiring lock "np0000004019-np0000004019" by "nova.scheduler.host_manager.HostState.update.._locked_update" {{(pid=93295) inner /opt/stack/data/venv/lib/python3.12/site-packages/oslo_concurrency/lockutils.py:511}}
Jun 30 18:16:00.471012 np0000004019 nova-scheduler[93295]: DEBUG oslo_concurrency.lockutils [None req-ad5c1026-658f-4469-827d-bdcbd8097c10 tempest-ServerActionsTestOtherB-49258030 tempest-ServerActionsTestOtherB-49258030-project-member] Lock "np0000004019-np0000004019" acquired by "nova.scheduler.host_manager.HostState.update.._locked_update" :: waited 0.000s {{(pid=93295) inner /opt/stack/data/venv/lib/python3.12/site-packages/oslo_concurrency/lockutils.py:524}}
