Aug 03 14:55:58.978326 np0000006353 nova-conductor[95873]: DEBUG cotyledon.oslo_config_glue [-] oslo_messaging_rabbit.rabbit_qos_prefetch_count = 0 {{(pid=95873) log_opt_values /opt/stack/data/venv/lib/python3.12/site-packages/oslo_config/cfg.py:3545}}
Aug 03 14:55:58.978326 np0000006353 nova-conductor[95873]: DEBUG cotyledon.oslo_config_glue [-] oslo_messaging_rabbit.rabbit_quorum_delivery_limit = 0 {{(pid=95873) log_opt_values /opt/stack/data/venv/lib/python3.12/site-packages/oslo_config/cfg.py:3545}}
Aug 03 14:55:58.978326 np0000006353 nova-conductor[95873]: DEBUG cotyledon.oslo_config_glue [-] oslo_messaging_rabbit.rabbit_quorum_max_memory_bytes = 0 {{(pid=95873) log_opt_values /opt/stack/data/venv/lib/python3.12/site-packages/oslo_config/cfg.py:3545}}
Aug 03 14:55:58.978326 np0000006353 nova-conductor[95873]: DEBUG cotyledon.oslo_config_glue [-] oslo_messaging_rabbit.rabbit_quorum_max_memory_length = 0 {{(pid=95873) log_opt_values /opt/stack/data/venv/lib/python3.12/site-packages/oslo_config/cfg.py:3545}}
Aug 03 14:55:58.978506 np0000006353 nova-conductor[95873]: DEBUG cotyledon.oslo_config_glue [-] oslo_messaging_rabbit.rabbit_quorum_queue = False {{(pid=95873) log_opt_values /opt/stack/data/venv/lib/python3.12/site-packages/oslo_config/cfg.py:3545}}
Aug 03 14:55:58.978506 np0000006353 nova-conductor[95873]: DEBUG cotyledon.oslo_config_glue [-] oslo_messaging_rabbit.rabbit_retry_backoff = 2 {{(pid=95873) log_opt_values /opt/stack/data/venv/lib/python3.12/site-packages/oslo_config/cfg.py:3545}}
Aug 03 14:55:58.978506 np0000006353 nova-conductor[95873]: DEBUG cotyledon.oslo_config_glue [-] oslo_messaging_rabbit.rabbit_retry_interval = 1 {{(pid=95873) log_opt_values /opt/stack/data/venv/lib/python3.12/site-packages/oslo_config/cfg.py:3545}}
Aug 03 14:55:58.978506 np0000006353 nova-conductor[95873]: DEBUG cotyledon.oslo_config_glue [-] oslo_messaging_rabbit.rabbit_stream_fanout = False {{(pid=95873) log_opt_values /opt/stack/data/venv/lib/python3.12/site-packages/oslo_config/cfg.py:3545}}
Aug 03 14:55:58.978506 np0000006353 nova-conductor[95873]: DEBUG cotyledon.oslo_config_glue [-] oslo_messaging_rabbit.rabbit_transient_queues_ttl = 1800 {{(pid=95873) log_opt_values /opt/stack/data/venv/lib/python3.12/site-packages/oslo_config/cfg.py:3545}}
Aug 03 14:55:58.978506 np0000006353 nova-conductor[95873]: DEBUG cotyledon.oslo_config_glue [-] oslo_messaging_rabbit.rabbit_transient_quorum_queue = False {{(pid=95873) log_opt_values /opt/stack/data/venv/lib/python3.12/site-packages/oslo_config/cfg.py:3545}}
Aug 03 14:55:58.978506 np0000006353 nova-conductor[95873]: DEBUG cotyledon.oslo_config_glue [-] oslo_messaging_rabbit.rpc_conn_pool_size = 30 {{(pid=95873) log_opt_values /opt/stack/data/venv/lib/python3.12/site-packages/oslo_config/cfg.py:3545}}
Aug 03 14:55:58.978506 np0000006353 nova-conductor[95873]: DEBUG cotyledon.oslo_config_glue [-] oslo_messaging_rabbit.ssl = False {{(pid=95873) log_opt_values /opt/stack/data/venv/lib/python3.12/site-packages/oslo_config/cfg.py:3545}}
Aug 03 14:55:58.978506 np0000006353 nova-conductor[95873]: DEBUG cotyledon.oslo_config_glue [-] oslo_messaging_rabbit.ssl_ca_file = {{(pid=95873) log_opt_values /opt/stack/data/venv/lib/python3.12/site-packages/oslo_config/cfg.py:3545}}
Aug 03 14:55:58.978685 np0000006353 nova-conductor[95873]: DEBUG cotyledon.oslo_config_glue [-] oslo_messaging_rabbit.ssl_cert_file = {{(pid=95873) log_opt_values /opt/stack/data/venv/lib/python3.12/site-packages/oslo_config/cfg.py:3545}}
Aug 03 14:55:58.978685 np0000006353 nova-conductor[95873]: DEBUG cotyledon.oslo_config_glue [-] oslo_messaging_rabbit.ssl_enforce_fips_mode = False {{(pid=95873) log_opt_values /opt/stack/data/venv/lib/python3.12/site-packages/oslo_config/cfg.py:3545}}
Aug 03 14:55:58.978685 np0000006353 nova-conductor[95873]: DEBUG cotyledon.oslo_config_glue [-] oslo_messaging_rabbit.ssl_enforce_hostname_verification = True {{(pid=95873) log_opt_values /opt/stack/data/venv/lib/python3.12/site-packages/oslo_config/cfg.py:3545}}
Aug 03 14:55:58.978685 np0000006353 nova-conductor[95873]: DEBUG cotyledon.oslo_config_glue [-] oslo_messaging_rabbit.ssl_key_file = {{(pid=95873) log_opt_values /opt/stack/data/venv/lib/python3.12/site-packages/oslo_config/cfg.py:3545}}
Aug 03 14:55:58.978685 np0000006353 nova-conductor[95873]: DEBUG cotyledon.oslo_config_glue [-] oslo_messaging_rabbit.ssl_version = {{(pid=95873) log_opt_values /opt/stack/data/venv/lib/python3.12/site-packages/oslo_config/cfg.py:3545}}
Aug 03 14:55:58.978685 np0000006353 nova-conductor[95873]: DEBUG cotyledon.oslo_config_glue [-] oslo_messaging_rabbit.use_queue_manager = False {{(pid=95873) log_opt_values /opt/stack/data/venv/lib/python3.12/site-packages/oslo_config/cfg.py:3545}}
Aug 03 14:55:58.978685 np0000006353 nova-conductor[95873]: DEBUG cotyledon.oslo_config_glue [-] oslo_messaging_notifications.driver = ['messagingv2'] {{(pid=95873) log_opt_values /opt/stack/data/venv/lib/python3.12/site-packages/oslo_config/cfg.py:3545}}
Aug 03 14:55:58.978685 np0000006353 nova-conductor[95873]: DEBUG cotyledon.oslo_config_glue [-] oslo_messaging_notifications.retry = -1 {{(pid=95873) log_opt_values /opt/stack/data/venv/lib/python3.12/site-packages/oslo_config/cfg.py:3545}}
Aug 03 14:55:58.978685 np0000006353 nova-conductor[95873]: DEBUG cotyledon.oslo_config_glue [-] oslo_messaging_notifications.topics = ['notifications'] {{(pid=95873) log_opt_values /opt/stack/data/venv/lib/python3.12/site-packages/oslo_config/cfg.py:3545}}
Aug 03 14:55:58.978868 np0000006353 nova-conductor[95873]: DEBUG cotyledon.oslo_config_glue [-] oslo_messaging_notifications.transport_url = **** {{(pid=95873) log_opt_values /opt/stack/data/venv/lib/python3.12/site-packages/oslo_config/cfg.py:3545}}
Aug 03 14:55:58.978868 np0000006353 nova-conductor[95873]: DEBUG cotyledon.oslo_config_glue [-] oslo_limit.auth_section = None {{(pid=95873) log_opt_values /opt/stack/data/venv/lib/python3.12/site-packages/oslo_config/cfg.py:3545}}
Aug 03 14:55:58.978868 np0000006353 nova-conductor[95873]: DEBUG cotyledon.oslo_config_glue [-] oslo_limit.auth_type = None {{(pid=95873) log_opt_values /opt/stack/data/venv/lib/python3.12/site-packages/oslo_config/cfg.py:3545}}
Aug 03 14:55:58.978868 np0000006353 nova-conductor[95873]: DEBUG cotyledon.oslo_config_glue [-] oslo_limit.cafile = None {{(pid=95873) log_opt_values /opt/stack/data/venv/lib/python3.12/site-packages/oslo_config/cfg.py:3545}}
Aug 03 14:55:58.978868 np0000006353 nova-conductor[95873]: DEBUG cotyledon.oslo_config_glue [-] oslo_limit.certfile = None {{(pid=95873) log_opt_values /opt/stack/data/venv/lib/python3.12/site-packages/oslo_config/cfg.py:3545}}
Aug 03 14:55:58.978868 np0000006353 nova-conductor[95873]: DEBUG cotyledon.oslo_config_glue [-] oslo_limit.collect_timing = False {{(pid=95873) log_opt_values /opt/stack/data/venv/lib/python3.12/site-packages/oslo_config/cfg.py:3545}}
Aug 03 14:55:58.978868 np0000006353 nova-conductor[95873]: DEBUG cotyledon.oslo_config_glue [-] oslo_limit.connect_retries = None {{(pid=95873) log_opt_values /opt/stack/data/venv/lib/python3.12/site-packages/oslo_config/cfg.py:3545}}
Aug 03 14:55:58.978868 np0000006353 nova-conductor[95873]: DEBUG cotyledon.oslo_config_glue [-] oslo_limit.connect_retry_delay = None {{(pid=95873) log_opt_values /opt/stack/data/venv/lib/python3.12/site-packages/oslo_config/cfg.py:3545}}
Aug 03 14:55:58.978868 np0000006353 nova-conductor[95873]: DEBUG cotyledon.oslo_config_glue [-] oslo_limit.endpoint_id = None {{(pid=95873) log_opt_values /opt/stack/data/venv/lib/python3.12/site-packages/oslo_config/cfg.py:3545}}
Aug 03 14:55:58.979050 np0000006353 nova-conductor[95873]: DEBUG cotyledon.oslo_config_glue [-] oslo_limit.endpoint_interface = public {{(pid=95873) log_opt_values /opt/stack/data/venv/lib/python3.12/site-packages/oslo_config/cfg.py:3545}}
Aug 03 14:55:58.979050 np0000006353 nova-conductor[95873]: DEBUG cotyledon.oslo_config_glue [-] oslo_limit.endpoint_override = None {{(pid=95873) log_opt_values /opt/stack/data/venv/lib/python3.12/site-packages/oslo_config/cfg.py:3545}}
Aug 03 14:55:58.979050 np0000006353 nova-conductor[95873]: DEBUG cotyledon.oslo_config_glue [-] oslo_limit.endpoint_region_name = None {{(pid=95873) log_opt_values /opt/stack/data/venv/lib/python3.12/site-packages/oslo_config/cfg.py:3545}}
Aug 03 14:55:58.979050 np0000006353 nova-conductor[95873]: DEBUG cotyledon.oslo_config_glue [-] oslo_limit.endpoint_service_name = None {{(pid=95873) log_opt_values /opt/stack/data/venv/lib/python3.12/site-packages/oslo_config/cfg.py:3545}}
Aug 03 14:55:58.979050 np0000006353 nova-conductor[95873]: DEBUG cotyledon.oslo_config_glue [-] oslo_limit.endpoint_service_type = None {{(pid=95873) log_opt_values /opt/stack/data/venv/lib/python3.12/site-packages/oslo_config/cfg.py:3545}}
Aug 03 14:55:58.979050 np0000006353 nova-conductor[95873]: DEBUG cotyledon.oslo_config_glue [-] oslo_limit.insecure = False {{(pid=95873) log_opt_values /opt/stack/data/venv/lib/python3.12/site-packages/oslo_config/cfg.py:3545}}
Aug 03 14:55:58.979050 np0000006353 nova-conductor[95873]: DEBUG cotyledon.oslo_config_glue [-] oslo_limit.keyfile = None {{(pid=95873) log_opt_values /opt/stack/data/venv/lib/python3.12/site-packages/oslo_config/cfg.py:3545}}
Aug 03 14:55:58.979050 np0000006353 nova-conductor[95873]: DEBUG cotyledon.oslo_config_glue [-] oslo_limit.max_version = None {{(pid=95873) log_opt_values /opt/stack/data/venv/lib/python3.12/site-packages/oslo_config/cfg.py:3545}}
Aug 03 14:55:58.979050 np0000006353 nova-conductor[95873]: DEBUG cotyledon.oslo_config_glue [-] oslo_limit.min_version = None {{(pid=95873) log_opt_values /opt/stack/data/venv/lib/python3.12/site-packages/oslo_config/cfg.py:3545}}
Aug 03 14:55:58.979240 np0000006353 nova-conductor[95873]: DEBUG cotyledon.oslo_config_glue [-] oslo_limit.region_name = None {{(pid=95873) log_opt_values /opt/stack/data/venv/lib/python3.12/site-packages/oslo_config/cfg.py:3545}}
Aug 03 14:55:58.979240 np0000006353 nova-conductor[95873]: DEBUG cotyledon.oslo_config_glue [-] oslo_limit.retriable_status_codes = None {{(pid=95873) log_opt_values /opt/stack/data/venv/lib/python3.12/site-packages/oslo_config/cfg.py:3545}}
Aug 03 14:55:58.979240 np0000006353 nova-conductor[95873]: DEBUG cotyledon.oslo_config_glue [-] oslo_limit.service_name = None {{(pid=95873) log_opt_values /opt/stack/data/venv/lib/python3.12/site-packages/oslo_config/cfg.py:3545}}
Aug 03 14:55:58.979240 np0000006353 nova-conductor[95873]: DEBUG cotyledon.oslo_config_glue [-] oslo_limit.service_type = None {{(pid=95873) log_opt_values /opt/stack/data/venv/lib/python3.12/site-packages/oslo_config/cfg.py:3545}}
Aug 03 14:55:58.979240 np0000006353 nova-conductor[95873]: DEBUG cotyledon.oslo_config_glue [-] oslo_limit.split_loggers = False {{(pid=95873) log_opt_values /opt/stack/data/venv/lib/python3.12/site-packages/oslo_config/cfg.py:3545}}
Aug 03 14:55:58.979240 np0000006353 nova-conductor[95873]: DEBUG cotyledon.oslo_config_glue [-] oslo_limit.status_code_retries = None {{(pid=95873) log_opt_values /opt/stack/data/venv/lib/python3.12/site-packages/oslo_config/cfg.py:3545}}
Aug 03 14:55:58.979240 np0000006353 nova-conductor[95873]: DEBUG cotyledon.oslo_config_glue [-] oslo_limit.status_code_retry_delay = None {{(pid=95873) log_opt_values /opt/stack/data/venv/lib/python3.12/site-packages/oslo_config/cfg.py:3545}}
Aug 03 14:55:58.979240 np0000006353 nova-conductor[95873]: DEBUG cotyledon.oslo_config_glue [-] oslo_limit.timeout = None {{(pid=95873) log_opt_values /opt/stack/data/venv/lib/python3.12/site-packages/oslo_config/cfg.py:3545}}
Aug 03 14:55:58.979240 np0000006353 nova-conductor[95873]: DEBUG cotyledon.oslo_config_glue [-] oslo_limit.valid_interfaces = None {{(pid=95873) log_opt_values /opt/stack/data/venv/lib/python3.12/site-packages/oslo_config/cfg.py:3545}}
Aug 03 14:55:58.979414 np0000006353 nova-conductor[95873]: DEBUG cotyledon.oslo_config_glue [-] oslo_limit.version = None {{(pid=95873) log_opt_values /opt/stack/data/venv/lib/python3.12/site-packages/oslo_config/cfg.py:3545}}
Aug 03 14:55:58.979414 np0000006353 nova-conductor[95873]: DEBUG cotyledon.oslo_config_glue [-] oslo_reports.file_event_handler = None {{(pid=95873) log_opt_values /opt/stack/data/venv/lib/python3.12/site-packages/oslo_config/cfg.py:3545}}
Aug 03 14:55:58.979414 np0000006353 nova-conductor[95873]: DEBUG cotyledon.oslo_config_glue [-] oslo_reports.file_event_handler_interval = 1 {{(pid=95873) log_opt_values /opt/stack/data/venv/lib/python3.12/site-packages/oslo_config/cfg.py:3545}}
Aug 03 14:55:58.979414 np0000006353 nova-conductor[95873]: DEBUG cotyledon.oslo_config_glue [-] oslo_reports.log_dir = None {{(pid=95873) log_opt_values /opt/stack/data/venv/lib/python3.12/site-packages/oslo_config/cfg.py:3545}}
Aug 03 14:55:58.979414 np0000006353 nova-conductor[95873]: DEBUG cotyledon.oslo_config_glue [-] ******************************************************************************** {{(pid=95873) log_opt_values /opt/stack/data/venv/lib/python3.12/site-packages/oslo_config/cfg.py:3552}}
Aug 03 14:55:58.979414 np0000006353 nova-conductor[95873]: DEBUG cotyledon._service_worker [-] Run service ServiceWrapper(2) [95873] {{(pid=95873) wait_forever /opt/stack/data/venv/lib/python3.12/site-packages/cotyledon/_service_worker.py:218}}
Aug 03 14:55:58.979414 np0000006353 nova-conductor[95873]: INFO nova.service [-] Starting conductor node (version 33.1.0)
Aug 03 14:55:58.979414 np0000006353 nova-conductor[95873]: INFO dbcounter [None req-fdd8ad58-0130-46f9-9a0c-ac1e6a98a7f2 None None] Registered counter for database nova_cell0
Aug 03 14:55:58.979605 np0000006353 nova-conductor[95858]: DEBUG oslo_db.sqlalchemy.engines [None req-99e80095-8c16-4fc0-8231-4f564c6649c1 None None] MySQL server mode set to STRICT_TRANS_TABLES,STRICT_ALL_TABLES,NO_ZERO_IN_DATE,NO_ZERO_DATE,ERROR_FOR_DIVISION_BY_ZERO,TRADITIONAL,NO_ENGINE_SUBSTITUTION {{(pid=95858) _check_effective_sql_mode /opt/stack/data/venv/lib/python3.12/site-packages/oslo_db/sqlalchemy/engines.py:325}}
Aug 03 14:55:58.990215 np0000006353 nova-conductor[95858]: DEBUG dbcounter [-] [95858] Writer thread running {{(pid=95858) stat_writer /opt/stack/data/venv/lib/python3.12/site-packages/dbcounter.py:102}}
Aug 03 14:55:59.001643 np0000006353 nova-conductor[95851]: DEBUG oslo_db.sqlalchemy.engines [None req-b30f0813-2dbe-42fc-bf39-11a8510be2f4 None None] MySQL server mode set to STRICT_TRANS_TABLES,STRICT_ALL_TABLES,NO_ZERO_IN_DATE,NO_ZERO_DATE,ERROR_FOR_DIVISION_BY_ZERO,TRADITIONAL,NO_ENGINE_SUBSTITUTION {{(pid=95851) _check_effective_sql_mode /opt/stack/data/venv/lib/python3.12/site-packages/oslo_db/sqlalchemy/engines.py:325}}
Aug 03 14:55:59.006411 np0000006353 nova-conductor[95873]: DEBUG oslo_db.sqlalchemy.engines [None req-fdd8ad58-0130-46f9-9a0c-ac1e6a98a7f2 None None] MySQL server mode set to STRICT_TRANS_TABLES,STRICT_ALL_TABLES,NO_ZERO_IN_DATE,NO_ZERO_DATE,ERROR_FOR_DIVISION_BY_ZERO,TRADITIONAL,NO_ENGINE_SUBSTITUTION {{(pid=95873) _check_effective_sql_mode /opt/stack/data/venv/lib/python3.12/site-packages/oslo_db/sqlalchemy/engines.py:325}}
Aug 03 14:55:59.006799 np0000006353 nova-conductor[95858]: DEBUG nova.service [None req-99e80095-8c16-4fc0-8231-4f564c6649c1 None None] Creating RPC server for service: nova-conductor on topic: conductor {{(pid=95858) start /opt/stack/nova/nova/service.py:196}}
Aug 03 14:55:59.015654 np0000006353 nova-conductor[95873]: DEBUG dbcounter [-] [95873] Writer thread running {{(pid=95873) stat_writer /opt/stack/data/venv/lib/python3.12/site-packages/dbcounter.py:102}}
Aug 03 14:55:59.018678 np0000006353 nova-conductor[95873]: DEBUG nova.service [None req-fdd8ad58-0130-46f9-9a0c-ac1e6a98a7f2 None None] Creating RPC server for service: nova-conductor on topic: conductor {{(pid=95873) start /opt/stack/nova/nova/service.py:196}}
Aug 03 14:55:59.020455 np0000006353 nova-conductor[95851]: DEBUG dbcounter [-] [95851] Writer thread running {{(pid=95851) stat_writer /opt/stack/data/venv/lib/python3.12/site-packages/dbcounter.py:102}}
Aug 03 14:55:59.024713 np0000006353 nova-conductor[95851]: DEBUG nova.service [None req-b30f0813-2dbe-42fc-bf39-11a8510be2f4 None None] Creating RPC server for service: nova-conductor on topic: conductor {{(pid=95851) start /opt/stack/nova/nova/service.py:196}}
Aug 03 14:55:59.034482 np0000006353 nova-conductor[95858]: DEBUG nova.service [None req-99e80095-8c16-4fc0-8231-4f564c6649c1 None None] Join ServiceGroup membership for this service conductor {{(pid=95858) start /opt/stack/nova/nova/service.py:222}}
Aug 03 14:55:59.034626 np0000006353 nova-conductor[95858]: DEBUG nova.servicegroup.drivers.db [None req-99e80095-8c16-4fc0-8231-4f564c6649c1 None None] DB_Driver: join new ServiceGroup member np0000006353 to the conductor group, service = {{(pid=95858) join /opt/stack/nova/nova/servicegroup/drivers/db.py:44}}
Aug 03 14:55:59.035092 np0000006353 nova-conductor[95873]: DEBUG nova.service [None req-fdd8ad58-0130-46f9-9a0c-ac1e6a98a7f2 None None] Join ServiceGroup membership for this service conductor {{(pid=95873) start /opt/stack/nova/nova/service.py:222}}
Aug 03 14:55:59.035371 np0000006353 nova-conductor[95873]: DEBUG nova.servicegroup.drivers.db [None req-fdd8ad58-0130-46f9-9a0c-ac1e6a98a7f2 None None] DB_Driver: join new ServiceGroup member np0000006353 to the conductor group, service = {{(pid=95873) join /opt/stack/nova/nova/servicegroup/drivers/db.py:44}}
Aug 03 14:55:59.052366 np0000006353 nova-conductor[95851]: DEBUG nova.service [None req-b30f0813-2dbe-42fc-bf39-11a8510be2f4 None None] Join ServiceGroup membership for this service conductor {{(pid=95851) start /opt/stack/nova/nova/service.py:222}}
Aug 03 14:55:59.052638 np0000006353 nova-conductor[95851]: DEBUG nova.servicegroup.drivers.db [None req-b30f0813-2dbe-42fc-bf39-11a8510be2f4 None None] DB_Driver: join new ServiceGroup member np0000006353 to the conductor group, service = {{(pid=95851) join /opt/stack/nova/nova/servicegroup/drivers/db.py:44}}
Aug 03 14:56:04.049157 np0000006353 nova-conductor[95858]: DEBUG oslo.service.backend._threading.loopingcall [-] Fixed interval looping call 'nova.servicegroup.drivers.db.DbDriver._report_state' sleeping for 119.99 seconds {{(pid=95858) _run_loop /opt/stack/data/venv/lib/python3.12/site-packages/oslo_service/backend/_threading/loopingcall.py:125}}
Aug 03 14:56:04.052584 np0000006353 nova-conductor[95873]: DEBUG oslo.service.backend._threading.loopingcall [-] Fixed interval looping call 'nova.servicegroup.drivers.db.DbDriver._report_state' sleeping for 119.99 seconds {{(pid=95873) _run_loop /opt/stack/data/venv/lib/python3.12/site-packages/oslo_service/backend/_threading/loopingcall.py:125}}
Aug 03 14:56:04.062926 np0000006353 nova-conductor[95851]: DEBUG oslo.service.backend._threading.loopingcall [-] Fixed interval looping call 'nova.servicegroup.drivers.db.DbDriver._report_state' sleeping for 119.99 seconds {{(pid=95851) _run_loop /opt/stack/data/venv/lib/python3.12/site-packages/oslo_service/backend/_threading/loopingcall.py:125}}
Aug 03 14:56:05.037615 np0000006353 nova-conductor[95873]: DEBUG oslo.service.backend._threading.loopingcall [None req-7e9eadbb-cda0-4c35-b035-c06d7495f1fe None None] Dynamic interval looping call 'nova.service.Service.periodic_tasks' sleeping for 60.00 seconds {{(pid=95873) _run_loop /opt/stack/data/venv/lib/python3.12/site-packages/oslo_service/backend/_threading/loopingcall.py:125}}
Aug 03 14:56:07.603047 np0000006353 nova-conductor[94313]: DEBUG dbcounter [-] [94313] Writing DB stats nova_api:SELECT=1 {{(pid=94313) stat_writer /opt/stack/data/venv/lib/python3.12/site-packages/dbcounter.py:115}}
Aug 03 14:56:07.730597 np0000006353 nova-conductor[94313]: DEBUG dbcounter [-] [94313] Writing DB stats nova_cell1:SELECT=1 {{(pid=94313) stat_writer /opt/stack/data/venv/lib/python3.12/site-packages/dbcounter.py:115}}
Aug 03 14:56:07.735411 np0000006353 nova-conductor[94313]: DEBUG dbcounter [-] [94313] Writing DB stats nova_cell0:SELECT=1 {{(pid=94313) stat_writer /opt/stack/data/venv/lib/python3.12/site-packages/dbcounter.py:115}}
Aug 03 14:56:14.045278 np0000006353 nova-conductor[95858]: DEBUG dbcounter [-] [95858] Writing DB stats nova_cell0:SELECT=4,nova_cell0:INSERT=1,nova_cell0:UPDATE=1 {{(pid=95858) stat_writer /opt/stack/data/venv/lib/python3.12/site-packages/dbcounter.py:115}}
Aug 03 14:56:14.049865 np0000006353 nova-conductor[95873]: DEBUG dbcounter [-] [95873] Writing DB stats nova_cell0:SELECT=3,nova_cell0:UPDATE=1 {{(pid=95873) stat_writer /opt/stack/data/venv/lib/python3.12/site-packages/dbcounter.py:115}}
Aug 03 14:56:14.060340 np0000006353 nova-conductor[95851]: DEBUG dbcounter [-] [95851] Writing DB stats nova_cell0:SELECT=3 {{(pid=95851) stat_writer /opt/stack/data/venv/lib/python3.12/site-packages/dbcounter.py:115}}
Aug 03 14:56:24.036485 np0000006353 nova-conductor[95858]: DEBUG oslo.service.backend._threading.loopingcall [None req-e946e34f-97e3-4e39-b42e-a0e152704187 None None] Dynamic interval looping call 'nova.service.Service.periodic_tasks' sleeping for 60.00 seconds {{(pid=95858) _run_loop /opt/stack/data/venv/lib/python3.12/site-packages/oslo_service/backend/_threading/loopingcall.py:125}}
Aug 03 14:56:54.054268 np0000006353 nova-conductor[95851]: DEBUG oslo.service.backend._threading.loopingcall [None req-e5c37b75-51cd-4e4d-8f55-e931aae6c353 None None] Dynamic interval looping call 'nova.service.Service.periodic_tasks' sleeping for 60.00 seconds {{(pid=95851) _run_loop /opt/stack/data/venv/lib/python3.12/site-packages/oslo_service/backend/_threading/loopingcall.py:125}}
Aug 03 14:57:05.038910 np0000006353 nova-conductor[95873]: DEBUG oslo.service.backend._threading.loopingcall [None req-7e9eadbb-cda0-4c35-b035-c06d7495f1fe None None] Dynamic interval looping call 'nova.service.Service.periodic_tasks' sleeping for 60.00 seconds {{(pid=95873) _run_loop /opt/stack/data/venv/lib/python3.12/site-packages/oslo_service/backend/_threading/loopingcall.py:125}}
Aug 03 14:57:24.037002 np0000006353 nova-conductor[95858]: DEBUG oslo.service.backend._threading.loopingcall [None req-e946e34f-97e3-4e39-b42e-a0e152704187 None None] Dynamic interval looping call 'nova.service.Service.periodic_tasks' sleeping for 60.00 seconds {{(pid=95858) _run_loop /opt/stack/data/venv/lib/python3.12/site-packages/oslo_service/backend/_threading/loopingcall.py:125}}
Aug 03 14:57:54.054761 np0000006353 nova-conductor[95851]: DEBUG oslo.service.backend._threading.loopingcall [None req-e5c37b75-51cd-4e4d-8f55-e931aae6c353 None None] Dynamic interval looping call 'nova.service.Service.periodic_tasks' sleeping for 60.00 seconds {{(pid=95851) _run_loop /opt/stack/data/venv/lib/python3.12/site-packages/oslo_service/backend/_threading/loopingcall.py:125}}
Aug 03 14:58:04.045592 np0000006353 nova-conductor[95858]: DEBUG oslo.service.backend._threading.loopingcall [-] Fixed interval looping call 'nova.servicegroup.drivers.db.DbDriver._report_state' sleeping for 119.99 seconds {{(pid=95858) _run_loop /opt/stack/data/venv/lib/python3.12/site-packages/oslo_service/backend/_threading/loopingcall.py:125}}
Aug 03 14:58:04.048191 np0000006353 nova-conductor[95873]: DEBUG oslo.service.backend._threading.loopingcall [-] Fixed interval looping call 'nova.servicegroup.drivers.db.DbDriver._report_state' sleeping for 119.99 seconds {{(pid=95873) _run_loop /opt/stack/data/venv/lib/python3.12/site-packages/oslo_service/backend/_threading/loopingcall.py:125}}
Aug 03 14:58:04.057166 np0000006353 nova-conductor[95851]: DEBUG oslo.service.backend._threading.loopingcall [-] Fixed interval looping call 'nova.servicegroup.drivers.db.DbDriver._report_state' sleeping for 120.00 seconds {{(pid=95851) _run_loop /opt/stack/data/venv/lib/python3.12/site-packages/oslo_service/backend/_threading/loopingcall.py:125}}
Aug 03 14:58:05.038601 np0000006353 nova-conductor[95873]: DEBUG oslo.service.backend._threading.loopingcall [None req-7e9eadbb-cda0-4c35-b035-c06d7495f1fe None None] Dynamic interval looping call 'nova.service.Service.periodic_tasks' sleeping for 60.00 seconds {{(pid=95873) _run_loop /opt/stack/data/venv/lib/python3.12/site-packages/oslo_service/backend/_threading/loopingcall.py:125}}
Aug 03 14:58:14.043101 np0000006353 nova-conductor[95858]: DEBUG dbcounter [-] [95858] Writing DB stats nova_cell0:SELECT=1,nova_cell0:UPDATE=1 {{(pid=95858) stat_writer /opt/stack/data/venv/lib/python3.12/site-packages/dbcounter.py:115}}
Aug 03 14:58:14.046003 np0000006353 nova-conductor[95873]: DEBUG dbcounter [-] [95873] Writing DB stats nova_cell0:SELECT=1,nova_cell0:UPDATE=1 {{(pid=95873) stat_writer /opt/stack/data/venv/lib/python3.12/site-packages/dbcounter.py:115}}
Aug 03 14:58:14.055087 np0000006353 nova-conductor[95851]: DEBUG dbcounter [-] [95851] Writing DB stats nova_cell0:SELECT=1 {{(pid=95851) stat_writer /opt/stack/data/venv/lib/python3.12/site-packages/dbcounter.py:115}}
Aug 03 14:58:14.356665 np0000006353 nova-conductor[95858]: DEBUG oslo_db.sqlalchemy.engines [None req-b6147bfd-4dcc-4f7c-ba48-482f3c31652b tempest-ServerBootFromVolumeStableRescueTest-1790291678 tempest-ServerBootFromVolumeStableRescueTest-1790291678-project-member] Parent process 94313 forked (95858) with an open database connection, which is being discarded and recreated. {{(pid=95858) checkout /opt/stack/data/venv/lib/python3.12/site-packages/oslo_db/sqlalchemy/engines.py:402}}
Aug 03 14:58:14.389886 np0000006353 nova-conductor[95858]: DEBUG dbcounter [-] [95858] Writer thread running {{(pid=95858) stat_writer /opt/stack/data/venv/lib/python3.12/site-packages/dbcounter.py:102}}
Aug 03 14:58:15.072340 np0000006353 nova-conductor[95858]: DEBUG nova.conductor.manager [None req-b6147bfd-4dcc-4f7c-ba48-482f3c31652b tempest-ServerBootFromVolumeStableRescueTest-1790291678 tempest-ServerBootFromVolumeStableRescueTest-1790291678-project-member] Took 0.68 seconds to select destinations for 1 instance(s). {{(pid=95858) _schedule_instances /opt/stack/nova/nova/conductor/manager.py:968}}
Aug 03 14:58:15.099498 np0000006353 nova-conductor[95858]: DEBUG oslo_concurrency.lockutils [None req-b6147bfd-4dcc-4f7c-ba48-482f3c31652b tempest-ServerBootFromVolumeStableRescueTest-1790291678 tempest-ServerBootFromVolumeStableRescueTest-1790291678-project-member] Acquiring lock "e51c4635-31cf-44a7-8fcc-6dea48a18efb" by "nova.context.set_target_cell..get_or_set_cached_cell_and_set_connections" {{(pid=95858) inner /opt/stack/data/venv/lib/python3.12/site-packages/oslo_concurrency/lockutils.py:512}}
Aug 03 14:58:15.099768 np0000006353 nova-conductor[95858]: DEBUG oslo_concurrency.lockutils [None req-b6147bfd-4dcc-4f7c-ba48-482f3c31652b tempest-ServerBootFromVolumeStableRescueTest-1790291678 tempest-ServerBootFromVolumeStableRescueTest-1790291678-project-member] Lock "e51c4635-31cf-44a7-8fcc-6dea48a18efb" acquired by "nova.context.set_target_cell..get_or_set_cached_cell_and_set_connections" :: waited 0.000s {{(pid=95858) inner /opt/stack/data/venv/lib/python3.12/site-packages/oslo_concurrency/lockutils.py:525}}
Aug 03 14:58:15.101553 np0000006353 nova-conductor[95858]: DEBUG oslo_concurrency.lockutils [None req-b6147bfd-4dcc-4f7c-ba48-482f3c31652b tempest-ServerBootFromVolumeStableRescueTest-1790291678 tempest-ServerBootFromVolumeStableRescueTest-1790291678-project-member] Lock "e51c4635-31cf-44a7-8fcc-6dea48a18efb" "released" by "nova.context.set_target_cell..get_or_set_cached_cell_and_set_connections" :: held 0.002s {{(pid=95858) inner /opt/stack/data/venv/lib/python3.12/site-packages/oslo_concurrency/lockutils.py:544}}
Aug 03 14:58:15.103354 np0000006353 nova-conductor[95858]: INFO dbcounter [None req-b6147bfd-4dcc-4f7c-ba48-482f3c31652b tempest-ServerBootFromVolumeStableRescueTest-1790291678 tempest-ServerBootFromVolumeStableRescueTest-1790291678-project-member] Registered counter for database nova_cell1
Aug 03 14:58:15.134028 np0000006353 nova-conductor[95858]: DEBUG oslo_db.sqlalchemy.engines [None req-b6147bfd-4dcc-4f7c-ba48-482f3c31652b tempest-ServerBootFromVolumeStableRescueTest-1790291678 tempest-ServerBootFromVolumeStableRescueTest-1790291678-project-member] MySQL server mode set to STRICT_TRANS_TABLES,STRICT_ALL_TABLES,NO_ZERO_IN_DATE,NO_ZERO_DATE,ERROR_FOR_DIVISION_BY_ZERO,TRADITIONAL,NO_ENGINE_SUBSTITUTION {{(pid=95858) _check_effective_sql_mode /opt/stack/data/venv/lib/python3.12/site-packages/oslo_db/sqlalchemy/engines.py:325}}
Aug 03 14:58:15.139153 np0000006353 nova-conductor[95858]: DEBUG dbcounter [-] [95858] Writer thread running {{(pid=95858) stat_writer /opt/stack/data/venv/lib/python3.12/site-packages/dbcounter.py:102}}
Aug 03 14:58:15.187872 np0000006353 nova-conductor[95858]: INFO nova.utils [None req-b6147bfd-4dcc-4f7c-ba48-482f3c31652b tempest-ServerBootFromVolumeStableRescueTest-1790291678 tempest-ServerBootFromVolumeStableRescueTest-1790291678-project-member] The cell worker thread pool ForkProcess-2.cell_worker is initialized
Aug 03 14:58:15.188122 np0000006353 nova-conductor[95858]: DEBUG oslo_concurrency.lockutils [None req-b6147bfd-4dcc-4f7c-ba48-482f3c31652b tempest-ServerBootFromVolumeStableRescueTest-1790291678 tempest-ServerBootFromVolumeStableRescueTest-1790291678-project-member] Acquiring lock "00000000-0000-0000-0000-000000000000" by "nova.context.set_target_cell..get_or_set_cached_cell_and_set_connections" {{(pid=95858) inner /opt/stack/data/venv/lib/python3.12/site-packages/oslo_concurrency/lockutils.py:512}}
Aug 03 14:58:15.188265 np0000006353 nova-conductor[95858]: DEBUG oslo_concurrency.lockutils [None req-b6147bfd-4dcc-4f7c-ba48-482f3c31652b tempest-ServerBootFromVolumeStableRescueTest-1790291678 tempest-ServerBootFromVolumeStableRescueTest-1790291678-project-member] Lock "00000000-0000-0000-0000-000000000000" acquired by "nova.context.set_target_cell..get_or_set_cached_cell_and_set_connections" :: waited 0.000s {{(pid=95858) inner /opt/stack/data/venv/lib/python3.12/site-packages/oslo_concurrency/lockutils.py:525}}
Aug 03 14:58:15.188569 np0000006353 nova-conductor[95858]: DEBUG oslo_concurrency.lockutils [None req-b6147bfd-4dcc-4f7c-ba48-482f3c31652b tempest-ServerBootFromVolumeStableRescueTest-1790291678 tempest-ServerBootFromVolumeStableRescueTest-1790291678-project-member] Lock "00000000-0000-0000-0000-000000000000" "released" by "nova.context.set_target_cell..get_or_set_cached_cell_and_set_connections" :: held 0.000s {{(pid=95858) inner /opt/stack/data/venv/lib/python3.12/site-packages/oslo_concurrency/lockutils.py:544}}
Aug 03 14:58:15.189203 np0000006353 nova-conductor[95858]: DEBUG oslo_concurrency.lockutils [None req-b6147bfd-4dcc-4f7c-ba48-482f3c31652b tempest-ServerBootFromVolumeStableRescueTest-1790291678 tempest-ServerBootFromVolumeStableRescueTest-1790291678-project-member] Acquiring lock "e51c4635-31cf-44a7-8fcc-6dea48a18efb" by "nova.context.set_target_cell..get_or_set_cached_cell_and_set_connections" {{(pid=95858) inner /opt/stack/data/venv/lib/python3.12/site-packages/oslo_concurrency/lockutils.py:512}}
Aug 03 14:58:15.189316 np0000006353 nova-conductor[95858]: DEBUG oslo_concurrency.lockutils [None req-b6147bfd-4dcc-4f7c-ba48-482f3c31652b tempest-ServerBootFromVolumeStableRescueTest-1790291678 tempest-ServerBootFromVolumeStableRescueTest-1790291678-project-member] Lock "e51c4635-31cf-44a7-8fcc-6dea48a18efb" acquired by "nova.context.set_target_cell..get_or_set_cached_cell_and_set_connections" :: waited 0.000s {{(pid=95858) inner /opt/stack/data/venv/lib/python3.12/site-packages/oslo_concurrency/lockutils.py:525}}
Aug 03 14:58:15.189432 np0000006353 nova-conductor[95858]: DEBUG oslo_concurrency.lockutils [None req-b6147bfd-4dcc-4f7c-ba48-482f3c31652b tempest-ServerBootFromVolumeStableRescueTest-1790291678 tempest-ServerBootFromVolumeStableRescueTest-1790291678-project-member] Lock "e51c4635-31cf-44a7-8fcc-6dea48a18efb" "released" by "nova.context.set_target_cell..get_or_set_cached_cell_and_set_connections" :: held 0.000s {{(pid=95858) inner /opt/stack/data/venv/lib/python3.12/site-packages/oslo_concurrency/lockutils.py:544}}
Aug 03 14:58:15.191086 np0000006353 nova-conductor[95858]: INFO dbcounter [None req-b6147bfd-4dcc-4f7c-ba48-482f3c31652b tempest-ServerBootFromVolumeStableRescueTest-1790291678 tempest-ServerBootFromVolumeStableRescueTest-1790291678-project-member] Registered counter for database nova_cell0
Aug 03 14:58:15.222609 np0000006353 nova-conductor[95858]: DEBUG oslo_db.sqlalchemy.engines [None req-b6147bfd-4dcc-4f7c-ba48-482f3c31652b tempest-ServerBootFromVolumeStableRescueTest-1790291678 tempest-ServerBootFromVolumeStableRescueTest-1790291678-project-member] MySQL server mode set to STRICT_TRANS_TABLES,STRICT_ALL_TABLES,NO_ZERO_IN_DATE,NO_ZERO_DATE,ERROR_FOR_DIVISION_BY_ZERO,TRADITIONAL,NO_ENGINE_SUBSTITUTION {{(pid=95858) _check_effective_sql_mode /opt/stack/data/venv/lib/python3.12/site-packages/oslo_db/sqlalchemy/engines.py:325}}
Aug 03 14:58:15.227493 np0000006353 nova-conductor[95858]: DEBUG dbcounter [-] [95858] Writer thread running {{(pid=95858) stat_writer /opt/stack/data/venv/lib/python3.12/site-packages/dbcounter.py:102}}
Aug 03 14:58:15.237181 np0000006353 nova-conductor[95858]: DEBUG nova.quota [None req-b6147bfd-4dcc-4f7c-ba48-482f3c31652b tempest-ServerBootFromVolumeStableRescueTest-1790291678 tempest-ServerBootFromVolumeStableRescueTest-1790291678-project-member] Getting quotas for project e98c304938074b27bdcd7d127868e966. Resources: {'ram', 'cores', 'instances'} {{(pid=95858) _get_quotas /opt/stack/nova/nova/quota.py:389}}
Aug 03 14:58:15.239121 np0000006353 nova-conductor[95858]: DEBUG nova.quota [None req-b6147bfd-4dcc-4f7c-ba48-482f3c31652b tempest-ServerBootFromVolumeStableRescueTest-1790291678 tempest-ServerBootFromVolumeStableRescueTest-1790291678-project-member] Getting quotas for user 94f1e6b3b0714c168a116625ea5ee6e6 and project e98c304938074b27bdcd7d127868e966. Resources: {'ram', 'cores', 'instances'} {{(pid=95858) _get_quotas /opt/stack/nova/nova/quota.py:379}}
Aug 03 14:58:15.244603 np0000006353 nova-conductor[95858]: DEBUG nova.conductor.manager [None req-b6147bfd-4dcc-4f7c-ba48-482f3c31652b tempest-ServerBootFromVolumeStableRescueTest-1790291678 tempest-ServerBootFromVolumeStableRescueTest-1790291678-project-member] [instance: 58e76797-6858-456f-834b-fb85870eeaa2] Selected host: np0000006353; Selected node: np0000006353; Alternates: [] {{(pid=95858) schedule_and_build_instances /opt/stack/nova/nova/conductor/manager.py:1784}}
Aug 03 14:58:15.245062 np0000006353 nova-conductor[95858]: DEBUG oslo_concurrency.lockutils [None req-b6147bfd-4dcc-4f7c-ba48-482f3c31652b tempest-ServerBootFromVolumeStableRescueTest-1790291678 tempest-ServerBootFromVolumeStableRescueTest-1790291678-project-member] Acquiring lock "e51c4635-31cf-44a7-8fcc-6dea48a18efb" by "nova.context.set_target_cell..get_or_set_cached_cell_and_set_connections" {{(pid=95858) inner /opt/stack/data/venv/lib/python3.12/site-packages/oslo_concurrency/lockutils.py:512}}
Aug 03 14:58:15.245226 np0000006353 nova-conductor[95858]: DEBUG oslo_concurrency.lockutils [None req-b6147bfd-4dcc-4f7c-ba48-482f3c31652b tempest-ServerBootFromVolumeStableRescueTest-1790291678 tempest-ServerBootFromVolumeStableRescueTest-1790291678-project-member] Lock "e51c4635-31cf-44a7-8fcc-6dea48a18efb" acquired by "nova.context.set_target_cell..get_or_set_cached_cell_and_set_connections" :: waited 0.000s {{(pid=95858) inner /opt/stack/data/venv/lib/python3.12/site-packages/oslo_concurrency/lockutils.py:525}}
Aug 03 14:58:15.245327 np0000006353 nova-conductor[95858]: DEBUG oslo_concurrency.lockutils [None req-b6147bfd-4dcc-4f7c-ba48-482f3c31652b tempest-ServerBootFromVolumeStableRescueTest-1790291678 tempest-ServerBootFromVolumeStableRescueTest-1790291678-project-member] Lock "e51c4635-31cf-44a7-8fcc-6dea48a18efb" "released" by "nova.context.set_target_cell..get_or_set_cached_cell_and_set_connections" :: held 0.000s {{(pid=95858) inner /opt/stack/data/venv/lib/python3.12/site-packages/oslo_concurrency/lockutils.py:544}}
Aug 03 14:58:15.255288 np0000006353 nova-conductor[95858]: DEBUG nova.conductor.manager [None req-b6147bfd-4dcc-4f7c-ba48-482f3c31652b tempest-ServerBootFromVolumeStableRescueTest-1790291678 tempest-ServerBootFromVolumeStableRescueTest-1790291678-project-member] [instance: 58e76797-6858-456f-834b-fb85870eeaa2] block_device_mapping [BlockDeviceMapping(attachment_id=,boot_index=0,connection_info=None,created_at=,delete_on_termination=True,deleted=,deleted_at=,destination_type='local',device_name=None,device_type='disk',disk_bus=None,encrypted=False,encryption_format=None,encryption_options=None,encryption_secret_uuid=None,guest_format=None,id=,image_id='5b5313cf-ec56-4944-97a2-843d6eb60cfe',instance=,instance_uuid=,no_device=False,snapshot_id=None,source_type='image',tag=None,updated_at=,uuid=,volume_id=None,volume_size=None,volume_type=None)] {{(pid=95858) _create_block_device_mapping /opt/stack/nova/nova/conductor/manager.py:1529}}
Aug 03 14:58:15.256915 np0000006353 nova-conductor[95858]: DEBUG oslo_concurrency.lockutils [None req-b6147bfd-4dcc-4f7c-ba48-482f3c31652b tempest-ServerBootFromVolumeStableRescueTest-1790291678 tempest-ServerBootFromVolumeStableRescueTest-1790291678-project-member] Acquiring lock "e51c4635-31cf-44a7-8fcc-6dea48a18efb" by "nova.context.set_target_cell..get_or_set_cached_cell_and_set_connections" {{(pid=95858) inner /opt/stack/data/venv/lib/python3.12/site-packages/oslo_concurrency/lockutils.py:512}}
Aug 03 14:58:15.257102 np0000006353 nova-conductor[95858]: DEBUG oslo_concurrency.lockutils [None req-b6147bfd-4dcc-4f7c-ba48-482f3c31652b tempest-ServerBootFromVolumeStableRescueTest-1790291678 tempest-ServerBootFromVolumeStableRescueTest-1790291678-project-member] Lock "e51c4635-31cf-44a7-8fcc-6dea48a18efb" acquired by "nova.context.set_target_cell..get_or_set_cached_cell_and_set_connections" :: waited 0.000s {{(pid=95858) inner /opt/stack/data/venv/lib/python3.12/site-packages/oslo_concurrency/lockutils.py:525}}
Aug 03 14:58:15.257263 np0000006353 nova-conductor[95858]: DEBUG oslo_concurrency.lockutils [None req-b6147bfd-4dcc-4f7c-ba48-482f3c31652b tempest-ServerBootFromVolumeStableRescueTest-1790291678 tempest-ServerBootFromVolumeStableRescueTest-1790291678-project-member] Lock "e51c4635-31cf-44a7-8fcc-6dea48a18efb" "released" by "nova.context.set_target_cell..get_or_set_cached_cell_and_set_connections" :: held 0.000s {{(pid=95858) inner /opt/stack/data/venv/lib/python3.12/site-packages/oslo_concurrency/lockutils.py:544}}
Aug 03 14:58:15.298679 np0000006353 nova-conductor[95858]: DEBUG oslo_concurrency.lockutils [None req-b6147bfd-4dcc-4f7c-ba48-482f3c31652b tempest-ServerBootFromVolumeStableRescueTest-1790291678 tempest-ServerBootFromVolumeStableRescueTest-1790291678-project-member] Acquiring lock "e51c4635-31cf-44a7-8fcc-6dea48a18efb" by "nova.context.set_target_cell..get_or_set_cached_cell_and_set_connections" {{(pid=95858) inner /opt/stack/data/venv/lib/python3.12/site-packages/oslo_concurrency/lockutils.py:512}}
Aug 03 14:58:15.298889 np0000006353 nova-conductor[95858]: DEBUG oslo_concurrency.lockutils [None req-b6147bfd-4dcc-4f7c-ba48-482f3c31652b tempest-ServerBootFromVolumeStableRescueTest-1790291678 tempest-ServerBootFromVolumeStableRescueTest-1790291678-project-member] Lock "e51c4635-31cf-44a7-8fcc-6dea48a18efb" acquired by "nova.context.set_target_cell..get_or_set_cached_cell_and_set_connections" :: waited 0.000s {{(pid=95858) inner /opt/stack/data/venv/lib/python3.12/site-packages/oslo_concurrency/lockutils.py:525}}
Aug 03 14:58:15.299010 np0000006353 nova-conductor[95858]: DEBUG oslo_concurrency.lockutils [None req-b6147bfd-4dcc-4f7c-ba48-482f3c31652b tempest-ServerBootFromVolumeStableRescueTest-1790291678 tempest-ServerBootFromVolumeStableRescueTest-1790291678-project-member] Lock "e51c4635-31cf-44a7-8fcc-6dea48a18efb" "released" by "nova.context.set_target_cell..get_or_set_cached_cell_and_set_connections" :: held 0.000s {{(pid=95858) inner /opt/stack/data/venv/lib/python3.12/site-packages/oslo_concurrency/lockutils.py:544}}
Aug 03 14:58:15.299184 np0000006353 nova-conductor[95858]: DEBUG oslo_concurrency.lockutils [None req-b6147bfd-4dcc-4f7c-ba48-482f3c31652b tempest-ServerBootFromVolumeStableRescueTest-1790291678 tempest-ServerBootFromVolumeStableRescueTest-1790291678-project-member] Acquiring lock "compute-rpcapi-router" {{(pid=95858) lock /opt/stack/data/venv/lib/python3.12/site-packages/oslo_concurrency/lockutils.py:396}}
Aug 03 14:58:15.299275 np0000006353 nova-conductor[95858]: DEBUG oslo_concurrency.lockutils [None req-b6147bfd-4dcc-4f7c-ba48-482f3c31652b tempest-ServerBootFromVolumeStableRescueTest-1790291678 tempest-ServerBootFromVolumeStableRescueTest-1790291678-project-member] Acquired lock "compute-rpcapi-router" {{(pid=95858) lock /opt/stack/data/venv/lib/python3.12/site-packages/oslo_concurrency/lockutils.py:399}}
Aug 03 14:58:15.299614 np0000006353 nova-conductor[95858]: DEBUG oslo_concurrency.lockutils [None req-652b2fe6-2163-4130-a44c-9f99c2fb26e1 None None] Acquiring lock "00000000-0000-0000-0000-000000000000" by "nova.context.set_target_cell..get_or_set_cached_cell_and_set_connections" {{(pid=95858) inner /opt/stack/data/venv/lib/python3.12/site-packages/oslo_concurrency/lockutils.py:512}}
Aug 03 14:58:15.299718 np0000006353 nova-conductor[95858]: DEBUG oslo_concurrency.lockutils [None req-652b2fe6-2163-4130-a44c-9f99c2fb26e1 None None] Lock "00000000-0000-0000-0000-000000000000" acquired by "nova.context.set_target_cell..get_or_set_cached_cell_and_set_connections" :: waited 0.000s {{(pid=95858) inner /opt/stack/data/venv/lib/python3.12/site-packages/oslo_concurrency/lockutils.py:525}}
Aug 03 14:58:15.299851 np0000006353 nova-conductor[95858]: DEBUG oslo_concurrency.lockutils [None req-652b2fe6-2163-4130-a44c-9f99c2fb26e1 None None] Lock "00000000-0000-0000-0000-000000000000" "released" by "nova.context.set_target_cell..get_or_set_cached_cell_and_set_connections" :: held 0.000s {{(pid=95858) inner /opt/stack/data/venv/lib/python3.12/site-packages/oslo_concurrency/lockutils.py:544}}
Aug 03 14:58:15.300488 np0000006353 nova-conductor[95858]: DEBUG oslo_concurrency.lockutils [None req-652b2fe6-2163-4130-a44c-9f99c2fb26e1 None None] Acquiring lock "e51c4635-31cf-44a7-8fcc-6dea48a18efb" by "nova.context.set_target_cell..get_or_set_cached_cell_and_set_connections" {{(pid=95858) inner /opt/stack/data/venv/lib/python3.12/site-packages/oslo_concurrency/lockutils.py:512}}
Aug 03 14:58:15.300613 np0000006353 nova-conductor[95858]: DEBUG oslo_concurrency.lockutils [None req-652b2fe6-2163-4130-a44c-9f99c2fb26e1 None None] Lock "e51c4635-31cf-44a7-8fcc-6dea48a18efb" acquired by "nova.context.set_target_cell..get_or_set_cached_cell_and_set_connections" :: waited 0.000s {{(pid=95858) inner /opt/stack/data/venv/lib/python3.12/site-packages/oslo_concurrency/lockutils.py:525}}
Aug 03 14:58:15.300678 np0000006353 nova-conductor[95858]: DEBUG oslo_concurrency.lockutils [None req-652b2fe6-2163-4130-a44c-9f99c2fb26e1 None None] Lock "e51c4635-31cf-44a7-8fcc-6dea48a18efb" "released" by "nova.context.set_target_cell..get_or_set_cached_cell_and_set_connections" :: held 0.000s {{(pid=95858) inner /opt/stack/data/venv/lib/python3.12/site-packages/oslo_concurrency/lockutils.py:544}}
Aug 03 14:58:15.309687 np0000006353 nova-conductor[95858]: INFO nova.compute.rpcapi [None req-652b2fe6-2163-4130-a44c-9f99c2fb26e1 None None] Automatically selected compute RPC version 6.5 from minimum service version 72
Aug 03 14:58:15.310304 np0000006353 nova-conductor[95858]: DEBUG oslo_concurrency.lockutils [None req-652b2fe6-2163-4130-a44c-9f99c2fb26e1 None None] Releasing lock "compute-rpcapi-router" {{(pid=95858) lock /opt/stack/data/venv/lib/python3.12/site-packages/oslo_concurrency/lockutils.py:419}}
Aug 03 14:58:18.954434 np0000006353 nova-conductor[95873]: DEBUG dbcounter [-] [95873] Writer thread running {{(pid=95873) stat_writer /opt/stack/data/venv/lib/python3.12/site-packages/dbcounter.py:102}}
Aug 03 14:58:19.358865 np0000006353 nova-conductor[95873]: DEBUG nova.conductor.manager [None req-84425601-303e-4f26-9f15-9d6f37310d01 tempest-ServerActionsTestOtherB-522988627 tempest-ServerActionsTestOtherB-522988627-project-member] Took 0.40 seconds to select destinations for 1 instance(s). {{(pid=95873) _schedule_instances /opt/stack/nova/nova/conductor/manager.py:968}}
Aug 03 14:58:19.387244 np0000006353 nova-conductor[95873]: DEBUG oslo_concurrency.lockutils [None req-84425601-303e-4f26-9f15-9d6f37310d01 tempest-ServerActionsTestOtherB-522988627 tempest-ServerActionsTestOtherB-522988627-project-member] Acquiring lock "e51c4635-31cf-44a7-8fcc-6dea48a18efb" by "nova.context.set_target_cell..get_or_set_cached_cell_and_set_connections" {{(pid=95873) inner /opt/stack/data/venv/lib/python3.12/site-packages/oslo_concurrency/lockutils.py:512}}
Aug 03 14:58:19.387429 np0000006353 nova-conductor[95873]: DEBUG oslo_concurrency.lockutils [None req-84425601-303e-4f26-9f15-9d6f37310d01 tempest-ServerActionsTestOtherB-522988627 tempest-ServerActionsTestOtherB-522988627-project-member] Lock "e51c4635-31cf-44a7-8fcc-6dea48a18efb" acquired by "nova.context.set_target_cell..get_or_set_cached_cell_and_set_connections" :: waited 0.000s {{(pid=95873) inner /opt/stack/data/venv/lib/python3.12/site-packages/oslo_concurrency/lockutils.py:525}}
Aug 03 14:58:19.388540 np0000006353 nova-conductor[95873]: DEBUG oslo_concurrency.lockutils [None req-84425601-303e-4f26-9f15-9d6f37310d01 tempest-ServerActionsTestOtherB-522988627 tempest-ServerActionsTestOtherB-522988627-project-member] Lock "e51c4635-31cf-44a7-8fcc-6dea48a18efb" "released" by "nova.context.set_target_cell..get_or_set_cached_cell_and_set_connections" :: held 0.001s {{(pid=95873) inner /opt/stack/data/venv/lib/python3.12/site-packages/oslo_concurrency/lockutils.py:544}}
Aug 03 14:58:19.390387 np0000006353 nova-conductor[95873]: INFO dbcounter [None req-84425601-303e-4f26-9f15-9d6f37310d01 tempest-ServerActionsTestOtherB-522988627 tempest-ServerActionsTestOtherB-522988627-project-member] Registered counter for database nova_cell1
Aug 03 14:58:19.428808 np0000006353 nova-conductor[95873]: DEBUG oslo_db.sqlalchemy.engines [None req-84425601-303e-4f26-9f15-9d6f37310d01 tempest-ServerActionsTestOtherB-522988627 tempest-ServerActionsTestOtherB-522988627-project-member] MySQL server mode set to STRICT_TRANS_TABLES,STRICT_ALL_TABLES,NO_ZERO_IN_DATE,NO_ZERO_DATE,ERROR_FOR_DIVISION_BY_ZERO,TRADITIONAL,NO_ENGINE_SUBSTITUTION {{(pid=95873) _check_effective_sql_mode /opt/stack/data/venv/lib/python3.12/site-packages/oslo_db/sqlalchemy/engines.py:325}}
Aug 03 14:58:19.434358 np0000006353 nova-conductor[95873]: DEBUG dbcounter [-] [95873] Writer thread running {{(pid=95873) stat_writer /opt/stack/data/venv/lib/python3.12/site-packages/dbcounter.py:102}}
Aug 03 14:58:19.497354 np0000006353 nova-conductor[95873]: INFO nova.utils [None req-84425601-303e-4f26-9f15-9d6f37310d01 tempest-ServerActionsTestOtherB-522988627 tempest-ServerActionsTestOtherB-522988627-project-member] The cell worker thread pool ForkProcess-3.cell_worker is initialized
Aug 03 14:58:19.497704 np0000006353 nova-conductor[95873]: DEBUG oslo_concurrency.lockutils [None req-84425601-303e-4f26-9f15-9d6f37310d01 tempest-ServerActionsTestOtherB-522988627 tempest-ServerActionsTestOtherB-522988627-project-member] Acquiring lock "00000000-0000-0000-0000-000000000000" by "nova.context.set_target_cell..get_or_set_cached_cell_and_set_connections" {{(pid=95873) inner /opt/stack/data/venv/lib/python3.12/site-packages/oslo_concurrency/lockutils.py:512}}
Aug 03 14:58:19.497930 np0000006353 nova-conductor[95873]: DEBUG oslo_concurrency.lockutils [None req-84425601-303e-4f26-9f15-9d6f37310d01 tempest-ServerActionsTestOtherB-522988627 tempest-ServerActionsTestOtherB-522988627-project-member] Lock "00000000-0000-0000-0000-000000000000" acquired by "nova.context.set_target_cell..get_or_set_cached_cell_and_set_connections" :: waited 0.000s {{(pid=95873) inner /opt/stack/data/venv/lib/python3.12/site-packages/oslo_concurrency/lockutils.py:525}}
Aug 03 14:58:19.498324 np0000006353 nova-conductor[95873]: DEBUG oslo_concurrency.lockutils [None req-84425601-303e-4f26-9f15-9d6f37310d01 tempest-ServerActionsTestOtherB-522988627 tempest-ServerActionsTestOtherB-522988627-project-member] Lock "00000000-0000-0000-0000-000000000000" "released" by "nova.context.set_target_cell..get_or_set_cached_cell_and_set_connections" :: held 0.000s {{(pid=95873) inner /opt/stack/data/venv/lib/python3.12/site-packages/oslo_concurrency/lockutils.py:544}}
Aug 03 14:58:19.498945 np0000006353 nova-conductor[95873]: DEBUG oslo_concurrency.lockutils [None req-84425601-303e-4f26-9f15-9d6f37310d01 tempest-ServerActionsTestOtherB-522988627 tempest-ServerActionsTestOtherB-522988627-project-member] Acquiring lock "e51c4635-31cf-44a7-8fcc-6dea48a18efb" by "nova.context.set_target_cell..get_or_set_cached_cell_and_set_connections" {{(pid=95873) inner /opt/stack/data/venv/lib/python3.12/site-packages/oslo_concurrency/lockutils.py:512}}
Aug 03 14:58:19.500888 np0000006353 nova-conductor[95873]: INFO dbcounter [None req-84425601-303e-4f26-9f15-9d6f37310d01 tempest-ServerActionsTestOtherB-522988627 tempest-ServerActionsTestOtherB-522988627-project-member] Registered counter for database nova_cell0
Aug 03 14:58:19.501666 np0000006353 nova-conductor[95873]: DEBUG oslo_concurrency.lockutils [None req-84425601-303e-4f26-9f15-9d6f37310d01 tempest-ServerActionsTestOtherB-522988627 tempest-ServerActionsTestOtherB-522988627-project-member] Lock "e51c4635-31cf-44a7-8fcc-6dea48a18efb" acquired by "nova.context.set_target_cell..get_or_set_cached_cell_and_set_connections" :: waited 0.001s {{(pid=95873) inner /opt/stack/data/venv/lib/python3.12/site-packages/oslo_concurrency/lockutils.py:525}}
