May 31 12:33:18.109575 np0000001814 devstack@g-api.service[101947]: DEBUG glance_store.driver [None req-9840c7c2-6415-46f9-8d58-e22c86062ae2 tempest-ImageDependencyTests-2061956967 tempest-ImageDependencyTests-2061956967-project-member] Late loading location class glance_store._drivers.swift.store.StoreLocation {{(pid=101947) get_store_location_class /opt/stack/data/venv/lib/python3.12/site-packages/glance_store/driver.py:134}}
May 31 12:33:18.109788 np0000001814 devstack@g-api.service[101947]: DEBUG glance_store.location [None req-9840c7c2-6415-46f9-8d58-e22c86062ae2 tempest-ImageDependencyTests-2061956967 tempest-ImageDependencyTests-2061956967-project-member] Registering scheme swift+https with {'store': , 'location_class': , 'store_entry': 'swift'} {{(pid=101947) register_scheme_map /opt/stack/data/venv/lib/python3.12/site-packages/glance_store/location.py:146}}
May 31 12:33:18.110037 np0000001814 devstack@g-api.service[101947]: DEBUG glance_store.location [None req-9840c7c2-6415-46f9-8d58-e22c86062ae2 tempest-ImageDependencyTests-2061956967 tempest-ImageDependencyTests-2061956967-project-member] Registering scheme swift+https with {'store': , 'location_class': , 'store_entry': 'swift'} {{(pid=101947) register_scheme_map /opt/stack/data/venv/lib/python3.12/site-packages/glance_store/location.py:146}}
May 31 12:33:18.110037 np0000001814 devstack@g-api.service[101947]: DEBUG glance_store.location [None req-9840c7c2-6415-46f9-8d58-e22c86062ae2 tempest-ImageDependencyTests-2061956967 tempest-ImageDependencyTests-2061956967-project-member] Registering scheme swift with {'store': , 'location_class': , 'store_entry': 'swift'} {{(pid=101947) register_scheme_map /opt/stack/data/venv/lib/python3.12/site-packages/glance_store/location.py:146}}
May 31 12:33:18.110198 np0000001814 devstack@g-api.service[101947]: DEBUG glance_store.location [None req-9840c7c2-6415-46f9-8d58-e22c86062ae2 tempest-ImageDependencyTests-2061956967 tempest-ImageDependencyTests-2061956967-project-member] Registering scheme swift+https with {'store': , 'location_class': , 'store_entry': 'swift'} {{(pid=101947) register_scheme_map /opt/stack/data/venv/lib/python3.12/site-packages/glance_store/location.py:146}}
May 31 12:33:18.110302 np0000001814 devstack@g-api.service[101947]: DEBUG glance_store.location [None req-9840c7c2-6415-46f9-8d58-e22c86062ae2 tempest-ImageDependencyTests-2061956967 tempest-ImageDependencyTests-2061956967-project-member] Registering scheme swift with {'store': , 'location_class': , 'store_entry': 'swift'} {{(pid=101947) register_scheme_map /opt/stack/data/venv/lib/python3.12/site-packages/glance_store/location.py:146}}
May 31 12:33:18.110407 np0000001814 devstack@g-api.service[101947]: DEBUG glance_store.location [None req-9840c7c2-6415-46f9-8d58-e22c86062ae2 tempest-ImageDependencyTests-2061956967 tempest-ImageDependencyTests-2061956967-project-member] Registering scheme swift+http with {'store': , 'location_class': , 'store_entry': 'swift'} {{(pid=101947) register_scheme_map /opt/stack/data/venv/lib/python3.12/site-packages/glance_store/location.py:146}}
May 31 12:33:18.110524 np0000001814 devstack@g-api.service[101947]: DEBUG glance_store.location [None req-9840c7c2-6415-46f9-8d58-e22c86062ae2 tempest-ImageDependencyTests-2061956967 tempest-ImageDependencyTests-2061956967-project-member] Registering scheme swift+https with {'store': , 'location_class': , 'store_entry': 'swift'} {{(pid=101947) register_scheme_map /opt/stack/data/venv/lib/python3.12/site-packages/glance_store/location.py:146}}
May 31 12:33:18.110568 np0000001814 devstack@g-api.service[101947]: DEBUG glance_store.location [None req-9840c7c2-6415-46f9-8d58-e22c86062ae2 tempest-ImageDependencyTests-2061956967 tempest-ImageDependencyTests-2061956967-project-member] Registering scheme swift with {'store': , 'location_class': , 'store_entry': 'swift'} {{(pid=101947) register_scheme_map /opt/stack/data/venv/lib/python3.12/site-packages/glance_store/location.py:146}}
May 31 12:33:18.110813 np0000001814 devstack@g-api.service[101947]: DEBUG glance_store.location [None req-9840c7c2-6415-46f9-8d58-e22c86062ae2 tempest-ImageDependencyTests-2061956967 tempest-ImageDependencyTests-2061956967-project-member] Registering scheme swift+http with {'store': , 'location_class': , 'store_entry': 'swift'} {{(pid=101947) register_scheme_map /opt/stack/data/venv/lib/python3.12/site-packages/glance_store/location.py:146}}
May 31 12:33:18.110813 np0000001814 devstack@g-api.service[101947]: DEBUG glance_store.location [None req-9840c7c2-6415-46f9-8d58-e22c86062ae2 tempest-ImageDependencyTests-2061956967 tempest-ImageDependencyTests-2061956967-project-member] Registering scheme swift+config with {'store': , 'location_class': , 'store_entry': 'swift'} {{(pid=101947) register_scheme_map /opt/stack/data/venv/lib/python3.12/site-packages/glance_store/location.py:146}}
May 31 12:33:18.111075 np0000001814 devstack@g-api.service[101947]: DEBUG glance_store.backend [None req-9840c7c2-6415-46f9-8d58-e22c86062ae2 tempest-ImageDependencyTests-2061956967 tempest-ImageDependencyTests-2061956967-project-member] Skipping store.set_acls... not implemented. {{(pid=101947) set_acls /opt/stack/data/venv/lib/python3.12/site-packages/glance_store/backend.py:507}}
May 31 12:33:18.113962 np0000001814 devstack@g-api.service[101947]: [pid: 101947|app: 0|req: 33/105] 127.0.0.1 () {46 vars in 1140 bytes} [Sun May 31 12:33:16 2026] PUT /v2/images/2a22fb19-be9b-4536-a527-589c87fd3a3d/file => generated 0 bytes in 1500 msecs (HTTP/1.1 204) 4 headers in 171 bytes (1 switches on core 0)
May 31 12:33:18.161810 np0000001814 devstack@g-api.service[101946]: DEBUG glance.api.middleware.version_negotiation [None req-9840c7c2-6415-46f9-8d58-e22c86062ae2 tempest-ImageDependencyTests-2061956967 tempest-ImageDependencyTests-2061956967-project-member] Determining version of request: GET /v2/images/2a22fb19-be9b-4536-a527-589c87fd3a3d Accept: */* {{(pid=101946) process_request /opt/stack/glance/glance/api/middleware/version_negotiation.py:44}}
May 31 12:33:18.161810 np0000001814 devstack@g-api.service[101946]: DEBUG glance.api.middleware.version_negotiation [None req-9840c7c2-6415-46f9-8d58-e22c86062ae2 tempest-ImageDependencyTests-2061956967 tempest-ImageDependencyTests-2061956967-project-member] Using url versioning {{(pid=101946) process_request /opt/stack/glance/glance/api/middleware/version_negotiation.py:57}}
May 31 12:33:18.162193 np0000001814 devstack@g-api.service[101946]: DEBUG glance.api.middleware.version_negotiation [None req-9840c7c2-6415-46f9-8d58-e22c86062ae2 tempest-ImageDependencyTests-2061956967 tempest-ImageDependencyTests-2061956967-project-member] Matched version: v2 {{(pid=101946) process_request /opt/stack/glance/glance/api/middleware/version_negotiation.py:69}}
May 31 12:33:18.162193 np0000001814 devstack@g-api.service[101946]: DEBUG glance.api.middleware.version_negotiation [None req-9840c7c2-6415-46f9-8d58-e22c86062ae2 tempest-ImageDependencyTests-2061956967 tempest-ImageDependencyTests-2061956967-project-member] new path /v2/images/2a22fb19-be9b-4536-a527-589c87fd3a3d {{(pid=101946) process_request /opt/stack/glance/glance/api/middleware/version_negotiation.py:70}}
May 31 12:33:18.180804 np0000001814 devstack@g-api.service[101946]: [pid: 101946|app: 0|req: 35/106] 127.0.0.1 () {44 vars in 1111 bytes} [Sun May 31 12:33:18 2026] GET /v2/images/2a22fb19-be9b-4536-a527-589c87fd3a3d => generated 1763 bytes in 19 msecs (HTTP/1.1 200) 4 headers in 158 bytes (1 switches on core 0)
May 31 12:33:18.217261 np0000001814 devstack@g-api.service[101945]: DEBUG glance.api.middleware.version_negotiation [None req-9840c7c2-6415-46f9-8d58-e22c86062ae2 tempest-ImageDependencyTests-2061956967 tempest-ImageDependencyTests-2061956967-project-member] Determining version of request: GET /v2/schemas/image Accept: */* {{(pid=101945) process_request /opt/stack/glance/glance/api/middleware/version_negotiation.py:44}}
May 31 12:33:18.217648 np0000001814 devstack@g-api.service[101945]: DEBUG glance.api.middleware.version_negotiation [None req-9840c7c2-6415-46f9-8d58-e22c86062ae2 tempest-ImageDependencyTests-2061956967 tempest-ImageDependencyTests-2061956967-project-member] Using url versioning {{(pid=101945) process_request /opt/stack/glance/glance/api/middleware/version_negotiation.py:57}}
May 31 12:33:18.217648 np0000001814 devstack@g-api.service[101945]: DEBUG glance.api.middleware.version_negotiation [None req-9840c7c2-6415-46f9-8d58-e22c86062ae2 tempest-ImageDependencyTests-2061956967 tempest-ImageDependencyTests-2061956967-project-member] Matched version: v2 {{(pid=101945) process_request /opt/stack/glance/glance/api/middleware/version_negotiation.py:69}}
May 31 12:33:18.217781 np0000001814 devstack@g-api.service[101945]: DEBUG glance.api.middleware.version_negotiation [None req-9840c7c2-6415-46f9-8d58-e22c86062ae2 tempest-ImageDependencyTests-2061956967 tempest-ImageDependencyTests-2061956967-project-member] new path /v2/schemas/image {{(pid=101945) process_request /opt/stack/glance/glance/api/middleware/version_negotiation.py:70}}
May 31 12:33:18.220661 np0000001814 devstack@g-api.service[101945]: [pid: 101945|app: 0|req: 39/107] 127.0.0.1 () {44 vars in 1051 bytes} [Sun May 31 12:33:18 2026] GET /v2/schemas/image => generated 6083 bytes in 4 msecs (HTTP/1.1 200) 4 headers in 158 bytes (1 switches on core 0)
May 31 12:33:18.242281 np0000001814 devstack@g-api.service[101947]: DEBUG glance.api.middleware.version_negotiation [None req-9840c7c2-6415-46f9-8d58-e22c86062ae2 tempest-ImageDependencyTests-2061956967 tempest-ImageDependencyTests-2061956967-project-member] Determining version of request: GET /v2/images/2a22fb19-be9b-4536-a527-589c87fd3a3d Accept: application/json {{(pid=101947) process_request /opt/stack/glance/glance/api/middleware/version_negotiation.py:44}}
May 31 12:33:18.242281 np0000001814 devstack@g-api.service[101947]: DEBUG glance.api.middleware.version_negotiation [None req-9840c7c2-6415-46f9-8d58-e22c86062ae2 tempest-ImageDependencyTests-2061956967 tempest-ImageDependencyTests-2061956967-project-member] Using url versioning {{(pid=101947) process_request /opt/stack/glance/glance/api/middleware/version_negotiation.py:57}}
May 31 12:33:18.242281 np0000001814 devstack@g-api.service[101947]: DEBUG glance.api.middleware.version_negotiation [None req-9840c7c2-6415-46f9-8d58-e22c86062ae2 tempest-ImageDependencyTests-2061956967 tempest-ImageDependencyTests-2061956967-project-member] Matched version: v2 {{(pid=101947) process_request /opt/stack/glance/glance/api/middleware/version_negotiation.py:69}}
May 31 12:33:18.242281 np0000001814 devstack@g-api.service[101947]: DEBUG glance.api.middleware.version_negotiation [None req-9840c7c2-6415-46f9-8d58-e22c86062ae2 tempest-ImageDependencyTests-2061956967 tempest-ImageDependencyTests-2061956967-project-member] new path /v2/images/2a22fb19-be9b-4536-a527-589c87fd3a3d {{(pid=101947) process_request /opt/stack/glance/glance/api/middleware/version_negotiation.py:70}}
May 31 12:33:18.253780 np0000001814 devstack@g-api.service[101946]: DEBUG glance.api.middleware.version_negotiation [None req-9840c7c2-6415-46f9-8d58-e22c86062ae2 tempest-ImageDependencyTests-2061956967 tempest-ImageDependencyTests-2061956967-project-member] Determining version of request: GET /v2/images/33fe9d43-2057-4d54-ab86-37775d912237 Accept: */* {{(pid=101946) process_request /opt/stack/glance/glance/api/middleware/version_negotiation.py:44}}
May 31 12:33:18.253780 np0000001814 devstack@g-api.service[101946]: DEBUG glance.api.middleware.version_negotiation [None req-9840c7c2-6415-46f9-8d58-e22c86062ae2 tempest-ImageDependencyTests-2061956967 tempest-ImageDependencyTests-2061956967-project-member] Using url versioning {{(pid=101946) process_request /opt/stack/glance/glance/api/middleware/version_negotiation.py:57}}
May 31 12:33:18.253780 np0000001814 devstack@g-api.service[101946]: DEBUG glance.api.middleware.version_negotiation [None req-9840c7c2-6415-46f9-8d58-e22c86062ae2 tempest-ImageDependencyTests-2061956967 tempest-ImageDependencyTests-2061956967-project-member] Matched version: v2 {{(pid=101946) process_request /opt/stack/glance/glance/api/middleware/version_negotiation.py:69}}
May 31 12:33:18.253780 np0000001814 devstack@g-api.service[101946]: DEBUG glance.api.middleware.version_negotiation [None req-9840c7c2-6415-46f9-8d58-e22c86062ae2 tempest-ImageDependencyTests-2061956967 tempest-ImageDependencyTests-2061956967-project-member] new path /v2/images/33fe9d43-2057-4d54-ab86-37775d912237 {{(pid=101946) process_request /opt/stack/glance/glance/api/middleware/version_negotiation.py:70}}
May 31 12:33:18.263956 np0000001814 devstack@g-api.service[101947]: [pid: 101947|app: 0|req: 34/108] 127.0.0.1 () {40 vars in 834 bytes} [Sun May 31 12:33:18 2026] GET /v2/images/2a22fb19-be9b-4536-a527-589c87fd3a3d => generated 1763 bytes in 23 msecs (HTTP/1.1 200) 4 headers in 158 bytes (1 switches on core 0)
May 31 12:33:18.273156 np0000001814 devstack@g-api.service[101945]: DEBUG glance.api.middleware.version_negotiation [None req-9840c7c2-6415-46f9-8d58-e22c86062ae2 tempest-ImageDependencyTests-2061956967 tempest-ImageDependencyTests-2061956967-project-member] Determining version of request: GET /v2/images/2a22fb19-be9b-4536-a527-589c87fd3a3d Accept: application/json {{(pid=101945) process_request /opt/stack/glance/glance/api/middleware/version_negotiation.py:44}}
May 31 12:33:18.273401 np0000001814 devstack@g-api.service[101945]: DEBUG glance.api.middleware.version_negotiation [None req-9840c7c2-6415-46f9-8d58-e22c86062ae2 tempest-ImageDependencyTests-2061956967 tempest-ImageDependencyTests-2061956967-project-member] Using url versioning {{(pid=101945) process_request /opt/stack/glance/glance/api/middleware/version_negotiation.py:57}}
May 31 12:33:18.273593 np0000001814 devstack@g-api.service[101945]: DEBUG glance.api.middleware.version_negotiation [None req-9840c7c2-6415-46f9-8d58-e22c86062ae2 tempest-ImageDependencyTests-2061956967 tempest-ImageDependencyTests-2061956967-project-member] Matched version: v2 {{(pid=101945) process_request /opt/stack/glance/glance/api/middleware/version_negotiation.py:69}}
May 31 12:33:18.273764 np0000001814 devstack@g-api.service[101945]: DEBUG glance.api.middleware.version_negotiation [None req-9840c7c2-6415-46f9-8d58-e22c86062ae2 tempest-ImageDependencyTests-2061956967 tempest-ImageDependencyTests-2061956967-project-member] new path /v2/images/2a22fb19-be9b-4536-a527-589c87fd3a3d {{(pid=101945) process_request /opt/stack/glance/glance/api/middleware/version_negotiation.py:70}}
May 31 12:33:18.294728 np0000001814 devstack@g-api.service[101945]: [pid: 101945|app: 0|req: 40/109] 127.0.0.1 () {40 vars in 834 bytes} [Sun May 31 12:33:18 2026] GET /v2/images/2a22fb19-be9b-4536-a527-589c87fd3a3d => generated 1763 bytes in 22 msecs (HTTP/1.1 200) 4 headers in 158 bytes (1 switches on core 0)
May 31 12:33:18.354109 np0000001814 devstack@g-api.service[101947]: DEBUG glance.api.middleware.version_negotiation [None req-0f26c357-b1cb-4328-b5c1-7a37e9c591a4 tempest-ImageDependencyTests-2061956967 tempest-ImageDependencyTests-2061956967-project-member] Determining version of request: DELETE /v2/images/2be80a53-8a97-49bf-94fb-c083fe325149 Accept: application/json {{(pid=101947) process_request /opt/stack/glance/glance/api/middleware/version_negotiation.py:44}}
May 31 12:33:18.354109 np0000001814 devstack@g-api.service[101947]: DEBUG glance.api.middleware.version_negotiation [None req-0f26c357-b1cb-4328-b5c1-7a37e9c591a4 tempest-ImageDependencyTests-2061956967 tempest-ImageDependencyTests-2061956967-project-member] Using url versioning {{(pid=101947) process_request /opt/stack/glance/glance/api/middleware/version_negotiation.py:57}}
May 31 12:33:18.354433 np0000001814 devstack@g-api.service[101947]: DEBUG glance.api.middleware.version_negotiation [None req-0f26c357-b1cb-4328-b5c1-7a37e9c591a4 tempest-ImageDependencyTests-2061956967 tempest-ImageDependencyTests-2061956967-project-member] Matched version: v2 {{(pid=101947) process_request /opt/stack/glance/glance/api/middleware/version_negotiation.py:69}}
May 31 12:33:18.354488 np0000001814 devstack@g-api.service[101947]: DEBUG glance.api.middleware.version_negotiation [None req-0f26c357-b1cb-4328-b5c1-7a37e9c591a4 tempest-ImageDependencyTests-2061956967 tempest-ImageDependencyTests-2061956967-project-member] new path /v2/images/2be80a53-8a97-49bf-94fb-c083fe325149 {{(pid=101947) process_request /opt/stack/glance/glance/api/middleware/version_negotiation.py:70}}
May 31 12:33:18.365833 np0000001814 devstack@g-api.service[101947]: WARNING glance.api.v2.images [None req-4db9498f-16d1-409b-835d-ac5a26d60274 tempest-ImageDependencyTests-2061956967 tempest-ImageDependencyTests-2061956967-project-member] After upload to backend, deletion of staged image data has failed because it cannot be found at /tmp/staging//2be80a53-8a97-49bf-94fb-c083fe325149
May 31 12:33:18.367670 np0000001814 devstack@g-api.service[101947]: DEBUG glance_store.backend [None req-4db9498f-16d1-409b-835d-ac5a26d60274 tempest-ImageDependencyTests-2061956967 tempest-ImageDependencyTests-2061956967-project-member] Attempting to import store swift {{(pid=101947) _load_store /opt/stack/data/venv/lib/python3.12/site-packages/glance_store/backend.py:215}}
May 31 12:33:18.367670 np0000001814 devstack@g-api.service[101947]: DEBUG glance_store.capabilities [None req-4db9498f-16d1-409b-835d-ac5a26d60274 tempest-ImageDependencyTests-2061956967 tempest-ImageDependencyTests-2061956967-project-member] Store glance_store._drivers.swift.store.SingleTenantStore doesn't support updating dynamic storage capabilities. Please overwrite 'update_capabilities' method of the store to implement updating logics if needed. {{(pid=101947) update_capabilities /opt/stack/data/venv/lib/python3.12/site-packages/glance_store/capabilities.py:91}}
May 31 12:33:18.368139 np0000001814 devstack@g-api.service[101947]: DEBUG glance_store.driver [None req-4db9498f-16d1-409b-835d-ac5a26d60274 tempest-ImageDependencyTests-2061956967 tempest-ImageDependencyTests-2061956967-project-member] Late loading location class glance_store._drivers.swift.store.StoreLocation {{(pid=101947) get_store_location_class /opt/stack/data/venv/lib/python3.12/site-packages/glance_store/driver.py:134}}
May 31 12:33:18.368259 np0000001814 devstack@g-api.service[101947]: DEBUG glance_store.location [None req-4db9498f-16d1-409b-835d-ac5a26d60274 tempest-ImageDependencyTests-2061956967 tempest-ImageDependencyTests-2061956967-project-member] Registering scheme swift+https with {'store': , 'location_class': , 'store_entry': 'swift'} {{(pid=101947) register_scheme_map /opt/stack/data/venv/lib/python3.12/site-packages/glance_store/location.py:146}}
May 31 12:33:18.368368 np0000001814 devstack@g-api.service[101947]: DEBUG glance_store.location [None req-4db9498f-16d1-409b-835d-ac5a26d60274 tempest-ImageDependencyTests-2061956967 tempest-ImageDependencyTests-2061956967-project-member] Registering scheme swift+https with {'store': , 'location_class': , 'store_entry': 'swift'} {{(pid=101947) register_scheme_map /opt/stack/data/venv/lib/python3.12/site-packages/glance_store/location.py:146}}
May 31 12:33:18.368422 np0000001814 devstack@g-api.service[101947]: DEBUG glance_store.location [None req-4db9498f-16d1-409b-835d-ac5a26d60274 tempest-ImageDependencyTests-2061956967 tempest-ImageDependencyTests-2061956967-project-member] Registering scheme swift with {'store': , 'location_class': , 'store_entry': 'swift'} {{(pid=101947) register_scheme_map /opt/stack/data/venv/lib/python3.12/site-packages/glance_store/location.py:146}}
May 31 12:33:18.368488 np0000001814 devstack@g-api.service[101947]: DEBUG glance_store.location [None req-4db9498f-16d1-409b-835d-ac5a26d60274 tempest-ImageDependencyTests-2061956967 tempest-ImageDependencyTests-2061956967-project-member] Registering scheme swift+https with {'store': , 'location_class': , 'store_entry': 'swift'} {{(pid=101947) register_scheme_map /opt/stack/data/venv/lib/python3.12/site-packages/glance_store/location.py:146}}
May 31 12:33:18.368539 np0000001814 devstack@g-api.service[101947]: DEBUG glance_store.location [None req-4db9498f-16d1-409b-835d-ac5a26d60274 tempest-ImageDependencyTests-2061956967 tempest-ImageDependencyTests-2061956967-project-member] Registering scheme swift with {'store': , 'location_class': , 'store_entry': 'swift'} {{(pid=101947) register_scheme_map /opt/stack/data/venv/lib/python3.12/site-packages/glance_store/location.py:146}}
May 31 12:33:18.368587 np0000001814 devstack@g-api.service[101947]: DEBUG glance_store.location [None req-4db9498f-16d1-409b-835d-ac5a26d60274 tempest-ImageDependencyTests-2061956967 tempest-ImageDependencyTests-2061956967-project-member] Registering scheme swift+http with {'store': , 'location_class': , 'store_entry': 'swift'} {{(pid=101947) register_scheme_map /opt/stack/data/venv/lib/python3.12/site-packages/glance_store/location.py:146}}
May 31 12:33:18.368651 np0000001814 devstack@g-api.service[101947]: DEBUG glance_store.location [None req-4db9498f-16d1-409b-835d-ac5a26d60274 tempest-ImageDependencyTests-2061956967 tempest-ImageDependencyTests-2061956967-project-member] Registering scheme swift+https with {'store': , 'location_class': , 'store_entry': 'swift'} {{(pid=101947) register_scheme_map /opt/stack/data/venv/lib/python3.12/site-packages/glance_store/location.py:146}}
May 31 12:33:18.368807 np0000001814 devstack@g-api.service[101947]: DEBUG glance_store.location [None req-4db9498f-16d1-409b-835d-ac5a26d60274 tempest-ImageDependencyTests-2061956967 tempest-ImageDependencyTests-2061956967-project-member] Registering scheme swift with {'store': , 'location_class': , 'store_entry': 'swift'} {{(pid=101947) register_scheme_map /opt/stack/data/venv/lib/python3.12/site-packages/glance_store/location.py:146}}
May 31 12:33:18.368807 np0000001814 devstack@g-api.service[101947]: DEBUG glance_store.location [None req-4db9498f-16d1-409b-835d-ac5a26d60274 tempest-ImageDependencyTests-2061956967 tempest-ImageDependencyTests-2061956967-project-member] Registering scheme swift+http with {'store': , 'location_class': , 'store_entry': 'swift'} {{(pid=101947) register_scheme_map /opt/stack/data/venv/lib/python3.12/site-packages/glance_store/location.py:146}}
May 31 12:33:18.368958 np0000001814 devstack@g-api.service[101947]: DEBUG glance_store.location [None req-4db9498f-16d1-409b-835d-ac5a26d60274 tempest-ImageDependencyTests-2061956967 tempest-ImageDependencyTests-2061956967-project-member] Registering scheme swift+config with {'store': , 'location_class': , 'store_entry': 'swift'} {{(pid=101947) register_scheme_map /opt/stack/data/venv/lib/python3.12/site-packages/glance_store/location.py:146}}
May 31 12:33:18.369436 np0000001814 devstack@g-api.service[101947]: DEBUG keystoneclient.auth.identity.v3.base [None req-4db9498f-16d1-409b-835d-ac5a26d60274 tempest-ImageDependencyTests-2061956967 tempest-ImageDependencyTests-2061956967-project-member] Making authentication request to https://10.4.3.96/identity/v3/auth/tokens {{(pid=101947) get_auth_ref /opt/stack/data/venv/lib/python3.12/site-packages/keystoneclient/auth/identity/v3/base.py:185}}
May 31 12:33:18.394501 np0000001814 devstack@g-api.service[101946]: [pid: 101946|app: 0|req: 36/110] 127.0.0.1 () {44 vars in 1111 bytes} [Sun May 31 12:33:18 2026] GET /v2/images/33fe9d43-2057-4d54-ab86-37775d912237 => generated 1044 bytes in 145 msecs (HTTP/1.1 200) 4 headers in 158 bytes (1 switches on core 0)
May 31 12:33:18.403971 np0000001814 devstack@g-api.service[101945]: DEBUG glance.api.middleware.version_negotiation [None req-c88257f3-3878-46e1-b59c-6ad54e468a28 tempest-ImageDependencyTests-2061956967 tempest-ImageDependencyTests-2061956967-project-member] Determining version of request: GET /v2/schemas/image Accept: */* {{(pid=101945) process_request /opt/stack/glance/glance/api/middleware/version_negotiation.py:44}}
May 31 12:33:18.404131 np0000001814 devstack@g-api.service[101945]: DEBUG glance.api.middleware.version_negotiation [None req-c88257f3-3878-46e1-b59c-6ad54e468a28 tempest-ImageDependencyTests-2061956967 tempest-ImageDependencyTests-2061956967-project-member] Using url versioning {{(pid=101945) process_request /opt/stack/glance/glance/api/middleware/version_negotiation.py:57}}
May 31 12:33:18.404330 np0000001814 devstack@g-api.service[101945]: DEBUG glance.api.middleware.version_negotiation [None req-c88257f3-3878-46e1-b59c-6ad54e468a28 tempest-ImageDependencyTests-2061956967 tempest-ImageDependencyTests-2061956967-project-member] Matched version: v2 {{(pid=101945) process_request /opt/stack/glance/glance/api/middleware/version_negotiation.py:69}}
May 31 12:33:18.404467 np0000001814 devstack@g-api.service[101945]: DEBUG glance.api.middleware.version_negotiation [None req-c88257f3-3878-46e1-b59c-6ad54e468a28 tempest-ImageDependencyTests-2061956967 tempest-ImageDependencyTests-2061956967-project-member] new path /v2/schemas/image {{(pid=101945) process_request /opt/stack/glance/glance/api/middleware/version_negotiation.py:70}}
May 31 12:33:18.406936 np0000001814 devstack@g-api.service[101945]: [pid: 101945|app: 0|req: 41/111] 127.0.0.1 () {44 vars in 1051 bytes} [Sun May 31 12:33:18 2026] GET /v2/schemas/image => generated 6083 bytes in 3 msecs (HTTP/1.1 200) 4 headers in 158 bytes (1 switches on core 0)
May 31 12:33:18.416437 np0000001814 devstack@g-api.service[101946]: DEBUG glance.api.middleware.version_negotiation [None req-100f9c2b-9c9c-4722-8f18-3a936261e4f8 tempest-TaggedBootDevicesTest-1346667776 tempest-TaggedBootDevicesTest-1346667776-project-member] Determining version of request: GET /v2/schemas/image Accept: */* {{(pid=101946) process_request /opt/stack/glance/glance/api/middleware/version_negotiation.py:44}}
May 31 12:33:18.416638 np0000001814 devstack@g-api.service[101946]: DEBUG glance.api.middleware.version_negotiation [None req-100f9c2b-9c9c-4722-8f18-3a936261e4f8 tempest-TaggedBootDevicesTest-1346667776 tempest-TaggedBootDevicesTest-1346667776-project-member] Using url versioning {{(pid=101946) process_request /opt/stack/glance/glance/api/middleware/version_negotiation.py:57}}
May 31 12:33:18.416835 np0000001814 devstack@g-api.service[101946]: DEBUG glance.api.middleware.version_negotiation [None req-100f9c2b-9c9c-4722-8f18-3a936261e4f8 tempest-TaggedBootDevicesTest-1346667776 tempest-TaggedBootDevicesTest-1346667776-project-member] Matched version: v2 {{(pid=101946) process_request /opt/stack/glance/glance/api/middleware/version_negotiation.py:69}}
May 31 12:33:18.416951 np0000001814 devstack@g-api.service[101946]: DEBUG glance.api.middleware.version_negotiation [None req-100f9c2b-9c9c-4722-8f18-3a936261e4f8 tempest-TaggedBootDevicesTest-1346667776 tempest-TaggedBootDevicesTest-1346667776-project-member] new path /v2/schemas/image {{(pid=101946) process_request /opt/stack/glance/glance/api/middleware/version_negotiation.py:70}}
May 31 12:33:18.419701 np0000001814 devstack@g-api.service[101946]: [pid: 101946|app: 0|req: 37/112] 127.0.0.1 () {44 vars in 1051 bytes} [Sun May 31 12:33:18 2026] GET /v2/schemas/image => generated 6083 bytes in 3 msecs (HTTP/1.1 200) 4 headers in 158 bytes (1 switches on core 0)
May 31 12:33:18.429652 np0000001814 devstack@g-api.service[101945]: DEBUG glance.api.middleware.version_negotiation [None req-100f9c2b-9c9c-4722-8f18-3a936261e4f8 tempest-TaggedBootDevicesTest-1346667776 tempest-TaggedBootDevicesTest-1346667776-project-member] Determining version of request: GET /v2/images/33fe9d43-2057-4d54-ab86-37775d912237 Accept: */* {{(pid=101945) process_request /opt/stack/glance/glance/api/middleware/version_negotiation.py:44}}
May 31 12:33:18.429893 np0000001814 devstack@g-api.service[101945]: DEBUG glance.api.middleware.version_negotiation [None req-100f9c2b-9c9c-4722-8f18-3a936261e4f8 tempest-TaggedBootDevicesTest-1346667776 tempest-TaggedBootDevicesTest-1346667776-project-member] Using url versioning {{(pid=101945) process_request /opt/stack/glance/glance/api/middleware/version_negotiation.py:57}}
May 31 12:33:18.430096 np0000001814 devstack@g-api.service[101945]: DEBUG glance.api.middleware.version_negotiation [None req-100f9c2b-9c9c-4722-8f18-3a936261e4f8 tempest-TaggedBootDevicesTest-1346667776 tempest-TaggedBootDevicesTest-1346667776-project-member] Matched version: v2 {{(pid=101945) process_request /opt/stack/glance/glance/api/middleware/version_negotiation.py:69}}
May 31 12:33:18.430240 np0000001814 devstack@g-api.service[101945]: DEBUG glance.api.middleware.version_negotiation [None req-100f9c2b-9c9c-4722-8f18-3a936261e4f8 tempest-TaggedBootDevicesTest-1346667776 tempest-TaggedBootDevicesTest-1346667776-project-member] new path /v2/images/33fe9d43-2057-4d54-ab86-37775d912237 {{(pid=101945) process_request /opt/stack/glance/glance/api/middleware/version_negotiation.py:70}}
May 31 12:33:18.451150 np0000001814 devstack@g-api.service[101945]: [pid: 101945|app: 0|req: 42/113] 127.0.0.1 () {44 vars in 1111 bytes} [Sun May 31 12:33:18 2026] GET /v2/images/33fe9d43-2057-4d54-ab86-37775d912237 => generated 1044 bytes in 22 msecs (HTTP/1.1 200) 4 headers in 158 bytes (1 switches on core 0)
May 31 12:33:18.460708 np0000001814 devstack@g-api.service[101946]: DEBUG glance.api.middleware.version_negotiation [None req-100f9c2b-9c9c-4722-8f18-3a936261e4f8 tempest-TaggedBootDevicesTest-1346667776 tempest-TaggedBootDevicesTest-1346667776-project-member] Determining version of request: GET /v2/schemas/image Accept: */* {{(pid=101946) process_request /opt/stack/glance/glance/api/middleware/version_negotiation.py:44}}
May 31 12:33:18.460995 np0000001814 devstack@g-api.service[101946]: DEBUG glance.api.middleware.version_negotiation [None req-100f9c2b-9c9c-4722-8f18-3a936261e4f8 tempest-TaggedBootDevicesTest-1346667776 tempest-TaggedBootDevicesTest-1346667776-project-member] Using url versioning {{(pid=101946) process_request /opt/stack/glance/glance/api/middleware/version_negotiation.py:57}}
May 31 12:33:18.461586 np0000001814 devstack@g-api.service[101946]: DEBUG glance.api.middleware.version_negotiation [None req-100f9c2b-9c9c-4722-8f18-3a936261e4f8 tempest-TaggedBootDevicesTest-1346667776 tempest-TaggedBootDevicesTest-1346667776-project-member] Matched version: v2 {{(pid=101946) process_request /opt/stack/glance/glance/api/middleware/version_negotiation.py:69}}
May 31 12:33:18.461586 np0000001814 devstack@g-api.service[101946]: DEBUG glance.api.middleware.version_negotiation [None req-100f9c2b-9c9c-4722-8f18-3a936261e4f8 tempest-TaggedBootDevicesTest-1346667776 tempest-TaggedBootDevicesTest-1346667776-project-member] new path /v2/schemas/image {{(pid=101946) process_request /opt/stack/glance/glance/api/middleware/version_negotiation.py:70}}
May 31 12:33:18.464030 np0000001814 devstack@g-api.service[101946]: [pid: 101946|app: 0|req: 38/114] 127.0.0.1 () {44 vars in 1051 bytes} [Sun May 31 12:33:18 2026] GET /v2/schemas/image => generated 6083 bytes in 3 msecs (HTTP/1.1 200) 4 headers in 158 bytes (1 switches on core 0)
May 31 12:33:18.470331 np0000001814 devstack@g-api.service[101947]: DEBUG keystoneclient.auth.identity.v3.base [None req-4db9498f-16d1-409b-835d-ac5a26d60274 tempest-ImageDependencyTests-2061956967 tempest-ImageDependencyTests-2061956967-project-member] {"token": {"methods": ["password"], "user": {"domain": {"id": "default", "name": "Default"}, "id": "a4cd9f21068b45a1a373b3426df5f8d5", "name": "glance-swift", "password_expires_at": null}, "audit_ids": ["MVYCUWnFQ9Gl0gvcQhaIwQ"], "expires_at": "2026-05-31T13:33:18.000000Z", "issued_at": "2026-05-31T12:33:18.000000Z", "project": {"domain": {"id": "default", "name": "Default"}, "id": "e688c710cbc64ba8a6bb0a09935e5c32", "name": "service"}, "is_domain": false, "roles": [{"id": "6ff0eaf40a644bcc863ab82b53d1b999", "name": "service"}, {"id": "05db96e76d2c49a9b09f3304c951c671", "name": "ResellerAdmin"}], "catalog": [{"endpoints": [{"id": "72519828f9404806986db4a0b3e65450", "interface": "public", "region_id": "RegionOne", "url": "https://10.4.3.96/compute/v2/e688c710cbc64ba8a6bb0a09935e5c32", "region": "RegionOne"}], "id": "175c1dfd033245198b547b6e9fcab478", "type": "compute_legacy", "name": "nova_legacy"}, {"endpoints": [{"id": "7831b5124a764e8793dc165c4ddc5fbd", "interface": "public", "region_id": "RegionOne", "url": "https://10.4.3.96/placement", "region": "RegionOne"}], "id": "224d27d8d8d24cb78195dddcffa94aec", "type": "placement", "name": "placement"}, {"endpoints": [{"id": "45a8e907b8eb4048b044b46e3fac5d0b", "interface": "public", "region_id": "RegionOne", "url": "https://10.4.3.96/image", "region": "RegionOne"}], "id": "6d2b85570ba64b088ec87f532bca895a", "type": "image", "name": "glance"}, {"endpoints": [{"id": "6c03c6948cd84d1b825eb781f071f70a", "interface": "public", "region_id": "RegionOne", "url": "https://10.4.3.96/networking", "region": "RegionOne"}], "id": "ac19469027344814b4f5ea6270c03154", "type": "network", "name": "neutron"}, {"endpoints": [{"id": "1794ede8289e4d7ebe6b23989db9f7ae", "interface": "public", "region_id": "RegionOne", "url": "https://10.4.3.96/identity", "region": "RegionOne"}], "id": "c394b6c8a477435d912e0a3ef2ca1f39", "type": "identity", "name": "keystone"}, {"endpoints": [{"id": "104666daf6c84275a111feddcc382fbb", "interface": "public", "region_id": "RegionOne", "url": "https://10.4.3.96/volume/v3", "region": "RegionOne"}], "id": "c48a3d3d70ea470c975d2447f61c1817", "type": "block-storage", "name": "cinder"}, {"endpoints": [{"id": "7e8bc1016b004f2bbe44dae86238fea4", "interface": "public", "region_id": "RegionOne", "url": "https://10.4.3.96/compute/v2.1", "region": "RegionOne"}], "id": "e449fefaea544f1e8d33e1bf853af97e", "type": "compute", "name": "nova"}, {"endpoints": [{"id": "4ad4341530f14579936a1d159b6ae043", "interface": "public", "region_id": "RegionOne", "url": "https://10.4.3.96:8080/v1/AUTH_e688c710cbc64ba8a6bb0a09935e5c32", "region": "RegionOne"}, {"id": "746a9888e942460a92f5c2fc8beaa4af", "interface": "admin", "region_id": "RegionOne", "url": "https://10.4.3.96:8080", "region": "RegionOne"}], "id": "f17a2da19574407f856235efef7f5276", "type": "object-store", "name": "swift"}]}} {{(pid=101947) get_auth_ref /opt/stack/data/venv/lib/python3.12/site-packages/keystoneclient/auth/identity/v3/base.py:190}}
May 31 12:33:18.470863 np0000001814 devstack@g-api.service[101947]: DEBUG keystoneclient.httpclient [None req-4db9498f-16d1-409b-835d-ac5a26d60274 tempest-ImageDependencyTests-2061956967 tempest-ImageDependencyTests-2061956967-project-member] Failed to find endpoint for management url admin endpoint for identity service not found {{(pid=101947) _process_management_url /opt/stack/data/venv/lib/python3.12/site-packages/keystoneclient/httpclient.py:670}}
May 31 12:33:18.473780 np0000001814 devstack@g-api.service[101945]: DEBUG glance.api.middleware.version_negotiation [None req-100f9c2b-9c9c-4722-8f18-3a936261e4f8 tempest-TaggedBootDevicesTest-1346667776 tempest-TaggedBootDevicesTest-1346667776-project-member] Determining version of request: GET /v2/schemas/image Accept: */* {{(pid=101945) process_request /opt/stack/glance/glance/api/middleware/version_negotiation.py:44}}
May 31 12:33:18.473973 np0000001814 devstack@g-api.service[101945]: DEBUG glance.api.middleware.version_negotiation [None req-100f9c2b-9c9c-4722-8f18-3a936261e4f8 tempest-TaggedBootDevicesTest-1346667776 tempest-TaggedBootDevicesTest-1346667776-project-member] Using url versioning {{(pid=101945) process_request /opt/stack/glance/glance/api/middleware/version_negotiation.py:57}}
May 31 12:33:18.474121 np0000001814 devstack@g-api.service[101945]: DEBUG glance.api.middleware.version_negotiation [None req-100f9c2b-9c9c-4722-8f18-3a936261e4f8 tempest-TaggedBootDevicesTest-1346667776 tempest-TaggedBootDevicesTest-1346667776-project-member] Matched version: v2 {{(pid=101945) process_request /opt/stack/glance/glance/api/middleware/version_negotiation.py:69}}
May 31 12:33:18.474270 np0000001814 devstack@g-api.service[101945]: DEBUG glance.api.middleware.version_negotiation [None req-100f9c2b-9c9c-4722-8f18-3a936261e4f8 tempest-TaggedBootDevicesTest-1346667776 tempest-TaggedBootDevicesTest-1346667776-project-member] new path /v2/schemas/image {{(pid=101945) process_request /opt/stack/glance/glance/api/middleware/version_negotiation.py:70}}
May 31 12:33:18.478195 np0000001814 devstack@g-api.service[101945]: [pid: 101945|app: 0|req: 43/115] 127.0.0.1 () {44 vars in 1051 bytes} [Sun May 31 12:33:18 2026] GET /v2/schemas/image => generated 6083 bytes in 4 msecs (HTTP/1.1 200) 4 headers in 158 bytes (1 switches on core 0)
May 31 12:33:18.513024 np0000001814 devstack@g-api.service[101946]: DEBUG glance.api.middleware.version_negotiation [None req-100f9c2b-9c9c-4722-8f18-3a936261e4f8 tempest-TaggedBootDevicesTest-1346667776 tempest-TaggedBootDevicesTest-1346667776-project-member] Determining version of request: GET /v2/images/33fe9d43-2057-4d54-ab86-37775d912237 Accept: */* {{(pid=101946) process_request /opt/stack/glance/glance/api/middleware/version_negotiation.py:44}}
May 31 12:33:18.514797 np0000001814 devstack@g-api.service[101946]: DEBUG glance.api.middleware.version_negotiation [None req-100f9c2b-9c9c-4722-8f18-3a936261e4f8 tempest-TaggedBootDevicesTest-1346667776 tempest-TaggedBootDevicesTest-1346667776-project-member] Using url versioning {{(pid=101946) process_request /opt/stack/glance/glance/api/middleware/version_negotiation.py:57}}
May 31 12:33:18.514797 np0000001814 devstack@g-api.service[101946]: DEBUG glance.api.middleware.version_negotiation [None req-100f9c2b-9c9c-4722-8f18-3a936261e4f8 tempest-TaggedBootDevicesTest-1346667776 tempest-TaggedBootDevicesTest-1346667776-project-member] Matched version: v2 {{(pid=101946) process_request /opt/stack/glance/glance/api/middleware/version_negotiation.py:69}}
May 31 12:33:18.514797 np0000001814 devstack@g-api.service[101946]: DEBUG glance.api.middleware.version_negotiation [None req-100f9c2b-9c9c-4722-8f18-3a936261e4f8 tempest-TaggedBootDevicesTest-1346667776 tempest-TaggedBootDevicesTest-1346667776-project-member] new path /v2/images/33fe9d43-2057-4d54-ab86-37775d912237 {{(pid=101946) process_request /opt/stack/glance/glance/api/middleware/version_negotiation.py:70}}
May 31 12:33:18.527536 np0000001814 devstack@g-api.service[101946]: [pid: 101946|app: 0|req: 39/116] 127.0.0.1 () {44 vars in 1111 bytes} [Sun May 31 12:33:18 2026] GET /v2/images/33fe9d43-2057-4d54-ab86-37775d912237 => generated 1044 bytes in 15 msecs (HTTP/1.1 200) 4 headers in 158 bytes (1 switches on core 0)
May 31 12:33:18.536632 np0000001814 devstack@g-api.service[101945]: DEBUG glance.api.middleware.version_negotiation [None req-100f9c2b-9c9c-4722-8f18-3a936261e4f8 tempest-TaggedBootDevicesTest-1346667776 tempest-TaggedBootDevicesTest-1346667776-project-member] Determining version of request: GET /v2/schemas/image Accept: */* {{(pid=101945) process_request /opt/stack/glance/glance/api/middleware/version_negotiation.py:44}}
May 31 12:33:18.539350 np0000001814 devstack@g-api.service[101945]: DEBUG glance.api.middleware.version_negotiation [None req-100f9c2b-9c9c-4722-8f18-3a936261e4f8 tempest-TaggedBootDevicesTest-1346667776 tempest-TaggedBootDevicesTest-1346667776-project-member] Using url versioning {{(pid=101945) process_request /opt/stack/glance/glance/api/middleware/version_negotiation.py:57}}
May 31 12:33:18.539350 np0000001814 devstack@g-api.service[101945]: DEBUG glance.api.middleware.version_negotiation [None req-100f9c2b-9c9c-4722-8f18-3a936261e4f8 tempest-TaggedBootDevicesTest-1346667776 tempest-TaggedBootDevicesTest-1346667776-project-member] Matched version: v2 {{(pid=101945) process_request /opt/stack/glance/glance/api/middleware/version_negotiation.py:69}}
May 31 12:33:18.539350 np0000001814 devstack@g-api.service[101945]: DEBUG glance.api.middleware.version_negotiation [None req-100f9c2b-9c9c-4722-8f18-3a936261e4f8 tempest-TaggedBootDevicesTest-1346667776 tempest-TaggedBootDevicesTest-1346667776-project-member] new path /v2/schemas/image {{(pid=101945) process_request /opt/stack/glance/glance/api/middleware/version_negotiation.py:70}}
May 31 12:33:18.542438 np0000001814 devstack@g-api.service[101945]: [pid: 101945|app: 0|req: 44/117] 127.0.0.1 () {44 vars in 1051 bytes} [Sun May 31 12:33:18 2026] GET /v2/schemas/image => generated 6083 bytes in 6 msecs (HTTP/1.1 200) 4 headers in 158 bytes (1 switches on core 0)
May 31 12:33:18.552879 np0000001814 devstack@g-api.service[101946]: DEBUG glance.api.middleware.version_negotiation [None req-100f9c2b-9c9c-4722-8f18-3a936261e4f8 tempest-TaggedBootDevicesTest-1346667776 tempest-TaggedBootDevicesTest-1346667776-project-member] Determining version of request: GET /v2/schemas/image Accept: */* {{(pid=101946) process_request /opt/stack/glance/glance/api/middleware/version_negotiation.py:44}}
May 31 12:33:18.553021 np0000001814 devstack@g-api.service[101946]: DEBUG glance.api.middleware.version_negotiation [None req-100f9c2b-9c9c-4722-8f18-3a936261e4f8 tempest-TaggedBootDevicesTest-1346667776 tempest-TaggedBootDevicesTest-1346667776-project-member] Using url versioning {{(pid=101946) process_request /opt/stack/glance/glance/api/middleware/version_negotiation.py:57}}
May 31 12:33:18.553145 np0000001814 devstack@g-api.service[101946]: DEBUG glance.api.middleware.version_negotiation [None req-100f9c2b-9c9c-4722-8f18-3a936261e4f8 tempest-TaggedBootDevicesTest-1346667776 tempest-TaggedBootDevicesTest-1346667776-project-member] Matched version: v2 {{(pid=101946) process_request /opt/stack/glance/glance/api/middleware/version_negotiation.py:69}}
May 31 12:33:18.553245 np0000001814 devstack@g-api.service[101946]: DEBUG glance.api.middleware.version_negotiation [None req-100f9c2b-9c9c-4722-8f18-3a936261e4f8 tempest-TaggedBootDevicesTest-1346667776 tempest-TaggedBootDevicesTest-1346667776-project-member] new path /v2/schemas/image {{(pid=101946) process_request /opt/stack/glance/glance/api/middleware/version_negotiation.py:70}}
May 31 12:33:18.559314 np0000001814 devstack@g-api.service[101946]: [pid: 101946|app: 0|req: 40/118] 127.0.0.1 () {44 vars in 1051 bytes} [Sun May 31 12:33:18 2026] GET /v2/schemas/image => generated 6083 bytes in 6 msecs (HTTP/1.1 200) 4 headers in 158 bytes (1 switches on core 0)
May 31 12:33:18.662467 np0000001814 devstack@g-api.service[101947]: DEBUG swiftclient [None req-4db9498f-16d1-409b-835d-ac5a26d60274 tempest-ImageDependencyTests-2061956967 tempest-ImageDependencyTests-2061956967-project-member] REQ: curl -i https://10.4.3.96:8080/v1/AUTH_e688c710cbc64ba8a6bb0a09935e5c32/glance/2be80a53-8a97-49bf-94fb-c083fe325149 -I -H "X-Auth-Token: gAAAAABqHCqOHzRJ..." {{(pid=101947) http_log /opt/stack/data/venv/lib/python3.12/site-packages/swiftclient/client.py:160}}
May 31 12:33:18.662593 np0000001814 devstack@g-api.service[101947]: DEBUG swiftclient [None req-4db9498f-16d1-409b-835d-ac5a26d60274 tempest-ImageDependencyTests-2061956967 tempest-ImageDependencyTests-2061956967-project-member] RESP STATUS: 200 OK {{(pid=101947) http_log /opt/stack/data/venv/lib/python3.12/site-packages/swiftclient/client.py:161}}
May 31 12:33:18.662825 np0000001814 devstack@g-api.service[101947]: DEBUG swiftclient [None req-4db9498f-16d1-409b-835d-ac5a26d60274 tempest-ImageDependencyTests-2061956967 tempest-ImageDependencyTests-2061956967-project-member] RESP HEADERS: {'Date': 'Sun, 31 May 2026 12:33:18 GMT', 'Server': 'Apache/2.4.58 (Ubuntu)', 'Content-Type': 'application/octet-stream', 'Content-Length': '1024', 'Etag': '501c949a7800e16e5708535c3233a455', 'Last-Modified': 'Sun, 31 May 2026 12:32:32 GMT', 'X-Timestamp': '1780230751.05172', 'Accept-Ranges': 'bytes', 'X-Trans-Id': 'tx57ced5c4d65442d7abb4c-006a1c2a8e', 'X-Openstack-Request-Id': 'tx57ced5c4d65442d7abb4c-006a1c2a8e', 'Connection': 'close'} {{(pid=101947) http_log /opt/stack/data/venv/lib/python3.12/site-packages/swiftclient/client.py:162}}
May 31 12:33:18.689783 np0000001814 devstack@g-api.service[101947]: DEBUG swiftclient [None req-4db9498f-16d1-409b-835d-ac5a26d60274 tempest-ImageDependencyTests-2061956967 tempest-ImageDependencyTests-2061956967-project-member] REQ: curl -i https://10.4.3.96:8080/v1/AUTH_e688c710cbc64ba8a6bb0a09935e5c32/glance/2be80a53-8a97-49bf-94fb-c083fe325149 DELETE -H "X-Auth-Token: gAAAAABqHCqOHzRJ..." {{(pid=101947) http_log /opt/stack/data/venv/lib/python3.12/site-packages/swiftclient/client.py:160}}
May 31 12:33:18.689783 np0000001814 devstack@g-api.service[101947]: DEBUG swiftclient [None req-4db9498f-16d1-409b-835d-ac5a26d60274 tempest-ImageDependencyTests-2061956967 tempest-ImageDependencyTests-2061956967-project-member] RESP STATUS: 204 No Content {{(pid=101947) http_log /opt/stack/data/venv/lib/python3.12/site-packages/swiftclient/client.py:161}}
May 31 12:33:18.689783 np0000001814 devstack@g-api.service[101947]: DEBUG swiftclient [None req-4db9498f-16d1-409b-835d-ac5a26d60274 tempest-ImageDependencyTests-2061956967 tempest-ImageDependencyTests-2061956967-project-member] RESP HEADERS: {'Date': 'Sun, 31 May 2026 12:33:18 GMT', 'Server': 'Apache/2.4.58 (Ubuntu)', 'Content-Type': 'text/html; charset=UTF-8', 'X-Trans-Id': 'txe4e74676778642029f635-006a1c2a8e', 'X-Openstack-Request-Id': 'txe4e74676778642029f635-006a1c2a8e', 'Connection': 'close'} {{(pid=101947) http_log /opt/stack/data/venv/lib/python3.12/site-packages/swiftclient/client.py:162}}
May 31 12:33:18.732687 np0000001814 devstack@g-api.service[101947]: DEBUG glance.api.middleware.cache [None req-4db9498f-16d1-409b-835d-ac5a26d60274 tempest-ImageDependencyTests-2061956967 tempest-ImageDependencyTests-2061956967-project-member] Removing image 2be80a53-8a97-49bf-94fb-c083fe325149 from cache {{(pid=101947) _process_DELETE_response /opt/stack/glance/glance/api/middleware/cache.py:264}}
May 31 12:33:18.732949 np0000001814 devstack@g-api.service[101947]: DEBUG glance.image_cache.drivers.centralized_db [None req-4db9498f-16d1-409b-835d-ac5a26d60274 tempest-ImageDependencyTests-2061956967 tempest-ImageDependencyTests-2061956967-project-member] Deleting image cache file '/opt/stack/data/glance/cache/2be80a53-8a97-49bf-94fb-c083fe325149' {{(pid=101947) delete_cached_file /opt/stack/glance/glance/image_cache/drivers/centralized_db.py:395}}
May 31 12:33:18.741360 np0000001814 devstack@g-api.service[101947]: [pid: 101947|app: 0|req: 35/119] 127.0.0.1 () {40 vars in 837 bytes} [Sun May 31 12:33:18 2026] DELETE /v2/images/2be80a53-8a97-49bf-94fb-c083fe325149 => generated 0 bytes in 387 msecs (HTTP/1.1 204) 4 headers in 171 bytes (1 switches on core 0)
May 31 12:33:18.753130 np0000001814 devstack@g-api.service[101945]: DEBUG glance.api.middleware.version_negotiation [None req-100f9c2b-9c9c-4722-8f18-3a936261e4f8 tempest-TaggedBootDevicesTest-1346667776 tempest-TaggedBootDevicesTest-1346667776-project-member] Determining version of request: GET /v2/images/2be80a53-8a97-49bf-94fb-c083fe325149 Accept: application/json {{(pid=101945) process_request /opt/stack/glance/glance/api/middleware/version_negotiation.py:44}}
May 31 12:33:18.753361 np0000001814 devstack@g-api.service[101945]: DEBUG glance.api.middleware.version_negotiation [None req-100f9c2b-9c9c-4722-8f18-3a936261e4f8 tempest-TaggedBootDevicesTest-1346667776 tempest-TaggedBootDevicesTest-1346667776-project-member] Using url versioning {{(pid=101945) process_request /opt/stack/glance/glance/api/middleware/version_negotiation.py:57}}
May 31 12:33:18.753542 np0000001814 devstack@g-api.service[101945]: DEBUG glance.api.middleware.version_negotiation [None req-100f9c2b-9c9c-4722-8f18-3a936261e4f8 tempest-TaggedBootDevicesTest-1346667776 tempest-TaggedBootDevicesTest-1346667776-project-member] Matched version: v2 {{(pid=101945) process_request /opt/stack/glance/glance/api/middleware/version_negotiation.py:69}}
May 31 12:33:18.753612 np0000001814 devstack@g-api.service[101945]: DEBUG glance.api.middleware.version_negotiation [None req-100f9c2b-9c9c-4722-8f18-3a936261e4f8 tempest-TaggedBootDevicesTest-1346667776 tempest-TaggedBootDevicesTest-1346667776-project-member] new path /v2/images/2be80a53-8a97-49bf-94fb-c083fe325149 {{(pid=101945) process_request /opt/stack/glance/glance/api/middleware/version_negotiation.py:70}}
May 31 12:33:18.758581 np0000001814 devstack@g-api.service[101945]: DEBUG glance.db.sqlalchemy.api [None req-6ba43840-c8a1-4745-b8f3-506666dd8179 tempest-ImageDependencyTests-2061956967 tempest-ImageDependencyTests-2061956967-project-member] No image found with ID 2be80a53-8a97-49bf-94fb-c083fe325149 {{(pid=101945) _image_get /opt/stack/glance/glance/db/sqlalchemy/api.py:303}}
May 31 12:33:18.760043 np0000001814 devstack@g-api.service[101945]: [pid: 101945|app: 0|req: 45/120] 127.0.0.1 () {40 vars in 834 bytes} [Sun May 31 12:33:18 2026] GET /v2/images/2be80a53-8a97-49bf-94fb-c083fe325149 => generated 139 bytes in 7 msecs (HTTP/1.1 404) 4 headers in 164 bytes (1 switches on core 0)
May 31 12:33:18.770601 np0000001814 devstack@g-api.service[101946]: DEBUG glance.api.middleware.version_negotiation [None req-100f9c2b-9c9c-4722-8f18-3a936261e4f8 tempest-TaggedBootDevicesTest-1346667776 tempest-TaggedBootDevicesTest-1346667776-project-member] Determining version of request: GET /v2/images Accept: application/json {{(pid=101946) process_request /opt/stack/glance/glance/api/middleware/version_negotiation.py:44}}
May 31 12:33:18.770836 np0000001814 devstack@g-api.service[101946]: DEBUG glance.api.middleware.version_negotiation [None req-100f9c2b-9c9c-4722-8f18-3a936261e4f8 tempest-TaggedBootDevicesTest-1346667776 tempest-TaggedBootDevicesTest-1346667776-project-member] Using url versioning {{(pid=101946) process_request /opt/stack/glance/glance/api/middleware/version_negotiation.py:57}}
