May 31 12:28:49.928988 np0000001814 devstack@g-api.service[101947]: DEBUG glance_store.capabilities [-] Store glance_store._drivers.swift.store.SingleTenantStore doesn't support updating dynamic storage capabilities. Please overwrite 'update_capabilities' method of the store to implement updating logics if needed. {{(pid=101947) update_capabilities /opt/stack/data/venv/lib/python3.12/site-packages/glance_store/capabilities.py:91}}
May 31 12:28:49.929012 np0000001814 devstack@g-api.service[101946]: DEBUG glance_store.driver [-] Late loading location class glance_store._drivers.swift.store.StoreLocation {{(pid=101946) get_store_location_class /opt/stack/data/venv/lib/python3.12/site-packages/glance_store/driver.py:134}}
May 31 12:28:49.929052 np0000001814 devstack@g-api.service[101946]: DEBUG glance_store.location [-] Registering scheme swift+https with {'store': , 'location_class': , 'store_entry': 'swift'} {{(pid=101946) register_scheme_map /opt/stack/data/venv/lib/python3.12/site-packages/glance_store/location.py:146}}
May 31 12:28:49.929100 np0000001814 devstack@g-api.service[101947]: DEBUG glance_store.driver [-] Late loading location class glance_store._drivers.swift.store.StoreLocation {{(pid=101947) get_store_location_class /opt/stack/data/venv/lib/python3.12/site-packages/glance_store/driver.py:134}}
May 31 12:28:49.929144 np0000001814 devstack@g-api.service[101946]: DEBUG glance_store.location [-] Registering scheme swift+https with {'store': , 'location_class': , 'store_entry': 'swift'} {{(pid=101946) register_scheme_map /opt/stack/data/venv/lib/python3.12/site-packages/glance_store/location.py:146}}
May 31 12:28:49.929171 np0000001814 devstack@g-api.service[101947]: DEBUG glance_store.location [-] Registering scheme swift+https with {'store': , 'location_class': , 'store_entry': 'swift'} {{(pid=101947) register_scheme_map /opt/stack/data/venv/lib/python3.12/site-packages/glance_store/location.py:146}}
May 31 12:28:49.929205 np0000001814 devstack@g-api.service[101946]: DEBUG glance_store.location [-] Registering scheme swift with {'store': , 'location_class': , 'store_entry': 'swift'} {{(pid=101946) register_scheme_map /opt/stack/data/venv/lib/python3.12/site-packages/glance_store/location.py:146}}
May 31 12:28:49.929232 np0000001814 devstack@g-api.service[101945]: DEBUG glance.sqlite_migration [-] SQLite caching database not located, skipping migration {{(pid=101945) get_db_path /opt/stack/glance/glance/sqlite_migration.py:68}}
May 31 12:28:49.929255 np0000001814 devstack@g-api.service[101946]: DEBUG glance_store.location [-] Registering scheme swift+https with {'store': , 'location_class': , 'store_entry': 'swift'} {{(pid=101946) register_scheme_map /opt/stack/data/venv/lib/python3.12/site-packages/glance_store/location.py:146}}
May 31 12:28:49.929278 np0000001814 devstack@g-api.service[101947]: DEBUG glance_store.location [-] Registering scheme swift+https with {'store': , 'location_class': , 'store_entry': 'swift'} {{(pid=101947) register_scheme_map /opt/stack/data/venv/lib/python3.12/site-packages/glance_store/location.py:146}}
May 31 12:28:49.929321 np0000001814 devstack@g-api.service[101946]: DEBUG glance_store.location [-] Registering scheme swift with {'store': , 'location_class': , 'store_entry': 'swift'} {{(pid=101946) register_scheme_map /opt/stack/data/venv/lib/python3.12/site-packages/glance_store/location.py:146}}
May 31 12:28:49.929354 np0000001814 devstack@g-api.service[101947]: DEBUG glance_store.location [-] Registering scheme swift with {'store': , 'location_class': , 'store_entry': 'swift'} {{(pid=101947) register_scheme_map /opt/stack/data/venv/lib/python3.12/site-packages/glance_store/location.py:146}}
May 31 12:28:49.929394 np0000001814 devstack@g-api.service[101946]: DEBUG glance_store.location [-] Registering scheme swift+http with {'store': , 'location_class': , 'store_entry': 'swift'} {{(pid=101946) register_scheme_map /opt/stack/data/venv/lib/python3.12/site-packages/glance_store/location.py:146}}
May 31 12:28:49.929436 np0000001814 devstack@g-api.service[101947]: DEBUG glance_store.location [-] Registering scheme swift+https with {'store': , 'location_class': , 'store_entry': 'swift'} {{(pid=101947) register_scheme_map /opt/stack/data/venv/lib/python3.12/site-packages/glance_store/location.py:146}}
May 31 12:28:49.929461 np0000001814 devstack@g-api.service[101946]: DEBUG glance_store.location [-] Registering scheme swift+https with {'store': , 'location_class': , 'store_entry': 'swift'} {{(pid=101946) register_scheme_map /opt/stack/data/venv/lib/python3.12/site-packages/glance_store/location.py:146}}
May 31 12:28:49.929505 np0000001814 devstack@g-api.service[101947]: DEBUG glance_store.location [-] Registering scheme swift with {'store': , 'location_class': , 'store_entry': 'swift'} {{(pid=101947) register_scheme_map /opt/stack/data/venv/lib/python3.12/site-packages/glance_store/location.py:146}}
May 31 12:28:49.929551 np0000001814 devstack@g-api.service[101945]: WARNING glance.common.wsgi_app [-] Import methods are enabled but staging directory /tmp/staging/ does not exist; Imports will fail!
May 31 12:28:49.929587 np0000001814 devstack@g-api.service[101946]: DEBUG glance_store.location [-] Registering scheme swift with {'store': , 'location_class': , 'store_entry': 'swift'} {{(pid=101946) register_scheme_map /opt/stack/data/venv/lib/python3.12/site-packages/glance_store/location.py:146}}
May 31 12:28:49.929611 np0000001814 devstack@g-api.service[101947]: DEBUG glance_store.location [-] Registering scheme swift+http with {'store': , 'location_class': , 'store_entry': 'swift'} {{(pid=101947) register_scheme_map /opt/stack/data/venv/lib/python3.12/site-packages/glance_store/location.py:146}}
May 31 12:28:49.929634 np0000001814 devstack@g-api.service[101946]: DEBUG glance_store.location [-] Registering scheme swift+http with {'store': , 'location_class': , 'store_entry': 'swift'} {{(pid=101946) register_scheme_map /opt/stack/data/venv/lib/python3.12/site-packages/glance_store/location.py:146}}
May 31 12:28:49.929658 np0000001814 devstack@g-api.service[101947]: DEBUG glance_store.location [-] Registering scheme swift+https with {'store': , 'location_class': , 'store_entry': 'swift'} {{(pid=101947) register_scheme_map /opt/stack/data/venv/lib/python3.12/site-packages/glance_store/location.py:146}}
May 31 12:28:49.929658 np0000001814 devstack@g-api.service[101947]: DEBUG glance_store.location [-] Registering scheme swift with {'store': , 'location_class': , 'store_entry': 'swift'} {{(pid=101947) register_scheme_map /opt/stack/data/venv/lib/python3.12/site-packages/glance_store/location.py:146}}
May 31 12:28:49.929695 np0000001814 devstack@g-api.service[101946]: DEBUG glance_store.location [-] Registering scheme swift+config with {'store': , 'location_class': , 'store_entry': 'swift'} {{(pid=101946) register_scheme_map /opt/stack/data/venv/lib/python3.12/site-packages/glance_store/location.py:146}}
May 31 12:28:49.929725 np0000001814 devstack@g-api.service[101947]: DEBUG glance_store.location [-] Registering scheme swift+http with {'store': , 'location_class': , 'store_entry': 'swift'} {{(pid=101947) register_scheme_map /opt/stack/data/venv/lib/python3.12/site-packages/glance_store/location.py:146}}
May 31 12:28:49.929725 np0000001814 devstack@g-api.service[101947]: DEBUG glance_store.location [-] Registering scheme swift+config with {'store': , 'location_class': , 'store_entry': 'swift'} {{(pid=101947) register_scheme_map /opt/stack/data/venv/lib/python3.12/site-packages/glance_store/location.py:146}}
May 31 12:28:49.929795 np0000001814 devstack@g-api.service[101946]: DEBUG glance.sqlite_migration [-] SQLite caching database not located, skipping migration {{(pid=101946) get_db_path /opt/stack/glance/glance/sqlite_migration.py:68}}
May 31 12:28:49.929828 np0000001814 devstack@g-api.service[101947]: DEBUG glance.sqlite_migration [-] SQLite caching database not located, skipping migration {{(pid=101947) get_db_path /opt/stack/glance/glance/sqlite_migration.py:68}}
May 31 12:28:49.929991 np0000001814 devstack@g-api.service[101946]: WARNING glance.common.wsgi_app [-] Import methods are enabled but staging directory /tmp/staging/ does not exist; Imports will fail!
May 31 12:28:49.930037 np0000001814 devstack@g-api.service[101947]: WARNING glance.common.wsgi_app [-] Import methods are enabled but staging directory /tmp/staging/ does not exist; Imports will fail!
May 31 12:28:50.192158 np0000001814 devstack@g-api.service[101947]: DEBUG glance.common.config [None req-7087d2a0-e23e-4fce-8c54-9ae4e4f16398 None None] Loading glance-api-keystone+cachemanagement from /etc/glance/glance-api-paste.ini {{(pid=101947) load_paste_app /opt/stack/glance/glance/common/config.py:758}}
May 31 12:28:50.205367 np0000001814 devstack@g-api.service[101945]: DEBUG glance.common.config [None req-436280d0-2bcf-4cf6-a592-cfdfc67fd54e None None] Loading glance-api-keystone+cachemanagement from /etc/glance/glance-api-paste.ini {{(pid=101945) load_paste_app /opt/stack/glance/glance/common/config.py:758}}
May 31 12:28:50.213714 np0000001814 devstack@g-api.service[101946]: DEBUG glance.common.config [None req-fcded4a2-d6b3-4855-b73a-728bcf53e58a None None] Loading glance-api-keystone+cachemanagement from /etc/glance/glance-api-paste.ini {{(pid=101946) load_paste_app /opt/stack/glance/glance/common/config.py:758}}
May 31 12:28:50.759461 np0000001814 devstack@g-api.service[101946]: INFO glance.image_cache [None req-fcded4a2-d6b3-4855-b73a-728bcf53e58a None None] Image cache loaded driver 'centralized_db'.
May 31 12:28:50.768820 np0000001814 devstack@g-api.service[101945]: INFO glance.image_cache [None req-436280d0-2bcf-4cf6-a592-cfdfc67fd54e None None] Image cache loaded driver 'centralized_db'.
May 31 12:28:50.774961 np0000001814 devstack@g-api.service[101947]: INFO glance.image_cache [None req-7087d2a0-e23e-4fce-8c54-9ae4e4f16398 None None] Image cache loaded driver 'centralized_db'.
May 31 12:28:50.805065 np0000001814 devstack@g-api.service[101946]: INFO dbcounter [None req-fcded4a2-d6b3-4855-b73a-728bcf53e58a None None] Registered counter for database glance
May 31 12:28:50.812403 np0000001814 devstack@g-api.service[101945]: INFO dbcounter [None req-436280d0-2bcf-4cf6-a592-cfdfc67fd54e None None] Registered counter for database glance
May 31 12:28:50.822877 np0000001814 devstack@g-api.service[101947]: INFO dbcounter [None req-7087d2a0-e23e-4fce-8c54-9ae4e4f16398 None None] Registered counter for database glance
May 31 12:28:50.847962 np0000001814 devstack@g-api.service[101946]: DEBUG oslo_db.sqlalchemy.engines [None req-fcded4a2-d6b3-4855-b73a-728bcf53e58a None None] MySQL server mode set to STRICT_TRANS_TABLES,STRICT_ALL_TABLES,NO_ZERO_IN_DATE,NO_ZERO_DATE,ERROR_FOR_DIVISION_BY_ZERO,TRADITIONAL,NO_ENGINE_SUBSTITUTION {{(pid=101946) _check_effective_sql_mode /opt/stack/data/venv/lib/python3.12/site-packages/oslo_db/sqlalchemy/engines.py:325}}
May 31 12:28:50.856658 np0000001814 devstack@g-api.service[101945]: DEBUG oslo_db.sqlalchemy.engines [None req-436280d0-2bcf-4cf6-a592-cfdfc67fd54e None None] MySQL server mode set to STRICT_TRANS_TABLES,STRICT_ALL_TABLES,NO_ZERO_IN_DATE,NO_ZERO_DATE,ERROR_FOR_DIVISION_BY_ZERO,TRADITIONAL,NO_ENGINE_SUBSTITUTION {{(pid=101945) _check_effective_sql_mode /opt/stack/data/venv/lib/python3.12/site-packages/oslo_db/sqlalchemy/engines.py:325}}
May 31 12:28:50.870616 np0000001814 devstack@g-api.service[101947]: DEBUG oslo_db.sqlalchemy.engines [None req-7087d2a0-e23e-4fce-8c54-9ae4e4f16398 None None] MySQL server mode set to STRICT_TRANS_TABLES,STRICT_ALL_TABLES,NO_ZERO_IN_DATE,NO_ZERO_DATE,ERROR_FOR_DIVISION_BY_ZERO,TRADITIONAL,NO_ENGINE_SUBSTITUTION {{(pid=101947) _check_effective_sql_mode /opt/stack/data/venv/lib/python3.12/site-packages/oslo_db/sqlalchemy/engines.py:325}}
May 31 12:28:50.879298 np0000001814 devstack@g-api.service[101946]: DEBUG dbcounter [-] [101946] Writer thread running {{(pid=101946) stat_writer /opt/stack/data/venv/lib/python3.12/site-packages/dbcounter.py:102}}
May 31 12:28:50.882145 np0000001814 devstack@g-api.service[101945]: DEBUG dbcounter [-] [101945] Writer thread running {{(pid=101945) stat_writer /opt/stack/data/venv/lib/python3.12/site-packages/dbcounter.py:102}}
May 31 12:28:50.887129 np0000001814 devstack@g-api.service[101945]: DEBUG glance.image_cache.drivers.centralized_db [None req-436280d0-2bcf-4cf6-a592-cfdfc67fd54e None None] Node reference is already recorded, ignoring it {{(pid=101945) configure /opt/stack/glance/glance/image_cache/drivers/centralized_db.py:71}}
May 31 12:28:50.894657 np0000001814 devstack@g-api.service[101947]: DEBUG dbcounter [-] [101947] Writer thread running {{(pid=101947) stat_writer /opt/stack/data/venv/lib/python3.12/site-packages/dbcounter.py:102}}
May 31 12:28:50.895171 np0000001814 devstack@g-api.service[101945]: INFO glance.image_cache [None req-436280d0-2bcf-4cf6-a592-cfdfc67fd54e None None] Image cache loaded driver 'centralized_db'.
May 31 12:28:50.895769 np0000001814 devstack@g-api.service[101946]: INFO glance.image_cache [None req-fcded4a2-d6b3-4855-b73a-728bcf53e58a None None] Image cache loaded driver 'centralized_db'.
May 31 12:28:50.897355 np0000001814 devstack@g-api.service[101947]: DEBUG glance.image_cache.drivers.centralized_db [None req-7087d2a0-e23e-4fce-8c54-9ae4e4f16398 None None] Node reference is already recorded, ignoring it {{(pid=101947) configure /opt/stack/glance/glance/image_cache/drivers/centralized_db.py:71}}
May 31 12:28:50.902494 np0000001814 devstack@g-api.service[101945]: DEBUG glance.image_cache.drivers.centralized_db [None req-436280d0-2bcf-4cf6-a592-cfdfc67fd54e None None] Node reference is already recorded, ignoring it {{(pid=101945) configure /opt/stack/glance/glance/image_cache/drivers/centralized_db.py:71}}
May 31 12:28:50.902896 np0000001814 devstack@g-api.service[101947]: INFO glance.image_cache [None req-7087d2a0-e23e-4fce-8c54-9ae4e4f16398 None None] Image cache loaded driver 'centralized_db'.
May 31 12:28:50.905534 np0000001814 devstack@g-api.service[101946]: DEBUG glance.image_cache.drivers.centralized_db [None req-fcded4a2-d6b3-4855-b73a-728bcf53e58a None None] Node reference is already recorded, ignoring it {{(pid=101946) configure /opt/stack/glance/glance/image_cache/drivers/centralized_db.py:71}}
May 31 12:28:50.907921 np0000001814 devstack@g-api.service[101945]: DEBUG glance.api.v2.cached_images [None req-436280d0-2bcf-4cf6-a592-cfdfc67fd54e None None] Started cache worker thread {{(pid=101945) __init__ /opt/stack/glance/glance/api/v2/cached_images.py:69}}
May 31 12:28:50.908549 np0000001814 devstack@g-api.service[101945]: INFO glance.image_cache [None req-436280d0-2bcf-4cf6-a592-cfdfc67fd54e None None] Image cache loaded driver 'centralized_db'.
May 31 12:28:50.909846 np0000001814 devstack@g-api.service[101947]: DEBUG glance.image_cache.drivers.centralized_db [None req-7087d2a0-e23e-4fce-8c54-9ae4e4f16398 None None] Node reference is already recorded, ignoring it {{(pid=101947) configure /opt/stack/glance/glance/image_cache/drivers/centralized_db.py:71}}
May 31 12:28:50.913437 np0000001814 devstack@g-api.service[101946]: DEBUG glance.api.v2.cached_images [None req-fcded4a2-d6b3-4855-b73a-728bcf53e58a None None] Started cache worker thread {{(pid=101946) __init__ /opt/stack/glance/glance/api/v2/cached_images.py:69}}
May 31 12:28:50.914416 np0000001814 devstack@g-api.service[101947]: DEBUG glance.api.v2.cached_images [None req-7087d2a0-e23e-4fce-8c54-9ae4e4f16398 None None] Started cache worker thread {{(pid=101947) __init__ /opt/stack/glance/glance/api/v2/cached_images.py:69}}
May 31 12:28:50.914474 np0000001814 devstack@g-api.service[101946]: INFO glance.image_cache [None req-fcded4a2-d6b3-4855-b73a-728bcf53e58a None None] Image cache loaded driver 'centralized_db'.
May 31 12:28:50.915022 np0000001814 devstack@g-api.service[101947]: INFO glance.image_cache [None req-7087d2a0-e23e-4fce-8c54-9ae4e4f16398 None None] Image cache loaded driver 'centralized_db'.
May 31 12:28:50.915868 np0000001814 devstack@g-api.service[101945]: DEBUG glance.image_cache.drivers.centralized_db [None req-436280d0-2bcf-4cf6-a592-cfdfc67fd54e None None] Node reference is already recorded, ignoring it {{(pid=101945) configure /opt/stack/glance/glance/image_cache/drivers/centralized_db.py:71}}
May 31 12:28:50.920632 np0000001814 devstack@g-api.service[101945]: INFO glance.api.middleware.cache_manage [None req-436280d0-2bcf-4cf6-a592-cfdfc67fd54e None None] Initialized image cache management middleware
May 31 12:28:50.920887 np0000001814 devstack@g-api.service[101945]: INFO glance.image_cache [None req-436280d0-2bcf-4cf6-a592-cfdfc67fd54e None None] Image cache loaded driver 'centralized_db'.
May 31 12:28:50.923130 np0000001814 devstack@g-api.service[101947]: DEBUG glance.image_cache.drivers.centralized_db [None req-7087d2a0-e23e-4fce-8c54-9ae4e4f16398 None None] Node reference is already recorded, ignoring it {{(pid=101947) configure /opt/stack/glance/glance/image_cache/drivers/centralized_db.py:71}}
May 31 12:28:50.924232 np0000001814 devstack@g-api.service[101946]: DEBUG glance.image_cache.drivers.centralized_db [None req-fcded4a2-d6b3-4855-b73a-728bcf53e58a None None] Node reference is already recorded, ignoring it {{(pid=101946) configure /opt/stack/glance/glance/image_cache/drivers/centralized_db.py:71}}
May 31 12:28:50.928845 np0000001814 devstack@g-api.service[101945]: DEBUG glance.image_cache.drivers.centralized_db [None req-436280d0-2bcf-4cf6-a592-cfdfc67fd54e None None] Node reference is already recorded, ignoring it {{(pid=101945) configure /opt/stack/glance/glance/image_cache/drivers/centralized_db.py:71}}
May 31 12:28:50.929020 np0000001814 devstack@g-api.service[101947]: INFO glance.api.middleware.cache_manage [None req-7087d2a0-e23e-4fce-8c54-9ae4e4f16398 None None] Initialized image cache management middleware
May 31 12:28:50.929111 np0000001814 devstack@g-api.service[101947]: INFO glance.image_cache [None req-7087d2a0-e23e-4fce-8c54-9ae4e4f16398 None None] Image cache loaded driver 'centralized_db'.
May 31 12:28:50.932002 np0000001814 devstack@g-api.service[101946]: INFO glance.api.middleware.cache_manage [None req-fcded4a2-d6b3-4855-b73a-728bcf53e58a None None] Initialized image cache management middleware
May 31 12:28:50.932236 np0000001814 devstack@g-api.service[101946]: INFO glance.image_cache [None req-fcded4a2-d6b3-4855-b73a-728bcf53e58a None None] Image cache loaded driver 'centralized_db'.
May 31 12:28:50.932500 np0000001814 devstack@g-api.service[101945]: INFO glance.api.middleware.cache [None req-436280d0-2bcf-4cf6-a592-cfdfc67fd54e None None] Initialized image cache middleware
May 31 12:28:50.938967 np0000001814 devstack@g-api.service[101947]: DEBUG glance.image_cache.drivers.centralized_db [None req-7087d2a0-e23e-4fce-8c54-9ae4e4f16398 None None] Node reference is already recorded, ignoring it {{(pid=101947) configure /opt/stack/glance/glance/image_cache/drivers/centralized_db.py:71}}
May 31 12:28:50.942132 np0000001814 devstack@g-api.service[101946]: DEBUG glance.image_cache.drivers.centralized_db [None req-fcded4a2-d6b3-4855-b73a-728bcf53e58a None None] Node reference is already recorded, ignoring it {{(pid=101946) configure /opt/stack/glance/glance/image_cache/drivers/centralized_db.py:71}}
May 31 12:28:50.945431 np0000001814 devstack@g-api.service[101946]: INFO glance.api.middleware.cache [None req-fcded4a2-d6b3-4855-b73a-728bcf53e58a None None] Initialized image cache middleware
May 31 12:28:50.946641 np0000001814 devstack@g-api.service[101947]: INFO glance.api.middleware.cache [None req-7087d2a0-e23e-4fce-8c54-9ae4e4f16398 None None] Initialized image cache middleware
May 31 12:28:50.956778 np0000001814 devstack@g-api.service[101946]: DEBUG glance.common.config [None req-fcded4a2-d6b3-4855-b73a-728bcf53e58a None None] ******************************************************************************** {{(pid=101946) log_opt_values /opt/stack/data/venv/lib/python3.12/site-packages/oslo_config/cfg.py:3229}}
May 31 12:28:50.956926 np0000001814 devstack@g-api.service[101946]: DEBUG glance.common.config [None req-fcded4a2-d6b3-4855-b73a-728bcf53e58a None None] Configuration options gathered from: {{(pid=101946) log_opt_values /opt/stack/data/venv/lib/python3.12/site-packages/oslo_config/cfg.py:3230}}
May 31 12:28:50.957178 np0000001814 devstack@g-api.service[101946]: DEBUG glance.common.config [None req-fcded4a2-d6b3-4855-b73a-728bcf53e58a None None] command line args: [] {{(pid=101946) log_opt_values /opt/stack/data/venv/lib/python3.12/site-packages/oslo_config/cfg.py:3231}}
May 31 12:28:50.957359 np0000001814 devstack@g-api.service[101946]: DEBUG glance.common.config [None req-fcded4a2-d6b3-4855-b73a-728bcf53e58a None None] config files: ['/etc/glance/glance-image-import.conf', '/etc/glance/glance-api.conf'] {{(pid=101946) log_opt_values /opt/stack/data/venv/lib/python3.12/site-packages/oslo_config/cfg.py:3232}}
May 31 12:28:50.957359 np0000001814 devstack@g-api.service[101946]: DEBUG glance.common.config [None req-fcded4a2-d6b3-4855-b73a-728bcf53e58a None None] ================================================================================ {{(pid=101946) log_opt_values /opt/stack/data/venv/lib/python3.12/site-packages/oslo_config/cfg.py:3237}}
May 31 12:28:50.957503 np0000001814 devstack@g-api.service[101946]: DEBUG glance.common.config [None req-fcded4a2-d6b3-4855-b73a-728bcf53e58a None None] allow_anonymous_access = False {{(pid=101946) log_opt_values /opt/stack/data/venv/lib/python3.12/site-packages/oslo_config/cfg.py:3245}}
May 31 12:28:50.957589 np0000001814 devstack@g-api.service[101946]: DEBUG glance.common.config [None req-fcded4a2-d6b3-4855-b73a-728bcf53e58a None None] api_limit_max = 1000 {{(pid=101946) log_opt_values /opt/stack/data/venv/lib/python3.12/site-packages/oslo_config/cfg.py:3245}}
May 31 12:28:50.957688 np0000001814 devstack@g-api.service[101946]: DEBUG glance.common.config [None req-fcded4a2-d6b3-4855-b73a-728bcf53e58a None None] backlog = 4096 {{(pid=101946) log_opt_values /opt/stack/data/venv/lib/python3.12/site-packages/oslo_config/cfg.py:3245}}
May 31 12:28:50.957830 np0000001814 devstack@g-api.service[101946]: DEBUG glance.common.config [None req-fcded4a2-d6b3-4855-b73a-728bcf53e58a None None] bind_host = 0.0.0.0 {{(pid=101946) log_opt_values /opt/stack/data/venv/lib/python3.12/site-packages/oslo_config/cfg.py:3245}}
May 31 12:28:50.957928 np0000001814 devstack@g-api.service[101946]: DEBUG glance.common.config [None req-fcded4a2-d6b3-4855-b73a-728bcf53e58a None None] bind_port = 19292 {{(pid=101946) log_opt_values /opt/stack/data/venv/lib/python3.12/site-packages/oslo_config/cfg.py:3245}}
May 31 12:28:50.958016 np0000001814 devstack@g-api.service[101946]: DEBUG glance.common.config [None req-fcded4a2-d6b3-4855-b73a-728bcf53e58a None None] client_socket_timeout = 900 {{(pid=101946) log_opt_values /opt/stack/data/venv/lib/python3.12/site-packages/oslo_config/cfg.py:3245}}
May 31 12:28:50.958109 np0000001814 devstack@g-api.service[101946]: DEBUG glance.common.config [None req-fcded4a2-d6b3-4855-b73a-728bcf53e58a None None] config_dir = [] {{(pid=101946) log_opt_values /opt/stack/data/venv/lib/python3.12/site-packages/oslo_config/cfg.py:3245}}
May 31 12:28:50.958167 np0000001814 devstack@g-api.service[101946]: DEBUG glance.common.config [None req-fcded4a2-d6b3-4855-b73a-728bcf53e58a None None] config_file = ['/etc/glance/glance-image-import.conf', '/etc/glance/glance-api.conf'] {{(pid=101946) log_opt_values /opt/stack/data/venv/lib/python3.12/site-packages/oslo_config/cfg.py:3245}}
May 31 12:28:50.958261 np0000001814 devstack@g-api.service[101946]: DEBUG glance.common.config [None req-fcded4a2-d6b3-4855-b73a-728bcf53e58a None None] config_source = [] {{(pid=101946) log_opt_values /opt/stack/data/venv/lib/python3.12/site-packages/oslo_config/cfg.py:3245}}
May 31 12:28:50.958354 np0000001814 devstack@g-api.service[101946]: DEBUG glance.common.config [None req-fcded4a2-d6b3-4855-b73a-728bcf53e58a None None] control_exchange = glance {{(pid=101946) log_opt_values /opt/stack/data/venv/lib/python3.12/site-packages/oslo_config/cfg.py:3245}}
May 31 12:28:50.958417 np0000001814 devstack@g-api.service[101946]: DEBUG glance.common.config [None req-fcded4a2-d6b3-4855-b73a-728bcf53e58a None None] debug = True {{(pid=101946) log_opt_values /opt/stack/data/venv/lib/python3.12/site-packages/oslo_config/cfg.py:3245}}
May 31 12:28:50.958590 np0000001814 devstack@g-api.service[101946]: DEBUG glance.common.config [None req-fcded4a2-d6b3-4855-b73a-728bcf53e58a None None] default_log_levels = ['amqp=WARN', 'boto=WARN', 'sqlalchemy=WARN', 'suds=INFO', 'oslo.messaging=INFO', 'oslo_messaging=INFO', 'iso8601=WARN', 'requests.packages.urllib3.connectionpool=WARN', 'urllib3.connectionpool=WARN', 'websocket=WARN', 'requests.packages.urllib3.util.retry=WARN', 'urllib3.util.retry=WARN', 'keystonemiddleware=WARN', 'routes.middleware=WARN', 'stevedore=WARN', 'taskflow=WARN', 'keystoneauth=WARN', 'oslo.cache=INFO', 'oslo_policy=INFO', 'dogpile.core.dogpile=INFO'] {{(pid=101946) log_opt_values /opt/stack/data/venv/lib/python3.12/site-packages/oslo_config/cfg.py:3245}}
May 31 12:28:50.958710 np0000001814 devstack@g-api.service[101946]: DEBUG glance.common.config [None req-fcded4a2-d6b3-4855-b73a-728bcf53e58a None None] default_publisher_id = image.localhost {{(pid=101946) log_opt_values /opt/stack/data/venv/lib/python3.12/site-packages/oslo_config/cfg.py:3245}}
May 31 12:28:50.958788 np0000001814 devstack@g-api.service[101946]: DEBUG glance.common.config [None req-fcded4a2-d6b3-4855-b73a-728bcf53e58a None None] delayed_delete = False {{(pid=101946) log_opt_values /opt/stack/data/venv/lib/python3.12/site-packages/oslo_config/cfg.py:3245}}
May 31 12:28:50.958867 np0000001814 devstack@g-api.service[101946]: DEBUG glance.common.config [None req-fcded4a2-d6b3-4855-b73a-728bcf53e58a None None] digest_algorithm = sha256 {{(pid=101946) log_opt_values /opt/stack/data/venv/lib/python3.12/site-packages/oslo_config/cfg.py:3245}}
May 31 12:28:50.958947 np0000001814 devstack@g-api.service[101946]: DEBUG glance.common.config [None req-fcded4a2-d6b3-4855-b73a-728bcf53e58a None None] disabled_notifications = [] {{(pid=101946) log_opt_values /opt/stack/data/venv/lib/python3.12/site-packages/oslo_config/cfg.py:3245}}
May 31 12:28:50.959037 np0000001814 devstack@g-api.service[101946]: DEBUG glance.common.config [None req-fcded4a2-d6b3-4855-b73a-728bcf53e58a None None] do_secure_hash = True {{(pid=101946) log_opt_values /opt/stack/data/venv/lib/python3.12/site-packages/oslo_config/cfg.py:3245}}
May 31 12:28:50.959111 np0000001814 devstack@g-api.service[101946]: DEBUG glance.common.config [None req-fcded4a2-d6b3-4855-b73a-728bcf53e58a None None] enabled_backends = None {{(pid=101946) log_opt_values /opt/stack/data/venv/lib/python3.12/site-packages/oslo_config/cfg.py:3245}}
May 31 12:28:50.959210 np0000001814 devstack@g-api.service[101946]: DEBUG glance.common.config [None req-fcded4a2-d6b3-4855-b73a-728bcf53e58a None None] enabled_import_methods = ['glance-direct', 'web-download', 'copy-image'] {{(pid=101946) log_opt_values /opt/stack/data/venv/lib/python3.12/site-packages/oslo_config/cfg.py:3245}}
May 31 12:28:50.959298 np0000001814 devstack@g-api.service[101946]: DEBUG glance.common.config [None req-fcded4a2-d6b3-4855-b73a-728bcf53e58a None None] fatal_deprecations = False {{(pid=101946) log_opt_values /opt/stack/data/venv/lib/python3.12/site-packages/oslo_config/cfg.py:3245}}
May 31 12:28:50.959387 np0000001814 devstack@g-api.service[101946]: DEBUG glance.common.config [None req-fcded4a2-d6b3-4855-b73a-728bcf53e58a None None] hashing_algorithm = sha512 {{(pid=101946) log_opt_values /opt/stack/data/venv/lib/python3.12/site-packages/oslo_config/cfg.py:3245}}
May 31 12:28:50.959503 np0000001814 devstack@g-api.service[101946]: DEBUG glance.common.config [None req-fcded4a2-d6b3-4855-b73a-728bcf53e58a None None] http_keepalive = True {{(pid=101946) log_opt_values /opt/stack/data/venv/lib/python3.12/site-packages/oslo_config/cfg.py:3245}}
May 31 12:28:50.959565 np0000001814 devstack@g-api.service[101946]: DEBUG glance.common.config [None req-fcded4a2-d6b3-4855-b73a-728bcf53e58a None None] http_retries = 3 {{(pid=101946) log_opt_values /opt/stack/data/venv/lib/python3.12/site-packages/oslo_config/cfg.py:3245}}
May 31 12:28:50.959649 np0000001814 devstack@g-api.service[101946]: DEBUG glance.common.config [None req-fcded4a2-d6b3-4855-b73a-728bcf53e58a None None] image_cache_dir = /opt/stack/data/glance/cache/ {{(pid=101946) log_opt_values /opt/stack/data/venv/lib/python3.12/site-packages/oslo_config/cfg.py:3245}}
May 31 12:28:50.959736 np0000001814 devstack@g-api.service[101946]: DEBUG glance.common.config [None req-fcded4a2-d6b3-4855-b73a-728bcf53e58a None None] image_cache_driver = centralized_db {{(pid=101946) log_opt_values /opt/stack/data/venv/lib/python3.12/site-packages/oslo_config/cfg.py:3245}}
May 31 12:28:50.959846 np0000001814 devstack@g-api.service[101946]: DEBUG glance.common.config [None req-fcded4a2-d6b3-4855-b73a-728bcf53e58a None None] image_cache_max_size = 10737418240 {{(pid=101946) log_opt_values /opt/stack/data/venv/lib/python3.12/site-packages/oslo_config/cfg.py:3245}}
May 31 12:28:50.959942 np0000001814 devstack@g-api.service[101946]: DEBUG glance.common.config [None req-fcded4a2-d6b3-4855-b73a-728bcf53e58a None None] image_cache_sqlite_db = cache.db {{(pid=101946) log_opt_values /opt/stack/data/venv/lib/python3.12/site-packages/oslo_config/cfg.py:3245}}
May 31 12:28:50.960024 np0000001814 devstack@g-api.service[101946]: DEBUG glance.common.config [None req-fcded4a2-d6b3-4855-b73a-728bcf53e58a None None] image_cache_stall_time = 86400 {{(pid=101946) log_opt_values /opt/stack/data/venv/lib/python3.12/site-packages/oslo_config/cfg.py:3245}}
May 31 12:28:50.960103 np0000001814 devstack@g-api.service[101946]: DEBUG glance.common.config [None req-fcded4a2-d6b3-4855-b73a-728bcf53e58a None None] image_location_quota = 10 {{(pid=101946) log_opt_values /opt/stack/data/venv/lib/python3.12/site-packages/oslo_config/cfg.py:3245}}
May 31 12:28:50.960179 np0000001814 devstack@g-api.service[101946]: DEBUG glance.common.config [None req-fcded4a2-d6b3-4855-b73a-728bcf53e58a None None] image_member_quota = 128 {{(pid=101946) log_opt_values /opt/stack/data/venv/lib/python3.12/site-packages/oslo_config/cfg.py:3245}}
May 31 12:28:50.960263 np0000001814 devstack@g-api.service[101946]: DEBUG glance.common.config [None req-fcded4a2-d6b3-4855-b73a-728bcf53e58a None None] image_property_quota = 128 {{(pid=101946) log_opt_values /opt/stack/data/venv/lib/python3.12/site-packages/oslo_config/cfg.py:3245}}
May 31 12:28:50.960346 np0000001814 devstack@g-api.service[101946]: DEBUG glance.common.config [None req-fcded4a2-d6b3-4855-b73a-728bcf53e58a None None] image_size_cap = 1099511627776 {{(pid=101946) log_opt_values /opt/stack/data/venv/lib/python3.12/site-packages/oslo_config/cfg.py:3245}}
May 31 12:28:50.960428 np0000001814 devstack@g-api.service[101946]: DEBUG glance.common.config [None req-fcded4a2-d6b3-4855-b73a-728bcf53e58a None None] image_tag_quota = 128 {{(pid=101946) log_opt_values /opt/stack/data/venv/lib/python3.12/site-packages/oslo_config/cfg.py:3245}}
May 31 12:28:50.960526 np0000001814 devstack@g-api.service[101946]: DEBUG glance.common.config [None req-fcded4a2-d6b3-4855-b73a-728bcf53e58a None None] instance_format = [instance: %(uuid)s] {{(pid=101946) log_opt_values /opt/stack/data/venv/lib/python3.12/site-packages/oslo_config/cfg.py:3245}}
May 31 12:28:50.960612 np0000001814 devstack@g-api.service[101946]: DEBUG glance.common.config [None req-fcded4a2-d6b3-4855-b73a-728bcf53e58a None None] instance_uuid_format = [instance: %(uuid)s] {{(pid=101946) log_opt_values /opt/stack/data/venv/lib/python3.12/site-packages/oslo_config/cfg.py:3245}}
May 31 12:28:50.960694 np0000001814 devstack@g-api.service[101946]: DEBUG glance.common.config [None req-fcded4a2-d6b3-4855-b73a-728bcf53e58a None None] limit_param_default = 25 {{(pid=101946) log_opt_values /opt/stack/data/venv/lib/python3.12/site-packages/oslo_config/cfg.py:3245}}
May 31 12:28:50.960799 np0000001814 devstack@g-api.service[101946]: DEBUG glance.common.config [None req-fcded4a2-d6b3-4855-b73a-728bcf53e58a None None] log_color = False {{(pid=101946) log_opt_values /opt/stack/data/venv/lib/python3.12/site-packages/oslo_config/cfg.py:3245}}
May 31 12:28:50.960891 np0000001814 devstack@g-api.service[101946]: DEBUG glance.common.config [None req-fcded4a2-d6b3-4855-b73a-728bcf53e58a None None] log_config_append = None {{(pid=101946) log_opt_values /opt/stack/data/venv/lib/python3.12/site-packages/oslo_config/cfg.py:3245}}
May 31 12:28:50.960979 np0000001814 devstack@g-api.service[101946]: DEBUG glance.common.config [None req-fcded4a2-d6b3-4855-b73a-728bcf53e58a None None] log_date_format = %Y-%m-%d %H:%M:%S {{(pid=101946) log_opt_values /opt/stack/data/venv/lib/python3.12/site-packages/oslo_config/cfg.py:3245}}
May 31 12:28:50.961065 np0000001814 devstack@g-api.service[101946]: DEBUG glance.common.config [None req-fcded4a2-d6b3-4855-b73a-728bcf53e58a None None] log_dir = None {{(pid=101946) log_opt_values /opt/stack/data/venv/lib/python3.12/site-packages/oslo_config/cfg.py:3245}}
May 31 12:28:50.961146 np0000001814 devstack@g-api.service[101946]: DEBUG glance.common.config [None req-fcded4a2-d6b3-4855-b73a-728bcf53e58a None None] log_file = None {{(pid=101946) log_opt_values /opt/stack/data/venv/lib/python3.12/site-packages/oslo_config/cfg.py:3245}}
May 31 12:28:50.961226 np0000001814 devstack@g-api.service[101946]: DEBUG glance.common.config [None req-fcded4a2-d6b3-4855-b73a-728bcf53e58a None None] log_rotate_interval = 1 {{(pid=101946) log_opt_values /opt/stack/data/venv/lib/python3.12/site-packages/oslo_config/cfg.py:3245}}
May 31 12:28:50.961317 np0000001814 devstack@g-api.service[101946]: DEBUG glance.common.config [None req-fcded4a2-d6b3-4855-b73a-728bcf53e58a None None] log_rotate_interval_type = days {{(pid=101946) log_opt_values /opt/stack/data/venv/lib/python3.12/site-packages/oslo_config/cfg.py:3245}}
May 31 12:28:50.961389 np0000001814 devstack@g-api.service[101946]: DEBUG glance.common.config [None req-fcded4a2-d6b3-4855-b73a-728bcf53e58a None None] log_rotation_type = none {{(pid=101946) log_opt_values /opt/stack/data/venv/lib/python3.12/site-packages/oslo_config/cfg.py:3245}}
May 31 12:28:50.961463 np0000001814 devstack@g-api.service[101946]: DEBUG glance.common.config [None req-fcded4a2-d6b3-4855-b73a-728bcf53e58a None None] logging_context_format_string = %(color)s%(levelname)s %(name)s [%(global_request_id)s %(request_id)s %(project_name)s %(user_name)s%(color)s] %(instance)s%(color)s%(message)s {{(pid=101946) log_opt_values /opt/stack/data/venv/lib/python3.12/site-packages/oslo_config/cfg.py:3245}}
May 31 12:28:50.961527 np0000001814 devstack@g-api.service[101946]: DEBUG glance.common.config [None req-fcded4a2-d6b3-4855-b73a-728bcf53e58a None None] logging_debug_format_suffix = {{(pid=%(process)d) %(funcName)s %(pathname)s:%(lineno)d}} {{(pid=101946) log_opt_values /opt/stack/data/venv/lib/python3.12/site-packages/oslo_config/cfg.py:3245}}
May 31 12:28:50.961625 np0000001814 devstack@g-api.service[101946]: DEBUG glance.common.config [None req-fcded4a2-d6b3-4855-b73a-728bcf53e58a None None] logging_default_format_string = %(color)s%(levelname)s %(name)s [-%(color)s] %(instance)s%(color)s%(message)s {{(pid=101946) log_opt_values /opt/stack/data/venv/lib/python3.12/site-packages/oslo_config/cfg.py:3245}}
May 31 12:28:50.961708 np0000001814 devstack@g-api.service[101946]: DEBUG glance.common.config [None req-fcded4a2-d6b3-4855-b73a-728bcf53e58a None None] logging_exception_prefix = ERROR %(name)s %(instance)s {{(pid=101946) log_opt_values /opt/stack/data/venv/lib/python3.12/site-packages/oslo_config/cfg.py:3245}}
May 31 12:28:50.961847 np0000001814 devstack@g-api.service[101946]: DEBUG glance.common.config [None req-fcded4a2-d6b3-4855-b73a-728bcf53e58a None None] logging_user_identity_format = %(user)s %(project)s %(domain)s %(system_scope)s %(user_domain)s %(project_domain)s {{(pid=101946) log_opt_values /opt/stack/data/venv/lib/python3.12/site-packages/oslo_config/cfg.py:3245}}
May 31 12:28:50.961892 np0000001814 devstack@g-api.service[101946]: DEBUG glance.common.config [None req-fcded4a2-d6b3-4855-b73a-728bcf53e58a None None] max_header_line = 16384 {{(pid=101946) log_opt_values /opt/stack/data/venv/lib/python3.12/site-packages/oslo_config/cfg.py:3245}}
May 31 12:28:50.961932 np0000001814 devstack@g-api.service[101946]: DEBUG glance.common.config [None req-fcded4a2-d6b3-4855-b73a-728bcf53e58a None None] max_logfile_count = 30 {{(pid=101946) log_opt_values /opt/stack/data/venv/lib/python3.12/site-packages/oslo_config/cfg.py:3245}}
May 31 12:28:50.962022 np0000001814 devstack@g-api.service[101946]: DEBUG glance.common.config [None req-fcded4a2-d6b3-4855-b73a-728bcf53e58a None None] max_logfile_size_mb = 200 {{(pid=101946) log_opt_values /opt/stack/data/venv/lib/python3.12/site-packages/oslo_config/cfg.py:3245}}
May 31 12:28:50.962103 np0000001814 devstack@g-api.service[101946]: DEBUG glance.common.config [None req-fcded4a2-d6b3-4855-b73a-728bcf53e58a None None] max_request_id_length = 64 {{(pid=101946) log_opt_values /opt/stack/data/venv/lib/python3.12/site-packages/oslo_config/cfg.py:3245}}
May 31 12:28:50.962185 np0000001814 devstack@g-api.service[101946]: DEBUG glance.common.config [None req-fcded4a2-d6b3-4855-b73a-728bcf53e58a None None] metadata_encryption_key = **** {{(pid=101946) log_opt_values /opt/stack/data/venv/lib/python3.12/site-packages/oslo_config/cfg.py:3245}}
May 31 12:28:50.962273 np0000001814 devstack@g-api.service[101946]: DEBUG glance.common.config [None req-fcded4a2-d6b3-4855-b73a-728bcf53e58a None None] node_staging_uri = file:///tmp/staging/ {{(pid=101946) log_opt_values /opt/stack/data/venv/lib/python3.12/site-packages/oslo_config/cfg.py:3245}}
May 31 12:28:50.962354 np0000001814 devstack@g-api.service[101946]: DEBUG glance.common.config [None req-fcded4a2-d6b3-4855-b73a-728bcf53e58a None None] property_protection_file = None {{(pid=101946) log_opt_values /opt/stack/data/venv/lib/python3.12/site-packages/oslo_config/cfg.py:3245}}
May 31 12:28:50.962443 np0000001814 devstack@g-api.service[101946]: DEBUG glance.common.config [None req-fcded4a2-d6b3-4855-b73a-728bcf53e58a None None] property_protection_rule_format = roles {{(pid=101946) log_opt_values /opt/stack/data/venv/lib/python3.12/site-packages/oslo_config/cfg.py:3245}}
May 31 12:28:50.962543 np0000001814 devstack@g-api.service[101946]: DEBUG glance.common.config [None req-fcded4a2-d6b3-4855-b73a-728bcf53e58a None None] public_endpoint = https://10.4.3.96/image {{(pid=101946) log_opt_values /opt/stack/data/venv/lib/python3.12/site-packages/oslo_config/cfg.py:3245}}
May 31 12:28:50.962624 np0000001814 devstack@g-api.service[101946]: DEBUG glance.common.config [None req-fcded4a2-d6b3-4855-b73a-728bcf53e58a None None] publish_errors = False {{(pid=101946) log_opt_values /opt/stack/data/venv/lib/python3.12/site-packages/oslo_config/cfg.py:3245}}
May 31 12:28:50.962706 np0000001814 devstack@g-api.service[101946]: DEBUG glance.common.config [None req-fcded4a2-d6b3-4855-b73a-728bcf53e58a None None] pydev_worker_debug_host = None {{(pid=101946) log_opt_values /opt/stack/data/venv/lib/python3.12/site-packages/oslo_config/cfg.py:3245}}
May 31 12:28:50.962802 np0000001814 devstack@g-api.service[101946]: DEBUG glance.common.config [None req-fcded4a2-d6b3-4855-b73a-728bcf53e58a None None] pydev_worker_debug_port = 5678 {{(pid=101946) log_opt_values /opt/stack/data/venv/lib/python3.12/site-packages/oslo_config/cfg.py:3245}}
May 31 12:28:50.962885 np0000001814 devstack@g-api.service[101946]: DEBUG glance.common.config [None req-fcded4a2-d6b3-4855-b73a-728bcf53e58a None None] rate_limit_burst = 0 {{(pid=101946) log_opt_values /opt/stack/data/venv/lib/python3.12/site-packages/oslo_config/cfg.py:3245}}
May 31 12:28:50.962971 np0000001814 devstack@g-api.service[101946]: DEBUG glance.common.config [None req-fcded4a2-d6b3-4855-b73a-728bcf53e58a None None] rate_limit_except_level = CRITICAL {{(pid=101946) log_opt_values /opt/stack/data/venv/lib/python3.12/site-packages/oslo_config/cfg.py:3245}}
May 31 12:28:50.963051 np0000001814 devstack@g-api.service[101946]: DEBUG glance.common.config [None req-fcded4a2-d6b3-4855-b73a-728bcf53e58a None None] rate_limit_interval = 0 {{(pid=101946) log_opt_values /opt/stack/data/venv/lib/python3.12/site-packages/oslo_config/cfg.py:3245}}
May 31 12:28:50.963137 np0000001814 devstack@g-api.service[101946]: DEBUG glance.common.config [None req-fcded4a2-d6b3-4855-b73a-728bcf53e58a None None] scrub_pool_size = 1 {{(pid=101946) log_opt_values /opt/stack/data/venv/lib/python3.12/site-packages/oslo_config/cfg.py:3245}}
May 31 12:28:50.963215 np0000001814 devstack@g-api.service[101946]: DEBUG glance.common.config [None req-fcded4a2-d6b3-4855-b73a-728bcf53e58a None None] scrub_time = 0 {{(pid=101946) log_opt_values /opt/stack/data/venv/lib/python3.12/site-packages/oslo_config/cfg.py:3245}}
May 31 12:28:50.963294 np0000001814 devstack@g-api.service[101946]: DEBUG glance.common.config [None req-fcded4a2-d6b3-4855-b73a-728bcf53e58a None None] shell_completion = None {{(pid=101946) log_opt_values /opt/stack/data/venv/lib/python3.12/site-packages/oslo_config/cfg.py:3245}}
May 31 12:28:50.963381 np0000001814 devstack@g-api.service[101946]: DEBUG glance.common.config [None req-fcded4a2-d6b3-4855-b73a-728bcf53e58a None None] show_image_direct_url = False {{(pid=101946) log_opt_values /opt/stack/data/venv/lib/python3.12/site-packages/oslo_config/cfg.py:3245}}
May 31 12:28:50.963598 np0000001814 devstack@g-api.service[101946]: WARNING oslo_config.cfg [None req-fcded4a2-d6b3-4855-b73a-728bcf53e58a None None] Deprecated: Option "show_multiple_locations" from group "DEFAULT" is deprecated for removal (Use of this option, deprecated since Newton, is a security risk and will be removed once we figure out a way to satisfy those use cases that currently require it. An earlier announcement that the same functionality can be achieved with greater granularity by using policies is incorrect. You cannot work around this option via policy configuration at the present time, though that is the direction we believe the fix will take. Please keep an eye on the Glance release notes to stay up to date on progress in addressing this issue.). Its value may be silently ignored in the future.
May 31 12:28:50.963685 np0000001814 devstack@g-api.service[101946]: DEBUG glance.common.config [None req-fcded4a2-d6b3-4855-b73a-728bcf53e58a None None] show_multiple_locations = False {{(pid=101946) log_opt_values /opt/stack/data/venv/lib/python3.12/site-packages/oslo_config/cfg.py:3245}}
May 31 12:28:50.963804 np0000001814 devstack@g-api.service[101946]: DEBUG glance.common.config [None req-fcded4a2-d6b3-4855-b73a-728bcf53e58a None None] syslog_log_facility = LOG_USER {{(pid=101946) log_opt_values /opt/stack/data/venv/lib/python3.12/site-packages/oslo_config/cfg.py:3245}}
May 31 12:28:50.963888 np0000001814 devstack@g-api.service[101946]: DEBUG glance.common.config [None req-fcded4a2-d6b3-4855-b73a-728bcf53e58a None None] tcp_keepidle = 600 {{(pid=101946) log_opt_values /opt/stack/data/venv/lib/python3.12/site-packages/oslo_config/cfg.py:3245}}
May 31 12:28:50.963975 np0000001814 devstack@g-api.service[101946]: DEBUG glance.common.config [None req-fcded4a2-d6b3-4855-b73a-728bcf53e58a None None] transport_url = **** {{(pid=101946) log_opt_values /opt/stack/data/venv/lib/python3.12/site-packages/oslo_config/cfg.py:3245}}
May 31 12:28:50.964058 np0000001814 devstack@g-api.service[101946]: DEBUG glance.common.config [None req-fcded4a2-d6b3-4855-b73a-728bcf53e58a None None] use_journal = False {{(pid=101946) log_opt_values /opt/stack/data/venv/lib/python3.12/site-packages/oslo_config/cfg.py:3245}}
May 31 12:28:50.964140 np0000001814 devstack@g-api.service[101946]: DEBUG glance.common.config [None req-fcded4a2-d6b3-4855-b73a-728bcf53e58a None None] use_json = False {{(pid=101946) log_opt_values /opt/stack/data/venv/lib/python3.12/site-packages/oslo_config/cfg.py:3245}}
May 31 12:28:50.964226 np0000001814 devstack@g-api.service[101946]: DEBUG glance.common.config [None req-fcded4a2-d6b3-4855-b73a-728bcf53e58a None None] use_keystone_limits = True {{(pid=101946) log_opt_values /opt/stack/data/venv/lib/python3.12/site-packages/oslo_config/cfg.py:3245}}
May 31 12:28:50.964307 np0000001814 devstack@g-api.service[101946]: DEBUG glance.common.config [None req-fcded4a2-d6b3-4855-b73a-728bcf53e58a None None] use_stderr = False {{(pid=101946) log_opt_values /opt/stack/data/venv/lib/python3.12/site-packages/oslo_config/cfg.py:3245}}
May 31 12:28:50.964395 np0000001814 devstack@g-api.service[101946]: DEBUG glance.common.config [None req-fcded4a2-d6b3-4855-b73a-728bcf53e58a None None] use_syslog = False {{(pid=101946) log_opt_values /opt/stack/data/venv/lib/python3.12/site-packages/oslo_config/cfg.py:3245}}
May 31 12:28:50.964510 np0000001814 devstack@g-api.service[101946]: DEBUG glance.common.config [None req-fcded4a2-d6b3-4855-b73a-728bcf53e58a None None] user_storage_quota = 0 {{(pid=101946) log_opt_values /opt/stack/data/venv/lib/python3.12/site-packages/oslo_config/cfg.py:3245}}
May 31 12:28:50.964582 np0000001814 devstack@g-api.service[101946]: DEBUG glance.common.config [None req-fcded4a2-d6b3-4855-b73a-728bcf53e58a None None] worker_self_reference_url = http://127.0.0.1:60999 {{(pid=101946) log_opt_values /opt/stack/data/venv/lib/python3.12/site-packages/oslo_config/cfg.py:3245}}
May 31 12:28:50.964663 np0000001814 devstack@g-api.service[101946]: DEBUG glance.common.config [None req-fcded4a2-d6b3-4855-b73a-728bcf53e58a None None] workers = None {{(pid=101946) log_opt_values /opt/stack/data/venv/lib/python3.12/site-packages/oslo_config/cfg.py:3245}}
May 31 12:28:50.964773 np0000001814 devstack@g-api.service[101946]: DEBUG glance.common.config [None req-fcded4a2-d6b3-4855-b73a-728bcf53e58a None None] oslo_concurrency.disable_process_locking = False {{(pid=101946) log_opt_values /opt/stack/data/venv/lib/python3.12/site-packages/oslo_config/cfg.py:3256}}
May 31 12:28:50.964873 np0000001814 devstack@g-api.service[101946]: DEBUG glance.common.config [None req-fcded4a2-d6b3-4855-b73a-728bcf53e58a None None] oslo_concurrency.lock_path = /opt/stack/data/glance/locks {{(pid=101946) log_opt_values /opt/stack/data/venv/lib/python3.12/site-packages/oslo_config/cfg.py:3256}}
May 31 12:28:50.964967 np0000001814 devstack@g-api.service[101946]: DEBUG glance.common.config [None req-fcded4a2-d6b3-4855-b73a-728bcf53e58a None None] oslo_middleware.enable_proxy_headers_parsing = False {{(pid=101946) log_opt_values /opt/stack/data/venv/lib/python3.12/site-packages/oslo_config/cfg.py:3256}}
May 31 12:28:50.965056 np0000001814 devstack@g-api.service[101946]: DEBUG glance.common.config [None req-fcded4a2-d6b3-4855-b73a-728bcf53e58a None None] oslo_middleware.http_basic_auth_user_file = /etc/htpasswd {{(pid=101946) log_opt_values /opt/stack/data/venv/lib/python3.12/site-packages/oslo_config/cfg.py:3256}}
May 31 12:28:50.965143 np0000001814 devstack@g-api.service[101946]: DEBUG glance.common.config [None req-fcded4a2-d6b3-4855-b73a-728bcf53e58a None None] paste_deploy.config_file = None {{(pid=101946) log_opt_values /opt/stack/data/venv/lib/python3.12/site-packages/oslo_config/cfg.py:3256}}
May 31 12:28:50.965245 np0000001814 devstack@g-api.service[101946]: DEBUG glance.common.config [None req-fcded4a2-d6b3-4855-b73a-728bcf53e58a None None] paste_deploy.flavor = keystone+cachemanagement {{(pid=101946) log_opt_values /opt/stack/data/venv/lib/python3.12/site-packages/oslo_config/cfg.py:3256}}
May 31 12:28:50.965360 np0000001814 devstack@g-api.service[101946]: DEBUG glance.common.config [None req-fcded4a2-d6b3-4855-b73a-728bcf53e58a None None] image_format.container_formats = ['ami', 'ari', 'aki', 'bare', 'ovf', 'ova', 'docker', 'compressed'] {{(pid=101946) log_opt_values /opt/stack/data/venv/lib/python3.12/site-packages/oslo_config/cfg.py:3256}}
May 31 12:28:50.965493 np0000001814 devstack@g-api.service[101946]: DEBUG glance.common.config [None req-fcded4a2-d6b3-4855-b73a-728bcf53e58a None None] image_format.disk_formats = ['ami', 'ari', 'aki', 'vhd', 'vhdx', 'vmdk', 'raw', 'qcow2', 'vdi', 'iso', 'ploop'] {{(pid=101946) log_opt_values /opt/stack/data/venv/lib/python3.12/site-packages/oslo_config/cfg.py:3256}}
May 31 12:28:50.965587 np0000001814 devstack@g-api.service[101946]: DEBUG glance.common.config [None req-fcded4a2-d6b3-4855-b73a-728bcf53e58a None None] image_format.gpt_safety_checks_nonfatal = [] {{(pid=101946) log_opt_values /opt/stack/data/venv/lib/python3.12/site-packages/oslo_config/cfg.py:3256}}
May 31 12:28:50.965679 np0000001814 devstack@g-api.service[101946]: DEBUG glance.common.config [None req-fcded4a2-d6b3-4855-b73a-728bcf53e58a None None] image_format.require_image_format_match = True {{(pid=101946) log_opt_values /opt/stack/data/venv/lib/python3.12/site-packages/oslo_config/cfg.py:3256}}
May 31 12:28:50.965792 np0000001814 devstack@g-api.service[101946]: DEBUG glance.common.config [None req-fcded4a2-d6b3-4855-b73a-728bcf53e58a None None] image_format.vmdk_allowed_types = ['streamOptimized', 'monolithicSparse'] {{(pid=101946) log_opt_values /opt/stack/data/venv/lib/python3.12/site-packages/oslo_config/cfg.py:3256}}
May 31 12:28:50.965894 np0000001814 devstack@g-api.service[101946]: DEBUG glance.common.config [None req-fcded4a2-d6b3-4855-b73a-728bcf53e58a None None] task.task_executor = taskflow {{(pid=101946) log_opt_values /opt/stack/data/venv/lib/python3.12/site-packages/oslo_config/cfg.py:3256}}
