May 31 12:28:28.064611 np0000001814 nova-scheduler[95714]: DEBUG cotyledon.oslo_config_glue [-] oslo_limit.endpoint_override = None {{(pid=95714) log_opt_values /opt/stack/data/venv/lib/python3.12/site-packages/oslo_config/cfg.py:3256}}
May 31 12:28:28.064611 np0000001814 nova-scheduler[95714]: DEBUG cotyledon.oslo_config_glue [-] oslo_limit.endpoint_region_name = None {{(pid=95714) log_opt_values /opt/stack/data/venv/lib/python3.12/site-packages/oslo_config/cfg.py:3256}}
May 31 12:28:28.064611 np0000001814 nova-scheduler[95714]: DEBUG cotyledon.oslo_config_glue [-] oslo_limit.endpoint_service_name = None {{(pid=95714) log_opt_values /opt/stack/data/venv/lib/python3.12/site-packages/oslo_config/cfg.py:3256}}
May 31 12:28:28.064804 np0000001814 nova-scheduler[95714]: DEBUG cotyledon.oslo_config_glue [-] oslo_limit.endpoint_service_type = None {{(pid=95714) log_opt_values /opt/stack/data/venv/lib/python3.12/site-packages/oslo_config/cfg.py:3256}}
May 31 12:28:28.064804 np0000001814 nova-scheduler[95714]: DEBUG cotyledon.oslo_config_glue [-] oslo_limit.insecure = False {{(pid=95714) log_opt_values /opt/stack/data/venv/lib/python3.12/site-packages/oslo_config/cfg.py:3256}}
May 31 12:28:28.064804 np0000001814 nova-scheduler[95714]: DEBUG cotyledon.oslo_config_glue [-] oslo_limit.keyfile = None {{(pid=95714) log_opt_values /opt/stack/data/venv/lib/python3.12/site-packages/oslo_config/cfg.py:3256}}
May 31 12:28:28.064804 np0000001814 nova-scheduler[95714]: DEBUG cotyledon.oslo_config_glue [-] oslo_limit.max_version = None {{(pid=95714) log_opt_values /opt/stack/data/venv/lib/python3.12/site-packages/oslo_config/cfg.py:3256}}
May 31 12:28:28.064804 np0000001814 nova-scheduler[95714]: DEBUG cotyledon.oslo_config_glue [-] oslo_limit.min_version = None {{(pid=95714) log_opt_values /opt/stack/data/venv/lib/python3.12/site-packages/oslo_config/cfg.py:3256}}
May 31 12:28:28.064804 np0000001814 nova-scheduler[95714]: DEBUG cotyledon.oslo_config_glue [-] oslo_limit.region_name = None {{(pid=95714) log_opt_values /opt/stack/data/venv/lib/python3.12/site-packages/oslo_config/cfg.py:3256}}
May 31 12:28:28.064804 np0000001814 nova-scheduler[95714]: DEBUG cotyledon.oslo_config_glue [-] oslo_limit.retriable_status_codes = None {{(pid=95714) log_opt_values /opt/stack/data/venv/lib/python3.12/site-packages/oslo_config/cfg.py:3256}}
May 31 12:28:28.064804 np0000001814 nova-scheduler[95714]: DEBUG cotyledon.oslo_config_glue [-] oslo_limit.service_name = None {{(pid=95714) log_opt_values /opt/stack/data/venv/lib/python3.12/site-packages/oslo_config/cfg.py:3256}}
May 31 12:28:28.064804 np0000001814 nova-scheduler[95714]: DEBUG cotyledon.oslo_config_glue [-] oslo_limit.service_type = None {{(pid=95714) log_opt_values /opt/stack/data/venv/lib/python3.12/site-packages/oslo_config/cfg.py:3256}}
May 31 12:28:28.065011 np0000001814 nova-scheduler[95714]: DEBUG cotyledon.oslo_config_glue [-] oslo_limit.split_loggers = False {{(pid=95714) log_opt_values /opt/stack/data/venv/lib/python3.12/site-packages/oslo_config/cfg.py:3256}}
May 31 12:28:28.065011 np0000001814 nova-scheduler[95714]: DEBUG cotyledon.oslo_config_glue [-] oslo_limit.status_code_retries = None {{(pid=95714) log_opt_values /opt/stack/data/venv/lib/python3.12/site-packages/oslo_config/cfg.py:3256}}
May 31 12:28:28.065011 np0000001814 nova-scheduler[95714]: DEBUG cotyledon.oslo_config_glue [-] oslo_limit.status_code_retry_delay = None {{(pid=95714) log_opt_values /opt/stack/data/venv/lib/python3.12/site-packages/oslo_config/cfg.py:3256}}
May 31 12:28:28.065011 np0000001814 nova-scheduler[95714]: DEBUG cotyledon.oslo_config_glue [-] oslo_limit.timeout = None {{(pid=95714) log_opt_values /opt/stack/data/venv/lib/python3.12/site-packages/oslo_config/cfg.py:3256}}
May 31 12:28:28.065011 np0000001814 nova-scheduler[95714]: DEBUG cotyledon.oslo_config_glue [-] oslo_limit.valid_interfaces = None {{(pid=95714) log_opt_values /opt/stack/data/venv/lib/python3.12/site-packages/oslo_config/cfg.py:3256}}
May 31 12:28:28.065011 np0000001814 nova-scheduler[95714]: DEBUG cotyledon.oslo_config_glue [-] oslo_limit.version = None {{(pid=95714) log_opt_values /opt/stack/data/venv/lib/python3.12/site-packages/oslo_config/cfg.py:3256}}
May 31 12:28:28.065011 np0000001814 nova-scheduler[95714]: DEBUG cotyledon.oslo_config_glue [-] oslo_reports.file_event_handler = None {{(pid=95714) log_opt_values /opt/stack/data/venv/lib/python3.12/site-packages/oslo_config/cfg.py:3256}}
May 31 12:28:28.065011 np0000001814 nova-scheduler[95714]: DEBUG cotyledon.oslo_config_glue [-] oslo_reports.file_event_handler_interval = 1 {{(pid=95714) log_opt_values /opt/stack/data/venv/lib/python3.12/site-packages/oslo_config/cfg.py:3256}}
May 31 12:28:28.065011 np0000001814 nova-scheduler[95714]: DEBUG cotyledon.oslo_config_glue [-] oslo_reports.log_dir = None {{(pid=95714) log_opt_values /opt/stack/data/venv/lib/python3.12/site-packages/oslo_config/cfg.py:3256}}
May 31 12:28:28.065168 np0000001814 nova-scheduler[95714]: DEBUG cotyledon.oslo_config_glue [-] ******************************************************************************** {{(pid=95714) log_opt_values /opt/stack/data/venv/lib/python3.12/site-packages/oslo_config/cfg.py:3263}}
May 31 12:28:28.065168 np0000001814 nova-scheduler[95714]: DEBUG cotyledon._service_worker [-] Run service ServiceWrapper(2) [95714] {{(pid=95714) wait_forever /opt/stack/data/venv/lib/python3.12/site-packages/cotyledon/_service_worker.py:218}}
May 31 12:28:28.065213 np0000001814 nova-scheduler[95712]: INFO dbcounter [None req-8daa3aeb-4997-40b9-b854-3558eeb70932 None None] Registered counter for database nova_cell0
May 31 12:28:28.065236 np0000001814 nova-scheduler[95714]: INFO nova.service [-] Starting scheduler node (version 33.1.0)
May 31 12:28:28.065236 np0000001814 nova-scheduler[95714]: INFO dbcounter [None req-2c8bf788-61ea-424b-a247-dc1c59aab25b None None] Registered counter for database nova_cell0
May 31 12:28:28.065272 np0000001814 nova-scheduler[95710]: DEBUG oslo_db.sqlalchemy.engines [None req-85ff11e8-8f2e-4234-95d3-226f277bc73c None None] MySQL server mode set to STRICT_TRANS_TABLES,STRICT_ALL_TABLES,NO_ZERO_IN_DATE,NO_ZERO_DATE,ERROR_FOR_DIVISION_BY_ZERO,TRADITIONAL,NO_ENGINE_SUBSTITUTION {{(pid=95710) _check_effective_sql_mode /opt/stack/data/venv/lib/python3.12/site-packages/oslo_db/sqlalchemy/engines.py:325}}
May 31 12:28:28.067772 np0000001814 nova-scheduler[95710]: DEBUG dbcounter [-] [95710] Writer thread running {{(pid=95710) stat_writer /opt/stack/data/venv/lib/python3.12/site-packages/dbcounter.py:102}}
May 31 12:28:28.082431 np0000001814 nova-scheduler[95710]: DEBUG nova.service [None req-85ff11e8-8f2e-4234-95d3-226f277bc73c None None] Creating RPC server for service: nova-scheduler on topic: scheduler {{(pid=95710) start /opt/stack/nova/nova/service.py:195}}
May 31 12:28:28.100356 np0000001814 nova-scheduler[95712]: DEBUG oslo_db.sqlalchemy.engines [None req-8daa3aeb-4997-40b9-b854-3558eeb70932 None None] MySQL server mode set to STRICT_TRANS_TABLES,STRICT_ALL_TABLES,NO_ZERO_IN_DATE,NO_ZERO_DATE,ERROR_FOR_DIVISION_BY_ZERO,TRADITIONAL,NO_ENGINE_SUBSTITUTION {{(pid=95712) _check_effective_sql_mode /opt/stack/data/venv/lib/python3.12/site-packages/oslo_db/sqlalchemy/engines.py:325}}
May 31 12:28:28.105057 np0000001814 nova-scheduler[95714]: DEBUG oslo_db.sqlalchemy.engines [None req-2c8bf788-61ea-424b-a247-dc1c59aab25b None None] MySQL server mode set to STRICT_TRANS_TABLES,STRICT_ALL_TABLES,NO_ZERO_IN_DATE,NO_ZERO_DATE,ERROR_FOR_DIVISION_BY_ZERO,TRADITIONAL,NO_ENGINE_SUBSTITUTION {{(pid=95714) _check_effective_sql_mode /opt/stack/data/venv/lib/python3.12/site-packages/oslo_db/sqlalchemy/engines.py:325}}
May 31 12:28:28.110155 np0000001814 nova-scheduler[95712]: DEBUG dbcounter [-] [95712] Writer thread running {{(pid=95712) stat_writer /opt/stack/data/venv/lib/python3.12/site-packages/dbcounter.py:102}}
May 31 12:28:28.113262 np0000001814 nova-scheduler[95712]: DEBUG nova.service [None req-8daa3aeb-4997-40b9-b854-3558eeb70932 None None] Creating RPC server for service: nova-scheduler on topic: scheduler {{(pid=95712) start /opt/stack/nova/nova/service.py:195}}
May 31 12:28:28.114827 np0000001814 nova-scheduler[95714]: DEBUG dbcounter [-] [95714] Writer thread running {{(pid=95714) stat_writer /opt/stack/data/venv/lib/python3.12/site-packages/dbcounter.py:102}}
May 31 12:28:28.115684 np0000001814 nova-scheduler[95710]: DEBUG nova.service [None req-85ff11e8-8f2e-4234-95d3-226f277bc73c None None] Join ServiceGroup membership for this service scheduler {{(pid=95710) start /opt/stack/nova/nova/service.py:221}}
May 31 12:28:28.115974 np0000001814 nova-scheduler[95710]: DEBUG nova.servicegroup.drivers.db [None req-85ff11e8-8f2e-4234-95d3-226f277bc73c None None] DB_Driver: join new ServiceGroup member np0000001814 to the scheduler group, service = {{(pid=95710) join /opt/stack/nova/nova/servicegroup/drivers/db.py:44}}
May 31 12:28:28.117544 np0000001814 nova-scheduler[95714]: DEBUG nova.service [None req-2c8bf788-61ea-424b-a247-dc1c59aab25b None None] Creating RPC server for service: nova-scheduler on topic: scheduler {{(pid=95714) start /opt/stack/nova/nova/service.py:195}}
May 31 12:28:28.135772 np0000001814 nova-scheduler[95714]: DEBUG nova.service [None req-2c8bf788-61ea-424b-a247-dc1c59aab25b None None] Join ServiceGroup membership for this service scheduler {{(pid=95714) start /opt/stack/nova/nova/service.py:221}}
May 31 12:28:28.136023 np0000001814 nova-scheduler[95714]: DEBUG nova.servicegroup.drivers.db [None req-2c8bf788-61ea-424b-a247-dc1c59aab25b None None] DB_Driver: join new ServiceGroup member np0000001814 to the scheduler group, service = {{(pid=95714) join /opt/stack/nova/nova/servicegroup/drivers/db.py:44}}
May 31 12:28:28.136858 np0000001814 nova-scheduler[95712]: DEBUG nova.service [None req-8daa3aeb-4997-40b9-b854-3558eeb70932 None None] Join ServiceGroup membership for this service scheduler {{(pid=95712) start /opt/stack/nova/nova/service.py:221}}
May 31 12:28:28.137432 np0000001814 nova-scheduler[95712]: DEBUG nova.servicegroup.drivers.db [None req-8daa3aeb-4997-40b9-b854-3558eeb70932 None None] DB_Driver: join new ServiceGroup member np0000001814 to the scheduler group, service = {{(pid=95712) join /opt/stack/nova/nova/servicegroup/drivers/db.py:44}}
May 31 12:28:31.117917 np0000001814 nova-scheduler[95710]: DEBUG oslo.service.backend._threading.loopingcall [None req-6b34fefe-e708-4687-af95-d02e89a3afad None None] Dynamic interval looping call 'nova.service.Service.periodic_tasks' sleeping for 60.00 seconds {{(pid=95710) _run_loop /opt/stack/data/venv/lib/python3.12/site-packages/oslo_service/backend/_threading/loopingcall.py:125}}
May 31 12:28:33.129283 np0000001814 nova-scheduler[95710]: DEBUG oslo.service.backend._threading.loopingcall [-] Fixed interval looping call 'nova.servicegroup.drivers.db.DbDriver._report_state' sleeping for 119.99 seconds {{(pid=95710) _run_loop /opt/stack/data/venv/lib/python3.12/site-packages/oslo_service/backend/_threading/loopingcall.py:125}}
May 31 12:28:33.146606 np0000001814 nova-scheduler[95714]: DEBUG oslo.service.backend._threading.loopingcall [-] Fixed interval looping call 'nova.servicegroup.drivers.db.DbDriver._report_state' sleeping for 119.99 seconds {{(pid=95714) _run_loop /opt/stack/data/venv/lib/python3.12/site-packages/oslo_service/backend/_threading/loopingcall.py:125}}
May 31 12:28:33.148652 np0000001814 nova-scheduler[95712]: DEBUG oslo.service.backend._threading.loopingcall [-] Fixed interval looping call 'nova.servicegroup.drivers.db.DbDriver._report_state' sleeping for 119.99 seconds {{(pid=95712) _run_loop /opt/stack/data/venv/lib/python3.12/site-packages/oslo_service/backend/_threading/loopingcall.py:125}}
May 31 12:28:36.619639 np0000001814 nova-scheduler[94441]: DEBUG dbcounter [-] [94441] Writing DB stats nova_api:SELECT=3 {{(pid=94441) stat_writer /opt/stack/data/venv/lib/python3.12/site-packages/dbcounter.py:115}}
May 31 12:28:36.759128 np0000001814 nova-scheduler[94441]: DEBUG dbcounter [-] [94441] Writing DB stats nova_cell0:SELECT=1 {{(pid=94441) stat_writer /opt/stack/data/venv/lib/python3.12/site-packages/dbcounter.py:115}}
May 31 12:28:36.766227 np0000001814 nova-scheduler[94441]: DEBUG dbcounter [-] [94441] Writing DB stats nova_cell1:SELECT=1 {{(pid=94441) stat_writer /opt/stack/data/venv/lib/python3.12/site-packages/dbcounter.py:115}}
May 31 12:28:37.140107 np0000001814 nova-scheduler[95712]: DEBUG oslo.service.backend._threading.loopingcall [None req-59fa1d22-e914-414e-a2ca-f0de1ba1a9be None None] Dynamic interval looping call 'nova.service.Service.periodic_tasks' sleeping for 60.00 seconds {{(pid=95712) _run_loop /opt/stack/data/venv/lib/python3.12/site-packages/oslo_service/backend/_threading/loopingcall.py:125}}
May 31 12:28:43.126207 np0000001814 nova-scheduler[95710]: DEBUG dbcounter [-] [95710] Writing DB stats nova_cell0:SELECT=4,nova_cell0:INSERT=1,nova_cell0:UPDATE=1 {{(pid=95710) stat_writer /opt/stack/data/venv/lib/python3.12/site-packages/dbcounter.py:115}}
May 31 12:28:43.145016 np0000001814 nova-scheduler[95714]: DEBUG dbcounter [-] [95714] Writing DB stats nova_cell0:SELECT=3 {{(pid=95714) stat_writer /opt/stack/data/venv/lib/python3.12/site-packages/dbcounter.py:115}}
May 31 12:28:43.145992 np0000001814 nova-scheduler[95712]: DEBUG dbcounter [-] [95712] Writing DB stats nova_cell0:SELECT=3 {{(pid=95712) stat_writer /opt/stack/data/venv/lib/python3.12/site-packages/dbcounter.py:115}}
May 31 12:29:21.138383 np0000001814 nova-scheduler[95714]: DEBUG oslo.service.backend._threading.loopingcall [None req-c0d56ecd-1fd0-4076-bf10-edd041d8ac11 None None] Dynamic interval looping call 'nova.service.Service.periodic_tasks' sleeping for 60.00 seconds {{(pid=95714) _run_loop /opt/stack/data/venv/lib/python3.12/site-packages/oslo_service/backend/_threading/loopingcall.py:125}}
May 31 12:29:31.118368 np0000001814 nova-scheduler[95710]: DEBUG oslo.service.backend._threading.loopingcall [None req-6b34fefe-e708-4687-af95-d02e89a3afad None None] Dynamic interval looping call 'nova.service.Service.periodic_tasks' sleeping for 60.00 seconds {{(pid=95710) _run_loop /opt/stack/data/venv/lib/python3.12/site-packages/oslo_service/backend/_threading/loopingcall.py:125}}
May 31 12:29:37.140591 np0000001814 nova-scheduler[95712]: DEBUG oslo.service.backend._threading.loopingcall [None req-59fa1d22-e914-414e-a2ca-f0de1ba1a9be None None] Dynamic interval looping call 'nova.service.Service.periodic_tasks' sleeping for 60.00 seconds {{(pid=95712) _run_loop /opt/stack/data/venv/lib/python3.12/site-packages/oslo_service/backend/_threading/loopingcall.py:125}}
May 31 12:30:21.139057 np0000001814 nova-scheduler[95714]: DEBUG oslo.service.backend._threading.loopingcall [None req-c0d56ecd-1fd0-4076-bf10-edd041d8ac11 None None] Dynamic interval looping call 'nova.service.Service.periodic_tasks' sleeping for 60.00 seconds {{(pid=95714) _run_loop /opt/stack/data/venv/lib/python3.12/site-packages/oslo_service/backend/_threading/loopingcall.py:125}}
May 31 12:30:31.118995 np0000001814 nova-scheduler[95710]: DEBUG oslo.service.backend._threading.loopingcall [None req-6b34fefe-e708-4687-af95-d02e89a3afad None None] Dynamic interval looping call 'nova.service.Service.periodic_tasks' sleeping for 60.00 seconds {{(pid=95710) _run_loop /opt/stack/data/venv/lib/python3.12/site-packages/oslo_service/backend/_threading/loopingcall.py:125}}
May 31 12:30:33.128328 np0000001814 nova-scheduler[95710]: DEBUG oslo.service.backend._threading.loopingcall [-] Fixed interval looping call 'nova.servicegroup.drivers.db.DbDriver._report_state' sleeping for 119.99 seconds {{(pid=95710) _run_loop /opt/stack/data/venv/lib/python3.12/site-packages/oslo_service/backend/_threading/loopingcall.py:125}}
May 31 12:30:33.140203 np0000001814 nova-scheduler[95714]: DEBUG oslo.service.backend._threading.loopingcall [-] Fixed interval looping call 'nova.servicegroup.drivers.db.DbDriver._report_state' sleeping for 120.00 seconds {{(pid=95714) _run_loop /opt/stack/data/venv/lib/python3.12/site-packages/oslo_service/backend/_threading/loopingcall.py:125}}
May 31 12:30:33.142152 np0000001814 nova-scheduler[95712]: DEBUG oslo.service.backend._threading.loopingcall [-] Fixed interval looping call 'nova.servicegroup.drivers.db.DbDriver._report_state' sleeping for 120.00 seconds {{(pid=95712) _run_loop /opt/stack/data/venv/lib/python3.12/site-packages/oslo_service/backend/_threading/loopingcall.py:125}}
May 31 12:30:37.141136 np0000001814 nova-scheduler[95712]: DEBUG oslo.service.backend._threading.loopingcall [None req-59fa1d22-e914-414e-a2ca-f0de1ba1a9be None None] Dynamic interval looping call 'nova.service.Service.periodic_tasks' sleeping for 60.00 seconds {{(pid=95712) _run_loop /opt/stack/data/venv/lib/python3.12/site-packages/oslo_service/backend/_threading/loopingcall.py:125}}
May 31 12:30:43.123203 np0000001814 nova-scheduler[95710]: DEBUG dbcounter [-] [95710] Writing DB stats nova_cell0:SELECT=1,nova_cell0:UPDATE=1 {{(pid=95710) stat_writer /opt/stack/data/venv/lib/python3.12/site-packages/dbcounter.py:115}}
May 31 12:30:43.138264 np0000001814 nova-scheduler[95714]: DEBUG dbcounter [-] [95714] Writing DB stats nova_cell0:SELECT=1 {{(pid=95714) stat_writer /opt/stack/data/venv/lib/python3.12/site-packages/dbcounter.py:115}}
May 31 12:30:43.140491 np0000001814 nova-scheduler[95712]: DEBUG dbcounter [-] [95712] Writing DB stats nova_cell0:SELECT=1 {{(pid=95712) stat_writer /opt/stack/data/venv/lib/python3.12/site-packages/dbcounter.py:115}}
May 31 12:31:10.645932 np0000001814 nova-scheduler[95710]: DEBUG nova.scheduler.manager [None req-4a05cb0b-5b7b-42bf-ae50-e5543d247a7f tempest-DeleteServersTestJSON-603125725 tempest-DeleteServersTestJSON-603125725-project-member] Starting to schedule for instances: ['4bfc1f70-dfec-4946-8348-b97c927217d4'] {{(pid=95710) select_destinations /opt/stack/nova/nova/scheduler/manager.py:210}}
May 31 12:31:10.647097 np0000001814 nova-scheduler[95710]: DEBUG nova.scheduler.request_filter [None req-4a05cb0b-5b7b-42bf-ae50-e5543d247a7f tempest-DeleteServersTestJSON-603125725 tempest-DeleteServersTestJSON-603125725-project-member] compute_status_filter request filter added forbidden trait COMPUTE_STATUS_DISABLED {{(pid=95710) compute_status_filter /opt/stack/nova/nova/scheduler/request_filter.py:253}}
May 31 12:31:10.647284 np0000001814 nova-scheduler[95710]: DEBUG nova.scheduler.request_filter [None req-4a05cb0b-5b7b-42bf-ae50-e5543d247a7f tempest-DeleteServersTestJSON-603125725 tempest-DeleteServersTestJSON-603125725-project-member] Request filter 'compute_status_filter' took 0.0 seconds {{(pid=95710) wrapper /opt/stack/nova/nova/scheduler/request_filter.py:46}}
May 31 12:31:10.647562 np0000001814 nova-scheduler[95710]: DEBUG nova.scheduler.request_filter [None req-4a05cb0b-5b7b-42bf-ae50-e5543d247a7f tempest-DeleteServersTestJSON-603125725 tempest-DeleteServersTestJSON-603125725-project-member] Request filter 'accelerators_filter' took 0.0 seconds {{(pid=95710) wrapper /opt/stack/nova/nova/scheduler/request_filter.py:46}}
May 31 12:31:10.647815 np0000001814 nova-scheduler[95710]: DEBUG nova.scheduler.request_filter [None req-4a05cb0b-5b7b-42bf-ae50-e5543d247a7f tempest-DeleteServersTestJSON-603125725 tempest-DeleteServersTestJSON-603125725-project-member] Request filter 'packed_virtqueue_filter' took 0.0 seconds {{(pid=95710) wrapper /opt/stack/nova/nova/scheduler/request_filter.py:46}}
May 31 12:31:10.648268 np0000001814 nova-scheduler[95710]: DEBUG nova.scheduler.request_filter [None req-4a05cb0b-5b7b-42bf-ae50-e5543d247a7f tempest-DeleteServersTestJSON-603125725 tempest-DeleteServersTestJSON-603125725-project-member] Request filter 'remote_managed_ports_filter' took 0.0 seconds {{(pid=95710) wrapper /opt/stack/nova/nova/scheduler/request_filter.py:46}}
May 31 12:31:10.648699 np0000001814 nova-scheduler[95710]: DEBUG nova.scheduler.request_filter [None req-4a05cb0b-5b7b-42bf-ae50-e5543d247a7f tempest-DeleteServersTestJSON-603125725 tempest-DeleteServersTestJSON-603125725-project-member] ephemeral_encryption_filter skipped {{(pid=95710) ephemeral_encryption_filter /opt/stack/nova/nova/scheduler/request_filter.py:426}}
May 31 12:31:10.648877 np0000001814 nova-scheduler[95710]: DEBUG nova.scheduler.request_filter [None req-4a05cb0b-5b7b-42bf-ae50-e5543d247a7f tempest-DeleteServersTestJSON-603125725 tempest-DeleteServersTestJSON-603125725-project-member] virtio_sound_filter skipped {{(pid=95710) virtio_sound_filter /opt/stack/nova/nova/scheduler/request_filter.py:460}}
May 31 12:31:10.649019 np0000001814 nova-scheduler[95710]: DEBUG nova.scheduler.request_filter [None req-4a05cb0b-5b7b-42bf-ae50-e5543d247a7f tempest-DeleteServersTestJSON-603125725 tempest-DeleteServersTestJSON-603125725-project-member] tpm_secret_security_filter skipped {{(pid=95710) tpm_secret_security_filter /opt/stack/nova/nova/scheduler/request_filter.py:477}}
May 31 12:31:11.266892 np0000001814 nova-scheduler[95710]: INFO nova.utils [None req-4a05cb0b-5b7b-42bf-ae50-e5543d247a7f tempest-DeleteServersTestJSON-603125725 tempest-DeleteServersTestJSON-603125725-project-member] The cell worker thread pool ForkProcess-1.cell_worker is initialized
May 31 12:31:11.269281 np0000001814 nova-scheduler[95710]: DEBUG oslo_concurrency.lockutils [None req-4a05cb0b-5b7b-42bf-ae50-e5543d247a7f tempest-DeleteServersTestJSON-603125725 tempest-DeleteServersTestJSON-603125725-project-member] Acquiring lock "6acc17c0-a3b6-435c-879b-e6aacd6c3e2d" by "nova.context.set_target_cell..get_or_set_cached_cell_and_set_connections" {{(pid=95710) inner /opt/stack/data/venv/lib/python3.12/site-packages/oslo_concurrency/lockutils.py:511}}
May 31 12:31:11.269281 np0000001814 nova-scheduler[95710]: DEBUG oslo_concurrency.lockutils [None req-4a05cb0b-5b7b-42bf-ae50-e5543d247a7f tempest-DeleteServersTestJSON-603125725 tempest-DeleteServersTestJSON-603125725-project-member] Lock "6acc17c0-a3b6-435c-879b-e6aacd6c3e2d" acquired by "nova.context.set_target_cell..get_or_set_cached_cell_and_set_connections" :: waited 0.000s {{(pid=95710) inner /opt/stack/data/venv/lib/python3.12/site-packages/oslo_concurrency/lockutils.py:524}}
May 31 12:31:11.270707 np0000001814 nova-scheduler[95710]: DEBUG oslo_concurrency.lockutils [None req-4a05cb0b-5b7b-42bf-ae50-e5543d247a7f tempest-DeleteServersTestJSON-603125725 tempest-DeleteServersTestJSON-603125725-project-member] Lock "6acc17c0-a3b6-435c-879b-e6aacd6c3e2d" "released" by "nova.context.set_target_cell..get_or_set_cached_cell_and_set_connections" :: held 0.002s {{(pid=95710) inner /opt/stack/data/venv/lib/python3.12/site-packages/oslo_concurrency/lockutils.py:543}}
May 31 12:31:11.272273 np0000001814 nova-scheduler[95710]: INFO dbcounter [None req-4a05cb0b-5b7b-42bf-ae50-e5543d247a7f tempest-DeleteServersTestJSON-603125725 tempest-DeleteServersTestJSON-603125725-project-member] Registered counter for database nova_cell1
May 31 12:31:11.331200 np0000001814 nova-scheduler[95710]: DEBUG oslo_db.sqlalchemy.engines [None req-4a05cb0b-5b7b-42bf-ae50-e5543d247a7f tempest-DeleteServersTestJSON-603125725 tempest-DeleteServersTestJSON-603125725-project-member] MySQL server mode set to STRICT_TRANS_TABLES,STRICT_ALL_TABLES,NO_ZERO_IN_DATE,NO_ZERO_DATE,ERROR_FOR_DIVISION_BY_ZERO,TRADITIONAL,NO_ENGINE_SUBSTITUTION {{(pid=95710) _check_effective_sql_mode /opt/stack/data/venv/lib/python3.12/site-packages/oslo_db/sqlalchemy/engines.py:325}}
May 31 12:31:11.336668 np0000001814 nova-scheduler[95710]: DEBUG dbcounter [-] [95710] Writer thread running {{(pid=95710) stat_writer /opt/stack/data/venv/lib/python3.12/site-packages/dbcounter.py:102}}
May 31 12:31:11.348328 np0000001814 nova-scheduler[95710]: DEBUG oslo_db.sqlalchemy.engines [None req-4a05cb0b-5b7b-42bf-ae50-e5543d247a7f tempest-DeleteServersTestJSON-603125725 tempest-DeleteServersTestJSON-603125725-project-member] Parent process 94441 forked (95710) with an open database connection, which is being discarded and recreated. {{(pid=95710) checkout /opt/stack/data/venv/lib/python3.12/site-packages/oslo_db/sqlalchemy/engines.py:402}}
May 31 12:31:11.395515 np0000001814 nova-scheduler[95710]: DEBUG dbcounter [-] [95710] Writer thread running {{(pid=95710) stat_writer /opt/stack/data/venv/lib/python3.12/site-packages/dbcounter.py:102}}
May 31 12:31:11.399101 np0000001814 nova-scheduler[95710]: DEBUG oslo_concurrency.lockutils [None req-4a05cb0b-5b7b-42bf-ae50-e5543d247a7f tempest-DeleteServersTestJSON-603125725 tempest-DeleteServersTestJSON-603125725-project-member] Acquiring lock "6acc17c0-a3b6-435c-879b-e6aacd6c3e2d" by "nova.context.set_target_cell..get_or_set_cached_cell_and_set_connections" {{(pid=95710) inner /opt/stack/data/venv/lib/python3.12/site-packages/oslo_concurrency/lockutils.py:511}}
May 31 12:31:11.400840 np0000001814 nova-scheduler[95710]: DEBUG oslo_concurrency.lockutils [None req-4a05cb0b-5b7b-42bf-ae50-e5543d247a7f tempest-DeleteServersTestJSON-603125725 tempest-DeleteServersTestJSON-603125725-project-member] Lock "6acc17c0-a3b6-435c-879b-e6aacd6c3e2d" acquired by "nova.context.set_target_cell..get_or_set_cached_cell_and_set_connections" :: waited 0.001s {{(pid=95710) inner /opt/stack/data/venv/lib/python3.12/site-packages/oslo_concurrency/lockutils.py:524}}
May 31 12:31:11.400840 np0000001814 nova-scheduler[95710]: DEBUG oslo_concurrency.lockutils [None req-4a05cb0b-5b7b-42bf-ae50-e5543d247a7f tempest-DeleteServersTestJSON-603125725 tempest-DeleteServersTestJSON-603125725-project-member] Lock "6acc17c0-a3b6-435c-879b-e6aacd6c3e2d" "released" by "nova.context.set_target_cell..get_or_set_cached_cell_and_set_connections" :: held 0.000s {{(pid=95710) inner /opt/stack/data/venv/lib/python3.12/site-packages/oslo_concurrency/lockutils.py:543}}
May 31 12:31:11.404639 np0000001814 nova-scheduler[95710]: DEBUG oslo_concurrency.lockutils [None req-4a05cb0b-5b7b-42bf-ae50-e5543d247a7f tempest-DeleteServersTestJSON-603125725 tempest-DeleteServersTestJSON-603125725-project-member] Acquiring lock "('np0000001814', 'np0000001814')" by "nova.scheduler.host_manager.HostState.update.._locked_update" {{(pid=95710) inner /opt/stack/data/venv/lib/python3.12/site-packages/oslo_concurrency/lockutils.py:511}}
May 31 12:31:11.406377 np0000001814 nova-scheduler[95710]: DEBUG oslo_concurrency.lockutils [None req-4a05cb0b-5b7b-42bf-ae50-e5543d247a7f tempest-DeleteServersTestJSON-603125725 tempest-DeleteServersTestJSON-603125725-project-member] Lock "('np0000001814', 'np0000001814')" acquired by "nova.scheduler.host_manager.HostState.update.._locked_update" :: waited 0.001s {{(pid=95710) inner /opt/stack/data/venv/lib/python3.12/site-packages/oslo_concurrency/lockutils.py:524}}
May 31 12:31:11.406559 np0000001814 nova-scheduler[95710]: DEBUG nova.scheduler.host_manager [None req-4a05cb0b-5b7b-42bf-ae50-e5543d247a7f tempest-DeleteServersTestJSON-603125725 tempest-DeleteServersTestJSON-603125725-project-member] Update host state from compute node: ComputeNode(cpu_allocation_ratio=4.0,cpu_info='{"arch": "x86_64", "model": "EPYC-Milan", "vendor": "AMD", "topology": {"cells": 1, "sockets": 12, "cores": 1, "threads": 1}, "maxphysaddr": {"mode": "emulate", "bits": 40}, "features": ["v-vmsave-vmload", "x2apic", "clwb", "arat", "amd-psfd", "bmi1", "lbrv", "virt-ssbd", "rdrand", "sse4.1", "sse4.2", "pdpe1gb", "pku", "null-sel-clr-base", "sep", "clflushopt", "popcnt", "vaes", "lm", "tsc", "wbnoinvd", "cmp_legacy", "skip-l1dfl-vmentry", "rdctl-no", "fsgsbase", "pclmuldq", "pae", "fma", "sha-ni", "flushbyasid", "rdpid", "pschange-mc-no", "pni", "fpu", "xsavec", "cx16", "abm", "sse", "vme", "sse4a", "cmov", "hypervisor", "syscall", "gds-no", "pse36", "misalignsse", "tsc_adjust", "mmxext", "adx", "movbe", "mtrr", "mce", "smap", "invpcid", "de", "spec-ctrl", "apic", "xgetbv1", "ibpb", "amd-stibp", "xsaves", "perfctr_core", "fsrm", "ssbd", "sse2", "mds-no", "vgif", "3dnowprefetch", "mmx", "nx", "bmi2", "f16c", "osvw", "stibp", "amd-ssbd", "fxsr", "pfthreshold", "pat", "lahf_lm", "topoext", "svm", "umip", "npt", "smep", "xsaveerptr", "clflush", "erms", "xsave", "pge", "svme-addr-chk", "stibp-always-on", "pse", "rdseed", "xsaveopt", "ibrs", "cr8legacy", "no-nested-data-bp", "tsc-scale", "avx", "nrip-save", "vmcb-clean", "pcid", "vpclmulqdq", "arch-capabilities", "mca", "rdtscp", "tsc-deadline", "ssse3", "avx2", "pause-filter", "fxsr_opt", "lfence-always-serializing", "clzero", "aes", "cx8", "msr"]}',created_at=2026-05-31T12:28:53Z,current_workload=0,deleted=False,deleted_at=None,disk_allocation_ratio=1.0,disk_available_least=74,free_disk_gb=95,free_ram_mb=23518,host='np0000001814',host_ip=10.4.3.96,hypervisor_hostname='np0000001814',hypervisor_type='QEMU',hypervisor_version=8002002,id=1,local_gb=95,local_gb_used=0,mapped=1,memory_mb=24030,memory_mb_used=512,metrics='[]',numa_topology='{"nova_object.name": "NUMATopology", "nova_object.namespace": "nova", "nova_object.version": "1.2", "nova_object.data": {"cells": [{"nova_object.name": "NUMACell", "nova_object.namespace": "nova", "nova_object.version": "1.5", "nova_object.data": {"id": 0, "cpuset": [0, 1, 2, 3, 4, 5, 6, 7, 8, 9, 10, 11], "pcpuset": [0, 1, 2, 3, 4, 5, 6, 7, 8, 9, 10, 11], "memory": 24030, "cpu_usage": 0, "memory_usage": 0, "pinned_cpus": [], "siblings": [[6], [2], [5], [11], [8], [4], [1], [7], [10], [0], [3], [9]], "mempages": [{"nova_object.name": "NUMAPagesTopology", "nova_object.namespace": "nova", "nova_object.version": "1.1", "nova_object.data": {"size_kb": 4, "total": 6151798, "used": 0, "reserved": 0}, "nova_object.changes": ["used", "total", "size_kb", "reserved"]}, {"nova_object.name": "NUMAPagesTopology", "nova_object.namespace": "nova", "nova_object.version": "1.1", "nova_object.data": {"size_kb": 2048, "total": 0, "used": 0, "reserved": 0}, "nova_object.changes": ["used", "total", "size_kb", "reserved"]}, {"nova_object.name": "NUMAPagesTopology", "nova_object.namespace": "nova", "nova_object.version": "1.1", "nova_object.data": {"size_kb": 1048576, "total": 0, "used": 0, "reserved": 0}, "nova_object.changes": ["used", "total", "size_kb", "reserved"]}], "network_metadata": {"nova_object.name": "NetworkMetadata", "nova_object.namespace": "nova", "nova_object.version": "1.0", "nova_object.data": {"physnets": [], "tunneled": false}, "nova_object.changes": ["physnets", "tunneled"]}, "socket": null}, "nova_object.changes": ["siblings", "mempages", "network_metadata", "pinned_cpus", "pcpuset", "memory", "cpu_usage", "id", "cpuset", "memory_usage", "socket"]}]}, "nova_object.changes": ["cells"]}',pci_device_pools=PciDevicePoolList,ram_allocation_ratio=1.0,running_vms=0,service_id=3,stats={failed_builds='0',uptime=' 12:30:39 up 28 min, 2 users, load average: 0.99, 1.23, 0.73
May 31 12:31:11.406559 np0000001814 nova-scheduler[95710]: '},supported_hv_specs=[HVSpec,HVSpec,HVSpec,HVSpec,HVSpec,HVSpec,HVSpec,HVSpec,HVSpec,HVSpec,HVSpec,HVSpec,HVSpec,HVSpec,HVSpec,HVSpec,HVSpec,HVSpec,HVSpec,HVSpec,HVSpec,HVSpec,HVSpec,HVSpec,HVSpec],updated_at=2026-05-31T12:30:41Z,uuid=fb915713-337d-43cf-9438-6a7c843b863b,vcpus=12,vcpus_used=0) {{(pid=95710) _locked_update /opt/stack/nova/nova/scheduler/host_manager.py:168}}
May 31 12:31:11.407315 np0000001814 nova-scheduler[95710]: DEBUG nova.scheduler.host_manager [None req-4a05cb0b-5b7b-42bf-ae50-e5543d247a7f tempest-DeleteServersTestJSON-603125725 tempest-DeleteServersTestJSON-603125725-project-member] Update host state with aggregates: [] {{(pid=95710) _locked_update /opt/stack/nova/nova/scheduler/host_manager.py:171}}
May 31 12:31:11.407461 np0000001814 nova-scheduler[95710]: DEBUG nova.scheduler.host_manager [None req-4a05cb0b-5b7b-42bf-ae50-e5543d247a7f tempest-DeleteServersTestJSON-603125725 tempest-DeleteServersTestJSON-603125725-project-member] Update host state with service dict: {'id': 3, 'uuid': '87fe63a7-fdee-4263-9aea-824ee821ab3e', 'host': 'np0000001814', 'binary': 'nova-compute', 'topic': 'compute', 'report_count': 2, 'disabled': False, 'disabled_reason': None, 'last_seen_up': datetime.datetime(2026, 5, 31, 12, 31, 2, tzinfo=datetime.timezone.utc), 'forced_down': False, 'version': 72, 'created_at': datetime.datetime(2026, 5, 31, 12, 28, 51, tzinfo=datetime.timezone.utc), 'updated_at': datetime.datetime(2026, 5, 31, 12, 31, 2, tzinfo=datetime.timezone.utc), 'deleted_at': None, 'deleted': False} {{(pid=95710) _locked_update /opt/stack/nova/nova/scheduler/host_manager.py:174}}
May 31 12:31:11.407643 np0000001814 nova-scheduler[95710]: DEBUG nova.scheduler.host_manager [None req-4a05cb0b-5b7b-42bf-ae50-e5543d247a7f tempest-DeleteServersTestJSON-603125725 tempest-DeleteServersTestJSON-603125725-project-member] Update host state with instances: [] {{(pid=95710) _locked_update /opt/stack/nova/nova/scheduler/host_manager.py:177}}
May 31 12:31:11.408535 np0000001814 nova-scheduler[95710]: DEBUG oslo_concurrency.lockutils [None req-4a05cb0b-5b7b-42bf-ae50-e5543d247a7f tempest-DeleteServersTestJSON-603125725 tempest-DeleteServersTestJSON-603125725-project-member] Lock "('np0000001814', 'np0000001814')" "released" by "nova.scheduler.host_manager.HostState.update.._locked_update" :: held 0.002s {{(pid=95710) inner /opt/stack/data/venv/lib/python3.12/site-packages/oslo_concurrency/lockutils.py:543}}
May 31 12:31:11.409361 np0000001814 nova-scheduler[95710]: DEBUG nova.filters [None req-4a05cb0b-5b7b-42bf-ae50-e5543d247a7f tempest-DeleteServersTestJSON-603125725 tempest-DeleteServersTestJSON-603125725-project-member] Starting with 1 host(s) {{(pid=95710) get_filtered_objects /opt/stack/nova/nova/filters.py:70}}
May 31 12:31:11.409658 np0000001814 nova-scheduler[95710]: DEBUG nova.filters [None req-4a05cb0b-5b7b-42bf-ae50-e5543d247a7f tempest-DeleteServersTestJSON-603125725 tempest-DeleteServersTestJSON-603125725-project-member] Filter ComputeFilter returned 1 host(s) {{(pid=95710) get_filtered_objects /opt/stack/nova/nova/filters.py:102}}
May 31 12:31:11.409883 np0000001814 nova-scheduler[95710]: DEBUG nova.filters [None req-4a05cb0b-5b7b-42bf-ae50-e5543d247a7f tempest-DeleteServersTestJSON-603125725 tempest-DeleteServersTestJSON-603125725-project-member] Filter ComputeCapabilitiesFilter returned 1 host(s) {{(pid=95710) get_filtered_objects /opt/stack/nova/nova/filters.py:102}}
May 31 12:31:11.410166 np0000001814 nova-scheduler[95710]: DEBUG nova.filters [None req-4a05cb0b-5b7b-42bf-ae50-e5543d247a7f tempest-DeleteServersTestJSON-603125725 tempest-DeleteServersTestJSON-603125725-project-member] Filter ImagePropertiesFilter returned 1 host(s) {{(pid=95710) get_filtered_objects /opt/stack/nova/nova/filters.py:102}}
May 31 12:31:11.410339 np0000001814 nova-scheduler[95710]: DEBUG nova.filters [None req-4a05cb0b-5b7b-42bf-ae50-e5543d247a7f tempest-DeleteServersTestJSON-603125725 tempest-DeleteServersTestJSON-603125725-project-member] Filter ServerGroupAntiAffinityFilter returned 1 host(s) {{(pid=95710) get_filtered_objects /opt/stack/nova/nova/filters.py:102}}
May 31 12:31:11.410525 np0000001814 nova-scheduler[95710]: DEBUG nova.filters [None req-4a05cb0b-5b7b-42bf-ae50-e5543d247a7f tempest-DeleteServersTestJSON-603125725 tempest-DeleteServersTestJSON-603125725-project-member] Filter ServerGroupAffinityFilter returned 1 host(s) {{(pid=95710) get_filtered_objects /opt/stack/nova/nova/filters.py:102}}
May 31 12:31:11.410807 np0000001814 nova-scheduler[95710]: DEBUG nova.filters [None req-4a05cb0b-5b7b-42bf-ae50-e5543d247a7f tempest-DeleteServersTestJSON-603125725 tempest-DeleteServersTestJSON-603125725-project-member] Filter SameHostFilter returned 1 host(s) {{(pid=95710) get_filtered_objects /opt/stack/nova/nova/filters.py:102}}
May 31 12:31:11.410983 np0000001814 nova-scheduler[95710]: DEBUG nova.filters [None req-4a05cb0b-5b7b-42bf-ae50-e5543d247a7f tempest-DeleteServersTestJSON-603125725 tempest-DeleteServersTestJSON-603125725-project-member] Filter DifferentHostFilter returned 1 host(s) {{(pid=95710) get_filtered_objects /opt/stack/nova/nova/filters.py:102}}
May 31 12:31:11.411180 np0000001814 nova-scheduler[95710]: DEBUG nova.scheduler.manager [None req-4a05cb0b-5b7b-42bf-ae50-e5543d247a7f tempest-DeleteServersTestJSON-603125725 tempest-DeleteServersTestJSON-603125725-project-member] Filtered [(np0000001814, np0000001814) ram: 23518MB disk: 75776MB io_ops: 0 instances: 0, allocation_candidates: 1] {{(pid=95710) _get_sorted_hosts /opt/stack/nova/nova/scheduler/manager.py:743}}
May 31 12:31:11.411429 np0000001814 nova-scheduler[95710]: DEBUG nova.scheduler.manager [None req-4a05cb0b-5b7b-42bf-ae50-e5543d247a7f tempest-DeleteServersTestJSON-603125725 tempest-DeleteServersTestJSON-603125725-project-member] Weighed [WeighedHost [host: (np0000001814, np0000001814) ram: 23518MB disk: 75776MB io_ops: 0 instances: 0, allocation_candidates: 1, weight: 0.0]] {{(pid=95710) _get_sorted_hosts /opt/stack/nova/nova/scheduler/manager.py:765}}
May 31 12:31:11.411681 np0000001814 nova-scheduler[95710]: DEBUG nova.scheduler.utils [None req-4a05cb0b-5b7b-42bf-ae50-e5543d247a7f tempest-DeleteServersTestJSON-603125725 tempest-DeleteServersTestJSON-603125725-project-member] Attempting to claim resources in the placement API for instance 4bfc1f70-dfec-4946-8348-b97c927217d4 {{(pid=95710) claim_resources /opt/stack/nova/nova/scheduler/utils.py:1304}}
May 31 12:31:11.591153 np0000001814 nova-scheduler[95710]: DEBUG nova.scheduler.manager [None req-4a05cb0b-5b7b-42bf-ae50-e5543d247a7f tempest-DeleteServersTestJSON-603125725 tempest-DeleteServersTestJSON-603125725-project-member] [instance: 4bfc1f70-dfec-4946-8348-b97c927217d4] Selected host: (np0000001814, np0000001814) ram: 23518MB disk: 75776MB io_ops: 0 instances: 0, allocation_candidates: 1 {{(pid=95710) _consume_selected_host /opt/stack/nova/nova/scheduler/manager.py:625}}
May 31 12:31:11.591443 np0000001814 nova-scheduler[95710]: DEBUG oslo_concurrency.lockutils [None req-4a05cb0b-5b7b-42bf-ae50-e5543d247a7f tempest-DeleteServersTestJSON-603125725 tempest-DeleteServersTestJSON-603125725-project-member] Acquiring lock "('np0000001814', 'np0000001814')" by "nova.scheduler.host_manager.HostState.consume_from_request.._locked" {{(pid=95710) inner /opt/stack/data/venv/lib/python3.12/site-packages/oslo_concurrency/lockutils.py:511}}
May 31 12:31:11.591645 np0000001814 nova-scheduler[95710]: DEBUG oslo_concurrency.lockutils [None req-4a05cb0b-5b7b-42bf-ae50-e5543d247a7f tempest-DeleteServersTestJSON-603125725 tempest-DeleteServersTestJSON-603125725-project-member] Lock "('np0000001814', 'np0000001814')" acquired by "nova.scheduler.host_manager.HostState.consume_from_request.._locked" :: waited 0.000s {{(pid=95710) inner /opt/stack/data/venv/lib/python3.12/site-packages/oslo_concurrency/lockutils.py:524}}
May 31 12:31:11.591937 np0000001814 nova-scheduler[95710]: DEBUG oslo_concurrency.lockutils [None req-4a05cb0b-5b7b-42bf-ae50-e5543d247a7f tempest-DeleteServersTestJSON-603125725 tempest-DeleteServersTestJSON-603125725-project-member] Lock "('np0000001814', 'np0000001814')" "released" by "nova.scheduler.host_manager.HostState.consume_from_request.._locked" :: held 0.000s {{(pid=95710) inner /opt/stack/data/venv/lib/python3.12/site-packages/oslo_concurrency/lockutils.py:543}}
May 31 12:31:21.139523 np0000001814 nova-scheduler[95714]: DEBUG oslo.service.backend._threading.loopingcall [None req-c0d56ecd-1fd0-4076-bf10-edd041d8ac11 None None] Dynamic interval looping call 'nova.service.Service.periodic_tasks' sleeping for 60.00 seconds {{(pid=95714) _run_loop /opt/stack/data/venv/lib/python3.12/site-packages/oslo_service/backend/_threading/loopingcall.py:125}}
May 31 12:31:21.402669 np0000001814 nova-scheduler[95710]: DEBUG dbcounter [-] [95710] Writing DB stats nova_cell1:SELECT=3 {{(pid=95710) stat_writer /opt/stack/data/venv/lib/python3.12/site-packages/dbcounter.py:115}}
May 31 12:31:22.522010 np0000001814 nova-scheduler[95714]: DEBUG nova.scheduler.manager [None req-5617fcf5-b625-4867-b1a8-ff5e083bd7d7 tempest-AttachVolumeTestJSON-1594025780 tempest-AttachVolumeTestJSON-1594025780-project-member] Starting to schedule for instances: ['7612480a-598f-41dd-ac31-8cd8c470575c'] {{(pid=95714) select_destinations /opt/stack/nova/nova/scheduler/manager.py:210}}
May 31 12:31:22.522545 np0000001814 nova-scheduler[95714]: DEBUG nova.scheduler.request_filter [None req-5617fcf5-b625-4867-b1a8-ff5e083bd7d7 tempest-AttachVolumeTestJSON-1594025780 tempest-AttachVolumeTestJSON-1594025780-project-member] compute_status_filter request filter added forbidden trait COMPUTE_STATUS_DISABLED {{(pid=95714) compute_status_filter /opt/stack/nova/nova/scheduler/request_filter.py:253}}
May 31 12:31:22.522930 np0000001814 nova-scheduler[95714]: DEBUG nova.scheduler.request_filter [None req-5617fcf5-b625-4867-b1a8-ff5e083bd7d7 tempest-AttachVolumeTestJSON-1594025780 tempest-AttachVolumeTestJSON-1594025780-project-member] Request filter 'compute_status_filter' took 0.0 seconds {{(pid=95714) wrapper /opt/stack/nova/nova/scheduler/request_filter.py:46}}
May 31 12:31:22.523114 np0000001814 nova-scheduler[95714]: DEBUG nova.scheduler.request_filter [None req-5617fcf5-b625-4867-b1a8-ff5e083bd7d7 tempest-AttachVolumeTestJSON-1594025780 tempest-AttachVolumeTestJSON-1594025780-project-member] Request filter 'accelerators_filter' took 0.0 seconds {{(pid=95714) wrapper /opt/stack/nova/nova/scheduler/request_filter.py:46}}
May 31 12:31:22.523314 np0000001814 nova-scheduler[95714]: DEBUG nova.scheduler.request_filter [None req-5617fcf5-b625-4867-b1a8-ff5e083bd7d7 tempest-AttachVolumeTestJSON-1594025780 tempest-AttachVolumeTestJSON-1594025780-project-member] Request filter 'packed_virtqueue_filter' took 0.0 seconds {{(pid=95714) wrapper /opt/stack/nova/nova/scheduler/request_filter.py:46}}
May 31 12:31:22.523567 np0000001814 nova-scheduler[95714]: DEBUG nova.scheduler.request_filter [None req-5617fcf5-b625-4867-b1a8-ff5e083bd7d7 tempest-AttachVolumeTestJSON-1594025780 tempest-AttachVolumeTestJSON-1594025780-project-member] Request filter 'remote_managed_ports_filter' took 0.0 seconds {{(pid=95714) wrapper /opt/stack/nova/nova/scheduler/request_filter.py:46}}
May 31 12:31:22.523701 np0000001814 nova-scheduler[95714]: DEBUG nova.scheduler.request_filter [None req-5617fcf5-b625-4867-b1a8-ff5e083bd7d7 tempest-AttachVolumeTestJSON-1594025780 tempest-AttachVolumeTestJSON-1594025780-project-member] ephemeral_encryption_filter skipped {{(pid=95714) ephemeral_encryption_filter /opt/stack/nova/nova/scheduler/request_filter.py:426}}
May 31 12:31:22.523877 np0000001814 nova-scheduler[95714]: DEBUG nova.scheduler.request_filter [None req-5617fcf5-b625-4867-b1a8-ff5e083bd7d7 tempest-AttachVolumeTestJSON-1594025780 tempest-AttachVolumeTestJSON-1594025780-project-member] virtio_sound_filter skipped {{(pid=95714) virtio_sound_filter /opt/stack/nova/nova/scheduler/request_filter.py:460}}
May 31 12:31:22.523985 np0000001814 nova-scheduler[95714]: DEBUG nova.scheduler.request_filter [None req-5617fcf5-b625-4867-b1a8-ff5e083bd7d7 tempest-AttachVolumeTestJSON-1594025780 tempest-AttachVolumeTestJSON-1594025780-project-member] tpm_secret_security_filter skipped {{(pid=95714) tpm_secret_security_filter /opt/stack/nova/nova/scheduler/request_filter.py:477}}
May 31 12:31:22.630434 np0000001814 nova-scheduler[95714]: INFO nova.utils [None req-5617fcf5-b625-4867-b1a8-ff5e083bd7d7 tempest-AttachVolumeTestJSON-1594025780 tempest-AttachVolumeTestJSON-1594025780-project-member] The cell worker thread pool ForkProcess-3.cell_worker is initialized
May 31 12:31:22.630772 np0000001814 nova-scheduler[95714]: DEBUG oslo_concurrency.lockutils [None req-5617fcf5-b625-4867-b1a8-ff5e083bd7d7 tempest-AttachVolumeTestJSON-1594025780 tempest-AttachVolumeTestJSON-1594025780-project-member] Acquiring lock "6acc17c0-a3b6-435c-879b-e6aacd6c3e2d" by "nova.context.set_target_cell..get_or_set_cached_cell_and_set_connections" {{(pid=95714) inner /opt/stack/data/venv/lib/python3.12/site-packages/oslo_concurrency/lockutils.py:511}}
May 31 12:31:22.631043 np0000001814 nova-scheduler[95714]: DEBUG oslo_concurrency.lockutils [None req-5617fcf5-b625-4867-b1a8-ff5e083bd7d7 tempest-AttachVolumeTestJSON-1594025780 tempest-AttachVolumeTestJSON-1594025780-project-member] Lock "6acc17c0-a3b6-435c-879b-e6aacd6c3e2d" acquired by "nova.context.set_target_cell..get_or_set_cached_cell_and_set_connections" :: waited 0.000s {{(pid=95714) inner /opt/stack/data/venv/lib/python3.12/site-packages/oslo_concurrency/lockutils.py:524}}
May 31 12:31:22.632742 np0000001814 nova-scheduler[95714]: DEBUG oslo_concurrency.lockutils [None req-5617fcf5-b625-4867-b1a8-ff5e083bd7d7 tempest-AttachVolumeTestJSON-1594025780 tempest-AttachVolumeTestJSON-1594025780-project-member] Lock "6acc17c0-a3b6-435c-879b-e6aacd6c3e2d" "released" by "nova.context.set_target_cell..get_or_set_cached_cell_and_set_connections" :: held 0.002s {{(pid=95714) inner /opt/stack/data/venv/lib/python3.12/site-packages/oslo_concurrency/lockutils.py:543}}
May 31 12:31:22.634324 np0000001814 nova-scheduler[95714]: INFO dbcounter [None req-5617fcf5-b625-4867-b1a8-ff5e083bd7d7 tempest-AttachVolumeTestJSON-1594025780 tempest-AttachVolumeTestJSON-1594025780-project-member] Registered counter for database nova_cell1
May 31 12:31:22.679034 np0000001814 nova-scheduler[95714]: DEBUG oslo_db.sqlalchemy.engines [None req-5617fcf5-b625-4867-b1a8-ff5e083bd7d7 tempest-AttachVolumeTestJSON-1594025780 tempest-AttachVolumeTestJSON-1594025780-project-member] MySQL server mode set to STRICT_TRANS_TABLES,STRICT_ALL_TABLES,NO_ZERO_IN_DATE,NO_ZERO_DATE,ERROR_FOR_DIVISION_BY_ZERO,TRADITIONAL,NO_ENGINE_SUBSTITUTION {{(pid=95714) _check_effective_sql_mode /opt/stack/data/venv/lib/python3.12/site-packages/oslo_db/sqlalchemy/engines.py:325}}
May 31 12:31:22.684916 np0000001814 nova-scheduler[95714]: DEBUG dbcounter [-] [95714] Writer thread running {{(pid=95714) stat_writer /opt/stack/data/venv/lib/python3.12/site-packages/dbcounter.py:102}}
May 31 12:31:22.746312 np0000001814 nova-scheduler[95714]: DEBUG dbcounter [-] [95714] Writer thread running {{(pid=95714) stat_writer /opt/stack/data/venv/lib/python3.12/site-packages/dbcounter.py:102}}
May 31 12:31:22.749056 np0000001814 nova-scheduler[95714]: DEBUG oslo_concurrency.lockutils [None req-5617fcf5-b625-4867-b1a8-ff5e083bd7d7 tempest-AttachVolumeTestJSON-1594025780 tempest-AttachVolumeTestJSON-1594025780-project-member] Acquiring lock "6acc17c0-a3b6-435c-879b-e6aacd6c3e2d" by "nova.context.set_target_cell..get_or_set_cached_cell_and_set_connections" {{(pid=95714) inner /opt/stack/data/venv/lib/python3.12/site-packages/oslo_concurrency/lockutils.py:511}}
May 31 12:31:22.749357 np0000001814 nova-scheduler[95714]: DEBUG oslo_concurrency.lockutils [None req-5617fcf5-b625-4867-b1a8-ff5e083bd7d7 tempest-AttachVolumeTestJSON-1594025780 tempest-AttachVolumeTestJSON-1594025780-project-member] Lock "6acc17c0-a3b6-435c-879b-e6aacd6c3e2d" acquired by "nova.context.set_target_cell..get_or_set_cached_cell_and_set_connections" :: waited 0.000s {{(pid=95714) inner /opt/stack/data/venv/lib/python3.12/site-packages/oslo_concurrency/lockutils.py:524}}
May 31 12:31:22.749517 np0000001814 nova-scheduler[95714]: DEBUG oslo_concurrency.lockutils [None req-5617fcf5-b625-4867-b1a8-ff5e083bd7d7 tempest-AttachVolumeTestJSON-1594025780 tempest-AttachVolumeTestJSON-1594025780-project-member] Lock "6acc17c0-a3b6-435c-879b-e6aacd6c3e2d" "released" by "nova.context.set_target_cell..get_or_set_cached_cell_and_set_connections" :: held 0.000s {{(pid=95714) inner /opt/stack/data/venv/lib/python3.12/site-packages/oslo_concurrency/lockutils.py:543}}
May 31 12:31:22.754511 np0000001814 nova-scheduler[95714]: DEBUG oslo_concurrency.lockutils [None req-5617fcf5-b625-4867-b1a8-ff5e083bd7d7 tempest-AttachVolumeTestJSON-1594025780 tempest-AttachVolumeTestJSON-1594025780-project-member] Acquiring lock "('np0000001814', 'np0000001814')" by "nova.scheduler.host_manager.HostState.update.._locked_update" {{(pid=95714) inner /opt/stack/data/venv/lib/python3.12/site-packages/oslo_concurrency/lockutils.py:511}}
May 31 12:31:22.754823 np0000001814 nova-scheduler[95714]: DEBUG oslo_concurrency.lockutils [None req-5617fcf5-b625-4867-b1a8-ff5e083bd7d7 tempest-AttachVolumeTestJSON-1594025780 tempest-AttachVolumeTestJSON-1594025780-project-member] Lock "('np0000001814', 'np0000001814')" acquired by "nova.scheduler.host_manager.HostState.update.._locked_update" :: waited 0.000s {{(pid=95714) inner /opt/stack/data/venv/lib/python3.12/site-packages/oslo_concurrency/lockutils.py:524}}
