Aug 16 22:48:56.256181 np0000007424 systemd[1]: Starting devstack@n-api-meta.service - Devstack devstack@n-api-meta.service...
Aug 16 22:48:56.263573 np0000007424 devstack@n-api-meta.service[92801]: [uWSGI] getting INI configuration from /etc/nova/nova-metadata-uwsgi.ini
Aug 16 22:48:56.267008 np0000007424 devstack@n-api-meta.service[92801]: *** Starting uWSGI 2.0.24-debian (64bit) on [Sun Aug 16 22:48:56 2026] ***
Aug 16 22:48:56.267008 np0000007424 devstack@n-api-meta.service[92801]: compiled with version: 13.2.0 on 17 April 2024 16:23:48
Aug 16 22:48:56.267008 np0000007424 devstack@n-api-meta.service[92801]: os: Linux-6.8.0-137-generic #137-Ubuntu SMP PREEMPT_DYNAMIC Fri Jul 17 20:28:23 UTC 2026
Aug 16 22:48:56.267008 np0000007424 devstack@n-api-meta.service[92801]: nodename: np0000007424
Aug 16 22:48:56.267008 np0000007424 devstack@n-api-meta.service[92801]: machine: x86_64
Aug 16 22:48:56.267008 np0000007424 devstack@n-api-meta.service[92801]: clock source: unix
Aug 16 22:48:56.267008 np0000007424 devstack@n-api-meta.service[92801]: pcre jit disabled
Aug 16 22:48:56.267008 np0000007424 devstack@n-api-meta.service[92801]: detected number of CPU cores: 16
Aug 16 22:48:56.267008 np0000007424 devstack@n-api-meta.service[92801]: current working directory: /
Aug 16 22:48:56.267008 np0000007424 devstack@n-api-meta.service[92801]: detected binary path: /usr/bin/uwsgi-core
Aug 16 22:48:56.267008 np0000007424 devstack@n-api-meta.service[92801]: your processes number limit is 252954
Aug 16 22:48:56.267008 np0000007424 devstack@n-api-meta.service[92801]: your memory page size is 4096 bytes
Aug 16 22:48:56.267008 np0000007424 devstack@n-api-meta.service[92801]: detected max file descriptor number: 2048
Aug 16 22:48:56.267008 np0000007424 devstack@n-api-meta.service[92801]: lock engine: pthread robust mutexes
Aug 16 22:48:56.267480 np0000007424 devstack@n-api-meta.service[92801]: thunder lock: enabled
Aug 16 22:48:56.267554 np0000007424 devstack@n-api-meta.service[92801]: uWSGI http bound on 0.0.0.0:8775 fd 5
Aug 16 22:48:56.267601 np0000007424 devstack@n-api-meta.service[92801]: uwsgi socket 0 bound to TCP address 127.0.0.1:43101 (port auto-assigned) fd 4
Aug 16 22:48:56.267649 np0000007424 devstack@n-api-meta.service[92801]: Python version: 3.12.3 (main, Jun 19 2026, 12:46:00) [GCC 13.3.0]
Aug 16 22:48:56.267649 np0000007424 devstack@n-api-meta.service[92801]: PEP 405 virtualenv detected: /opt/stack/data/venv
Aug 16 22:48:56.267649 np0000007424 devstack@n-api-meta.service[92801]: Set PythonHome to /opt/stack/data/venv
Aug 16 22:48:56.309449 np0000007424 devstack@n-api-meta.service[92801]: Python main interpreter initialized at 0x7b196eaa4668
Aug 16 22:48:56.309449 np0000007424 devstack@n-api-meta.service[92801]: python threads support enabled
Aug 16 22:48:56.309449 np0000007424 devstack@n-api-meta.service[92801]: your server socket listen backlog is limited to 100 connections
Aug 16 22:48:56.309449 np0000007424 devstack@n-api-meta.service[92801]: your mercy for graceful operations on workers is 80 seconds
Aug 16 22:48:56.309860 np0000007424 devstack@n-api-meta.service[92801]: mapped 537436 bytes (524 KB) for 3 cores
Aug 16 22:48:56.310000 np0000007424 devstack@n-api-meta.service[92801]: *** Operational MODE: preforking ***
Aug 16 22:48:56.310181 np0000007424 devstack@n-api-meta.service[92801]: *** uWSGI is running in multiple interpreter mode ***
Aug 16 22:48:56.310181 np0000007424 devstack@n-api-meta.service[92801]: spawned uWSGI master process (pid: 92801)
Aug 16 22:48:56.310435 np0000007424 systemd[1]: Started devstack@n-api-meta.service - Devstack devstack@n-api-meta.service.
Aug 16 22:48:56.310689 np0000007424 devstack@n-api-meta.service[92801]: spawned uWSGI worker 1 (pid: 92804, cores: 1)
Aug 16 22:48:56.311141 np0000007424 devstack@n-api-meta.service[92801]: spawned uWSGI worker 2 (pid: 92805, cores: 1)
Aug 16 22:48:56.311510 np0000007424 devstack@n-api-meta.service[92801]: spawned uWSGI worker 3 (pid: 92806, cores: 1)
Aug 16 22:48:56.312159 np0000007424 devstack@n-api-meta.service[92801]: spawned uWSGI http 1 (pid: 92807)
Aug 16 22:48:56.312159 np0000007424 devstack@n-api-meta.service[92801]: running "unix_signal:15 gracefully_kill_them_all" (master-start)...
Aug 16 22:48:57.962009 np0000007424 devstack@n-api-meta.service[92806]: INFO dbcounter [None req-6cc7a471-f336-450e-9020-2bacfcf48003 None None] Registered counter for database nova_api
Aug 16 22:48:57.988323 np0000007424 devstack@n-api-meta.service[92805]: INFO dbcounter [None req-759b54b8-b79f-41a8-ad00-0e858c4a9fc7 None None] Registered counter for database nova_api
Aug 16 22:48:57.998588 np0000007424 devstack@n-api-meta.service[92804]: INFO dbcounter [None req-cfddc609-eca3-48dc-a111-05c95c257f73 None None] Registered counter for database nova_api
Aug 16 22:48:58.003987 np0000007424 devstack@n-api-meta.service[92806]: DEBUG oslo_db.sqlalchemy.engines [None req-6cc7a471-f336-450e-9020-2bacfcf48003 None None] MySQL server mode set to STRICT_TRANS_TABLES,STRICT_ALL_TABLES,NO_ZERO_IN_DATE,NO_ZERO_DATE,ERROR_FOR_DIVISION_BY_ZERO,TRADITIONAL,NO_ENGINE_SUBSTITUTION {{(pid=92806) _check_effective_sql_mode /opt/stack/data/venv/lib/python3.12/site-packages/oslo_db/sqlalchemy/engines.py:325}}
Aug 16 22:48:58.029231 np0000007424 devstack@n-api-meta.service[92805]: DEBUG oslo_db.sqlalchemy.engines [None req-759b54b8-b79f-41a8-ad00-0e858c4a9fc7 None None] MySQL server mode set to STRICT_TRANS_TABLES,STRICT_ALL_TABLES,NO_ZERO_IN_DATE,NO_ZERO_DATE,ERROR_FOR_DIVISION_BY_ZERO,TRADITIONAL,NO_ENGINE_SUBSTITUTION {{(pid=92805) _check_effective_sql_mode /opt/stack/data/venv/lib/python3.12/site-packages/oslo_db/sqlalchemy/engines.py:325}}
Aug 16 22:48:58.032698 np0000007424 devstack@n-api-meta.service[92806]: DEBUG dbcounter [-] [92806] Writer thread running {{(pid=92806) stat_writer /opt/stack/data/venv/lib/python3.12/site-packages/dbcounter.py:102}}
Aug 16 22:48:58.035629 np0000007424 devstack@n-api-meta.service[92806]: DEBUG nova.context [None req-6cc7a471-f336-450e-9020-2bacfcf48003 None None] Found 2 cells: 00000000-0000-0000-0000-000000000000(cell0),eede31b1-03aa-456c-b7a2-af5e3b67e573(cell1) {{(pid=92806) load_cells /opt/stack/nova/nova/context.py:509}}
Aug 16 22:48:58.035925 np0000007424 devstack@n-api-meta.service[92806]: INFO nova.utils [None req-6cc7a471-f336-450e-9020-2bacfcf48003 None None] The cell worker thread pool MainProcess.cell_worker is initialized
Aug 16 22:48:58.037995 np0000007424 devstack@n-api-meta.service[92806]: DEBUG oslo_concurrency.lockutils [None req-6cc7a471-f336-450e-9020-2bacfcf48003 None None] Acquiring lock "00000000-0000-0000-0000-000000000000" by "nova.context.set_target_cell..get_or_set_cached_cell_and_set_connections" {{(pid=92806) inner /opt/stack/data/venv/lib/python3.12/site-packages/oslo_concurrency/lockutils.py:512}}
Aug 16 22:48:58.038245 np0000007424 devstack@n-api-meta.service[92806]: DEBUG oslo_concurrency.lockutils [None req-6cc7a471-f336-450e-9020-2bacfcf48003 None None] Lock "00000000-0000-0000-0000-000000000000" acquired by "nova.context.set_target_cell..get_or_set_cached_cell_and_set_connections" :: waited 0.000s {{(pid=92806) inner /opt/stack/data/venv/lib/python3.12/site-packages/oslo_concurrency/lockutils.py:525}}
Aug 16 22:48:58.038745 np0000007424 devstack@n-api-meta.service[92806]: DEBUG oslo_concurrency.lockutils [None req-6cc7a471-f336-450e-9020-2bacfcf48003 None None] Lock "00000000-0000-0000-0000-000000000000" "released" by "nova.context.set_target_cell..get_or_set_cached_cell_and_set_connections" :: held 0.001s {{(pid=92806) inner /opt/stack/data/venv/lib/python3.12/site-packages/oslo_concurrency/lockutils.py:544}}
Aug 16 22:48:58.040868 np0000007424 devstack@n-api-meta.service[92806]: DEBUG oslo_concurrency.lockutils [None req-6cc7a471-f336-450e-9020-2bacfcf48003 None None] Acquiring lock "eede31b1-03aa-456c-b7a2-af5e3b67e573" by "nova.context.set_target_cell..get_or_set_cached_cell_and_set_connections" {{(pid=92806) inner /opt/stack/data/venv/lib/python3.12/site-packages/oslo_concurrency/lockutils.py:512}}
Aug 16 22:48:58.041129 np0000007424 devstack@n-api-meta.service[92806]: DEBUG oslo_concurrency.lockutils [None req-6cc7a471-f336-450e-9020-2bacfcf48003 None None] Lock "eede31b1-03aa-456c-b7a2-af5e3b67e573" acquired by "nova.context.set_target_cell..get_or_set_cached_cell_and_set_connections" :: waited 0.000s {{(pid=92806) inner /opt/stack/data/venv/lib/python3.12/site-packages/oslo_concurrency/lockutils.py:525}}
Aug 16 22:48:58.042262 np0000007424 devstack@n-api-meta.service[92806]: DEBUG oslo_concurrency.lockutils [None req-6cc7a471-f336-450e-9020-2bacfcf48003 None None] Lock "eede31b1-03aa-456c-b7a2-af5e3b67e573" "released" by "nova.context.set_target_cell..get_or_set_cached_cell_and_set_connections" :: held 0.001s {{(pid=92806) inner /opt/stack/data/venv/lib/python3.12/site-packages/oslo_concurrency/lockutils.py:544}}
Aug 16 22:48:58.042509 np0000007424 devstack@n-api-meta.service[92804]: DEBUG oslo_db.sqlalchemy.engines [None req-cfddc609-eca3-48dc-a111-05c95c257f73 None None] MySQL server mode set to STRICT_TRANS_TABLES,STRICT_ALL_TABLES,NO_ZERO_IN_DATE,NO_ZERO_DATE,ERROR_FOR_DIVISION_BY_ZERO,TRADITIONAL,NO_ENGINE_SUBSTITUTION {{(pid=92804) _check_effective_sql_mode /opt/stack/data/venv/lib/python3.12/site-packages/oslo_db/sqlalchemy/engines.py:325}}
Aug 16 22:48:58.044106 np0000007424 devstack@n-api-meta.service[92806]: INFO dbcounter [None req-6cc7a471-f336-450e-9020-2bacfcf48003 None None] Registered counter for database nova_cell0
Aug 16 22:48:58.047615 np0000007424 devstack@n-api-meta.service[92806]: INFO dbcounter [None req-6cc7a471-f336-450e-9020-2bacfcf48003 None None] Registered counter for database nova_cell1
Aug 16 22:48:58.062599 np0000007424 devstack@n-api-meta.service[92805]: DEBUG dbcounter [-] [92805] Writer thread running {{(pid=92805) stat_writer /opt/stack/data/venv/lib/python3.12/site-packages/dbcounter.py:102}}
Aug 16 22:48:58.065582 np0000007424 devstack@n-api-meta.service[92805]: DEBUG nova.context [None req-759b54b8-b79f-41a8-ad00-0e858c4a9fc7 None None] Found 2 cells: 00000000-0000-0000-0000-000000000000(cell0),eede31b1-03aa-456c-b7a2-af5e3b67e573(cell1) {{(pid=92805) load_cells /opt/stack/nova/nova/context.py:509}}
Aug 16 22:48:58.065582 np0000007424 devstack@n-api-meta.service[92805]: INFO nova.utils [None req-759b54b8-b79f-41a8-ad00-0e858c4a9fc7 None None] The cell worker thread pool MainProcess.cell_worker is initialized
Aug 16 22:48:58.067323 np0000007424 devstack@n-api-meta.service[92805]: DEBUG oslo_concurrency.lockutils [None req-759b54b8-b79f-41a8-ad00-0e858c4a9fc7 None None] Acquiring lock "00000000-0000-0000-0000-000000000000" by "nova.context.set_target_cell..get_or_set_cached_cell_and_set_connections" {{(pid=92805) inner /opt/stack/data/venv/lib/python3.12/site-packages/oslo_concurrency/lockutils.py:512}}
Aug 16 22:48:58.067495 np0000007424 devstack@n-api-meta.service[92805]: DEBUG oslo_concurrency.lockutils [None req-759b54b8-b79f-41a8-ad00-0e858c4a9fc7 None None] Lock "00000000-0000-0000-0000-000000000000" acquired by "nova.context.set_target_cell..get_or_set_cached_cell_and_set_connections" :: waited 0.000s {{(pid=92805) inner /opt/stack/data/venv/lib/python3.12/site-packages/oslo_concurrency/lockutils.py:525}}
Aug 16 22:48:58.067872 np0000007424 devstack@n-api-meta.service[92805]: DEBUG oslo_concurrency.lockutils [None req-759b54b8-b79f-41a8-ad00-0e858c4a9fc7 None None] Lock "00000000-0000-0000-0000-000000000000" "released" by "nova.context.set_target_cell..get_or_set_cached_cell_and_set_connections" :: held 0.000s {{(pid=92805) inner /opt/stack/data/venv/lib/python3.12/site-packages/oslo_concurrency/lockutils.py:544}}
Aug 16 22:48:58.068618 np0000007424 devstack@n-api-meta.service[92805]: DEBUG oslo_concurrency.lockutils [None req-759b54b8-b79f-41a8-ad00-0e858c4a9fc7 None None] Acquiring lock "eede31b1-03aa-456c-b7a2-af5e3b67e573" by "nova.context.set_target_cell..get_or_set_cached_cell_and_set_connections" {{(pid=92805) inner /opt/stack/data/venv/lib/python3.12/site-packages/oslo_concurrency/lockutils.py:512}}
Aug 16 22:48:58.068774 np0000007424 devstack@n-api-meta.service[92805]: DEBUG oslo_concurrency.lockutils [None req-759b54b8-b79f-41a8-ad00-0e858c4a9fc7 None None] Lock "eede31b1-03aa-456c-b7a2-af5e3b67e573" acquired by "nova.context.set_target_cell..get_or_set_cached_cell_and_set_connections" :: waited 0.000s {{(pid=92805) inner /opt/stack/data/venv/lib/python3.12/site-packages/oslo_concurrency/lockutils.py:525}}
Aug 16 22:48:58.070068 np0000007424 devstack@n-api-meta.service[92805]: DEBUG oslo_concurrency.lockutils [None req-759b54b8-b79f-41a8-ad00-0e858c4a9fc7 None None] Lock "eede31b1-03aa-456c-b7a2-af5e3b67e573" "released" by "nova.context.set_target_cell..get_or_set_cached_cell_and_set_connections" :: held 0.001s {{(pid=92805) inner /opt/stack/data/venv/lib/python3.12/site-packages/oslo_concurrency/lockutils.py:544}}
Aug 16 22:48:58.071914 np0000007424 devstack@n-api-meta.service[92805]: INFO dbcounter [None req-759b54b8-b79f-41a8-ad00-0e858c4a9fc7 None None] Registered counter for database nova_cell0
Aug 16 22:48:58.076547 np0000007424 devstack@n-api-meta.service[92804]: DEBUG dbcounter [-] [92804] Writer thread running {{(pid=92804) stat_writer /opt/stack/data/venv/lib/python3.12/site-packages/dbcounter.py:102}}
Aug 16 22:48:58.076697 np0000007424 devstack@n-api-meta.service[92805]: INFO dbcounter [None req-759b54b8-b79f-41a8-ad00-0e858c4a9fc7 None None] Registered counter for database nova_cell1
Aug 16 22:48:58.079638 np0000007424 devstack@n-api-meta.service[92804]: DEBUG nova.context [None req-cfddc609-eca3-48dc-a111-05c95c257f73 None None] Found 2 cells: 00000000-0000-0000-0000-000000000000(cell0),eede31b1-03aa-456c-b7a2-af5e3b67e573(cell1) {{(pid=92804) load_cells /opt/stack/nova/nova/context.py:509}}
Aug 16 22:48:58.079954 np0000007424 devstack@n-api-meta.service[92804]: INFO nova.utils [None req-cfddc609-eca3-48dc-a111-05c95c257f73 None None] The cell worker thread pool MainProcess.cell_worker is initialized
Aug 16 22:48:58.081841 np0000007424 devstack@n-api-meta.service[92804]: DEBUG oslo_concurrency.lockutils [None req-cfddc609-eca3-48dc-a111-05c95c257f73 None None] Acquiring lock "00000000-0000-0000-0000-000000000000" by "nova.context.set_target_cell..get_or_set_cached_cell_and_set_connections" {{(pid=92804) inner /opt/stack/data/venv/lib/python3.12/site-packages/oslo_concurrency/lockutils.py:512}}
Aug 16 22:48:58.084927 np0000007424 devstack@n-api-meta.service[92804]: DEBUG oslo_concurrency.lockutils [None req-cfddc609-eca3-48dc-a111-05c95c257f73 None None] Lock "00000000-0000-0000-0000-000000000000" acquired by "nova.context.set_target_cell..get_or_set_cached_cell_and_set_connections" :: waited 0.000s {{(pid=92804) inner /opt/stack/data/venv/lib/python3.12/site-packages/oslo_concurrency/lockutils.py:525}}
Aug 16 22:48:58.084927 np0000007424 devstack@n-api-meta.service[92804]: DEBUG oslo_concurrency.lockutils [None req-cfddc609-eca3-48dc-a111-05c95c257f73 None None] Lock "00000000-0000-0000-0000-000000000000" "released" by "nova.context.set_target_cell..get_or_set_cached_cell_and_set_connections" :: held 0.000s {{(pid=92804) inner /opt/stack/data/venv/lib/python3.12/site-packages/oslo_concurrency/lockutils.py:544}}
Aug 16 22:48:58.084927 np0000007424 devstack@n-api-meta.service[92804]: DEBUG oslo_concurrency.lockutils [None req-cfddc609-eca3-48dc-a111-05c95c257f73 None None] Acquiring lock "eede31b1-03aa-456c-b7a2-af5e3b67e573" by "nova.context.set_target_cell..get_or_set_cached_cell_and_set_connections" {{(pid=92804) inner /opt/stack/data/venv/lib/python3.12/site-packages/oslo_concurrency/lockutils.py:512}}
Aug 16 22:48:58.084927 np0000007424 devstack@n-api-meta.service[92804]: DEBUG oslo_concurrency.lockutils [None req-cfddc609-eca3-48dc-a111-05c95c257f73 None None] Lock "eede31b1-03aa-456c-b7a2-af5e3b67e573" acquired by "nova.context.set_target_cell..get_or_set_cached_cell_and_set_connections" :: waited 0.000s {{(pid=92804) inner /opt/stack/data/venv/lib/python3.12/site-packages/oslo_concurrency/lockutils.py:525}}
Aug 16 22:48:58.084927 np0000007424 devstack@n-api-meta.service[92804]: DEBUG oslo_concurrency.lockutils [None req-cfddc609-eca3-48dc-a111-05c95c257f73 None None] Lock "eede31b1-03aa-456c-b7a2-af5e3b67e573" "released" by "nova.context.set_target_cell..get_or_set_cached_cell_and_set_connections" :: held 0.001s {{(pid=92804) inner /opt/stack/data/venv/lib/python3.12/site-packages/oslo_concurrency/lockutils.py:544}}
Aug 16 22:48:58.085624 np0000007424 devstack@n-api-meta.service[92804]: INFO dbcounter [None req-cfddc609-eca3-48dc-a111-05c95c257f73 None None] Registered counter for database nova_cell0
Aug 16 22:48:58.087660 np0000007424 devstack@n-api-meta.service[92806]: DEBUG oslo_db.sqlalchemy.engines [None req-6cc7a471-f336-450e-9020-2bacfcf48003 None None] MySQL server mode set to STRICT_TRANS_TABLES,STRICT_ALL_TABLES,NO_ZERO_IN_DATE,NO_ZERO_DATE,ERROR_FOR_DIVISION_BY_ZERO,TRADITIONAL,NO_ENGINE_SUBSTITUTION {{(pid=92806) _check_effective_sql_mode /opt/stack/data/venv/lib/python3.12/site-packages/oslo_db/sqlalchemy/engines.py:325}}
Aug 16 22:48:58.089479 np0000007424 devstack@n-api-meta.service[92804]: INFO dbcounter [None req-cfddc609-eca3-48dc-a111-05c95c257f73 None None] Registered counter for database nova_cell1
Aug 16 22:48:58.139263 np0000007424 devstack@n-api-meta.service[92805]: DEBUG oslo_db.sqlalchemy.engines [None req-759b54b8-b79f-41a8-ad00-0e858c4a9fc7 None None] MySQL server mode set to STRICT_TRANS_TABLES,STRICT_ALL_TABLES,NO_ZERO_IN_DATE,NO_ZERO_DATE,ERROR_FOR_DIVISION_BY_ZERO,TRADITIONAL,NO_ENGINE_SUBSTITUTION {{(pid=92805) _check_effective_sql_mode /opt/stack/data/venv/lib/python3.12/site-packages/oslo_db/sqlalchemy/engines.py:325}}
Aug 16 22:48:58.142457 np0000007424 devstack@n-api-meta.service[92805]: DEBUG oslo_db.sqlalchemy.engines [None req-759b54b8-b79f-41a8-ad00-0e858c4a9fc7 None None] MySQL server mode set to STRICT_TRANS_TABLES,STRICT_ALL_TABLES,NO_ZERO_IN_DATE,NO_ZERO_DATE,ERROR_FOR_DIVISION_BY_ZERO,TRADITIONAL,NO_ENGINE_SUBSTITUTION {{(pid=92805) _check_effective_sql_mode /opt/stack/data/venv/lib/python3.12/site-packages/oslo_db/sqlalchemy/engines.py:325}}
Aug 16 22:48:58.145348 np0000007424 devstack@n-api-meta.service[92804]: DEBUG oslo_db.sqlalchemy.engines [None req-cfddc609-eca3-48dc-a111-05c95c257f73 None None] MySQL server mode set to STRICT_TRANS_TABLES,STRICT_ALL_TABLES,NO_ZERO_IN_DATE,NO_ZERO_DATE,ERROR_FOR_DIVISION_BY_ZERO,TRADITIONAL,NO_ENGINE_SUBSTITUTION {{(pid=92804) _check_effective_sql_mode /opt/stack/data/venv/lib/python3.12/site-packages/oslo_db/sqlalchemy/engines.py:325}}
Aug 16 22:48:58.154958 np0000007424 devstack@n-api-meta.service[92806]: DEBUG oslo_db.sqlalchemy.engines [None req-6cc7a471-f336-450e-9020-2bacfcf48003 None None] MySQL server mode set to STRICT_TRANS_TABLES,STRICT_ALL_TABLES,NO_ZERO_IN_DATE,NO_ZERO_DATE,ERROR_FOR_DIVISION_BY_ZERO,TRADITIONAL,NO_ENGINE_SUBSTITUTION {{(pid=92806) _check_effective_sql_mode /opt/stack/data/venv/lib/python3.12/site-packages/oslo_db/sqlalchemy/engines.py:325}}
Aug 16 22:48:58.164401 np0000007424 devstack@n-api-meta.service[92804]: DEBUG oslo_db.sqlalchemy.engines [None req-cfddc609-eca3-48dc-a111-05c95c257f73 None None] MySQL server mode set to STRICT_TRANS_TABLES,STRICT_ALL_TABLES,NO_ZERO_IN_DATE,NO_ZERO_DATE,ERROR_FOR_DIVISION_BY_ZERO,TRADITIONAL,NO_ENGINE_SUBSTITUTION {{(pid=92804) _check_effective_sql_mode /opt/stack/data/venv/lib/python3.12/site-packages/oslo_db/sqlalchemy/engines.py:325}}
Aug 16 22:48:58.177860 np0000007424 devstack@n-api-meta.service[92806]: DEBUG dbcounter [-] [92806] Writer thread running {{(pid=92806) stat_writer /opt/stack/data/venv/lib/python3.12/site-packages/dbcounter.py:102}}
Aug 16 22:48:58.185301 np0000007424 devstack@n-api-meta.service[92806]: DEBUG dbcounter [-] [92806] Writer thread running {{(pid=92806) stat_writer /opt/stack/data/venv/lib/python3.12/site-packages/dbcounter.py:102}}
Aug 16 22:48:58.188518 np0000007424 devstack@n-api-meta.service[92806]: INFO dbcounter [None req-6cc7a471-f336-450e-9020-2bacfcf48003 None None] Registered counter for database nova_cell0
Aug 16 22:48:58.228946 np0000007424 devstack@n-api-meta.service[92804]: DEBUG dbcounter [-] [92804] Writer thread running {{(pid=92804) stat_writer /opt/stack/data/venv/lib/python3.12/site-packages/dbcounter.py:102}}
Aug 16 22:48:58.233462 np0000007424 devstack@n-api-meta.service[92806]: DEBUG oslo_db.sqlalchemy.engines [None req-6cc7a471-f336-450e-9020-2bacfcf48003 None None] MySQL server mode set to STRICT_TRANS_TABLES,STRICT_ALL_TABLES,NO_ZERO_IN_DATE,NO_ZERO_DATE,ERROR_FOR_DIVISION_BY_ZERO,TRADITIONAL,NO_ENGINE_SUBSTITUTION {{(pid=92806) _check_effective_sql_mode /opt/stack/data/venv/lib/python3.12/site-packages/oslo_db/sqlalchemy/engines.py:325}}
Aug 16 22:48:58.236407 np0000007424 devstack@n-api-meta.service[92804]: DEBUG dbcounter [-] [92804] Writer thread running {{(pid=92804) stat_writer /opt/stack/data/venv/lib/python3.12/site-packages/dbcounter.py:102}}
Aug 16 22:48:58.238972 np0000007424 devstack@n-api-meta.service[92804]: INFO dbcounter [None req-cfddc609-eca3-48dc-a111-05c95c257f73 None None] Registered counter for database nova_cell0
Aug 16 22:48:58.241176 np0000007424 devstack@n-api-meta.service[92806]: DEBUG dbcounter [-] [92806] Writer thread running {{(pid=92806) stat_writer /opt/stack/data/venv/lib/python3.12/site-packages/dbcounter.py:102}}
Aug 16 22:48:58.249168 np0000007424 devstack@n-api-meta.service[92805]: DEBUG dbcounter [-] [92805] Writer thread running {{(pid=92805) stat_writer /opt/stack/data/venv/lib/python3.12/site-packages/dbcounter.py:102}}
Aug 16 22:48:58.254795 np0000007424 devstack@n-api-meta.service[92805]: DEBUG dbcounter [-] [92805] Writer thread running {{(pid=92805) stat_writer /opt/stack/data/venv/lib/python3.12/site-packages/dbcounter.py:102}}
Aug 16 22:48:58.258371 np0000007424 devstack@n-api-meta.service[92805]: INFO dbcounter [None req-759b54b8-b79f-41a8-ad00-0e858c4a9fc7 None None] Registered counter for database nova_cell0
Aug 16 22:48:58.271760 np0000007424 devstack@n-api-meta.service[92804]: DEBUG oslo_db.sqlalchemy.engines [None req-cfddc609-eca3-48dc-a111-05c95c257f73 None None] MySQL server mode set to STRICT_TRANS_TABLES,STRICT_ALL_TABLES,NO_ZERO_IN_DATE,NO_ZERO_DATE,ERROR_FOR_DIVISION_BY_ZERO,TRADITIONAL,NO_ENGINE_SUBSTITUTION {{(pid=92804) _check_effective_sql_mode /opt/stack/data/venv/lib/python3.12/site-packages/oslo_db/sqlalchemy/engines.py:325}}
Aug 16 22:48:58.278167 np0000007424 devstack@n-api-meta.service[92804]: DEBUG dbcounter [-] [92804] Writer thread running {{(pid=92804) stat_writer /opt/stack/data/venv/lib/python3.12/site-packages/dbcounter.py:102}}
Aug 16 22:48:58.289079 np0000007424 devstack@n-api-meta.service[92805]: DEBUG oslo_db.sqlalchemy.engines [None req-759b54b8-b79f-41a8-ad00-0e858c4a9fc7 None None] MySQL server mode set to STRICT_TRANS_TABLES,STRICT_ALL_TABLES,NO_ZERO_IN_DATE,NO_ZERO_DATE,ERROR_FOR_DIVISION_BY_ZERO,TRADITIONAL,NO_ENGINE_SUBSTITUTION {{(pid=92805) _check_effective_sql_mode /opt/stack/data/venv/lib/python3.12/site-packages/oslo_db/sqlalchemy/engines.py:325}}
Aug 16 22:48:58.289993 np0000007424 devstack@n-api-meta.service[92806]: WARNING nova.api.metadata.handler [None req-6cc7a471-f336-450e-9020-2bacfcf48003 None None] metadata_proxy_shared_secret is not configured, the metadata information returned by the proxy cannot be trusted
Aug 16 22:48:58.293117 np0000007424 devstack@n-api-meta.service[92806]: DEBUG nova.api.openstack.wsgi_app [None req-6cc7a471-f336-450e-9020-2bacfcf48003 None None] ******************************************************************************** {{(pid=92806) log_opt_values /opt/stack/data/venv/lib/python3.12/site-packages/oslo_config/cfg.py:3533}}
Aug 16 22:48:58.293299 np0000007424 devstack@n-api-meta.service[92806]: DEBUG nova.api.openstack.wsgi_app [None req-6cc7a471-f336-450e-9020-2bacfcf48003 None None] Configuration options gathered from: {{(pid=92806) log_opt_values /opt/stack/data/venv/lib/python3.12/site-packages/oslo_config/cfg.py:3534}}
Aug 16 22:48:58.293470 np0000007424 devstack@n-api-meta.service[92806]: DEBUG nova.api.openstack.wsgi_app [None req-6cc7a471-f336-450e-9020-2bacfcf48003 None None] command line args: [] {{(pid=92806) log_opt_values /opt/stack/data/venv/lib/python3.12/site-packages/oslo_config/cfg.py:3535}}
Aug 16 22:48:58.293677 np0000007424 devstack@n-api-meta.service[92806]: DEBUG nova.api.openstack.wsgi_app [None req-6cc7a471-f336-450e-9020-2bacfcf48003 None None] config files: ['/etc/nova/api-paste.ini', '/etc/nova/nova.conf'] {{(pid=92806) log_opt_values /opt/stack/data/venv/lib/python3.12/site-packages/oslo_config/cfg.py:3536}}
Aug 16 22:48:58.293831 np0000007424 devstack@n-api-meta.service[92806]: DEBUG nova.api.openstack.wsgi_app [None req-6cc7a471-f336-450e-9020-2bacfcf48003 None None] ================================================================================ {{(pid=92806) log_opt_values /opt/stack/data/venv/lib/python3.12/site-packages/oslo_config/cfg.py:3541}}
Aug 16 22:48:58.294071 np0000007424 devstack@n-api-meta.service[92806]: DEBUG nova.api.openstack.wsgi_app [None req-6cc7a471-f336-450e-9020-2bacfcf48003 None None] allow_resize_to_same_host = True {{(pid=92806) log_opt_values /opt/stack/data/venv/lib/python3.12/site-packages/oslo_config/cfg.py:3549}}
Aug 16 22:48:58.294249 np0000007424 devstack@n-api-meta.service[92806]: DEBUG nova.api.openstack.wsgi_app [None req-6cc7a471-f336-450e-9020-2bacfcf48003 None None] arq_binding_timeout = 300 {{(pid=92806) log_opt_values /opt/stack/data/venv/lib/python3.12/site-packages/oslo_config/cfg.py:3549}}
Aug 16 22:48:58.294432 np0000007424 devstack@n-api-meta.service[92806]: DEBUG nova.api.openstack.wsgi_app [None req-6cc7a471-f336-450e-9020-2bacfcf48003 None None] block_device_allocate_retries = 60 {{(pid=92806) log_opt_values /opt/stack/data/venv/lib/python3.12/site-packages/oslo_config/cfg.py:3549}}
Aug 16 22:48:58.294604 np0000007424 devstack@n-api-meta.service[92806]: DEBUG nova.api.openstack.wsgi_app [None req-6cc7a471-f336-450e-9020-2bacfcf48003 None None] block_device_allocate_retries_interval = 3 {{(pid=92806) log_opt_values /opt/stack/data/venv/lib/python3.12/site-packages/oslo_config/cfg.py:3549}}
Aug 16 22:48:58.294788 np0000007424 devstack@n-api-meta.service[92806]: DEBUG nova.api.openstack.wsgi_app [None req-6cc7a471-f336-450e-9020-2bacfcf48003 None None] cell_worker_thread_pool_size = 5 {{(pid=92806) log_opt_values /opt/stack/data/venv/lib/python3.12/site-packages/oslo_config/cfg.py:3549}}
Aug 16 22:48:58.294984 np0000007424 devstack@n-api-meta.service[92806]: DEBUG nova.api.openstack.wsgi_app [None req-6cc7a471-f336-450e-9020-2bacfcf48003 None None] cert = self.pem {{(pid=92806) log_opt_values /opt/stack/data/venv/lib/python3.12/site-packages/oslo_config/cfg.py:3549}}
Aug 16 22:48:58.295023 np0000007424 devstack@n-api-meta.service[92805]: DEBUG dbcounter [-] [92805] Writer thread running {{(pid=92805) stat_writer /opt/stack/data/venv/lib/python3.12/site-packages/dbcounter.py:102}}
Aug 16 22:48:58.295161 np0000007424 devstack@n-api-meta.service[92806]: DEBUG nova.api.openstack.wsgi_app [None req-6cc7a471-f336-450e-9020-2bacfcf48003 None None] compute_driver = libvirt.LibvirtDriver {{(pid=92806) log_opt_values /opt/stack/data/venv/lib/python3.12/site-packages/oslo_config/cfg.py:3549}}
Aug 16 22:48:58.295338 np0000007424 devstack@n-api-meta.service[92806]: DEBUG nova.api.openstack.wsgi_app [None req-6cc7a471-f336-450e-9020-2bacfcf48003 None None] compute_monitors = [] {{(pid=92806) log_opt_values /opt/stack/data/venv/lib/python3.12/site-packages/oslo_config/cfg.py:3549}}
Aug 16 22:48:58.295530 np0000007424 devstack@n-api-meta.service[92806]: DEBUG nova.api.openstack.wsgi_app [None req-6cc7a471-f336-450e-9020-2bacfcf48003 None None] concurrency_backend = auto {{(pid=92806) log_opt_values /opt/stack/data/venv/lib/python3.12/site-packages/oslo_config/cfg.py:3549}}
Aug 16 22:48:58.295700 np0000007424 devstack@n-api-meta.service[92806]: DEBUG nova.api.openstack.wsgi_app [None req-6cc7a471-f336-450e-9020-2bacfcf48003 None None] config_dir = [] {{(pid=92806) log_opt_values /opt/stack/data/venv/lib/python3.12/site-packages/oslo_config/cfg.py:3549}}
Aug 16 22:48:58.295889 np0000007424 devstack@n-api-meta.service[92806]: DEBUG nova.api.openstack.wsgi_app [None req-6cc7a471-f336-450e-9020-2bacfcf48003 None None] config_drive_format = iso9660 {{(pid=92806) log_opt_values /opt/stack/data/venv/lib/python3.12/site-packages/oslo_config/cfg.py:3549}}
Aug 16 22:48:58.296046 np0000007424 devstack@n-api-meta.service[92806]: DEBUG nova.api.openstack.wsgi_app [None req-6cc7a471-f336-450e-9020-2bacfcf48003 None None] config_file = ['/etc/nova/api-paste.ini', '/etc/nova/nova.conf'] {{(pid=92806) log_opt_values /opt/stack/data/venv/lib/python3.12/site-packages/oslo_config/cfg.py:3549}}
Aug 16 22:48:58.296216 np0000007424 devstack@n-api-meta.service[92806]: DEBUG nova.api.openstack.wsgi_app [None req-6cc7a471-f336-450e-9020-2bacfcf48003 None None] config_source = [] {{(pid=92806) log_opt_values /opt/stack/data/venv/lib/python3.12/site-packages/oslo_config/cfg.py:3549}}
Aug 16 22:48:58.296389 np0000007424 devstack@n-api-meta.service[92806]: DEBUG nova.api.openstack.wsgi_app [None req-6cc7a471-f336-450e-9020-2bacfcf48003 None None] console_host = np0000007424 {{(pid=92806) log_opt_values /opt/stack/data/venv/lib/python3.12/site-packages/oslo_config/cfg.py:3549}}
Aug 16 22:48:58.296565 np0000007424 devstack@n-api-meta.service[92806]: DEBUG nova.api.openstack.wsgi_app [None req-6cc7a471-f336-450e-9020-2bacfcf48003 None None] control_exchange = nova {{(pid=92806) log_opt_values /opt/stack/data/venv/lib/python3.12/site-packages/oslo_config/cfg.py:3549}}
Aug 16 22:48:58.296742 np0000007424 devstack@n-api-meta.service[92806]: DEBUG nova.api.openstack.wsgi_app [None req-6cc7a471-f336-450e-9020-2bacfcf48003 None None] cpu_allocation_ratio = None {{(pid=92806) log_opt_values /opt/stack/data/venv/lib/python3.12/site-packages/oslo_config/cfg.py:3549}}
Aug 16 22:48:58.296921 np0000007424 devstack@n-api-meta.service[92806]: DEBUG nova.api.openstack.wsgi_app [None req-6cc7a471-f336-450e-9020-2bacfcf48003 None None] daemon = False {{(pid=92806) log_opt_values /opt/stack/data/venv/lib/python3.12/site-packages/oslo_config/cfg.py:3549}}
Aug 16 22:48:58.297105 np0000007424 devstack@n-api-meta.service[92806]: DEBUG nova.api.openstack.wsgi_app [None req-6cc7a471-f336-450e-9020-2bacfcf48003 None None] debug = True {{(pid=92806) log_opt_values /opt/stack/data/venv/lib/python3.12/site-packages/oslo_config/cfg.py:3549}}
Aug 16 22:48:58.297271 np0000007424 devstack@n-api-meta.service[92806]: DEBUG nova.api.openstack.wsgi_app [None req-6cc7a471-f336-450e-9020-2bacfcf48003 None None] default_access_ip_network_name = None {{(pid=92806) log_opt_values /opt/stack/data/venv/lib/python3.12/site-packages/oslo_config/cfg.py:3549}}
Aug 16 22:48:58.297444 np0000007424 devstack@n-api-meta.service[92806]: DEBUG nova.api.openstack.wsgi_app [None req-6cc7a471-f336-450e-9020-2bacfcf48003 None None] default_availability_zone = nova {{(pid=92806) log_opt_values /opt/stack/data/venv/lib/python3.12/site-packages/oslo_config/cfg.py:3549}}
Aug 16 22:48:58.297625 np0000007424 devstack@n-api-meta.service[92806]: DEBUG nova.api.openstack.wsgi_app [None req-6cc7a471-f336-450e-9020-2bacfcf48003 None None] default_ephemeral_format = ext4 {{(pid=92806) log_opt_values /opt/stack/data/venv/lib/python3.12/site-packages/oslo_config/cfg.py:3549}}
Aug 16 22:48:58.297804 np0000007424 devstack@n-api-meta.service[92806]: DEBUG nova.api.openstack.wsgi_app [None req-6cc7a471-f336-450e-9020-2bacfcf48003 None None] default_green_pool_size = 1000 {{(pid=92806) log_opt_values /opt/stack/data/venv/lib/python3.12/site-packages/oslo_config/cfg.py:3549}}
Aug 16 22:48:58.298107 np0000007424 devstack@n-api-meta.service[92806]: DEBUG nova.api.openstack.wsgi_app [None req-6cc7a471-f336-450e-9020-2bacfcf48003 None None] default_log_levels = ['amqp=WARN', 'boto=WARN', 'sqlalchemy=WARN', 'suds=INFO', 'oslo.messaging=INFO', 'oslo_messaging=INFO', 'iso8601=WARN', 'requests.packages.urllib3.connectionpool=WARN', 'urllib3.connectionpool=WARN', 'websocket=WARN', 'requests.packages.urllib3.util.retry=WARN', 'urllib3.util.retry=WARN', 'keystonemiddleware=WARN', 'routes.middleware=WARN', 'stevedore=WARN', 'taskflow=WARN', 'keystoneauth=WARN', 'oslo.cache=INFO', 'oslo_policy=INFO', 'dogpile.core.dogpile=INFO', 'glanceclient=WARN', 'oslo.privsep.daemon=INFO'] {{(pid=92806) log_opt_values /opt/stack/data/venv/lib/python3.12/site-packages/oslo_config/cfg.py:3549}}
Aug 16 22:48:58.298266 np0000007424 devstack@n-api-meta.service[92806]: DEBUG nova.api.openstack.wsgi_app [None req-6cc7a471-f336-450e-9020-2bacfcf48003 None None] default_schedule_zone = None {{(pid=92806) log_opt_values /opt/stack/data/venv/lib/python3.12/site-packages/oslo_config/cfg.py:3549}}
Aug 16 22:48:58.298431 np0000007424 devstack@n-api-meta.service[92806]: DEBUG nova.api.openstack.wsgi_app [None req-6cc7a471-f336-450e-9020-2bacfcf48003 None None] default_thread_pool_size = 10 {{(pid=92806) log_opt_values /opt/stack/data/venv/lib/python3.12/site-packages/oslo_config/cfg.py:3549}}
Aug 16 22:48:58.298597 np0000007424 devstack@n-api-meta.service[92806]: DEBUG nova.api.openstack.wsgi_app [None req-6cc7a471-f336-450e-9020-2bacfcf48003 None None] disk_allocation_ratio = None {{(pid=92806) log_opt_values /opt/stack/data/venv/lib/python3.12/site-packages/oslo_config/cfg.py:3549}}
Aug 16 22:48:58.298771 np0000007424 devstack@n-api-meta.service[92806]: DEBUG nova.api.openstack.wsgi_app [None req-6cc7a471-f336-450e-9020-2bacfcf48003 None None] enable_new_services = True {{(pid=92806) log_opt_values /opt/stack/data/venv/lib/python3.12/site-packages/oslo_config/cfg.py:3549}}
Aug 16 22:48:58.298953 np0000007424 devstack@n-api-meta.service[92806]: DEBUG nova.api.openstack.wsgi_app [None req-6cc7a471-f336-450e-9020-2bacfcf48003 None None] flat_injected = False {{(pid=92806) log_opt_values /opt/stack/data/venv/lib/python3.12/site-packages/oslo_config/cfg.py:3549}}
Aug 16 22:48:58.299132 np0000007424 devstack@n-api-meta.service[92806]: DEBUG nova.api.openstack.wsgi_app [None req-6cc7a471-f336-450e-9020-2bacfcf48003 None None] force_config_drive = True {{(pid=92806) log_opt_values /opt/stack/data/venv/lib/python3.12/site-packages/oslo_config/cfg.py:3549}}
Aug 16 22:48:58.299298 np0000007424 devstack@n-api-meta.service[92806]: DEBUG nova.api.openstack.wsgi_app [None req-6cc7a471-f336-450e-9020-2bacfcf48003 None None] force_raw_images = True {{(pid=92806) log_opt_values /opt/stack/data/venv/lib/python3.12/site-packages/oslo_config/cfg.py:3549}}
Aug 16 22:48:58.299476 np0000007424 devstack@n-api-meta.service[92806]: DEBUG nova.api.openstack.wsgi_app [None req-6cc7a471-f336-450e-9020-2bacfcf48003 None None] graceful_shutdown_timeout = 5 {{(pid=92806) log_opt_values /opt/stack/data/venv/lib/python3.12/site-packages/oslo_config/cfg.py:3549}}
Aug 16 22:48:58.299649 np0000007424 devstack@n-api-meta.service[92806]: DEBUG nova.api.openstack.wsgi_app [None req-6cc7a471-f336-450e-9020-2bacfcf48003 None None] heal_instance_info_cache_interval = -1 {{(pid=92806) log_opt_values /opt/stack/data/venv/lib/python3.12/site-packages/oslo_config/cfg.py:3549}}
Aug 16 22:48:58.299891 np0000007424 devstack@n-api-meta.service[92806]: DEBUG nova.api.openstack.wsgi_app [None req-6cc7a471-f336-450e-9020-2bacfcf48003 None None] host = np0000007424 {{(pid=92806) log_opt_values /opt/stack/data/venv/lib/python3.12/site-packages/oslo_config/cfg.py:3549}}
Aug 16 22:48:58.300085 np0000007424 devstack@n-api-meta.service[92806]: DEBUG nova.api.openstack.wsgi_app [None req-6cc7a471-f336-450e-9020-2bacfcf48003 None None] initial_cpu_allocation_ratio = 4.0 {{(pid=92806) log_opt_values /opt/stack/data/venv/lib/python3.12/site-packages/oslo_config/cfg.py:3549}}
Aug 16 22:48:58.300253 np0000007424 devstack@n-api-meta.service[92806]: DEBUG nova.api.openstack.wsgi_app [None req-6cc7a471-f336-450e-9020-2bacfcf48003 None None] initial_disk_allocation_ratio = 1.0 {{(pid=92806) log_opt_values /opt/stack/data/venv/lib/python3.12/site-packages/oslo_config/cfg.py:3549}}
Aug 16 22:48:58.300418 np0000007424 devstack@n-api-meta.service[92806]: DEBUG nova.api.openstack.wsgi_app [None req-6cc7a471-f336-450e-9020-2bacfcf48003 None None] initial_ram_allocation_ratio = 1.0 {{(pid=92806) log_opt_values /opt/stack/data/venv/lib/python3.12/site-packages/oslo_config/cfg.py:3549}}
Aug 16 22:48:58.300642 np0000007424 devstack@n-api-meta.service[92806]: DEBUG nova.api.openstack.wsgi_app [None req-6cc7a471-f336-450e-9020-2bacfcf48003 None None] injected_network_template = /opt/stack/nova/nova/virt/interfaces.template {{(pid=92806) log_opt_values /opt/stack/data/venv/lib/python3.12/site-packages/oslo_config/cfg.py:3549}}
Aug 16 22:48:58.300823 np0000007424 devstack@n-api-meta.service[92806]: DEBUG nova.api.openstack.wsgi_app [None req-6cc7a471-f336-450e-9020-2bacfcf48003 None None] instance_build_timeout = 0 {{(pid=92806) log_opt_values /opt/stack/data/venv/lib/python3.12/site-packages/oslo_config/cfg.py:3549}}
Aug 16 22:48:58.301009 np0000007424 devstack@n-api-meta.service[92806]: DEBUG nova.api.openstack.wsgi_app [None req-6cc7a471-f336-450e-9020-2bacfcf48003 None None] instance_delete_interval = 300 {{(pid=92806) log_opt_values /opt/stack/data/venv/lib/python3.12/site-packages/oslo_config/cfg.py:3549}}
Aug 16 22:48:58.301186 np0000007424 devstack@n-api-meta.service[92806]: DEBUG nova.api.openstack.wsgi_app [None req-6cc7a471-f336-450e-9020-2bacfcf48003 None None] instance_format = [instance: %(uuid)s] {{(pid=92806) log_opt_values /opt/stack/data/venv/lib/python3.12/site-packages/oslo_config/cfg.py:3549}}
Aug 16 22:48:58.301357 np0000007424 devstack@n-api-meta.service[92806]: DEBUG nova.api.openstack.wsgi_app [None req-6cc7a471-f336-450e-9020-2bacfcf48003 None None] instance_name_template = instance-%08x {{(pid=92806) log_opt_values /opt/stack/data/venv/lib/python3.12/site-packages/oslo_config/cfg.py:3549}}
Aug 16 22:48:58.301521 np0000007424 devstack@n-api-meta.service[92806]: DEBUG nova.api.openstack.wsgi_app [None req-6cc7a471-f336-450e-9020-2bacfcf48003 None None] instance_usage_audit = False {{(pid=92806) log_opt_values /opt/stack/data/venv/lib/python3.12/site-packages/oslo_config/cfg.py:3549}}
Aug 16 22:48:58.301699 np0000007424 devstack@n-api-meta.service[92806]: DEBUG nova.api.openstack.wsgi_app [None req-6cc7a471-f336-450e-9020-2bacfcf48003 None None] instance_usage_audit_period = month {{(pid=92806) log_opt_values /opt/stack/data/venv/lib/python3.12/site-packages/oslo_config/cfg.py:3549}}
Aug 16 22:48:58.301889 np0000007424 devstack@n-api-meta.service[92806]: DEBUG nova.api.openstack.wsgi_app [None req-6cc7a471-f336-450e-9020-2bacfcf48003 None None] instance_uuid_format = [instance: %(uuid)s] {{(pid=92806) log_opt_values /opt/stack/data/venv/lib/python3.12/site-packages/oslo_config/cfg.py:3549}}
Aug 16 22:48:58.302082 np0000007424 devstack@n-api-meta.service[92806]: DEBUG nova.api.openstack.wsgi_app [None req-6cc7a471-f336-450e-9020-2bacfcf48003 None None] instances_path = /opt/stack/data/nova/instances {{(pid=92806) log_opt_values /opt/stack/data/venv/lib/python3.12/site-packages/oslo_config/cfg.py:3549}}
Aug 16 22:48:58.302253 np0000007424 devstack@n-api-meta.service[92806]: DEBUG nova.api.openstack.wsgi_app [None req-6cc7a471-f336-450e-9020-2bacfcf48003 None None] internal_service_availability_zone = internal {{(pid=92806) log_opt_values /opt/stack/data/venv/lib/python3.12/site-packages/oslo_config/cfg.py:3549}}
Aug 16 22:48:58.302417 np0000007424 devstack@n-api-meta.service[92806]: DEBUG nova.api.openstack.wsgi_app [None req-6cc7a471-f336-450e-9020-2bacfcf48003 None None] key = None {{(pid=92806) log_opt_values /opt/stack/data/venv/lib/python3.12/site-packages/oslo_config/cfg.py:3549}}
Aug 16 22:48:58.302590 np0000007424 devstack@n-api-meta.service[92806]: DEBUG nova.api.openstack.wsgi_app [None req-6cc7a471-f336-450e-9020-2bacfcf48003 None None] live_migration_retry_count = 30 {{(pid=92806) log_opt_values /opt/stack/data/venv/lib/python3.12/site-packages/oslo_config/cfg.py:3549}}
Aug 16 22:48:58.302779 np0000007424 devstack@n-api-meta.service[92806]: DEBUG nova.api.openstack.wsgi_app [None req-6cc7a471-f336-450e-9020-2bacfcf48003 None None] log_color = False {{(pid=92806) log_opt_values /opt/stack/data/venv/lib/python3.12/site-packages/oslo_config/cfg.py:3549}}
Aug 16 22:48:58.302967 np0000007424 devstack@n-api-meta.service[92806]: DEBUG nova.api.openstack.wsgi_app [None req-6cc7a471-f336-450e-9020-2bacfcf48003 None None] log_config_append = None {{(pid=92806) log_opt_values /opt/stack/data/venv/lib/python3.12/site-packages/oslo_config/cfg.py:3549}}
Aug 16 22:48:58.303141 np0000007424 devstack@n-api-meta.service[92806]: DEBUG nova.api.openstack.wsgi_app [None req-6cc7a471-f336-450e-9020-2bacfcf48003 None None] log_date_format = %Y-%m-%d %H:%M:%S {{(pid=92806) log_opt_values /opt/stack/data/venv/lib/python3.12/site-packages/oslo_config/cfg.py:3549}}
Aug 16 22:48:58.303309 np0000007424 devstack@n-api-meta.service[92806]: DEBUG nova.api.openstack.wsgi_app [None req-6cc7a471-f336-450e-9020-2bacfcf48003 None None] log_dir = None {{(pid=92806) log_opt_values /opt/stack/data/venv/lib/python3.12/site-packages/oslo_config/cfg.py:3549}}
Aug 16 22:48:58.303476 np0000007424 devstack@n-api-meta.service[92806]: DEBUG nova.api.openstack.wsgi_app [None req-6cc7a471-f336-450e-9020-2bacfcf48003 None None] log_file = None {{(pid=92806) log_opt_values /opt/stack/data/venv/lib/python3.12/site-packages/oslo_config/cfg.py:3549}}
Aug 16 22:48:58.303609 np0000007424 devstack@n-api-meta.service[92806]: DEBUG nova.api.openstack.wsgi_app [None req-6cc7a471-f336-450e-9020-2bacfcf48003 None None] log_options = True {{(pid=92806) log_opt_values /opt/stack/data/venv/lib/python3.12/site-packages/oslo_config/cfg.py:3549}}
Aug 16 22:48:58.303783 np0000007424 devstack@n-api-meta.service[92806]: DEBUG nova.api.openstack.wsgi_app [None req-6cc7a471-f336-450e-9020-2bacfcf48003 None None] log_rotate_interval = 1 {{(pid=92806) log_opt_values /opt/stack/data/venv/lib/python3.12/site-packages/oslo_config/cfg.py:3549}}
Aug 16 22:48:58.303977 np0000007424 devstack@n-api-meta.service[92806]: DEBUG nova.api.openstack.wsgi_app [None req-6cc7a471-f336-450e-9020-2bacfcf48003 None None] log_rotate_interval_type = days {{(pid=92806) log_opt_values /opt/stack/data/venv/lib/python3.12/site-packages/oslo_config/cfg.py:3549}}
Aug 16 22:48:58.304154 np0000007424 devstack@n-api-meta.service[92806]: DEBUG nova.api.openstack.wsgi_app [None req-6cc7a471-f336-450e-9020-2bacfcf48003 None None] log_rotation_type = none {{(pid=92806) log_opt_values /opt/stack/data/venv/lib/python3.12/site-packages/oslo_config/cfg.py:3549}}
Aug 16 22:48:58.304291 np0000007424 devstack@n-api-meta.service[92806]: DEBUG nova.api.openstack.wsgi_app [None req-6cc7a471-f336-450e-9020-2bacfcf48003 None None] logging_context_format_string = %(color)s%(levelname)s %(name)s [%(global_request_id)s %(request_id)s %(project_name)s %(user_name)s%(color)s] %(instance)s%(color)s%(message)s {{(pid=92806) log_opt_values /opt/stack/data/venv/lib/python3.12/site-packages/oslo_config/cfg.py:3549}}
Aug 16 22:48:58.304432 np0000007424 devstack@n-api-meta.service[92806]: DEBUG nova.api.openstack.wsgi_app [None req-6cc7a471-f336-450e-9020-2bacfcf48003 None None] logging_debug_format_suffix = {{(pid=%(process)d) %(funcName)s %(pathname)s:%(lineno)d}} {{(pid=92806) log_opt_values /opt/stack/data/venv/lib/python3.12/site-packages/oslo_config/cfg.py:3549}}
Aug 16 22:48:58.304608 np0000007424 devstack@n-api-meta.service[92806]: DEBUG nova.api.openstack.wsgi_app [None req-6cc7a471-f336-450e-9020-2bacfcf48003 None None] logging_default_format_string = %(color)s%(levelname)s %(name)s [-%(color)s] %(instance)s%(color)s%(message)s {{(pid=92806) log_opt_values /opt/stack/data/venv/lib/python3.12/site-packages/oslo_config/cfg.py:3549}}
Aug 16 22:48:58.304789 np0000007424 devstack@n-api-meta.service[92806]: DEBUG nova.api.openstack.wsgi_app [None req-6cc7a471-f336-450e-9020-2bacfcf48003 None None] logging_exception_prefix = ERROR %(name)s %(instance)s {{(pid=92806) log_opt_values /opt/stack/data/venv/lib/python3.12/site-packages/oslo_config/cfg.py:3549}}
Aug 16 22:48:58.304941 np0000007424 devstack@n-api-meta.service[92806]: DEBUG nova.api.openstack.wsgi_app [None req-6cc7a471-f336-450e-9020-2bacfcf48003 None None] logging_user_identity_format = %(user)s %(project)s %(domain)s %(system_scope)s %(user_domain)s %(project_domain)s {{(pid=92806) log_opt_values /opt/stack/data/venv/lib/python3.12/site-packages/oslo_config/cfg.py:3549}}
Aug 16 22:48:58.305112 np0000007424 devstack@n-api-meta.service[92806]: DEBUG nova.api.openstack.wsgi_app [None req-6cc7a471-f336-450e-9020-2bacfcf48003 None None] long_rpc_timeout = 1800 {{(pid=92806) log_opt_values /opt/stack/data/venv/lib/python3.12/site-packages/oslo_config/cfg.py:3549}}
Aug 16 22:48:58.305276 np0000007424 devstack@n-api-meta.service[92806]: DEBUG nova.api.openstack.wsgi_app [None req-6cc7a471-f336-450e-9020-2bacfcf48003 None None] manager_shutdown_timeout = 160 {{(pid=92806) log_opt_values /opt/stack/data/venv/lib/python3.12/site-packages/oslo_config/cfg.py:3549}}
Aug 16 22:48:58.305444 np0000007424 devstack@n-api-meta.service[92806]: DEBUG nova.api.openstack.wsgi_app [None req-6cc7a471-f336-450e-9020-2bacfcf48003 None None] max_concurrent_builds = 10 {{(pid=92806) log_opt_values /opt/stack/data/venv/lib/python3.12/site-packages/oslo_config/cfg.py:3549}}
Aug 16 22:48:58.305574 np0000007424 devstack@n-api-meta.service[92804]: WARNING nova.api.metadata.handler [None req-cfddc609-eca3-48dc-a111-05c95c257f73 None None] metadata_proxy_shared_secret is not configured, the metadata information returned by the proxy cannot be trusted
Aug 16 22:48:58.305609 np0000007424 devstack@n-api-meta.service[92806]: DEBUG nova.api.openstack.wsgi_app [None req-6cc7a471-f336-450e-9020-2bacfcf48003 None None] max_concurrent_live_migrations = 1 {{(pid=92806) log_opt_values /opt/stack/data/venv/lib/python3.12/site-packages/oslo_config/cfg.py:3549}}
Aug 16 22:48:58.305780 np0000007424 devstack@n-api-meta.service[92806]: DEBUG nova.api.openstack.wsgi_app [None req-6cc7a471-f336-450e-9020-2bacfcf48003 None None] max_concurrent_snapshots = 5 {{(pid=92806) log_opt_values /opt/stack/data/venv/lib/python3.12/site-packages/oslo_config/cfg.py:3549}}
Aug 16 22:48:58.305962 np0000007424 devstack@n-api-meta.service[92806]: DEBUG nova.api.openstack.wsgi_app [None req-6cc7a471-f336-450e-9020-2bacfcf48003 None None] max_local_block_devices = 3 {{(pid=92806) log_opt_values /opt/stack/data/venv/lib/python3.12/site-packages/oslo_config/cfg.py:3549}}
Aug 16 22:48:58.306127 np0000007424 devstack@n-api-meta.service[92806]: DEBUG nova.api.openstack.wsgi_app [None req-6cc7a471-f336-450e-9020-2bacfcf48003 None None] max_logfile_count = 30 {{(pid=92806) log_opt_values /opt/stack/data/venv/lib/python3.12/site-packages/oslo_config/cfg.py:3549}}
Aug 16 22:48:58.306288 np0000007424 devstack@n-api-meta.service[92806]: DEBUG nova.api.openstack.wsgi_app [None req-6cc7a471-f336-450e-9020-2bacfcf48003 None None] max_logfile_size_mb = 200 {{(pid=92806) log_opt_values /opt/stack/data/venv/lib/python3.12/site-packages/oslo_config/cfg.py:3549}}
Aug 16 22:48:58.306449 np0000007424 devstack@n-api-meta.service[92806]: DEBUG nova.api.openstack.wsgi_app [None req-6cc7a471-f336-450e-9020-2bacfcf48003 None None] maximum_instance_delete_attempts = 5 {{(pid=92806) log_opt_values /opt/stack/data/venv/lib/python3.12/site-packages/oslo_config/cfg.py:3549}}
Aug 16 22:48:58.306620 np0000007424 devstack@n-api-meta.service[92806]: DEBUG nova.api.openstack.wsgi_app [None req-6cc7a471-f336-450e-9020-2bacfcf48003 None None] migrate_max_retries = -1 {{(pid=92806) log_opt_values /opt/stack/data/venv/lib/python3.12/site-packages/oslo_config/cfg.py:3549}}
Aug 16 22:48:58.306801 np0000007424 devstack@n-api-meta.service[92806]: DEBUG nova.api.openstack.wsgi_app [None req-6cc7a471-f336-450e-9020-2bacfcf48003 None None] mkisofs_cmd = genisoimage {{(pid=92806) log_opt_values /opt/stack/data/venv/lib/python3.12/site-packages/oslo_config/cfg.py:3549}}
Aug 16 22:48:58.307039 np0000007424 devstack@n-api-meta.service[92806]: DEBUG nova.api.openstack.wsgi_app [None req-6cc7a471-f336-450e-9020-2bacfcf48003 None None] my_block_storage_ip = 10.4.3.106 {{(pid=92806) log_opt_values /opt/stack/data/venv/lib/python3.12/site-packages/oslo_config/cfg.py:3549}}
Aug 16 22:48:58.307179 np0000007424 devstack@n-api-meta.service[92806]: DEBUG nova.api.openstack.wsgi_app [None req-6cc7a471-f336-450e-9020-2bacfcf48003 None None] my_ip = 10.4.3.106 {{(pid=92806) log_opt_values /opt/stack/data/venv/lib/python3.12/site-packages/oslo_config/cfg.py:3549}}
Aug 16 22:48:58.307385 np0000007424 devstack@n-api-meta.service[92806]: DEBUG nova.api.openstack.wsgi_app [None req-6cc7a471-f336-450e-9020-2bacfcf48003 None None] my_shared_fs_storage_ip = 10.4.3.106 {{(pid=92806) log_opt_values /opt/stack/data/venv/lib/python3.12/site-packages/oslo_config/cfg.py:3549}}
Aug 16 22:48:58.307549 np0000007424 devstack@n-api-meta.service[92806]: DEBUG nova.api.openstack.wsgi_app [None req-6cc7a471-f336-450e-9020-2bacfcf48003 None None] network_allocate_retries = 0 {{(pid=92806) log_opt_values /opt/stack/data/venv/lib/python3.12/site-packages/oslo_config/cfg.py:3549}}
Aug 16 22:48:58.307651 np0000007424 devstack@n-api-meta.service[92804]: DEBUG nova.api.openstack.wsgi_app [None req-cfddc609-eca3-48dc-a111-05c95c257f73 None None] ******************************************************************************** {{(pid=92804) log_opt_values /opt/stack/data/venv/lib/python3.12/site-packages/oslo_config/cfg.py:3533}}
