Aug 03 20:17:34.057471 np0000006368 devstack@g-api.service[99961]: DEBUG glance.api.middleware.version_negotiation [None req-68b92d25-9fa3-4def-bd71-acbcaee2857d tempest-VolumesSnapshotTestJSON-1066283128 tempest-VolumesSnapshotTestJSON-1066283128-project-member] new path /v2/images/f40983fe-51a1-48c4-a96f-10661f60a6ba {{(pid=99961) process_request /opt/stack/glance/glance/api/middleware/version_negotiation.py:70}}
Aug 03 20:17:34.071506 np0000006368 devstack@g-api.service[99961]: [pid: 99961|app: 0|req: 93/290] 127.0.0.1 () {44 vars in 1115 bytes} [Mon Aug 3 20:17:34 2026] GET /v2/images/f40983fe-51a1-48c4-a96f-10661f60a6ba => generated 1044 bytes in 16 msecs (HTTP/1.1 200) 4 headers in 158 bytes (1 switches on core 0)
Aug 03 20:17:34.078835 np0000006368 devstack@g-api.service[99962]: DEBUG glance.api.middleware.version_negotiation [None req-68b92d25-9fa3-4def-bd71-acbcaee2857d tempest-VolumesSnapshotTestJSON-1066283128 tempest-VolumesSnapshotTestJSON-1066283128-project-member] Determining version of request: DELETE /v2/images/dba2fa63-978f-4ccb-a383-78994b47d115 Accept: */* {{(pid=99962) process_request /opt/stack/glance/glance/api/middleware/version_negotiation.py:44}}
Aug 03 20:17:34.079093 np0000006368 devstack@g-api.service[99962]: DEBUG glance.api.middleware.version_negotiation [None req-68b92d25-9fa3-4def-bd71-acbcaee2857d tempest-VolumesSnapshotTestJSON-1066283128 tempest-VolumesSnapshotTestJSON-1066283128-project-member] Using url versioning {{(pid=99962) process_request /opt/stack/glance/glance/api/middleware/version_negotiation.py:57}}
Aug 03 20:17:34.079093 np0000006368 devstack@g-api.service[99962]: DEBUG glance.api.middleware.version_negotiation [None req-68b92d25-9fa3-4def-bd71-acbcaee2857d tempest-VolumesSnapshotTestJSON-1066283128 tempest-VolumesSnapshotTestJSON-1066283128-project-member] Matched version: v2 {{(pid=99962) process_request /opt/stack/glance/glance/api/middleware/version_negotiation.py:69}}
Aug 03 20:17:34.079190 np0000006368 devstack@g-api.service[99962]: DEBUG glance.api.middleware.version_negotiation [None req-68b92d25-9fa3-4def-bd71-acbcaee2857d tempest-VolumesSnapshotTestJSON-1066283128 tempest-VolumesSnapshotTestJSON-1066283128-project-member] new path /v2/images/dba2fa63-978f-4ccb-a383-78994b47d115 {{(pid=99962) process_request /opt/stack/glance/glance/api/middleware/version_negotiation.py:70}}
Aug 03 20:17:34.079754 np0000006368 devstack@g-api.service[99960]: DEBUG glance.api.middleware.version_negotiation [None req-3b351c36-67fa-4b84-9563-082a46c1dd91 tempest-VolumesBackupsTest-605008771 tempest-VolumesBackupsTest-605008771-project-member] Determining version of request: GET /v2/schemas/image Accept: */* {{(pid=99960) process_request /opt/stack/glance/glance/api/middleware/version_negotiation.py:44}}
Aug 03 20:17:34.080141 np0000006368 devstack@g-api.service[99960]: DEBUG glance.api.middleware.version_negotiation [None req-3b351c36-67fa-4b84-9563-082a46c1dd91 tempest-VolumesBackupsTest-605008771 tempest-VolumesBackupsTest-605008771-project-member] Using url versioning {{(pid=99960) process_request /opt/stack/glance/glance/api/middleware/version_negotiation.py:57}}
Aug 03 20:17:34.080141 np0000006368 devstack@g-api.service[99960]: DEBUG glance.api.middleware.version_negotiation [None req-3b351c36-67fa-4b84-9563-082a46c1dd91 tempest-VolumesBackupsTest-605008771 tempest-VolumesBackupsTest-605008771-project-member] Matched version: v2 {{(pid=99960) process_request /opt/stack/glance/glance/api/middleware/version_negotiation.py:69}}
Aug 03 20:17:34.080141 np0000006368 devstack@g-api.service[99960]: DEBUG glance.api.middleware.version_negotiation [None req-3b351c36-67fa-4b84-9563-082a46c1dd91 tempest-VolumesBackupsTest-605008771 tempest-VolumesBackupsTest-605008771-project-member] new path /v2/schemas/image {{(pid=99960) process_request /opt/stack/glance/glance/api/middleware/version_negotiation.py:70}}
Aug 03 20:17:34.082047 np0000006368 devstack@g-api.service[99960]: [pid: 99960|app: 0|req: 103/291] 127.0.0.1 () {44 vars in 1055 bytes} [Mon Aug 3 20:17:34 2026] GET /v2/schemas/image => generated 6083 bytes in 2 msecs (HTTP/1.1 200) 4 headers in 158 bytes (1 switches on core 0)
Aug 03 20:17:34.092695 np0000006368 devstack@g-api.service[99961]: DEBUG glance.api.middleware.version_negotiation [None req-d31df7c4-1d69-4e9f-955b-22d0032dea90 tempest-VolumesBackupsTest-605008771 tempest-VolumesBackupsTest-605008771-project-member] Determining version of request: GET /v2/schemas/image Accept: */* {{(pid=99961) process_request /opt/stack/glance/glance/api/middleware/version_negotiation.py:44}}
Aug 03 20:17:34.092821 np0000006368 devstack@g-api.service[99961]: DEBUG glance.api.middleware.version_negotiation [None req-d31df7c4-1d69-4e9f-955b-22d0032dea90 tempest-VolumesBackupsTest-605008771 tempest-VolumesBackupsTest-605008771-project-member] Using url versioning {{(pid=99961) process_request /opt/stack/glance/glance/api/middleware/version_negotiation.py:57}}
Aug 03 20:17:34.092928 np0000006368 devstack@g-api.service[99961]: DEBUG glance.api.middleware.version_negotiation [None req-d31df7c4-1d69-4e9f-955b-22d0032dea90 tempest-VolumesBackupsTest-605008771 tempest-VolumesBackupsTest-605008771-project-member] Matched version: v2 {{(pid=99961) process_request /opt/stack/glance/glance/api/middleware/version_negotiation.py:69}}
Aug 03 20:17:34.093014 np0000006368 devstack@g-api.service[99961]: DEBUG glance.api.middleware.version_negotiation [None req-d31df7c4-1d69-4e9f-955b-22d0032dea90 tempest-VolumesBackupsTest-605008771 tempest-VolumesBackupsTest-605008771-project-member] new path /v2/schemas/image {{(pid=99961) process_request /opt/stack/glance/glance/api/middleware/version_negotiation.py:70}}
Aug 03 20:17:34.095051 np0000006368 devstack@g-api.service[99961]: [pid: 99961|app: 0|req: 94/292] 127.0.0.1 () {44 vars in 1055 bytes} [Mon Aug 3 20:17:34 2026] GET /v2/schemas/image => generated 6083 bytes in 2 msecs (HTTP/1.1 200) 4 headers in 158 bytes (1 switches on core 0)
Aug 03 20:17:34.101412 np0000006368 devstack@g-api.service[99962]: WARNING glance.api.v2.images [None req-28980bc3-3f48-4fd5-90b1-e15ef4c5f859 tempest-AttachVolumeShelveTestJSON-1243157801 tempest-AttachVolumeShelveTestJSON-1243157801-project-member] After upload to backend, deletion of staged image data has failed because it cannot be found at /tmp/staging//dba2fa63-978f-4ccb-a383-78994b47d115
Aug 03 20:17:34.101412 np0000006368 devstack@g-api.service[99962]: DEBUG glance_store.backend [None req-28980bc3-3f48-4fd5-90b1-e15ef4c5f859 tempest-AttachVolumeShelveTestJSON-1243157801 tempest-AttachVolumeShelveTestJSON-1243157801-project-member] Attempting to import store swift {{(pid=99962) _load_store /opt/stack/data/venv/lib/python3.12/site-packages/glance_store/backend.py:215}}
Aug 03 20:17:34.102866 np0000006368 devstack@g-api.service[99962]: DEBUG glance_store.capabilities [None req-28980bc3-3f48-4fd5-90b1-e15ef4c5f859 tempest-AttachVolumeShelveTestJSON-1243157801 tempest-AttachVolumeShelveTestJSON-1243157801-project-member] Store glance_store._drivers.swift.store.SingleTenantStore doesn't support updating dynamic storage capabilities. Please overwrite 'update_capabilities' method of the store to implement updating logics if needed. {{(pid=99962) update_capabilities /opt/stack/data/venv/lib/python3.12/site-packages/glance_store/capabilities.py:91}}
Aug 03 20:17:34.103184 np0000006368 devstack@g-api.service[99962]: DEBUG glance_store.driver [None req-28980bc3-3f48-4fd5-90b1-e15ef4c5f859 tempest-AttachVolumeShelveTestJSON-1243157801 tempest-AttachVolumeShelveTestJSON-1243157801-project-member] Late loading location class glance_store._drivers.swift.store.StoreLocation {{(pid=99962) get_store_location_class /opt/stack/data/venv/lib/python3.12/site-packages/glance_store/driver.py:134}}
Aug 03 20:17:34.103466 np0000006368 devstack@g-api.service[99962]: DEBUG glance_store.location [None req-28980bc3-3f48-4fd5-90b1-e15ef4c5f859 tempest-AttachVolumeShelveTestJSON-1243157801 tempest-AttachVolumeShelveTestJSON-1243157801-project-member] Registering scheme swift+https with {'store': , 'location_class': , 'store_entry': 'swift'} {{(pid=99962) register_scheme_map /opt/stack/data/venv/lib/python3.12/site-packages/glance_store/location.py:146}}
Aug 03 20:17:34.103889 np0000006368 devstack@g-api.service[99962]: DEBUG glance_store.location [None req-28980bc3-3f48-4fd5-90b1-e15ef4c5f859 tempest-AttachVolumeShelveTestJSON-1243157801 tempest-AttachVolumeShelveTestJSON-1243157801-project-member] Registering scheme swift+https with {'store': , 'location_class': , 'store_entry': 'swift'} {{(pid=99962) register_scheme_map /opt/stack/data/venv/lib/python3.12/site-packages/glance_store/location.py:146}}
Aug 03 20:17:34.104263 np0000006368 devstack@g-api.service[99962]: DEBUG glance_store.location [None req-28980bc3-3f48-4fd5-90b1-e15ef4c5f859 tempest-AttachVolumeShelveTestJSON-1243157801 tempest-AttachVolumeShelveTestJSON-1243157801-project-member] Registering scheme swift with {'store': , 'location_class': , 'store_entry': 'swift'} {{(pid=99962) register_scheme_map /opt/stack/data/venv/lib/python3.12/site-packages/glance_store/location.py:146}}
Aug 03 20:17:34.104703 np0000006368 devstack@g-api.service[99962]: DEBUG glance_store.location [None req-28980bc3-3f48-4fd5-90b1-e15ef4c5f859 tempest-AttachVolumeShelveTestJSON-1243157801 tempest-AttachVolumeShelveTestJSON-1243157801-project-member] Registering scheme swift+https with {'store': , 'location_class': , 'store_entry': 'swift'} {{(pid=99962) register_scheme_map /opt/stack/data/venv/lib/python3.12/site-packages/glance_store/location.py:146}}
Aug 03 20:17:34.104868 np0000006368 devstack@g-api.service[99960]: DEBUG glance.api.middleware.version_negotiation [None req-d31df7c4-1d69-4e9f-955b-22d0032dea90 tempest-VolumesBackupsTest-605008771 tempest-VolumesBackupsTest-605008771-project-member] Determining version of request: GET /v2/images/f40983fe-51a1-48c4-a96f-10661f60a6ba Accept: */* {{(pid=99960) process_request /opt/stack/glance/glance/api/middleware/version_negotiation.py:44}}
Aug 03 20:17:34.105032 np0000006368 devstack@g-api.service[99960]: DEBUG glance.api.middleware.version_negotiation [None req-d31df7c4-1d69-4e9f-955b-22d0032dea90 tempest-VolumesBackupsTest-605008771 tempest-VolumesBackupsTest-605008771-project-member] Using url versioning {{(pid=99960) process_request /opt/stack/glance/glance/api/middleware/version_negotiation.py:57}}
Aug 03 20:17:34.105153 np0000006368 devstack@g-api.service[99960]: DEBUG glance.api.middleware.version_negotiation [None req-d31df7c4-1d69-4e9f-955b-22d0032dea90 tempest-VolumesBackupsTest-605008771 tempest-VolumesBackupsTest-605008771-project-member] Matched version: v2 {{(pid=99960) process_request /opt/stack/glance/glance/api/middleware/version_negotiation.py:69}}
Aug 03 20:17:34.105258 np0000006368 devstack@g-api.service[99960]: DEBUG glance.api.middleware.version_negotiation [None req-d31df7c4-1d69-4e9f-955b-22d0032dea90 tempest-VolumesBackupsTest-605008771 tempest-VolumesBackupsTest-605008771-project-member] new path /v2/images/f40983fe-51a1-48c4-a96f-10661f60a6ba {{(pid=99960) process_request /opt/stack/glance/glance/api/middleware/version_negotiation.py:70}}
Aug 03 20:17:34.109560 np0000006368 devstack@g-api.service[99962]: DEBUG glance_store.location [None req-28980bc3-3f48-4fd5-90b1-e15ef4c5f859 tempest-AttachVolumeShelveTestJSON-1243157801 tempest-AttachVolumeShelveTestJSON-1243157801-project-member] Registering scheme swift with {'store': , 'location_class': , 'store_entry': 'swift'} {{(pid=99962) register_scheme_map /opt/stack/data/venv/lib/python3.12/site-packages/glance_store/location.py:146}}
Aug 03 20:17:34.109560 np0000006368 devstack@g-api.service[99962]: DEBUG glance_store.location [None req-28980bc3-3f48-4fd5-90b1-e15ef4c5f859 tempest-AttachVolumeShelveTestJSON-1243157801 tempest-AttachVolumeShelveTestJSON-1243157801-project-member] Registering scheme swift+http with {'store': , 'location_class': , 'store_entry': 'swift'} {{(pid=99962) register_scheme_map /opt/stack/data/venv/lib/python3.12/site-packages/glance_store/location.py:146}}
Aug 03 20:17:34.109560 np0000006368 devstack@g-api.service[99962]: DEBUG glance_store.location [None req-28980bc3-3f48-4fd5-90b1-e15ef4c5f859 tempest-AttachVolumeShelveTestJSON-1243157801 tempest-AttachVolumeShelveTestJSON-1243157801-project-member] Registering scheme swift+https with {'store': , 'location_class': , 'store_entry': 'swift'} {{(pid=99962) register_scheme_map /opt/stack/data/venv/lib/python3.12/site-packages/glance_store/location.py:146}}
Aug 03 20:17:34.109560 np0000006368 devstack@g-api.service[99962]: DEBUG glance_store.location [None req-28980bc3-3f48-4fd5-90b1-e15ef4c5f859 tempest-AttachVolumeShelveTestJSON-1243157801 tempest-AttachVolumeShelveTestJSON-1243157801-project-member] Registering scheme swift with {'store': , 'location_class': , 'store_entry': 'swift'} {{(pid=99962) register_scheme_map /opt/stack/data/venv/lib/python3.12/site-packages/glance_store/location.py:146}}
Aug 03 20:17:34.109560 np0000006368 devstack@g-api.service[99962]: DEBUG glance_store.location [None req-28980bc3-3f48-4fd5-90b1-e15ef4c5f859 tempest-AttachVolumeShelveTestJSON-1243157801 tempest-AttachVolumeShelveTestJSON-1243157801-project-member] Registering scheme swift+http with {'store': , 'location_class': , 'store_entry': 'swift'} {{(pid=99962) register_scheme_map /opt/stack/data/venv/lib/python3.12/site-packages/glance_store/location.py:146}}
Aug 03 20:17:34.109560 np0000006368 devstack@g-api.service[99962]: DEBUG glance_store.location [None req-28980bc3-3f48-4fd5-90b1-e15ef4c5f859 tempest-AttachVolumeShelveTestJSON-1243157801 tempest-AttachVolumeShelveTestJSON-1243157801-project-member] Registering scheme swift+config with {'store': , 'location_class': , 'store_entry': 'swift'} {{(pid=99962) register_scheme_map /opt/stack/data/venv/lib/python3.12/site-packages/glance_store/location.py:146}}
Aug 03 20:17:34.109560 np0000006368 devstack@g-api.service[99962]: DEBUG keystoneclient.auth.identity.v3.base [None req-28980bc3-3f48-4fd5-90b1-e15ef4c5f859 tempest-AttachVolumeShelveTestJSON-1243157801 tempest-AttachVolumeShelveTestJSON-1243157801-project-member] Making authentication request to https://10.4.3.211/identity/v3/auth/tokens {{(pid=99962) get_auth_ref /opt/stack/data/venv/lib/python3.12/site-packages/keystoneclient/auth/identity/v3/base.py:185}}
Aug 03 20:17:34.114562 np0000006368 devstack@g-api.service[99960]: [pid: 99960|app: 0|req: 104/293] 127.0.0.1 () {44 vars in 1115 bytes} [Mon Aug 3 20:17:34 2026] GET /v2/images/f40983fe-51a1-48c4-a96f-10661f60a6ba => generated 1044 bytes in 10 msecs (HTTP/1.1 200) 4 headers in 158 bytes (1 switches on core 0)
Aug 03 20:17:34.125749 np0000006368 devstack@g-api.service[99961]: DEBUG glance.api.middleware.version_negotiation [None req-d31df7c4-1d69-4e9f-955b-22d0032dea90 tempest-VolumesBackupsTest-605008771 tempest-VolumesBackupsTest-605008771-project-member] Determining version of request: GET /v2/schemas/image Accept: */* {{(pid=99961) process_request /opt/stack/glance/glance/api/middleware/version_negotiation.py:44}}
Aug 03 20:17:34.125967 np0000006368 devstack@g-api.service[99961]: DEBUG glance.api.middleware.version_negotiation [None req-d31df7c4-1d69-4e9f-955b-22d0032dea90 tempest-VolumesBackupsTest-605008771 tempest-VolumesBackupsTest-605008771-project-member] Using url versioning {{(pid=99961) process_request /opt/stack/glance/glance/api/middleware/version_negotiation.py:57}}
Aug 03 20:17:34.126134 np0000006368 devstack@g-api.service[99961]: DEBUG glance.api.middleware.version_negotiation [None req-d31df7c4-1d69-4e9f-955b-22d0032dea90 tempest-VolumesBackupsTest-605008771 tempest-VolumesBackupsTest-605008771-project-member] Matched version: v2 {{(pid=99961) process_request /opt/stack/glance/glance/api/middleware/version_negotiation.py:69}}
Aug 03 20:17:34.126355 np0000006368 devstack@g-api.service[99961]: DEBUG glance.api.middleware.version_negotiation [None req-d31df7c4-1d69-4e9f-955b-22d0032dea90 tempest-VolumesBackupsTest-605008771 tempest-VolumesBackupsTest-605008771-project-member] new path /v2/schemas/image {{(pid=99961) process_request /opt/stack/glance/glance/api/middleware/version_negotiation.py:70}}
Aug 03 20:17:34.128523 np0000006368 devstack@g-api.service[99961]: [pid: 99961|app: 0|req: 95/294] 127.0.0.1 () {44 vars in 1055 bytes} [Mon Aug 3 20:17:34 2026] GET /v2/schemas/image => generated 6083 bytes in 3 msecs (HTTP/1.1 200) 4 headers in 158 bytes (1 switches on core 0)
Aug 03 20:17:34.142058 np0000006368 devstack@g-api.service[99960]: DEBUG glance.api.middleware.version_negotiation [None req-d31df7c4-1d69-4e9f-955b-22d0032dea90 tempest-VolumesBackupsTest-605008771 tempest-VolumesBackupsTest-605008771-project-member] Determining version of request: GET /v2/schemas/image Accept: */* {{(pid=99960) process_request /opt/stack/glance/glance/api/middleware/version_negotiation.py:44}}
Aug 03 20:17:34.142258 np0000006368 devstack@g-api.service[99960]: DEBUG glance.api.middleware.version_negotiation [None req-d31df7c4-1d69-4e9f-955b-22d0032dea90 tempest-VolumesBackupsTest-605008771 tempest-VolumesBackupsTest-605008771-project-member] Using url versioning {{(pid=99960) process_request /opt/stack/glance/glance/api/middleware/version_negotiation.py:57}}
Aug 03 20:17:34.142478 np0000006368 devstack@g-api.service[99960]: DEBUG glance.api.middleware.version_negotiation [None req-d31df7c4-1d69-4e9f-955b-22d0032dea90 tempest-VolumesBackupsTest-605008771 tempest-VolumesBackupsTest-605008771-project-member] Matched version: v2 {{(pid=99960) process_request /opt/stack/glance/glance/api/middleware/version_negotiation.py:69}}
Aug 03 20:17:34.142645 np0000006368 devstack@g-api.service[99960]: DEBUG glance.api.middleware.version_negotiation [None req-d31df7c4-1d69-4e9f-955b-22d0032dea90 tempest-VolumesBackupsTest-605008771 tempest-VolumesBackupsTest-605008771-project-member] new path /v2/schemas/image {{(pid=99960) process_request /opt/stack/glance/glance/api/middleware/version_negotiation.py:70}}
Aug 03 20:17:34.148606 np0000006368 devstack@g-api.service[99960]: [pid: 99960|app: 0|req: 105/295] 127.0.0.1 () {44 vars in 1055 bytes} [Mon Aug 3 20:17:34 2026] GET /v2/schemas/image => generated 6083 bytes in 7 msecs (HTTP/1.1 200) 4 headers in 158 bytes (1 switches on core 0)
Aug 03 20:17:34.153709 np0000006368 devstack@g-api.service[99962]: DEBUG keystoneclient.auth.identity.v3.base [None req-28980bc3-3f48-4fd5-90b1-e15ef4c5f859 tempest-AttachVolumeShelveTestJSON-1243157801 tempest-AttachVolumeShelveTestJSON-1243157801-project-member] {"token": {"methods": ["password"], "user": {"domain": {"id": "default", "name": "Default"}, "id": "03178b46da5d448d992a803fa554378a", "name": "glance-swift", "password_expires_at": null}, "audit_ids": ["vtNCTz6HQB6g-CMi3JOeHQ"], "expires_at": "2026-08-03T21:17:34.000000Z", "issued_at": "2026-08-03T20:17:34.000000Z", "project": {"domain": {"id": "default", "name": "Default"}, "id": "06868329de6842679a9efe68e514ae47", "name": "service"}, "is_domain": false, "roles": [{"id": "731655a123b148b887020bc85470a16e", "name": "service"}, {"id": "ad32a295233a49fe8d03dc352e62f570", "name": "ResellerAdmin"}], "catalog": [{"endpoints": [{"id": "41ab061e339549b5a5cdd65c6633de02", "interface": "public", "region_id": "RegionOne", "url": "https://10.4.3.211/compute/v2/06868329de6842679a9efe68e514ae47", "region": "RegionOne"}], "id": "34839f7728a8499ca7133dc2e675c5b7", "type": "compute_legacy", "name": "nova_legacy"}, {"endpoints": [{"id": "8a32b27c0b084a07a2fcb14223b65278", "interface": "public", "region_id": "RegionOne", "url": "https://10.4.3.211/placement", "region": "RegionOne"}], "id": "490b935bef024e1181005adbdf8f137b", "type": "placement", "name": "placement"}, {"endpoints": [{"id": "890b761f6d04445e85b32f4921f140f0", "interface": "public", "region_id": "RegionOne", "url": "https://10.4.3.211/compute/v2.1", "region": "RegionOne"}], "id": "6f2c08bee9614d598f37b4181502366f", "type": "compute", "name": "nova"}, {"endpoints": [{"id": "78f7d98f701a46e9839fd6dd0c114fbe", "interface": "public", "region_id": "RegionOne", "url": "https://10.4.3.211/volume/v3", "region": "RegionOne"}], "id": "7b221e35b7cc48959a4e23e53a4e4dad", "type": "block-storage", "name": "cinder"}, {"endpoints": [{"id": "0569c6f1e8e6451fbc955a60576a079f", "interface": "admin", "region_id": "RegionOne", "url": "https://10.4.3.211:8080", "region": "RegionOne"}, {"id": "deacefd7fc524e23bf1cd9cf05777172", "interface": "public", "region_id": "RegionOne", "url": "https://10.4.3.211:8080/v1/AUTH_06868329de6842679a9efe68e514ae47", "region": "RegionOne"}], "id": "8dc6dedb59df4b44bf52cc68b6a2fa0b", "type": "object-store", "name": "swift"}, {"endpoints": [{"id": "fc25aef5a04744199f8968d1d9160be9", "interface": "public", "region_id": "RegionOne", "url": "https://10.4.3.211/identity", "region": "RegionOne"}], "id": "a9c2e8cf883d4f01b63dc6024c374bc4", "type": "identity", "name": "keystone"}, {"endpoints": [{"id": "c870affc507e431b9582b15dba54d4a6", "interface": "public", "region_id": "RegionOne", "url": "https://10.4.3.211/image", "region": "RegionOne"}], "id": "bd1acfc80a4e4ad3925a5c31d7b03636", "type": "image", "name": "glance"}, {"endpoints": [{"id": "0efdc0bce59e4582bb34ca933b41681d", "interface": "public", "region_id": "RegionOne", "url": "https://10.4.3.211/networking", "region": "RegionOne"}], "id": "e0f86d73328649fca4141e1533f2fa85", "type": "network", "name": "neutron"}]}} {{(pid=99962) get_auth_ref /opt/stack/data/venv/lib/python3.12/site-packages/keystoneclient/auth/identity/v3/base.py:190}}
Aug 03 20:17:34.153709 np0000006368 devstack@g-api.service[99962]: DEBUG keystoneclient.httpclient [None req-28980bc3-3f48-4fd5-90b1-e15ef4c5f859 tempest-AttachVolumeShelveTestJSON-1243157801 tempest-AttachVolumeShelveTestJSON-1243157801-project-member] Failed to find endpoint for management url admin endpoint for identity service not found {{(pid=99962) _process_management_url /opt/stack/data/venv/lib/python3.12/site-packages/keystoneclient/httpclient.py:670}}
Aug 03 20:17:34.179338 np0000006368 devstack@g-api.service[99961]: DEBUG glance.api.middleware.version_negotiation [None req-d31df7c4-1d69-4e9f-955b-22d0032dea90 tempest-VolumesBackupsTest-605008771 tempest-VolumesBackupsTest-605008771-project-member] Determining version of request: GET /v2/images/f40983fe-51a1-48c4-a96f-10661f60a6ba Accept: */* {{(pid=99961) process_request /opt/stack/glance/glance/api/middleware/version_negotiation.py:44}}
Aug 03 20:17:34.179479 np0000006368 devstack@g-api.service[99961]: DEBUG glance.api.middleware.version_negotiation [None req-d31df7c4-1d69-4e9f-955b-22d0032dea90 tempest-VolumesBackupsTest-605008771 tempest-VolumesBackupsTest-605008771-project-member] Using url versioning {{(pid=99961) process_request /opt/stack/glance/glance/api/middleware/version_negotiation.py:57}}
Aug 03 20:17:34.179670 np0000006368 devstack@g-api.service[99961]: DEBUG glance.api.middleware.version_negotiation [None req-d31df7c4-1d69-4e9f-955b-22d0032dea90 tempest-VolumesBackupsTest-605008771 tempest-VolumesBackupsTest-605008771-project-member] Matched version: v2 {{(pid=99961) process_request /opt/stack/glance/glance/api/middleware/version_negotiation.py:69}}
Aug 03 20:17:34.179696 np0000006368 devstack@g-api.service[99961]: DEBUG glance.api.middleware.version_negotiation [None req-d31df7c4-1d69-4e9f-955b-22d0032dea90 tempest-VolumesBackupsTest-605008771 tempest-VolumesBackupsTest-605008771-project-member] new path /v2/images/f40983fe-51a1-48c4-a96f-10661f60a6ba {{(pid=99961) process_request /opt/stack/glance/glance/api/middleware/version_negotiation.py:70}}
Aug 03 20:17:34.197002 np0000006368 devstack@g-api.service[99961]: [pid: 99961|app: 0|req: 96/296] 127.0.0.1 () {44 vars in 1115 bytes} [Mon Aug 3 20:17:34 2026] GET /v2/images/f40983fe-51a1-48c4-a96f-10661f60a6ba => generated 1044 bytes in 18 msecs (HTTP/1.1 200) 4 headers in 158 bytes (1 switches on core 0)
Aug 03 20:17:34.207166 np0000006368 devstack@g-api.service[99960]: DEBUG glance.api.middleware.version_negotiation [None req-d31df7c4-1d69-4e9f-955b-22d0032dea90 tempest-VolumesBackupsTest-605008771 tempest-VolumesBackupsTest-605008771-project-member] Determining version of request: GET /v2/schemas/image Accept: */* {{(pid=99960) process_request /opt/stack/glance/glance/api/middleware/version_negotiation.py:44}}
Aug 03 20:17:34.207654 np0000006368 devstack@g-api.service[99960]: DEBUG glance.api.middleware.version_negotiation [None req-d31df7c4-1d69-4e9f-955b-22d0032dea90 tempest-VolumesBackupsTest-605008771 tempest-VolumesBackupsTest-605008771-project-member] Using url versioning {{(pid=99960) process_request /opt/stack/glance/glance/api/middleware/version_negotiation.py:57}}
Aug 03 20:17:34.207813 np0000006368 devstack@g-api.service[99960]: DEBUG glance.api.middleware.version_negotiation [None req-d31df7c4-1d69-4e9f-955b-22d0032dea90 tempest-VolumesBackupsTest-605008771 tempest-VolumesBackupsTest-605008771-project-member] Matched version: v2 {{(pid=99960) process_request /opt/stack/glance/glance/api/middleware/version_negotiation.py:69}}
Aug 03 20:17:34.207954 np0000006368 devstack@g-api.service[99960]: DEBUG glance.api.middleware.version_negotiation [None req-d31df7c4-1d69-4e9f-955b-22d0032dea90 tempest-VolumesBackupsTest-605008771 tempest-VolumesBackupsTest-605008771-project-member] new path /v2/schemas/image {{(pid=99960) process_request /opt/stack/glance/glance/api/middleware/version_negotiation.py:70}}
Aug 03 20:17:34.210570 np0000006368 devstack@g-api.service[99960]: [pid: 99960|app: 0|req: 106/297] 127.0.0.1 () {44 vars in 1055 bytes} [Mon Aug 3 20:17:34 2026] GET /v2/schemas/image => generated 6083 bytes in 3 msecs (HTTP/1.1 200) 4 headers in 158 bytes (1 switches on core 0)
Aug 03 20:17:34.228474 np0000006368 devstack@g-api.service[99962]: DEBUG swiftclient [None req-28980bc3-3f48-4fd5-90b1-e15ef4c5f859 tempest-AttachVolumeShelveTestJSON-1243157801 tempest-AttachVolumeShelveTestJSON-1243157801-project-member] REQ: curl -i https://10.4.3.211:8080/v1/AUTH_06868329de6842679a9efe68e514ae47/glance/dba2fa63-978f-4ccb-a383-78994b47d115 -I -H "X-Auth-Token: gAAAAABqcPdeb-3a..." {{(pid=99962) http_log /opt/stack/data/venv/lib/python3.12/site-packages/swiftclient/client.py:160}}
Aug 03 20:17:34.229460 np0000006368 devstack@g-api.service[99962]: DEBUG swiftclient [None req-28980bc3-3f48-4fd5-90b1-e15ef4c5f859 tempest-AttachVolumeShelveTestJSON-1243157801 tempest-AttachVolumeShelveTestJSON-1243157801-project-member] RESP STATUS: 200 OK {{(pid=99962) http_log /opt/stack/data/venv/lib/python3.12/site-packages/swiftclient/client.py:161}}
Aug 03 20:17:34.229460 np0000006368 devstack@g-api.service[99962]: DEBUG swiftclient [None req-28980bc3-3f48-4fd5-90b1-e15ef4c5f859 tempest-AttachVolumeShelveTestJSON-1243157801 tempest-AttachVolumeShelveTestJSON-1243157801-project-member] RESP HEADERS: {'Date': 'Mon, 03 Aug 2026 20:17:34 GMT', 'Server': 'Apache/2.4.58 (Ubuntu)', 'Content-Type': 'application/octet-stream', 'Content-Length': '53608448', 'X-Object-Manifest': 'glance/dba2fa63-978f-4ccb-a383-78994b47d115-', 'Last-Modified': 'Mon, 03 Aug 2026 20:17:22 GMT', 'X-Timestamp': '1785788241.78662', 'Accept-Ranges': 'bytes', 'Etag': '"ab8969fc1e0db1699a260eb9077c4574"', 'X-Trans-Id': 'txdf8a74e63215421180ad5-006a70f75e', 'X-Openstack-Request-Id': 'txdf8a74e63215421180ad5-006a70f75e', 'Connection': 'close'} {{(pid=99962) http_log /opt/stack/data/venv/lib/python3.12/site-packages/swiftclient/client.py:162}}
Aug 03 20:17:34.257471 np0000006368 devstack@g-api.service[99962]: DEBUG swiftclient [None req-28980bc3-3f48-4fd5-90b1-e15ef4c5f859 tempest-AttachVolumeShelveTestJSON-1243157801 tempest-AttachVolumeShelveTestJSON-1243157801-project-member] REQ: curl -i https://10.4.3.211:8080/v1/AUTH_06868329de6842679a9efe68e514ae47/glance?format=json&prefix=dba2fa63-978f-4ccb-a383-78994b47d115- -X GET -H "X-Auth-Token: gAAAAABqcPdeb-3a..." -H "Accept-Encoding: gzip" {{(pid=99962) http_log /opt/stack/data/venv/lib/python3.12/site-packages/swiftclient/client.py:160}}
Aug 03 20:17:34.257471 np0000006368 devstack@g-api.service[99962]: DEBUG swiftclient [None req-28980bc3-3f48-4fd5-90b1-e15ef4c5f859 tempest-AttachVolumeShelveTestJSON-1243157801 tempest-AttachVolumeShelveTestJSON-1243157801-project-member] RESP STATUS: 200 OK {{(pid=99962) http_log /opt/stack/data/venv/lib/python3.12/site-packages/swiftclient/client.py:161}}
Aug 03 20:17:34.257471 np0000006368 devstack@g-api.service[99962]: DEBUG swiftclient [None req-28980bc3-3f48-4fd5-90b1-e15ef4c5f859 tempest-AttachVolumeShelveTestJSON-1243157801 tempest-AttachVolumeShelveTestJSON-1243157801-project-member] RESP HEADERS: {'Date': 'Mon, 03 Aug 2026 20:17:34 GMT', 'Server': 'Apache/2.4.58 (Ubuntu)', 'Content-Type': 'application/json; charset=utf-8', 'Content-Length': '210', 'X-Container-Object-Count': '7', 'X-Container-Bytes-Used': '171573248', 'X-Timestamp': '1785787926.71606', 'Last-Modified': 'Mon, 03 Aug 2026 20:12:07 GMT', 'Accept-Ranges': 'bytes', 'X-Storage-Policy': 'Policy-0', 'X-Container-Sharding': 'False', 'X-Trans-Id': 'tx2d7a0d0b12404c349ed41-006a70f75e', 'X-Openstack-Request-Id': 'tx2d7a0d0b12404c349ed41-006a70f75e', 'Connection': 'close'} {{(pid=99962) http_log /opt/stack/data/venv/lib/python3.12/site-packages/swiftclient/client.py:162}}
Aug 03 20:17:34.257471 np0000006368 devstack@g-api.service[99962]: DEBUG swiftclient [None req-28980bc3-3f48-4fd5-90b1-e15ef4c5f859 tempest-AttachVolumeShelveTestJSON-1243157801 tempest-AttachVolumeShelveTestJSON-1243157801-project-member] RESP BODY: b'[{"bytes": 53608448, "hash": "77db2566d5f311bf2f34c86de66b2e79", "name": "dba2fa63-978f-4ccb-a383-78994b47d115-00001", "content_type": "application/octet-stream", "last_modified": "2026-08-03T20:17:21.231010"}]' {{(pid=99962) http_log /opt/stack/data/venv/lib/python3.12/site-packages/swiftclient/client.py:166}}
Aug 03 20:17:34.293485 np0000006368 devstack@g-api.service[99962]: DEBUG swiftclient [None req-28980bc3-3f48-4fd5-90b1-e15ef4c5f859 tempest-AttachVolumeShelveTestJSON-1243157801 tempest-AttachVolumeShelveTestJSON-1243157801-project-member] REQ: curl -i https://10.4.3.211:8080/v1/AUTH_06868329de6842679a9efe68e514ae47/glance/dba2fa63-978f-4ccb-a383-78994b47d115-00001 DELETE -H "X-Auth-Token: gAAAAABqcPdeb-3a..." {{(pid=99962) http_log /opt/stack/data/venv/lib/python3.12/site-packages/swiftclient/client.py:160}}
Aug 03 20:17:34.293765 np0000006368 devstack@g-api.service[99962]: DEBUG swiftclient [None req-28980bc3-3f48-4fd5-90b1-e15ef4c5f859 tempest-AttachVolumeShelveTestJSON-1243157801 tempest-AttachVolumeShelveTestJSON-1243157801-project-member] RESP STATUS: 204 No Content {{(pid=99962) http_log /opt/stack/data/venv/lib/python3.12/site-packages/swiftclient/client.py:161}}
Aug 03 20:17:34.293986 np0000006368 devstack@g-api.service[99962]: DEBUG swiftclient [None req-28980bc3-3f48-4fd5-90b1-e15ef4c5f859 tempest-AttachVolumeShelveTestJSON-1243157801 tempest-AttachVolumeShelveTestJSON-1243157801-project-member] RESP HEADERS: {'Date': 'Mon, 03 Aug 2026 20:17:34 GMT', 'Server': 'Apache/2.4.58 (Ubuntu)', 'Content-Type': 'text/html; charset=UTF-8', 'X-Trans-Id': 'txaee5b38eb56a450a8d7ff-006a70f75e', 'X-Openstack-Request-Id': 'txaee5b38eb56a450a8d7ff-006a70f75e', 'Connection': 'close'} {{(pid=99962) http_log /opt/stack/data/venv/lib/python3.12/site-packages/swiftclient/client.py:162}}
Aug 03 20:17:34.318684 np0000006368 devstack@g-api.service[99961]: DEBUG glance.api.middleware.version_negotiation [None req-d31df7c4-1d69-4e9f-955b-22d0032dea90 tempest-VolumesBackupsTest-605008771 tempest-VolumesBackupsTest-605008771-project-member] Determining version of request: GET /v2/images/f40983fe-51a1-48c4-a96f-10661f60a6ba Accept: */* {{(pid=99961) process_request /opt/stack/glance/glance/api/middleware/version_negotiation.py:44}}
Aug 03 20:17:34.320091 np0000006368 devstack@g-api.service[99961]: DEBUG glance.api.middleware.version_negotiation [None req-d31df7c4-1d69-4e9f-955b-22d0032dea90 tempest-VolumesBackupsTest-605008771 tempest-VolumesBackupsTest-605008771-project-member] Using url versioning {{(pid=99961) process_request /opt/stack/glance/glance/api/middleware/version_negotiation.py:57}}
Aug 03 20:17:34.321443 np0000006368 devstack@g-api.service[99961]: DEBUG glance.api.middleware.version_negotiation [None req-d31df7c4-1d69-4e9f-955b-22d0032dea90 tempest-VolumesBackupsTest-605008771 tempest-VolumesBackupsTest-605008771-project-member] Matched version: v2 {{(pid=99961) process_request /opt/stack/glance/glance/api/middleware/version_negotiation.py:69}}
Aug 03 20:17:34.321760 np0000006368 devstack@g-api.service[99961]: DEBUG glance.api.middleware.version_negotiation [None req-d31df7c4-1d69-4e9f-955b-22d0032dea90 tempest-VolumesBackupsTest-605008771 tempest-VolumesBackupsTest-605008771-project-member] new path /v2/images/f40983fe-51a1-48c4-a96f-10661f60a6ba {{(pid=99961) process_request /opt/stack/glance/glance/api/middleware/version_negotiation.py:70}}
Aug 03 20:17:34.325351 np0000006368 devstack@g-api.service[99962]: DEBUG swiftclient [None req-28980bc3-3f48-4fd5-90b1-e15ef4c5f859 tempest-AttachVolumeShelveTestJSON-1243157801 tempest-AttachVolumeShelveTestJSON-1243157801-project-member] REQ: curl -i https://10.4.3.211:8080/v1/AUTH_06868329de6842679a9efe68e514ae47/glance/dba2fa63-978f-4ccb-a383-78994b47d115 DELETE -H "X-Auth-Token: gAAAAABqcPdeb-3a..." {{(pid=99962) http_log /opt/stack/data/venv/lib/python3.12/site-packages/swiftclient/client.py:160}}
Aug 03 20:17:34.325481 np0000006368 devstack@g-api.service[99962]: DEBUG swiftclient [None req-28980bc3-3f48-4fd5-90b1-e15ef4c5f859 tempest-AttachVolumeShelveTestJSON-1243157801 tempest-AttachVolumeShelveTestJSON-1243157801-project-member] RESP STATUS: 204 No Content {{(pid=99962) http_log /opt/stack/data/venv/lib/python3.12/site-packages/swiftclient/client.py:161}}
Aug 03 20:17:34.325676 np0000006368 devstack@g-api.service[99962]: DEBUG swiftclient [None req-28980bc3-3f48-4fd5-90b1-e15ef4c5f859 tempest-AttachVolumeShelveTestJSON-1243157801 tempest-AttachVolumeShelveTestJSON-1243157801-project-member] RESP HEADERS: {'Date': 'Mon, 03 Aug 2026 20:17:34 GMT', 'Server': 'Apache/2.4.58 (Ubuntu)', 'Content-Type': 'text/html; charset=UTF-8', 'X-Trans-Id': 'tx8204eecfbb4a48b7b7402-006a70f75e', 'X-Openstack-Request-Id': 'tx8204eecfbb4a48b7b7402-006a70f75e', 'Connection': 'close'} {{(pid=99962) http_log /opt/stack/data/venv/lib/python3.12/site-packages/swiftclient/client.py:162}}
Aug 03 20:17:34.345642 np0000006368 devstack@g-api.service[99961]: [pid: 99961|app: 0|req: 97/298] 127.0.0.1 () {44 vars in 1115 bytes} [Mon Aug 3 20:17:34 2026] GET /v2/images/f40983fe-51a1-48c4-a96f-10661f60a6ba => generated 1044 bytes in 27 msecs (HTTP/1.1 200) 4 headers in 158 bytes (1 switches on core 0)
Aug 03 20:17:34.365284 np0000006368 devstack@g-api.service[99960]: DEBUG glance.api.middleware.version_negotiation [None req-d31df7c4-1d69-4e9f-955b-22d0032dea90 tempest-VolumesBackupsTest-605008771 tempest-VolumesBackupsTest-605008771-project-member] Determining version of request: GET /v2/schemas/image Accept: */* {{(pid=99960) process_request /opt/stack/glance/glance/api/middleware/version_negotiation.py:44}}
Aug 03 20:17:34.365284 np0000006368 devstack@g-api.service[99960]: DEBUG glance.api.middleware.version_negotiation [None req-d31df7c4-1d69-4e9f-955b-22d0032dea90 tempest-VolumesBackupsTest-605008771 tempest-VolumesBackupsTest-605008771-project-member] Using url versioning {{(pid=99960) process_request /opt/stack/glance/glance/api/middleware/version_negotiation.py:57}}
Aug 03 20:17:34.365284 np0000006368 devstack@g-api.service[99960]: DEBUG glance.api.middleware.version_negotiation [None req-d31df7c4-1d69-4e9f-955b-22d0032dea90 tempest-VolumesBackupsTest-605008771 tempest-VolumesBackupsTest-605008771-project-member] Matched version: v2 {{(pid=99960) process_request /opt/stack/glance/glance/api/middleware/version_negotiation.py:69}}
Aug 03 20:17:34.365284 np0000006368 devstack@g-api.service[99960]: DEBUG glance.api.middleware.version_negotiation [None req-d31df7c4-1d69-4e9f-955b-22d0032dea90 tempest-VolumesBackupsTest-605008771 tempest-VolumesBackupsTest-605008771-project-member] new path /v2/schemas/image {{(pid=99960) process_request /opt/stack/glance/glance/api/middleware/version_negotiation.py:70}}
Aug 03 20:17:34.369311 np0000006368 devstack@g-api.service[99960]: [pid: 99960|app: 0|req: 107/299] 127.0.0.1 () {44 vars in 1055 bytes} [Mon Aug 3 20:17:34 2026] GET /v2/schemas/image => generated 6083 bytes in 5 msecs (HTTP/1.1 200) 4 headers in 158 bytes (1 switches on core 0)
Aug 03 20:17:34.383149 np0000006368 devstack@g-api.service[99961]: DEBUG glance.api.middleware.version_negotiation [None req-7bd3993d-720e-4576-bccf-4e4f0c643d5c tempest-TaggedBootDevicesTest_v242-652391409 tempest-TaggedBootDevicesTest_v242-652391409-project-member] Determining version of request: GET /v2/schemas/image Accept: */* {{(pid=99961) process_request /opt/stack/glance/glance/api/middleware/version_negotiation.py:44}}
Aug 03 20:17:34.383357 np0000006368 devstack@g-api.service[99961]: DEBUG glance.api.middleware.version_negotiation [None req-7bd3993d-720e-4576-bccf-4e4f0c643d5c tempest-TaggedBootDevicesTest_v242-652391409 tempest-TaggedBootDevicesTest_v242-652391409-project-member] Using url versioning {{(pid=99961) process_request /opt/stack/glance/glance/api/middleware/version_negotiation.py:57}}
Aug 03 20:17:34.383754 np0000006368 devstack@g-api.service[99961]: DEBUG glance.api.middleware.version_negotiation [None req-7bd3993d-720e-4576-bccf-4e4f0c643d5c tempest-TaggedBootDevicesTest_v242-652391409 tempest-TaggedBootDevicesTest_v242-652391409-project-member] Matched version: v2 {{(pid=99961) process_request /opt/stack/glance/glance/api/middleware/version_negotiation.py:69}}
Aug 03 20:17:34.384101 np0000006368 devstack@g-api.service[99961]: DEBUG glance.api.middleware.version_negotiation [None req-7bd3993d-720e-4576-bccf-4e4f0c643d5c tempest-TaggedBootDevicesTest_v242-652391409 tempest-TaggedBootDevicesTest_v242-652391409-project-member] new path /v2/schemas/image {{(pid=99961) process_request /opt/stack/glance/glance/api/middleware/version_negotiation.py:70}}
Aug 03 20:17:34.387567 np0000006368 devstack@g-api.service[99961]: [pid: 99961|app: 0|req: 98/300] 127.0.0.1 () {44 vars in 1055 bytes} [Mon Aug 3 20:17:34 2026] GET /v2/schemas/image => generated 6083 bytes in 4 msecs (HTTP/1.1 200) 4 headers in 158 bytes (1 switches on core 0)
Aug 03 20:17:34.395731 np0000006368 devstack@g-api.service[99960]: DEBUG glance.api.middleware.version_negotiation [None req-7bd3993d-720e-4576-bccf-4e4f0c643d5c tempest-TaggedBootDevicesTest_v242-652391409 tempest-TaggedBootDevicesTest_v242-652391409-project-member] Determining version of request: GET /v2/images/f40983fe-51a1-48c4-a96f-10661f60a6ba Accept: */* {{(pid=99960) process_request /opt/stack/glance/glance/api/middleware/version_negotiation.py:44}}
Aug 03 20:17:34.396274 np0000006368 devstack@g-api.service[99960]: DEBUG glance.api.middleware.version_negotiation [None req-7bd3993d-720e-4576-bccf-4e4f0c643d5c tempest-TaggedBootDevicesTest_v242-652391409 tempest-TaggedBootDevicesTest_v242-652391409-project-member] Using url versioning {{(pid=99960) process_request /opt/stack/glance/glance/api/middleware/version_negotiation.py:57}}
Aug 03 20:17:34.396615 np0000006368 devstack@g-api.service[99960]: DEBUG glance.api.middleware.version_negotiation [None req-7bd3993d-720e-4576-bccf-4e4f0c643d5c tempest-TaggedBootDevicesTest_v242-652391409 tempest-TaggedBootDevicesTest_v242-652391409-project-member] Matched version: v2 {{(pid=99960) process_request /opt/stack/glance/glance/api/middleware/version_negotiation.py:69}}
Aug 03 20:17:34.396994 np0000006368 devstack@g-api.service[99960]: DEBUG glance.api.middleware.version_negotiation [None req-7bd3993d-720e-4576-bccf-4e4f0c643d5c tempest-TaggedBootDevicesTest_v242-652391409 tempest-TaggedBootDevicesTest_v242-652391409-project-member] new path /v2/images/f40983fe-51a1-48c4-a96f-10661f60a6ba {{(pid=99960) process_request /opt/stack/glance/glance/api/middleware/version_negotiation.py:70}}
Aug 03 20:17:34.415539 np0000006368 devstack@g-api.service[99960]: [pid: 99960|app: 0|req: 108/301] 127.0.0.1 () {44 vars in 1115 bytes} [Mon Aug 3 20:17:34 2026] GET /v2/images/f40983fe-51a1-48c4-a96f-10661f60a6ba => generated 1044 bytes in 20 msecs (HTTP/1.1 200) 4 headers in 158 bytes (1 switches on core 0)
Aug 03 20:17:34.437568 np0000006368 devstack@g-api.service[99961]: DEBUG glance.api.middleware.version_negotiation [None req-7bd3993d-720e-4576-bccf-4e4f0c643d5c tempest-TaggedBootDevicesTest_v242-652391409 tempest-TaggedBootDevicesTest_v242-652391409-project-member] Determining version of request: GET /v2/schemas/image Accept: */* {{(pid=99961) process_request /opt/stack/glance/glance/api/middleware/version_negotiation.py:44}}
Aug 03 20:17:34.438449 np0000006368 devstack@g-api.service[99961]: DEBUG glance.api.middleware.version_negotiation [None req-7bd3993d-720e-4576-bccf-4e4f0c643d5c tempest-TaggedBootDevicesTest_v242-652391409 tempest-TaggedBootDevicesTest_v242-652391409-project-member] Using url versioning {{(pid=99961) process_request /opt/stack/glance/glance/api/middleware/version_negotiation.py:57}}
Aug 03 20:17:34.439252 np0000006368 devstack@g-api.service[99961]: DEBUG glance.api.middleware.version_negotiation [None req-7bd3993d-720e-4576-bccf-4e4f0c643d5c tempest-TaggedBootDevicesTest_v242-652391409 tempest-TaggedBootDevicesTest_v242-652391409-project-member] Matched version: v2 {{(pid=99961) process_request /opt/stack/glance/glance/api/middleware/version_negotiation.py:69}}
Aug 03 20:17:34.439342 np0000006368 devstack@g-api.service[99961]: DEBUG glance.api.middleware.version_negotiation [None req-7bd3993d-720e-4576-bccf-4e4f0c643d5c tempest-TaggedBootDevicesTest_v242-652391409 tempest-TaggedBootDevicesTest_v242-652391409-project-member] new path /v2/schemas/image {{(pid=99961) process_request /opt/stack/glance/glance/api/middleware/version_negotiation.py:70}}
Aug 03 20:17:34.445872 np0000006368 devstack@g-api.service[99961]: [pid: 99961|app: 0|req: 99/302] 127.0.0.1 () {44 vars in 1055 bytes} [Mon Aug 3 20:17:34 2026] GET /v2/schemas/image => generated 6083 bytes in 10 msecs (HTTP/1.1 200) 4 headers in 158 bytes (1 switches on core 0)
Aug 03 20:17:34.456363 np0000006368 devstack@g-api.service[99960]: DEBUG glance.api.middleware.version_negotiation [None req-7bd3993d-720e-4576-bccf-4e4f0c643d5c tempest-TaggedBootDevicesTest_v242-652391409 tempest-TaggedBootDevicesTest_v242-652391409-project-member] Determining version of request: GET /v2/schemas/image Accept: */* {{(pid=99960) process_request /opt/stack/glance/glance/api/middleware/version_negotiation.py:44}}
Aug 03 20:17:34.456523 np0000006368 devstack@g-api.service[99962]: DEBUG glance.api.middleware.cache [None req-28980bc3-3f48-4fd5-90b1-e15ef4c5f859 tempest-AttachVolumeShelveTestJSON-1243157801 tempest-AttachVolumeShelveTestJSON-1243157801-project-member] Removing image dba2fa63-978f-4ccb-a383-78994b47d115 from cache {{(pid=99962) _process_DELETE_response /opt/stack/glance/glance/api/middleware/cache.py:264}}
Aug 03 20:17:34.456791 np0000006368 devstack@g-api.service[99962]: DEBUG glance.image_cache.drivers.centralized_db [None req-28980bc3-3f48-4fd5-90b1-e15ef4c5f859 tempest-AttachVolumeShelveTestJSON-1243157801 tempest-AttachVolumeShelveTestJSON-1243157801-project-member] Deleting image cache file '/opt/stack/data/glance/cache/dba2fa63-978f-4ccb-a383-78994b47d115' {{(pid=99962) delete_cached_file /opt/stack/glance/glance/image_cache/drivers/centralized_db.py:400}}
Aug 03 20:17:34.457802 np0000006368 devstack@g-api.service[99960]: DEBUG glance.api.middleware.version_negotiation [None req-7bd3993d-720e-4576-bccf-4e4f0c643d5c tempest-TaggedBootDevicesTest_v242-652391409 tempest-TaggedBootDevicesTest_v242-652391409-project-member] Using url versioning {{(pid=99960) process_request /opt/stack/glance/glance/api/middleware/version_negotiation.py:57}}
Aug 03 20:17:34.457975 np0000006368 devstack@g-api.service[99960]: DEBUG glance.api.middleware.version_negotiation [None req-7bd3993d-720e-4576-bccf-4e4f0c643d5c tempest-TaggedBootDevicesTest_v242-652391409 tempest-TaggedBootDevicesTest_v242-652391409-project-member] Matched version: v2 {{(pid=99960) process_request /opt/stack/glance/glance/api/middleware/version_negotiation.py:69}}
Aug 03 20:17:34.458104 np0000006368 devstack@g-api.service[99960]: DEBUG glance.api.middleware.version_negotiation [None req-7bd3993d-720e-4576-bccf-4e4f0c643d5c tempest-TaggedBootDevicesTest_v242-652391409 tempest-TaggedBootDevicesTest_v242-652391409-project-member] new path /v2/schemas/image {{(pid=99960) process_request /opt/stack/glance/glance/api/middleware/version_negotiation.py:70}}
Aug 03 20:17:34.460657 np0000006368 devstack@g-api.service[99960]: [pid: 99960|app: 0|req: 109/303] 127.0.0.1 () {44 vars in 1055 bytes} [Mon Aug 3 20:17:34 2026] GET /v2/schemas/image => generated 6083 bytes in 4 msecs (HTTP/1.1 200) 4 headers in 158 bytes (1 switches on core 0)
Aug 03 20:17:34.485050 np0000006368 devstack@g-api.service[99962]: [pid: 99962|app: 0|req: 96/304] 127.0.0.1 () {46 vars in 1137 bytes} [Mon Aug 3 20:17:34 2026] DELETE /v2/images/dba2fa63-978f-4ccb-a383-78994b47d115 => generated 0 bytes in 406 msecs (HTTP/1.1 204) 4 headers in 171 bytes (1 switches on core 0)
Aug 03 20:17:34.496890 np0000006368 devstack@g-api.service[99961]: DEBUG glance.api.middleware.version_negotiation [None req-7bd3993d-720e-4576-bccf-4e4f0c643d5c tempest-TaggedBootDevicesTest_v242-652391409 tempest-TaggedBootDevicesTest_v242-652391409-project-member] Determining version of request: GET /v2/images/f40983fe-51a1-48c4-a96f-10661f60a6ba Accept: */* {{(pid=99961) process_request /opt/stack/glance/glance/api/middleware/version_negotiation.py:44}}
Aug 03 20:17:34.497333 np0000006368 devstack@g-api.service[99961]: DEBUG glance.api.middleware.version_negotiation [None req-7bd3993d-720e-4576-bccf-4e4f0c643d5c tempest-TaggedBootDevicesTest_v242-652391409 tempest-TaggedBootDevicesTest_v242-652391409-project-member] Using url versioning {{(pid=99961) process_request /opt/stack/glance/glance/api/middleware/version_negotiation.py:57}}
Aug 03 20:17:34.497333 np0000006368 devstack@g-api.service[99961]: DEBUG glance.api.middleware.version_negotiation [None req-7bd3993d-720e-4576-bccf-4e4f0c643d5c tempest-TaggedBootDevicesTest_v242-652391409 tempest-TaggedBootDevicesTest_v242-652391409-project-member] Matched version: v2 {{(pid=99961) process_request /opt/stack/glance/glance/api/middleware/version_negotiation.py:69}}
Aug 03 20:17:34.497333 np0000006368 devstack@g-api.service[99961]: DEBUG glance.api.middleware.version_negotiation [None req-7bd3993d-720e-4576-bccf-4e4f0c643d5c tempest-TaggedBootDevicesTest_v242-652391409 tempest-TaggedBootDevicesTest_v242-652391409-project-member] new path /v2/images/f40983fe-51a1-48c4-a96f-10661f60a6ba {{(pid=99961) process_request /opt/stack/glance/glance/api/middleware/version_negotiation.py:70}}
Aug 03 20:17:34.508768 np0000006368 devstack@g-api.service[99961]: [pid: 99961|app: 0|req: 100/305] 127.0.0.1 () {44 vars in 1115 bytes} [Mon Aug 3 20:17:34 2026] GET /v2/images/f40983fe-51a1-48c4-a96f-10661f60a6ba => generated 1044 bytes in 12 msecs (HTTP/1.1 200) 4 headers in 158 bytes (1 switches on core 0)
Aug 03 20:17:34.527155 np0000006368 devstack@g-api.service[99960]: DEBUG glance.api.middleware.version_negotiation [None req-7bd3993d-720e-4576-bccf-4e4f0c643d5c tempest-TaggedBootDevicesTest_v242-652391409 tempest-TaggedBootDevicesTest_v242-652391409-project-member] Determining version of request: GET /v2/schemas/image Accept: */* {{(pid=99960) process_request /opt/stack/glance/glance/api/middleware/version_negotiation.py:44}}
Aug 03 20:17:34.527155 np0000006368 devstack@g-api.service[99960]: DEBUG glance.api.middleware.version_negotiation [None req-7bd3993d-720e-4576-bccf-4e4f0c643d5c tempest-TaggedBootDevicesTest_v242-652391409 tempest-TaggedBootDevicesTest_v242-652391409-project-member] Using url versioning {{(pid=99960) process_request /opt/stack/glance/glance/api/middleware/version_negotiation.py:57}}
Aug 03 20:17:34.527155 np0000006368 devstack@g-api.service[99960]: DEBUG glance.api.middleware.version_negotiation [None req-7bd3993d-720e-4576-bccf-4e4f0c643d5c tempest-TaggedBootDevicesTest_v242-652391409 tempest-TaggedBootDevicesTest_v242-652391409-project-member] Matched version: v2 {{(pid=99960) process_request /opt/stack/glance/glance/api/middleware/version_negotiation.py:69}}
Aug 03 20:17:34.527155 np0000006368 devstack@g-api.service[99960]: DEBUG glance.api.middleware.version_negotiation [None req-7bd3993d-720e-4576-bccf-4e4f0c643d5c tempest-TaggedBootDevicesTest_v242-652391409 tempest-TaggedBootDevicesTest_v242-652391409-project-member] new path /v2/schemas/image {{(pid=99960) process_request /opt/stack/glance/glance/api/middleware/version_negotiation.py:70}}
Aug 03 20:17:34.529765 np0000006368 devstack@g-api.service[99960]: [pid: 99960|app: 0|req: 110/306] 127.0.0.1 () {44 vars in 1055 bytes} [Mon Aug 3 20:17:34 2026] GET /v2/schemas/image => generated 6083 bytes in 3 msecs (HTTP/1.1 200) 4 headers in 158 bytes (1 switches on core 0)
Aug 03 20:17:34.657990 np0000006368 devstack@g-api.service[99962]: DEBUG glance.api.middleware.version_negotiation [None req-28980bc3-3f48-4fd5-90b1-e15ef4c5f859 tempest-AttachVolumeShelveTestJSON-1243157801 tempest-AttachVolumeShelveTestJSON-1243157801-project-member] Determining version of request: GET /versions Accept: */* {{(pid=99962) process_request /opt/stack/glance/glance/api/middleware/version_negotiation.py:44}}
Aug 03 20:17:34.658672 np0000006368 devstack@g-api.service[99962]: [pid: 99962|app: 0|req: 97/307] 127.0.0.1 () {44 vars in 1039 bytes} [Mon Aug 3 20:17:34 2026] GET /versions => generated 1515 bytes in 1 msecs (HTTP/1.1 200) 3 headers in 92 bytes (1 switches on core 0)
