Aug 03 20:12:00.010265 np0000006368 devstack@g-api.service[99960]: DEBUG glance_store.backend [-] Registering store swift with schemes ('swift+https', 'swift', 'swift+http', 'swift+config') {{(pid=99960) create_stores /opt/stack/data/venv/lib/python3.12/site-packages/glance_store/backend.py:261}}
Aug 03 20:12:00.010297 np0000006368 devstack@g-api.service[99960]: DEBUG glance_store.driver [-] Late loading location class glance_store._drivers.swift.store.StoreLocation {{(pid=99960) get_store_location_class /opt/stack/data/venv/lib/python3.12/site-packages/glance_store/driver.py:134}}
Aug 03 20:12:00.010354 np0000006368 devstack@g-api.service[99960]: DEBUG glance_store.location [-] Registering scheme swift+https with {'store': , 'location_class': , 'store_entry': 'swift'} {{(pid=99960) register_scheme_map /opt/stack/data/venv/lib/python3.12/site-packages/glance_store/location.py:146}}
Aug 03 20:12:00.010421 np0000006368 devstack@g-api.service[99960]: DEBUG glance_store.location [-] Registering scheme swift with {'store': , 'location_class': , 'store_entry': 'swift'} {{(pid=99960) register_scheme_map /opt/stack/data/venv/lib/python3.12/site-packages/glance_store/location.py:146}}
Aug 03 20:12:00.010467 np0000006368 devstack@g-api.service[99960]: DEBUG glance_store.location [-] Registering scheme swift+http with {'store': , 'location_class': , 'store_entry': 'swift'} {{(pid=99960) register_scheme_map /opt/stack/data/venv/lib/python3.12/site-packages/glance_store/location.py:146}}
Aug 03 20:12:00.010524 np0000006368 devstack@g-api.service[99960]: DEBUG glance_store.location [-] Registering scheme swift+config with {'store': , 'location_class': , 'store_entry': 'swift'} {{(pid=99960) register_scheme_map /opt/stack/data/venv/lib/python3.12/site-packages/glance_store/location.py:146}}
Aug 03 20:12:00.010585 np0000006368 devstack@g-api.service[99960]: DEBUG glance_store.backend [-] Attempting to import store file {{(pid=99960) _load_store /opt/stack/data/venv/lib/python3.12/site-packages/glance_store/backend.py:215}}
Aug 03 20:12:00.010990 np0000006368 devstack@g-api.service[99960]: DEBUG glance_store.capabilities [-] Store glance_store._drivers.filesystem.Store doesn't support updating dynamic storage capabilities. Please overwrite 'update_capabilities' method of the store to implement updating logics if needed. {{(pid=99960) update_capabilities /opt/stack/data/venv/lib/python3.12/site-packages/glance_store/capabilities.py:91}}
Aug 03 20:12:00.011046 np0000006368 devstack@g-api.service[99960]: DEBUG glance_store.backend [-] Registering store file with schemes ('file', 'filesystem') {{(pid=99960) create_stores /opt/stack/data/venv/lib/python3.12/site-packages/glance_store/backend.py:261}}
Aug 03 20:12:00.011081 np0000006368 devstack@g-api.service[99960]: DEBUG glance_store.driver [-] Late loading location class glance_store._drivers.filesystem.StoreLocation {{(pid=99960) get_store_location_class /opt/stack/data/venv/lib/python3.12/site-packages/glance_store/driver.py:134}}
Aug 03 20:12:00.011149 np0000006368 devstack@g-api.service[99960]: DEBUG glance_store.location [-] Registering scheme file with {'store': , 'location_class': , 'store_entry': 'file'} {{(pid=99960) register_scheme_map /opt/stack/data/venv/lib/python3.12/site-packages/glance_store/location.py:146}}
Aug 03 20:12:00.011198 np0000006368 devstack@g-api.service[99960]: DEBUG glance_store.location [-] Registering scheme filesystem with {'store': , 'location_class': , 'store_entry': 'file'} {{(pid=99960) register_scheme_map /opt/stack/data/venv/lib/python3.12/site-packages/glance_store/location.py:146}}
Aug 03 20:12:00.011303 np0000006368 devstack@g-api.service[99960]: DEBUG glance_store.backend [-] Attempting to import store swift {{(pid=99960) _load_store /opt/stack/data/venv/lib/python3.12/site-packages/glance_store/backend.py:215}}
Aug 03 20:12:00.012313 np0000006368 devstack@g-api.service[99960]: DEBUG glance_store.capabilities [-] Store glance_store._drivers.swift.store.SingleTenantStore doesn't support updating dynamic storage capabilities. Please overwrite 'update_capabilities' method of the store to implement updating logics if needed. {{(pid=99960) update_capabilities /opt/stack/data/venv/lib/python3.12/site-packages/glance_store/capabilities.py:91}}
Aug 03 20:12:00.012388 np0000006368 devstack@g-api.service[99960]: DEBUG glance_store.driver [-] Late loading location class glance_store._drivers.swift.store.StoreLocation {{(pid=99960) get_store_location_class /opt/stack/data/venv/lib/python3.12/site-packages/glance_store/driver.py:134}}
Aug 03 20:12:00.012452 np0000006368 devstack@g-api.service[99960]: DEBUG glance_store.location [-] Registering scheme swift+https with {'store': , 'location_class': , 'store_entry': 'swift'} {{(pid=99960) register_scheme_map /opt/stack/data/venv/lib/python3.12/site-packages/glance_store/location.py:146}}
Aug 03 20:12:00.012513 np0000006368 devstack@g-api.service[99960]: DEBUG glance_store.location [-] Registering scheme swift+https with {'store': , 'location_class': , 'store_entry': 'swift'} {{(pid=99960) register_scheme_map /opt/stack/data/venv/lib/python3.12/site-packages/glance_store/location.py:146}}
Aug 03 20:12:00.012563 np0000006368 devstack@g-api.service[99960]: DEBUG glance_store.location [-] Registering scheme swift with {'store': , 'location_class': , 'store_entry': 'swift'} {{(pid=99960) register_scheme_map /opt/stack/data/venv/lib/python3.12/site-packages/glance_store/location.py:146}}
Aug 03 20:12:00.012623 np0000006368 devstack@g-api.service[99960]: DEBUG glance_store.location [-] Registering scheme swift+https with {'store': , 'location_class': , 'store_entry': 'swift'} {{(pid=99960) register_scheme_map /opt/stack/data/venv/lib/python3.12/site-packages/glance_store/location.py:146}}
Aug 03 20:12:00.012679 np0000006368 devstack@g-api.service[99960]: DEBUG glance_store.location [-] Registering scheme swift with {'store': , 'location_class': , 'store_entry': 'swift'} {{(pid=99960) register_scheme_map /opt/stack/data/venv/lib/python3.12/site-packages/glance_store/location.py:146}}
Aug 03 20:12:00.012725 np0000006368 devstack@g-api.service[99960]: DEBUG glance_store.location [-] Registering scheme swift+http with {'store': , 'location_class': , 'store_entry': 'swift'} {{(pid=99960) register_scheme_map /opt/stack/data/venv/lib/python3.12/site-packages/glance_store/location.py:146}}
Aug 03 20:12:00.012767 np0000006368 devstack@g-api.service[99960]: DEBUG glance_store.location [-] Registering scheme swift+https with {'store': , 'location_class': , 'store_entry': 'swift'} {{(pid=99960) register_scheme_map /opt/stack/data/venv/lib/python3.12/site-packages/glance_store/location.py:146}}
Aug 03 20:12:00.012821 np0000006368 devstack@g-api.service[99960]: DEBUG glance_store.location [-] Registering scheme swift with {'store': , 'location_class': , 'store_entry': 'swift'} {{(pid=99960) register_scheme_map /opt/stack/data/venv/lib/python3.12/site-packages/glance_store/location.py:146}}
Aug 03 20:12:00.012870 np0000006368 devstack@g-api.service[99960]: DEBUG glance_store.location [-] Registering scheme swift+http with {'store': , 'location_class': , 'store_entry': 'swift'} {{(pid=99960) register_scheme_map /opt/stack/data/venv/lib/python3.12/site-packages/glance_store/location.py:146}}
Aug 03 20:12:00.012927 np0000006368 devstack@g-api.service[99960]: DEBUG glance_store.location [-] Registering scheme swift+config with {'store': , 'location_class': , 'store_entry': 'swift'} {{(pid=99960) register_scheme_map /opt/stack/data/venv/lib/python3.12/site-packages/glance_store/location.py:146}}
Aug 03 20:12:00.013180 np0000006368 devstack@g-api.service[99960]: DEBUG glance.sqlite_migration [-] SQLite caching database not located, skipping migration {{(pid=99960) get_db_path /opt/stack/glance/glance/sqlite_migration.py:68}}
Aug 03 20:12:00.013358 np0000006368 devstack@g-api.service[99960]: WARNING glance.common.wsgi_app [-] Import methods are enabled but staging directory /tmp/staging/ does not exist; Imports will fail!
Aug 03 20:12:00.059446 np0000006368 devstack@g-api.service[99961]: DEBUG glance.common.config [None req-d1afc7be-2bd4-4467-8ae0-a93fd15d991c None None] Loading glance-api-keystone+cachemanagement from /etc/glance/glance-api-paste.ini {{(pid=99961) load_paste_app /opt/stack/glance/glance/common/config.py:765}}
Aug 03 20:12:00.120095 np0000006368 devstack@g-api.service[99962]: DEBUG glance.common.config [None req-c866aa9c-0b64-4bfa-ad98-49dd88142532 None None] Loading glance-api-keystone+cachemanagement from /etc/glance/glance-api-paste.ini {{(pid=99962) load_paste_app /opt/stack/glance/glance/common/config.py:765}}
Aug 03 20:12:00.142103 np0000006368 devstack@g-api.service[99960]: DEBUG glance.common.config [None req-f7d4df53-951a-49cd-bf44-5d89d66ac5ab None None] Loading glance-api-keystone+cachemanagement from /etc/glance/glance-api-paste.ini {{(pid=99960) load_paste_app /opt/stack/glance/glance/common/config.py:765}}
Aug 03 20:12:00.678577 np0000006368 devstack@g-api.service[99962]: INFO glance.image_cache [None req-c866aa9c-0b64-4bfa-ad98-49dd88142532 None None] Image cache loaded driver 'centralized_db'.
Aug 03 20:12:00.681706 np0000006368 devstack@g-api.service[99961]: INFO glance.image_cache [None req-d1afc7be-2bd4-4467-8ae0-a93fd15d991c None None] Image cache loaded driver 'centralized_db'.
Aug 03 20:12:00.685665 np0000006368 devstack@g-api.service[99960]: INFO glance.image_cache [None req-f7d4df53-951a-49cd-bf44-5d89d66ac5ab None None] Image cache loaded driver 'centralized_db'.
Aug 03 20:12:00.722058 np0000006368 devstack@g-api.service[99962]: INFO dbcounter [None req-c866aa9c-0b64-4bfa-ad98-49dd88142532 None None] Registered counter for database glance
Aug 03 20:12:00.726787 np0000006368 devstack@g-api.service[99961]: INFO dbcounter [None req-d1afc7be-2bd4-4467-8ae0-a93fd15d991c None None] Registered counter for database glance
Aug 03 20:12:00.730970 np0000006368 devstack@g-api.service[99960]: INFO dbcounter [None req-f7d4df53-951a-49cd-bf44-5d89d66ac5ab None None] Registered counter for database glance
Aug 03 20:12:00.761035 np0000006368 devstack@g-api.service[99962]: DEBUG oslo_db.sqlalchemy.engines [None req-c866aa9c-0b64-4bfa-ad98-49dd88142532 None None] MySQL server mode set to STRICT_TRANS_TABLES,STRICT_ALL_TABLES,NO_ZERO_IN_DATE,NO_ZERO_DATE,ERROR_FOR_DIVISION_BY_ZERO,TRADITIONAL,NO_ENGINE_SUBSTITUTION {{(pid=99962) _check_effective_sql_mode /opt/stack/data/venv/lib/python3.12/site-packages/oslo_db/sqlalchemy/engines.py:325}}
Aug 03 20:12:00.766207 np0000006368 devstack@g-api.service[99961]: DEBUG oslo_db.sqlalchemy.engines [None req-d1afc7be-2bd4-4467-8ae0-a93fd15d991c None None] MySQL server mode set to STRICT_TRANS_TABLES,STRICT_ALL_TABLES,NO_ZERO_IN_DATE,NO_ZERO_DATE,ERROR_FOR_DIVISION_BY_ZERO,TRADITIONAL,NO_ENGINE_SUBSTITUTION {{(pid=99961) _check_effective_sql_mode /opt/stack/data/venv/lib/python3.12/site-packages/oslo_db/sqlalchemy/engines.py:325}}
Aug 03 20:12:00.769485 np0000006368 devstack@g-api.service[99960]: DEBUG oslo_db.sqlalchemy.engines [None req-f7d4df53-951a-49cd-bf44-5d89d66ac5ab None None] MySQL server mode set to STRICT_TRANS_TABLES,STRICT_ALL_TABLES,NO_ZERO_IN_DATE,NO_ZERO_DATE,ERROR_FOR_DIVISION_BY_ZERO,TRADITIONAL,NO_ENGINE_SUBSTITUTION {{(pid=99960) _check_effective_sql_mode /opt/stack/data/venv/lib/python3.12/site-packages/oslo_db/sqlalchemy/engines.py:325}}
Aug 03 20:12:00.863309 np0000006368 devstack@g-api.service[99962]: DEBUG dbcounter [-] [99962] Writer thread running {{(pid=99962) stat_writer /opt/stack/data/venv/lib/python3.12/site-packages/dbcounter.py:102}}
Aug 03 20:12:00.874689 np0000006368 devstack@g-api.service[99961]: DEBUG dbcounter [-] [99961] Writer thread running {{(pid=99961) stat_writer /opt/stack/data/venv/lib/python3.12/site-packages/dbcounter.py:102}}
Aug 03 20:12:00.875198 np0000006368 devstack@g-api.service[99960]: DEBUG dbcounter [-] [99960] Writer thread running {{(pid=99960) stat_writer /opt/stack/data/venv/lib/python3.12/site-packages/dbcounter.py:102}}
Aug 03 20:12:00.875770 np0000006368 devstack@g-api.service[99962]: INFO glance.image_cache [None req-c866aa9c-0b64-4bfa-ad98-49dd88142532 None None] Image cache loaded driver 'centralized_db'.
Aug 03 20:12:00.879149 np0000006368 devstack@g-api.service[99961]: DEBUG glance.image_cache.drivers.centralized_db [None req-d1afc7be-2bd4-4467-8ae0-a93fd15d991c None None] Node reference is already recorded, ignoring it {{(pid=99961) configure /opt/stack/glance/glance/image_cache/drivers/centralized_db.py:71}}
Aug 03 20:12:00.879872 np0000006368 devstack@g-api.service[99960]: DEBUG glance.image_cache.drivers.centralized_db [None req-f7d4df53-951a-49cd-bf44-5d89d66ac5ab None None] Node reference is already recorded, ignoring it {{(pid=99960) configure /opt/stack/glance/glance/image_cache/drivers/centralized_db.py:71}}
Aug 03 20:12:00.882775 np0000006368 devstack@g-api.service[99962]: DEBUG glance.image_cache.drivers.centralized_db [None req-c866aa9c-0b64-4bfa-ad98-49dd88142532 None None] Node reference is already recorded, ignoring it {{(pid=99962) configure /opt/stack/glance/glance/image_cache/drivers/centralized_db.py:71}}
Aug 03 20:12:00.884498 np0000006368 devstack@g-api.service[99961]: INFO glance.image_cache [None req-d1afc7be-2bd4-4467-8ae0-a93fd15d991c None None] Image cache loaded driver 'centralized_db'.
Aug 03 20:12:00.885005 np0000006368 devstack@g-api.service[99960]: INFO glance.image_cache [None req-f7d4df53-951a-49cd-bf44-5d89d66ac5ab None None] Image cache loaded driver 'centralized_db'.
Aug 03 20:12:00.887215 np0000006368 devstack@g-api.service[99962]: DEBUG glance.api.v2.cached_images [None req-c866aa9c-0b64-4bfa-ad98-49dd88142532 None None] Started cache worker thread {{(pid=99962) __init__ /opt/stack/glance/glance/api/v2/cached_images.py:71}}
Aug 03 20:12:00.887902 np0000006368 devstack@g-api.service[99962]: INFO glance.image_cache [None req-c866aa9c-0b64-4bfa-ad98-49dd88142532 None None] Image cache loaded driver 'centralized_db'.
Aug 03 20:12:00.891988 np0000006368 devstack@g-api.service[99961]: DEBUG glance.image_cache.drivers.centralized_db [None req-d1afc7be-2bd4-4467-8ae0-a93fd15d991c None None] Node reference is already recorded, ignoring it {{(pid=99961) configure /opt/stack/glance/glance/image_cache/drivers/centralized_db.py:71}}
Aug 03 20:12:00.893819 np0000006368 devstack@g-api.service[99960]: DEBUG glance.image_cache.drivers.centralized_db [None req-f7d4df53-951a-49cd-bf44-5d89d66ac5ab None None] Node reference is already recorded, ignoring it {{(pid=99960) configure /opt/stack/glance/glance/image_cache/drivers/centralized_db.py:71}}
Aug 03 20:12:00.894915 np0000006368 devstack@g-api.service[99962]: DEBUG glance.image_cache.drivers.centralized_db [None req-c866aa9c-0b64-4bfa-ad98-49dd88142532 None None] Node reference is already recorded, ignoring it {{(pid=99962) configure /opt/stack/glance/glance/image_cache/drivers/centralized_db.py:71}}
Aug 03 20:12:00.896501 np0000006368 devstack@g-api.service[99961]: DEBUG glance.api.v2.cached_images [None req-d1afc7be-2bd4-4467-8ae0-a93fd15d991c None None] Started cache worker thread {{(pid=99961) __init__ /opt/stack/glance/glance/api/v2/cached_images.py:71}}
Aug 03 20:12:00.897115 np0000006368 devstack@g-api.service[99961]: INFO glance.image_cache [None req-d1afc7be-2bd4-4467-8ae0-a93fd15d991c None None] Image cache loaded driver 'centralized_db'.
Aug 03 20:12:00.898267 np0000006368 devstack@g-api.service[99960]: DEBUG glance.api.v2.cached_images [None req-f7d4df53-951a-49cd-bf44-5d89d66ac5ab None None] Started cache worker thread {{(pid=99960) __init__ /opt/stack/glance/glance/api/v2/cached_images.py:71}}
Aug 03 20:12:00.898881 np0000006368 devstack@g-api.service[99960]: INFO glance.image_cache [None req-f7d4df53-951a-49cd-bf44-5d89d66ac5ab None None] Image cache loaded driver 'centralized_db'.
Aug 03 20:12:00.898948 np0000006368 devstack@g-api.service[99962]: INFO glance.api.middleware.cache_manage [None req-c866aa9c-0b64-4bfa-ad98-49dd88142532 None None] Initialized image cache management middleware
Aug 03 20:12:00.899076 np0000006368 devstack@g-api.service[99962]: INFO glance.image_cache [None req-c866aa9c-0b64-4bfa-ad98-49dd88142532 None None] Image cache loaded driver 'centralized_db'.
Aug 03 20:12:00.904038 np0000006368 devstack@g-api.service[99961]: DEBUG glance.image_cache.drivers.centralized_db [None req-d1afc7be-2bd4-4467-8ae0-a93fd15d991c None None] Node reference is already recorded, ignoring it {{(pid=99961) configure /opt/stack/glance/glance/image_cache/drivers/centralized_db.py:71}}
Aug 03 20:12:00.905797 np0000006368 devstack@g-api.service[99960]: DEBUG glance.image_cache.drivers.centralized_db [None req-f7d4df53-951a-49cd-bf44-5d89d66ac5ab None None] Node reference is already recorded, ignoring it {{(pid=99960) configure /opt/stack/glance/glance/image_cache/drivers/centralized_db.py:71}}
Aug 03 20:12:00.907016 np0000006368 devstack@g-api.service[99962]: DEBUG glance.image_cache.drivers.centralized_db [None req-c866aa9c-0b64-4bfa-ad98-49dd88142532 None None] Node reference is already recorded, ignoring it {{(pid=99962) configure /opt/stack/glance/glance/image_cache/drivers/centralized_db.py:71}}
Aug 03 20:12:00.909582 np0000006368 devstack@g-api.service[99961]: INFO glance.api.middleware.cache_manage [None req-d1afc7be-2bd4-4467-8ae0-a93fd15d991c None None] Initialized image cache management middleware
Aug 03 20:12:00.909725 np0000006368 devstack@g-api.service[99961]: INFO glance.image_cache [None req-d1afc7be-2bd4-4467-8ae0-a93fd15d991c None None] Image cache loaded driver 'centralized_db'.
Aug 03 20:12:00.910306 np0000006368 devstack@g-api.service[99962]: INFO glance.api.middleware.cache [None req-c866aa9c-0b64-4bfa-ad98-49dd88142532 None None] Initialized image cache middleware
Aug 03 20:12:00.911357 np0000006368 devstack@g-api.service[99960]: INFO glance.api.middleware.cache_manage [None req-f7d4df53-951a-49cd-bf44-5d89d66ac5ab None None] Initialized image cache management middleware
Aug 03 20:12:00.911526 np0000006368 devstack@g-api.service[99960]: INFO glance.image_cache [None req-f7d4df53-951a-49cd-bf44-5d89d66ac5ab None None] Image cache loaded driver 'centralized_db'.
Aug 03 20:12:00.917502 np0000006368 devstack@g-api.service[99961]: DEBUG glance.image_cache.drivers.centralized_db [None req-d1afc7be-2bd4-4467-8ae0-a93fd15d991c None None] Node reference is already recorded, ignoring it {{(pid=99961) configure /opt/stack/glance/glance/image_cache/drivers/centralized_db.py:71}}
Aug 03 20:12:00.918602 np0000006368 devstack@g-api.service[99960]: DEBUG glance.image_cache.drivers.centralized_db [None req-f7d4df53-951a-49cd-bf44-5d89d66ac5ab None None] Node reference is already recorded, ignoring it {{(pid=99960) configure /opt/stack/glance/glance/image_cache/drivers/centralized_db.py:71}}
Aug 03 20:12:00.920986 np0000006368 devstack@g-api.service[99961]: INFO glance.api.middleware.cache [None req-d1afc7be-2bd4-4467-8ae0-a93fd15d991c None None] Initialized image cache middleware
Aug 03 20:12:00.921290 np0000006368 devstack@g-api.service[99962]: DEBUG glance.common.config [None req-c866aa9c-0b64-4bfa-ad98-49dd88142532 None None] ******************************************************************************** {{(pid=99962) log_opt_values /opt/stack/data/venv/lib/python3.12/site-packages/oslo_config/cfg.py:3518}}
Aug 03 20:12:00.921415 np0000006368 devstack@g-api.service[99962]: DEBUG glance.common.config [None req-c866aa9c-0b64-4bfa-ad98-49dd88142532 None None] Configuration options gathered from: {{(pid=99962) log_opt_values /opt/stack/data/venv/lib/python3.12/site-packages/oslo_config/cfg.py:3519}}
Aug 03 20:12:00.921759 np0000006368 devstack@g-api.service[99962]: DEBUG glance.common.config [None req-c866aa9c-0b64-4bfa-ad98-49dd88142532 None None] command line args: [] {{(pid=99962) log_opt_values /opt/stack/data/venv/lib/python3.12/site-packages/oslo_config/cfg.py:3520}}
Aug 03 20:12:00.921883 np0000006368 devstack@g-api.service[99962]: DEBUG glance.common.config [None req-c866aa9c-0b64-4bfa-ad98-49dd88142532 None None] config files: ['/etc/glance/glance-image-import.conf', '/etc/glance/glance-api.conf'] {{(pid=99962) log_opt_values /opt/stack/data/venv/lib/python3.12/site-packages/oslo_config/cfg.py:3521}}
Aug 03 20:12:00.921959 np0000006368 devstack@g-api.service[99962]: DEBUG glance.common.config [None req-c866aa9c-0b64-4bfa-ad98-49dd88142532 None None] ================================================================================ {{(pid=99962) log_opt_values /opt/stack/data/venv/lib/python3.12/site-packages/oslo_config/cfg.py:3526}}
Aug 03 20:12:00.922058 np0000006368 devstack@g-api.service[99960]: INFO glance.api.middleware.cache [None req-f7d4df53-951a-49cd-bf44-5d89d66ac5ab None None] Initialized image cache middleware
Aug 03 20:12:00.922121 np0000006368 devstack@g-api.service[99962]: DEBUG glance.common.config [None req-c866aa9c-0b64-4bfa-ad98-49dd88142532 None None] allow_anonymous_access = False {{(pid=99962) log_opt_values /opt/stack/data/venv/lib/python3.12/site-packages/oslo_config/cfg.py:3534}}
Aug 03 20:12:00.922167 np0000006368 devstack@g-api.service[99962]: DEBUG glance.common.config [None req-c866aa9c-0b64-4bfa-ad98-49dd88142532 None None] api_limit_max = 1000 {{(pid=99962) log_opt_values /opt/stack/data/venv/lib/python3.12/site-packages/oslo_config/cfg.py:3534}}
Aug 03 20:12:00.922253 np0000006368 devstack@g-api.service[99962]: DEBUG glance.common.config [None req-c866aa9c-0b64-4bfa-ad98-49dd88142532 None None] config_dir = [] {{(pid=99962) log_opt_values /opt/stack/data/venv/lib/python3.12/site-packages/oslo_config/cfg.py:3534}}
Aug 03 20:12:00.922323 np0000006368 devstack@g-api.service[99962]: DEBUG glance.common.config [None req-c866aa9c-0b64-4bfa-ad98-49dd88142532 None None] config_file = ['/etc/glance/glance-image-import.conf', '/etc/glance/glance-api.conf'] {{(pid=99962) log_opt_values /opt/stack/data/venv/lib/python3.12/site-packages/oslo_config/cfg.py:3534}}
Aug 03 20:12:00.922432 np0000006368 devstack@g-api.service[99962]: DEBUG glance.common.config [None req-c866aa9c-0b64-4bfa-ad98-49dd88142532 None None] config_source = [] {{(pid=99962) log_opt_values /opt/stack/data/venv/lib/python3.12/site-packages/oslo_config/cfg.py:3534}}
Aug 03 20:12:00.922540 np0000006368 devstack@g-api.service[99962]: DEBUG glance.common.config [None req-c866aa9c-0b64-4bfa-ad98-49dd88142532 None None] control_exchange = glance {{(pid=99962) log_opt_values /opt/stack/data/venv/lib/python3.12/site-packages/oslo_config/cfg.py:3534}}
Aug 03 20:12:00.922607 np0000006368 devstack@g-api.service[99962]: DEBUG glance.common.config [None req-c866aa9c-0b64-4bfa-ad98-49dd88142532 None None] debug = True {{(pid=99962) log_opt_values /opt/stack/data/venv/lib/python3.12/site-packages/oslo_config/cfg.py:3534}}
Aug 03 20:12:00.922766 np0000006368 devstack@g-api.service[99962]: DEBUG glance.common.config [None req-c866aa9c-0b64-4bfa-ad98-49dd88142532 None None] default_log_levels = ['amqp=WARN', 'boto=WARN', 'sqlalchemy=WARN', 'suds=INFO', 'oslo.messaging=INFO', 'oslo_messaging=INFO', 'iso8601=WARN', 'requests.packages.urllib3.connectionpool=WARN', 'urllib3.connectionpool=WARN', 'websocket=WARN', 'requests.packages.urllib3.util.retry=WARN', 'urllib3.util.retry=WARN', 'keystonemiddleware=WARN', 'routes.middleware=WARN', 'stevedore=WARN', 'taskflow=WARN', 'keystoneauth=WARN', 'oslo.cache=INFO', 'oslo_policy=INFO', 'dogpile.core.dogpile=INFO'] {{(pid=99962) log_opt_values /opt/stack/data/venv/lib/python3.12/site-packages/oslo_config/cfg.py:3534}}
Aug 03 20:12:00.922862 np0000006368 devstack@g-api.service[99962]: DEBUG glance.common.config [None req-c866aa9c-0b64-4bfa-ad98-49dd88142532 None None] default_publisher_id = image.localhost {{(pid=99962) log_opt_values /opt/stack/data/venv/lib/python3.12/site-packages/oslo_config/cfg.py:3534}}
Aug 03 20:12:00.922938 np0000006368 devstack@g-api.service[99962]: DEBUG glance.common.config [None req-c866aa9c-0b64-4bfa-ad98-49dd88142532 None None] delayed_delete = False {{(pid=99962) log_opt_values /opt/stack/data/venv/lib/python3.12/site-packages/oslo_config/cfg.py:3534}}
Aug 03 20:12:00.923031 np0000006368 devstack@g-api.service[99962]: DEBUG glance.common.config [None req-c866aa9c-0b64-4bfa-ad98-49dd88142532 None None] digest_algorithm = sha256 {{(pid=99962) log_opt_values /opt/stack/data/venv/lib/python3.12/site-packages/oslo_config/cfg.py:3534}}
Aug 03 20:12:00.923118 np0000006368 devstack@g-api.service[99962]: DEBUG glance.common.config [None req-c866aa9c-0b64-4bfa-ad98-49dd88142532 None None] disabled_notifications = [] {{(pid=99962) log_opt_values /opt/stack/data/venv/lib/python3.12/site-packages/oslo_config/cfg.py:3534}}
Aug 03 20:12:00.923204 np0000006368 devstack@g-api.service[99962]: DEBUG glance.common.config [None req-c866aa9c-0b64-4bfa-ad98-49dd88142532 None None] do_secure_hash = True {{(pid=99962) log_opt_values /opt/stack/data/venv/lib/python3.12/site-packages/oslo_config/cfg.py:3534}}
Aug 03 20:12:00.923290 np0000006368 devstack@g-api.service[99962]: DEBUG glance.common.config [None req-c866aa9c-0b64-4bfa-ad98-49dd88142532 None None] enabled_backends = None {{(pid=99962) log_opt_values /opt/stack/data/venv/lib/python3.12/site-packages/oslo_config/cfg.py:3534}}
Aug 03 20:12:00.923411 np0000006368 devstack@g-api.service[99962]: DEBUG glance.common.config [None req-c866aa9c-0b64-4bfa-ad98-49dd88142532 None None] enabled_import_methods = ['glance-direct', 'web-download', 'copy-image'] {{(pid=99962) log_opt_values /opt/stack/data/venv/lib/python3.12/site-packages/oslo_config/cfg.py:3534}}
Aug 03 20:12:00.923501 np0000006368 devstack@g-api.service[99962]: DEBUG glance.common.config [None req-c866aa9c-0b64-4bfa-ad98-49dd88142532 None None] fatal_deprecations = False {{(pid=99962) log_opt_values /opt/stack/data/venv/lib/python3.12/site-packages/oslo_config/cfg.py:3534}}
Aug 03 20:12:00.923609 np0000006368 devstack@g-api.service[99962]: DEBUG glance.common.config [None req-c866aa9c-0b64-4bfa-ad98-49dd88142532 None None] hashing_algorithm = sha512 {{(pid=99962) log_opt_values /opt/stack/data/venv/lib/python3.12/site-packages/oslo_config/cfg.py:3534}}
Aug 03 20:12:00.923696 np0000006368 devstack@g-api.service[99962]: DEBUG glance.common.config [None req-c866aa9c-0b64-4bfa-ad98-49dd88142532 None None] http_retries = 3 {{(pid=99962) log_opt_values /opt/stack/data/venv/lib/python3.12/site-packages/oslo_config/cfg.py:3534}}
Aug 03 20:12:00.923788 np0000006368 devstack@g-api.service[99962]: DEBUG glance.common.config [None req-c866aa9c-0b64-4bfa-ad98-49dd88142532 None None] image_cache_dir = /opt/stack/data/glance/cache/ {{(pid=99962) log_opt_values /opt/stack/data/venv/lib/python3.12/site-packages/oslo_config/cfg.py:3534}}
Aug 03 20:12:00.923879 np0000006368 devstack@g-api.service[99962]: DEBUG glance.common.config [None req-c866aa9c-0b64-4bfa-ad98-49dd88142532 None None] image_cache_driver = centralized_db {{(pid=99962) log_opt_values /opt/stack/data/venv/lib/python3.12/site-packages/oslo_config/cfg.py:3534}}
Aug 03 20:12:00.923966 np0000006368 devstack@g-api.service[99962]: DEBUG glance.common.config [None req-c866aa9c-0b64-4bfa-ad98-49dd88142532 None None] image_cache_max_size = 10737418240 {{(pid=99962) log_opt_values /opt/stack/data/venv/lib/python3.12/site-packages/oslo_config/cfg.py:3534}}
Aug 03 20:12:00.924054 np0000006368 devstack@g-api.service[99962]: DEBUG glance.common.config [None req-c866aa9c-0b64-4bfa-ad98-49dd88142532 None None] image_cache_sqlite_db = cache.db {{(pid=99962) log_opt_values /opt/stack/data/venv/lib/python3.12/site-packages/oslo_config/cfg.py:3534}}
Aug 03 20:12:00.924189 np0000006368 devstack@g-api.service[99962]: DEBUG glance.common.config [None req-c866aa9c-0b64-4bfa-ad98-49dd88142532 None None] image_cache_stall_time = 86400 {{(pid=99962) log_opt_values /opt/stack/data/venv/lib/python3.12/site-packages/oslo_config/cfg.py:3534}}
Aug 03 20:12:00.924304 np0000006368 devstack@g-api.service[99962]: DEBUG glance.common.config [None req-c866aa9c-0b64-4bfa-ad98-49dd88142532 None None] image_location_quota = 10 {{(pid=99962) log_opt_values /opt/stack/data/venv/lib/python3.12/site-packages/oslo_config/cfg.py:3534}}
Aug 03 20:12:00.924423 np0000006368 devstack@g-api.service[99962]: DEBUG glance.common.config [None req-c866aa9c-0b64-4bfa-ad98-49dd88142532 None None] image_member_quota = 128 {{(pid=99962) log_opt_values /opt/stack/data/venv/lib/python3.12/site-packages/oslo_config/cfg.py:3534}}
Aug 03 20:12:00.924516 np0000006368 devstack@g-api.service[99962]: DEBUG glance.common.config [None req-c866aa9c-0b64-4bfa-ad98-49dd88142532 None None] image_property_quota = 128 {{(pid=99962) log_opt_values /opt/stack/data/venv/lib/python3.12/site-packages/oslo_config/cfg.py:3534}}
Aug 03 20:12:00.924619 np0000006368 devstack@g-api.service[99962]: DEBUG glance.common.config [None req-c866aa9c-0b64-4bfa-ad98-49dd88142532 None None] image_size_cap = 1099511627776 {{(pid=99962) log_opt_values /opt/stack/data/venv/lib/python3.12/site-packages/oslo_config/cfg.py:3534}}
Aug 03 20:12:00.924709 np0000006368 devstack@g-api.service[99962]: DEBUG glance.common.config [None req-c866aa9c-0b64-4bfa-ad98-49dd88142532 None None] image_tag_quota = 128 {{(pid=99962) log_opt_values /opt/stack/data/venv/lib/python3.12/site-packages/oslo_config/cfg.py:3534}}
Aug 03 20:12:00.924806 np0000006368 devstack@g-api.service[99962]: DEBUG glance.common.config [None req-c866aa9c-0b64-4bfa-ad98-49dd88142532 None None] instance_format = [instance: %(uuid)s] {{(pid=99962) log_opt_values /opt/stack/data/venv/lib/python3.12/site-packages/oslo_config/cfg.py:3534}}
Aug 03 20:12:00.924900 np0000006368 devstack@g-api.service[99962]: DEBUG glance.common.config [None req-c866aa9c-0b64-4bfa-ad98-49dd88142532 None None] instance_uuid_format = [instance: %(uuid)s] {{(pid=99962) log_opt_values /opt/stack/data/venv/lib/python3.12/site-packages/oslo_config/cfg.py:3534}}
Aug 03 20:12:00.924987 np0000006368 devstack@g-api.service[99962]: DEBUG glance.common.config [None req-c866aa9c-0b64-4bfa-ad98-49dd88142532 None None] limit_param_default = 25 {{(pid=99962) log_opt_values /opt/stack/data/venv/lib/python3.12/site-packages/oslo_config/cfg.py:3534}}
Aug 03 20:12:00.925081 np0000006368 devstack@g-api.service[99962]: DEBUG glance.common.config [None req-c866aa9c-0b64-4bfa-ad98-49dd88142532 None None] log_color = False {{(pid=99962) log_opt_values /opt/stack/data/venv/lib/python3.12/site-packages/oslo_config/cfg.py:3534}}
Aug 03 20:12:00.925170 np0000006368 devstack@g-api.service[99962]: DEBUG glance.common.config [None req-c866aa9c-0b64-4bfa-ad98-49dd88142532 None None] log_config_append = None {{(pid=99962) log_opt_values /opt/stack/data/venv/lib/python3.12/site-packages/oslo_config/cfg.py:3534}}
Aug 03 20:12:00.925260 np0000006368 devstack@g-api.service[99962]: DEBUG glance.common.config [None req-c866aa9c-0b64-4bfa-ad98-49dd88142532 None None] log_date_format = %Y-%m-%d %H:%M:%S {{(pid=99962) log_opt_values /opt/stack/data/venv/lib/python3.12/site-packages/oslo_config/cfg.py:3534}}
Aug 03 20:12:00.925348 np0000006368 devstack@g-api.service[99962]: DEBUG glance.common.config [None req-c866aa9c-0b64-4bfa-ad98-49dd88142532 None None] log_dir = None {{(pid=99962) log_opt_values /opt/stack/data/venv/lib/python3.12/site-packages/oslo_config/cfg.py:3534}}
Aug 03 20:12:00.925456 np0000006368 devstack@g-api.service[99962]: DEBUG glance.common.config [None req-c866aa9c-0b64-4bfa-ad98-49dd88142532 None None] log_file = None {{(pid=99962) log_opt_values /opt/stack/data/venv/lib/python3.12/site-packages/oslo_config/cfg.py:3534}}
Aug 03 20:12:00.925545 np0000006368 devstack@g-api.service[99962]: DEBUG glance.common.config [None req-c866aa9c-0b64-4bfa-ad98-49dd88142532 None None] log_rotate_interval = 1 {{(pid=99962) log_opt_values /opt/stack/data/venv/lib/python3.12/site-packages/oslo_config/cfg.py:3534}}
Aug 03 20:12:00.925652 np0000006368 devstack@g-api.service[99962]: DEBUG glance.common.config [None req-c866aa9c-0b64-4bfa-ad98-49dd88142532 None None] log_rotate_interval_type = days {{(pid=99962) log_opt_values /opt/stack/data/venv/lib/python3.12/site-packages/oslo_config/cfg.py:3534}}
Aug 03 20:12:00.925748 np0000006368 devstack@g-api.service[99962]: DEBUG glance.common.config [None req-c866aa9c-0b64-4bfa-ad98-49dd88142532 None None] log_rotation_type = none {{(pid=99962) log_opt_values /opt/stack/data/venv/lib/python3.12/site-packages/oslo_config/cfg.py:3534}}
Aug 03 20:12:00.925813 np0000006368 devstack@g-api.service[99962]: DEBUG glance.common.config [None req-c866aa9c-0b64-4bfa-ad98-49dd88142532 None None] logging_context_format_string = %(color)s%(levelname)s %(name)s [%(global_request_id)s %(request_id)s %(project_name)s %(user_name)s%(color)s] %(instance)s%(color)s%(message)s {{(pid=99962) log_opt_values /opt/stack/data/venv/lib/python3.12/site-packages/oslo_config/cfg.py:3534}}
Aug 03 20:12:00.925878 np0000006368 devstack@g-api.service[99962]: DEBUG glance.common.config [None req-c866aa9c-0b64-4bfa-ad98-49dd88142532 None None] logging_debug_format_suffix = {{(pid=%(process)d) %(funcName)s %(pathname)s:%(lineno)d}} {{(pid=99962) log_opt_values /opt/stack/data/venv/lib/python3.12/site-packages/oslo_config/cfg.py:3534}}
Aug 03 20:12:00.925971 np0000006368 devstack@g-api.service[99962]: DEBUG glance.common.config [None req-c866aa9c-0b64-4bfa-ad98-49dd88142532 None None] logging_default_format_string = %(color)s%(levelname)s %(name)s [-%(color)s] %(instance)s%(color)s%(message)s {{(pid=99962) log_opt_values /opt/stack/data/venv/lib/python3.12/site-packages/oslo_config/cfg.py:3534}}
Aug 03 20:12:00.926063 np0000006368 devstack@g-api.service[99962]: DEBUG glance.common.config [None req-c866aa9c-0b64-4bfa-ad98-49dd88142532 None None] logging_exception_prefix = ERROR %(name)s %(instance)s {{(pid=99962) log_opt_values /opt/stack/data/venv/lib/python3.12/site-packages/oslo_config/cfg.py:3534}}
Aug 03 20:12:00.926123 np0000006368 devstack@g-api.service[99962]: DEBUG glance.common.config [None req-c866aa9c-0b64-4bfa-ad98-49dd88142532 None None] logging_user_identity_format = %(user)s %(project)s %(domain)s %(system_scope)s %(user_domain)s %(project_domain)s {{(pid=99962) log_opt_values /opt/stack/data/venv/lib/python3.12/site-packages/oslo_config/cfg.py:3534}}
Aug 03 20:12:00.926210 np0000006368 devstack@g-api.service[99962]: DEBUG glance.common.config [None req-c866aa9c-0b64-4bfa-ad98-49dd88142532 None None] max_logfile_count = 30 {{(pid=99962) log_opt_values /opt/stack/data/venv/lib/python3.12/site-packages/oslo_config/cfg.py:3534}}
Aug 03 20:12:00.926296 np0000006368 devstack@g-api.service[99962]: DEBUG glance.common.config [None req-c866aa9c-0b64-4bfa-ad98-49dd88142532 None None] max_logfile_size_mb = 200 {{(pid=99962) log_opt_values /opt/stack/data/venv/lib/python3.12/site-packages/oslo_config/cfg.py:3534}}
Aug 03 20:12:00.926397 np0000006368 devstack@g-api.service[99962]: DEBUG glance.common.config [None req-c866aa9c-0b64-4bfa-ad98-49dd88142532 None None] max_request_id_length = 64 {{(pid=99962) log_opt_values /opt/stack/data/venv/lib/python3.12/site-packages/oslo_config/cfg.py:3534}}
Aug 03 20:12:00.926487 np0000006368 devstack@g-api.service[99962]: DEBUG glance.common.config [None req-c866aa9c-0b64-4bfa-ad98-49dd88142532 None None] metadata_encryption_key = **** {{(pid=99962) log_opt_values /opt/stack/data/venv/lib/python3.12/site-packages/oslo_config/cfg.py:3534}}
Aug 03 20:12:00.926588 np0000006368 devstack@g-api.service[99962]: DEBUG glance.common.config [None req-c866aa9c-0b64-4bfa-ad98-49dd88142532 None None] node_staging_uri = file:///tmp/staging/ {{(pid=99962) log_opt_values /opt/stack/data/venv/lib/python3.12/site-packages/oslo_config/cfg.py:3534}}
Aug 03 20:12:00.926675 np0000006368 devstack@g-api.service[99962]: DEBUG glance.common.config [None req-c866aa9c-0b64-4bfa-ad98-49dd88142532 None None] property_protection_file = None {{(pid=99962) log_opt_values /opt/stack/data/venv/lib/python3.12/site-packages/oslo_config/cfg.py:3534}}
Aug 03 20:12:00.926766 np0000006368 devstack@g-api.service[99962]: DEBUG glance.common.config [None req-c866aa9c-0b64-4bfa-ad98-49dd88142532 None None] property_protection_rule_format = roles {{(pid=99962) log_opt_values /opt/stack/data/venv/lib/python3.12/site-packages/oslo_config/cfg.py:3534}}
Aug 03 20:12:00.926856 np0000006368 devstack@g-api.service[99962]: DEBUG glance.common.config [None req-c866aa9c-0b64-4bfa-ad98-49dd88142532 None None] public_endpoint = https://10.4.3.211/image {{(pid=99962) log_opt_values /opt/stack/data/venv/lib/python3.12/site-packages/oslo_config/cfg.py:3534}}
Aug 03 20:12:00.926941 np0000006368 devstack@g-api.service[99962]: DEBUG glance.common.config [None req-c866aa9c-0b64-4bfa-ad98-49dd88142532 None None] publish_errors = False {{(pid=99962) log_opt_values /opt/stack/data/venv/lib/python3.12/site-packages/oslo_config/cfg.py:3534}}
Aug 03 20:12:00.927030 np0000006368 devstack@g-api.service[99962]: DEBUG glance.common.config [None req-c866aa9c-0b64-4bfa-ad98-49dd88142532 None None] pydev_worker_debug_host = None {{(pid=99962) log_opt_values /opt/stack/data/venv/lib/python3.12/site-packages/oslo_config/cfg.py:3534}}
Aug 03 20:12:00.927119 np0000006368 devstack@g-api.service[99962]: DEBUG glance.common.config [None req-c866aa9c-0b64-4bfa-ad98-49dd88142532 None None] pydev_worker_debug_port = 5678 {{(pid=99962) log_opt_values /opt/stack/data/venv/lib/python3.12/site-packages/oslo_config/cfg.py:3534}}
Aug 03 20:12:00.927203 np0000006368 devstack@g-api.service[99962]: DEBUG glance.common.config [None req-c866aa9c-0b64-4bfa-ad98-49dd88142532 None None] rate_limit_burst = 0 {{(pid=99962) log_opt_values /opt/stack/data/venv/lib/python3.12/site-packages/oslo_config/cfg.py:3534}}
Aug 03 20:12:00.927292 np0000006368 devstack@g-api.service[99962]: DEBUG glance.common.config [None req-c866aa9c-0b64-4bfa-ad98-49dd88142532 None None] rate_limit_except_level = CRITICAL {{(pid=99962) log_opt_values /opt/stack/data/venv/lib/python3.12/site-packages/oslo_config/cfg.py:3534}}
Aug 03 20:12:00.927388 np0000006368 devstack@g-api.service[99962]: DEBUG glance.common.config [None req-c866aa9c-0b64-4bfa-ad98-49dd88142532 None None] rate_limit_interval = 0 {{(pid=99962) log_opt_values /opt/stack/data/venv/lib/python3.12/site-packages/oslo_config/cfg.py:3534}}
Aug 03 20:12:00.927477 np0000006368 devstack@g-api.service[99962]: DEBUG glance.common.config [None req-c866aa9c-0b64-4bfa-ad98-49dd88142532 None None] scrub_pool_size = 1 {{(pid=99962) log_opt_values /opt/stack/data/venv/lib/python3.12/site-packages/oslo_config/cfg.py:3534}}
Aug 03 20:12:00.927561 np0000006368 devstack@g-api.service[99962]: DEBUG glance.common.config [None req-c866aa9c-0b64-4bfa-ad98-49dd88142532 None None] scrub_time = 0 {{(pid=99962) log_opt_values /opt/stack/data/venv/lib/python3.12/site-packages/oslo_config/cfg.py:3534}}
Aug 03 20:12:00.927656 np0000006368 devstack@g-api.service[99962]: DEBUG glance.common.config [None req-c866aa9c-0b64-4bfa-ad98-49dd88142532 None None] shell_completion = None {{(pid=99962) log_opt_values /opt/stack/data/venv/lib/python3.12/site-packages/oslo_config/cfg.py:3534}}
Aug 03 20:12:00.927749 np0000006368 devstack@g-api.service[99962]: DEBUG glance.common.config [None req-c866aa9c-0b64-4bfa-ad98-49dd88142532 None None] show_image_direct_url = False {{(pid=99962) log_opt_values /opt/stack/data/venv/lib/python3.12/site-packages/oslo_config/cfg.py:3534}}
Aug 03 20:12:00.927940 np0000006368 devstack@g-api.service[99962]: WARNING oslo_config.cfg [None req-c866aa9c-0b64-4bfa-ad98-49dd88142532 None None] Deprecated: Option "show_multiple_locations" from group "DEFAULT" is deprecated for removal (Use of this option, deprecated since Newton, is a security risk and will be removed once we figure out a way to satisfy those use cases that currently require it. An earlier announcement that the same functionality can be achieved with greater granularity by using policies is incorrect. You cannot work around this option via policy configuration at the present time, though that is the direction we believe the fix will take. Please keep an eye on the Glance release notes to stay up to date on progress in addressing this issue.). Its value may be silently ignored in the future.
Aug 03 20:12:00.928040 np0000006368 devstack@g-api.service[99962]: DEBUG glance.common.config [None req-c866aa9c-0b64-4bfa-ad98-49dd88142532 None None] show_multiple_locations = False {{(pid=99962) log_opt_values /opt/stack/data/venv/lib/python3.12/site-packages/oslo_config/cfg.py:3534}}
Aug 03 20:12:00.928134 np0000006368 devstack@g-api.service[99962]: DEBUG glance.common.config [None req-c866aa9c-0b64-4bfa-ad98-49dd88142532 None None] syslog_log_facility = LOG_USER {{(pid=99962) log_opt_values /opt/stack/data/venv/lib/python3.12/site-packages/oslo_config/cfg.py:3534}}
Aug 03 20:12:00.928225 np0000006368 devstack@g-api.service[99962]: DEBUG glance.common.config [None req-c866aa9c-0b64-4bfa-ad98-49dd88142532 None None] transport_url = **** {{(pid=99962) log_opt_values /opt/stack/data/venv/lib/python3.12/site-packages/oslo_config/cfg.py:3534}}
Aug 03 20:12:00.928310 np0000006368 devstack@g-api.service[99962]: DEBUG glance.common.config [None req-c866aa9c-0b64-4bfa-ad98-49dd88142532 None None] use_journal = False {{(pid=99962) log_opt_values /opt/stack/data/venv/lib/python3.12/site-packages/oslo_config/cfg.py:3534}}
Aug 03 20:12:00.928417 np0000006368 devstack@g-api.service[99962]: DEBUG glance.common.config [None req-c866aa9c-0b64-4bfa-ad98-49dd88142532 None None] use_json = False {{(pid=99962) log_opt_values /opt/stack/data/venv/lib/python3.12/site-packages/oslo_config/cfg.py:3534}}
Aug 03 20:12:00.928512 np0000006368 devstack@g-api.service[99962]: DEBUG glance.common.config [None req-c866aa9c-0b64-4bfa-ad98-49dd88142532 None None] use_keystone_limits = True {{(pid=99962) log_opt_values /opt/stack/data/venv/lib/python3.12/site-packages/oslo_config/cfg.py:3534}}
Aug 03 20:12:00.928646 np0000006368 devstack@g-api.service[99962]: DEBUG glance.common.config [None req-c866aa9c-0b64-4bfa-ad98-49dd88142532 None None] use_stderr = False {{(pid=99962) log_opt_values /opt/stack/data/venv/lib/python3.12/site-packages/oslo_config/cfg.py:3534}}
Aug 03 20:12:00.928694 np0000006368 devstack@g-api.service[99962]: DEBUG glance.common.config [None req-c866aa9c-0b64-4bfa-ad98-49dd88142532 None None] use_syslog = False {{(pid=99962) log_opt_values /opt/stack/data/venv/lib/python3.12/site-packages/oslo_config/cfg.py:3534}}
Aug 03 20:12:00.928784 np0000006368 devstack@g-api.service[99962]: DEBUG glance.common.config [None req-c866aa9c-0b64-4bfa-ad98-49dd88142532 None None] user_storage_quota = 0 {{(pid=99962) log_opt_values /opt/stack/data/venv/lib/python3.12/site-packages/oslo_config/cfg.py:3534}}
Aug 03 20:12:00.928872 np0000006368 devstack@g-api.service[99962]: DEBUG glance.common.config [None req-c866aa9c-0b64-4bfa-ad98-49dd88142532 None None] worker_self_reference_url = http://127.0.0.1:60999 {{(pid=99962) log_opt_values /opt/stack/data/venv/lib/python3.12/site-packages/oslo_config/cfg.py:3534}}
Aug 03 20:12:00.928976 np0000006368 devstack@g-api.service[99962]: DEBUG glance.common.config [None req-c866aa9c-0b64-4bfa-ad98-49dd88142532 None None] oslo_concurrency.disable_process_locking = False {{(pid=99962) log_opt_values /opt/stack/data/venv/lib/python3.12/site-packages/oslo_config/cfg.py:3545}}
Aug 03 20:12:00.929070 np0000006368 devstack@g-api.service[99962]: DEBUG glance.common.config [None req-c866aa9c-0b64-4bfa-ad98-49dd88142532 None None] oslo_concurrency.lock_path = /opt/stack/data/glance/locks {{(pid=99962) log_opt_values /opt/stack/data/venv/lib/python3.12/site-packages/oslo_config/cfg.py:3545}}
Aug 03 20:12:00.929164 np0000006368 devstack@g-api.service[99962]: DEBUG glance.common.config [None req-c866aa9c-0b64-4bfa-ad98-49dd88142532 None None] oslo_middleware.enable_proxy_headers_parsing = False {{(pid=99962) log_opt_values /opt/stack/data/venv/lib/python3.12/site-packages/oslo_config/cfg.py:3545}}
Aug 03 20:12:00.929254 np0000006368 devstack@g-api.service[99962]: DEBUG glance.common.config [None req-c866aa9c-0b64-4bfa-ad98-49dd88142532 None None] oslo_middleware.http_basic_auth_user_file = /etc/htpasswd {{(pid=99962) log_opt_values /opt/stack/data/venv/lib/python3.12/site-packages/oslo_config/cfg.py:3545}}
Aug 03 20:12:00.929342 np0000006368 devstack@g-api.service[99962]: DEBUG glance.common.config [None req-c866aa9c-0b64-4bfa-ad98-49dd88142532 None None] paste_deploy.config_file = None {{(pid=99962) log_opt_values /opt/stack/data/venv/lib/python3.12/site-packages/oslo_config/cfg.py:3545}}
Aug 03 20:12:00.929453 np0000006368 devstack@g-api.service[99962]: DEBUG glance.common.config [None req-c866aa9c-0b64-4bfa-ad98-49dd88142532 None None] paste_deploy.flavor = keystone+cachemanagement {{(pid=99962) log_opt_values /opt/stack/data/venv/lib/python3.12/site-packages/oslo_config/cfg.py:3545}}
Aug 03 20:12:00.929585 np0000006368 devstack@g-api.service[99962]: DEBUG glance.common.config [None req-c866aa9c-0b64-4bfa-ad98-49dd88142532 None None] image_format.container_formats = ['ami', 'ari', 'aki', 'bare', 'ovf', 'ova', 'docker', 'compressed'] {{(pid=99962) log_opt_values /opt/stack/data/venv/lib/python3.12/site-packages/oslo_config/cfg.py:3545}}
Aug 03 20:12:00.929748 np0000006368 devstack@g-api.service[99962]: DEBUG glance.common.config [None req-c866aa9c-0b64-4bfa-ad98-49dd88142532 None None] image_format.disk_formats = ['ami', 'ari', 'aki', 'vhd', 'vhdx', 'vmdk', 'raw', 'qcow2', 'vdi', 'iso', 'ploop'] {{(pid=99962) log_opt_values /opt/stack/data/venv/lib/python3.12/site-packages/oslo_config/cfg.py:3545}}
Aug 03 20:12:00.929843 np0000006368 devstack@g-api.service[99962]: DEBUG glance.common.config [None req-c866aa9c-0b64-4bfa-ad98-49dd88142532 None None] image_format.gpt_safety_checks_nonfatal = [] {{(pid=99962) log_opt_values /opt/stack/data/venv/lib/python3.12/site-packages/oslo_config/cfg.py:3545}}
Aug 03 20:12:00.929936 np0000006368 devstack@g-api.service[99962]: DEBUG glance.common.config [None req-c866aa9c-0b64-4bfa-ad98-49dd88142532 None None] image_format.require_image_format_match = True {{(pid=99962) log_opt_values /opt/stack/data/venv/lib/python3.12/site-packages/oslo_config/cfg.py:3545}}
Aug 03 20:12:00.930033 np0000006368 devstack@g-api.service[99962]: DEBUG glance.common.config [None req-c866aa9c-0b64-4bfa-ad98-49dd88142532 None None] image_format.vmdk_allowed_types = ['streamOptimized', 'monolithicSparse'] {{(pid=99962) log_opt_values /opt/stack/data/venv/lib/python3.12/site-packages/oslo_config/cfg.py:3545}}
Aug 03 20:12:00.930131 np0000006368 devstack@g-api.service[99962]: DEBUG glance.common.config [None req-c866aa9c-0b64-4bfa-ad98-49dd88142532 None None] task.task_executor = taskflow {{(pid=99962) log_opt_values /opt/stack/data/venv/lib/python3.12/site-packages/oslo_config/cfg.py:3545}}
Aug 03 20:12:00.930220 np0000006368 devstack@g-api.service[99962]: DEBUG glance.common.config [None req-c866aa9c-0b64-4bfa-ad98-49dd88142532 None None] task.task_time_to_live = 48 {{(pid=99962) log_opt_values /opt/stack/data/venv/lib/python3.12/site-packages/oslo_config/cfg.py:3545}}
Aug 03 20:12:00.930302 np0000006368 devstack@g-api.service[99962]: DEBUG glance.common.config [None req-c866aa9c-0b64-4bfa-ad98-49dd88142532 None None] task.work_dir = None {{(pid=99962) log_opt_values /opt/stack/data/venv/lib/python3.12/site-packages/oslo_config/cfg.py:3545}}
Aug 03 20:12:00.930415 np0000006368 devstack@g-api.service[99962]: DEBUG glance.common.config [None req-c866aa9c-0b64-4bfa-ad98-49dd88142532 None None] wsgi.python_interpreter = /opt/stack/data/venv/bin/python3 {{(pid=99962) log_opt_values /opt/stack/data/venv/lib/python3.12/site-packages/oslo_config/cfg.py:3545}}
Aug 03 20:12:00.930502 np0000006368 devstack@g-api.service[99962]: DEBUG glance.common.config [None req-c866aa9c-0b64-4bfa-ad98-49dd88142532 None None] wsgi.task_pool_threads = 16 {{(pid=99962) log_opt_values /opt/stack/data/venv/lib/python3.12/site-packages/oslo_config/cfg.py:3545}}
Aug 03 20:12:00.930606 np0000006368 devstack@g-api.service[99962]: DEBUG glance.common.config [None req-c866aa9c-0b64-4bfa-ad98-49dd88142532 None None] import_filtering_opts.allowed_hosts = [] {{(pid=99962) log_opt_values /opt/stack/data/venv/lib/python3.12/site-packages/oslo_config/cfg.py:3545}}
Aug 03 20:12:00.930698 np0000006368 devstack@g-api.service[99962]: DEBUG glance.common.config [None req-c866aa9c-0b64-4bfa-ad98-49dd88142532 None None] import_filtering_opts.allowed_ports = [80, 443] {{(pid=99962) log_opt_values /opt/stack/data/venv/lib/python3.12/site-packages/oslo_config/cfg.py:3545}}
Aug 03 20:12:00.930797 np0000006368 devstack@g-api.service[99962]: DEBUG glance.common.config [None req-c866aa9c-0b64-4bfa-ad98-49dd88142532 None None] import_filtering_opts.allowed_schemes = ['http', 'https'] {{(pid=99962) log_opt_values /opt/stack/data/venv/lib/python3.12/site-packages/oslo_config/cfg.py:3545}}
Aug 03 20:12:00.930882 np0000006368 devstack@g-api.service[99962]: DEBUG glance.common.config [None req-c866aa9c-0b64-4bfa-ad98-49dd88142532 None None] import_filtering_opts.disallowed_hosts = [] {{(pid=99962) log_opt_values /opt/stack/data/venv/lib/python3.12/site-packages/oslo_config/cfg.py:3545}}
Aug 03 20:12:00.930951 np0000006368 devstack@g-api.service[99961]: DEBUG glance.common.config [None req-d1afc7be-2bd4-4467-8ae0-a93fd15d991c None None] ******************************************************************************** {{(pid=99961) log_opt_values /opt/stack/data/venv/lib/python3.12/site-packages/oslo_config/cfg.py:3518}}
Aug 03 20:12:00.931000 np0000006368 devstack@g-api.service[99962]: DEBUG glance.common.config [None req-c866aa9c-0b64-4bfa-ad98-49dd88142532 None None] import_filtering_opts.disallowed_ports = [] {{(pid=99962) log_opt_values /opt/stack/data/venv/lib/python3.12/site-packages/oslo_config/cfg.py:3545}}
