Aug 03 20:11:13.982204 np0000006368 devstack@neutron-api.service[87838]: DEBUG neutron.plugins.ml2.drivers.ovn.mech_driver.ovsdb.ovsdb_monitor [None req-249bd9e9-5f18-48dc-8c12-be5030c5ce2b None None] Hash Ring: Node 9fbcd9100fa1576cbeb6762792a922f0 (host: np0000006368) handling event "create" for row b16897b5-ca81-4e4f-9db8-3a3bb2a25b17 (table: ACL) {{(pid=87838) notify /opt/stack/neutron/neutron/plugins/ml2/drivers/ovn/mech_driver/ovsdb/ovsdb_monitor.py:1099}}
Aug 03 20:11:13.982406 np0000006368 devstack@neutron-api.service[87838]: DEBUG neutron.plugins.ml2.drivers.ovn.mech_driver.ovsdb.ovsdb_monitor [None req-249bd9e9-5f18-48dc-8c12-be5030c5ce2b None None] Hash Ring: Node 9fbcd9100fa1576cbeb6762792a922f0 (host: np0000006368) handling event "create" for row f202cba1-ea84-4e71-9361-a9bb1f8f5c72 (table: ACL) {{(pid=87838) notify /opt/stack/neutron/neutron/plugins/ml2/drivers/ovn/mech_driver/ovsdb/ovsdb_monitor.py:1099}}
Aug 03 20:11:13.982611 np0000006368 devstack@neutron-api.service[87838]: DEBUG neutron.plugins.ml2.drivers.ovn.mech_driver.ovsdb.ovsdb_monitor [None req-249bd9e9-5f18-48dc-8c12-be5030c5ce2b None None] Hash Ring: Node 9fbcd9100fa1576cbeb6762792a922f0 (host: np0000006368) handling event "create" for row 702c023a-ddb1-4ad8-b15a-8c0b023cccd5 (table: Connection) {{(pid=87838) notify /opt/stack/neutron/neutron/plugins/ml2/drivers/ovn/mech_driver/ovsdb/ovsdb_monitor.py:1099}}
Aug 03 20:11:13.982795 np0000006368 devstack@neutron-api.service[87838]: DEBUG neutron.plugins.ml2.drivers.ovn.mech_driver.ovsdb.ovsdb_monitor [None req-249bd9e9-5f18-48dc-8c12-be5030c5ce2b None None] Hash Ring: Node 9fbcd9100fa1576cbeb6762792a922f0 (host: np0000006368) handling event "create" for row 15025d4d-83e0-47d0-9802-9325a0bfaad4 (table: NB_Global) {{(pid=87838) notify /opt/stack/neutron/neutron/plugins/ml2/drivers/ovn/mech_driver/ovsdb/ovsdb_monitor.py:1099}}
Aug 03 20:11:13.983000 np0000006368 devstack@neutron-api.service[87838]: DEBUG neutron.plugins.ml2.drivers.ovn.mech_driver.ovsdb.ovsdb_monitor [None req-249bd9e9-5f18-48dc-8c12-be5030c5ce2b None None] Hash Ring: Node 9fbcd9100fa1576cbeb6762792a922f0 (host: np0000006368) handling event "create" for row 960ae6ec-8a2a-4394-b726-4374a5b972fc (table: Port_Group) {{(pid=87838) notify /opt/stack/neutron/neutron/plugins/ml2/drivers/ovn/mech_driver/ovsdb/ovsdb_monitor.py:1099}}
Aug 03 20:11:13.983180 np0000006368 devstack@neutron-api.service[87838]: DEBUG neutron.plugins.ml2.drivers.ovn.mech_driver.ovsdb.ovsdb_monitor [None req-249bd9e9-5f18-48dc-8c12-be5030c5ce2b None None] Hash Ring: Node 9fbcd9100fa1576cbeb6762792a922f0 (host: np0000006368) handling event "create" for row 021ef2de-b4fa-486c-a7af-7c4bb3f5d026 (table: SSL) {{(pid=87838) notify /opt/stack/neutron/neutron/plugins/ml2/drivers/ovn/mech_driver/ovsdb/ovsdb_monitor.py:1099}}
Aug 03 20:11:13.983987 np0000006368 devstack@neutron-api.service[87838]: INFO neutron.plugins.ml2.drivers.ovn.mech_driver.ovsdb.impl_idl_ovn [None req-249bd9e9-5f18-48dc-8c12-be5030c5ce2b None None] Getting OvsdbSbOvnIdl for WorkerService with retry
Aug 03 20:11:14.000391 np0000006368 devstack@neutron-api.service[87837]: DEBUG neutron.common.ovn.hash_ring_manager [None req-81827b44-648c-4606-85c5-36d4133a85b5 None None] Allow caching, nodes 3>=3 {{(pid=87837) _wait_startup_before_caching /opt/stack/neutron/neutron/common/ovn/hash_ring_manager.py:71}}
Aug 03 20:11:14.004245 np0000006368 devstack@neutron-api.service[87837]: DEBUG neutron.common.ovn.hash_ring_manager [None req-81827b44-648c-4606-85c5-36d4133a85b5 None None] Hash Ring loaded. 3 active nodes. 0 offline nodes {{(pid=87837) _load_hash_ring /opt/stack/neutron/neutron/common/ovn/hash_ring_manager.py:110}}
Aug 03 20:11:14.004880 np0000006368 devstack@neutron-api.service[87837]: DEBUG ovsdbapp.backend.ovs_idl.event [None req-81827b44-648c-4606-85c5-36d4133a85b5 None None] Matched CREATE: ChassisAgentWriteEvent(events=('create', 'update'), table='Chassis_Private', conditions=None, old_conditions=None), priority=20 to row=Chassis_Private(uuid=eb5e1446-bc3c-4efb-820a-52c11307406e, chassis=3d01dfde-fdad-4044-a239-7847fa81ce7e, external_ids={'neutron:ovn-bridge': 'br-int', 'neutron:ovn-neutron-agent-id': 'df8d2bd9-a456-5204-8058-d125a1de828b', 'neutron:ovn-neutron-agent-sb-cfg': '0'}, name='9a965513-4bd1-433b-8564-d6f4900404cc', nb_cfg=0, nb_cfg_timestamp=0) old= {{(pid=87837) matches /opt/stack/data/venv/lib/python3.12/site-packages/ovsdbapp/backend/ovs_idl/event.py:55}}
Aug 03 20:11:14.005476 np0000006368 devstack@neutron-api.service[87837]: DEBUG ovsdbapp.backend.ovs_idl.event [None req-81827b44-648c-4606-85c5-36d4133a85b5 None None] Matched CREATE: ChassisOVNAgentWriteEvent(events=('create', 'update'), table='Chassis_Private', conditions=None, old_conditions=None), priority=20 to row=Chassis_Private(uuid=eb5e1446-bc3c-4efb-820a-52c11307406e, chassis=3d01dfde-fdad-4044-a239-7847fa81ce7e, external_ids={'neutron:ovn-bridge': 'br-int', 'neutron:ovn-neutron-agent-id': 'df8d2bd9-a456-5204-8058-d125a1de828b', 'neutron:ovn-neutron-agent-sb-cfg': '0'}, name='9a965513-4bd1-433b-8564-d6f4900404cc', nb_cfg=0, nb_cfg_timestamp=0) old= {{(pid=87837) matches /opt/stack/data/venv/lib/python3.12/site-packages/ovsdbapp/backend/ovs_idl/event.py:55}}
Aug 03 20:11:14.007276 np0000006368 devstack@neutron-api.service[87837]: INFO neutron.plugins.ml2.drivers.ovn.mech_driver.mech_driver [None req-81827b44-648c-4606-85c5-36d4133a85b5 None None] WorkerService process has finished the post initialization
Aug 03 20:11:14.007594 np0000006368 devstack@neutron-api.service[87837]: DEBUG oslo_concurrency.processutils [None req-81827b44-648c-4606-85c5-36d4133a85b5 None None] Running cmd (subprocess): ovsdb-client transact ssl:10.4.3.211:6641 --timeout 180 -p /opt/stack/data/CA/int-ca/private/devstack-cert.key -c /opt/stack/data/CA/int-ca/devstack-cert.crt -C /opt/stack/data/CA/int-ca/ca-chain.pem ["OVN_Northbound", {"op": "wait", "timeout": 0, "table": "Port_Group", "where": [["name", "==", "pvlan_pg_drop"]], "until": "==", "rows": []}, {"op": "insert", "table": "ACL", "row": {"action": "drop", "direction": "to-lport", "match": "outport == @pvlan_pg_drop && ip", "priority": 1010}, "uuid-name": "pvlandroptoport"}, {"op": "insert", "table": "ACL", "row": {"action": "drop", "direction": "from-lport", "match": "inport == @pvlan_pg_drop && ip", "priority": 1010}, "uuid-name": "pvlandropfromport"}, {"op": "insert", "table": "Port_Group", "row": {"name": "pvlan_pg_drop", "acls": ["set", [["named-uuid", "pvlandroptoport"], ["named-uuid", "pvlandropfromport"]]]}}] {{(pid=87837) execute /opt/stack/data/venv/lib/python3.12/site-packages/oslo_concurrency/processutils.py:440}}
Aug 03 20:11:14.009816 np0000006368 devstack@neutron-api.service[87838]: DEBUG ovsdbapp.backend.ovs_idl [None req-249bd9e9-5f18-48dc-8c12-be5030c5ce2b None None] Created lookup_table index Chassis.name {{(pid=87838) autocreate_indices /opt/stack/data/venv/lib/python3.12/site-packages/ovsdbapp/backend/ovs_idl/__init__.py:87}}
Aug 03 20:11:14.009909 np0000006368 devstack@neutron-api.service[87838]: DEBUG ovsdbapp.backend.ovs_idl [None req-249bd9e9-5f18-48dc-8c12-be5030c5ce2b None None] Created lookup_table index Port_Binding.logical_port {{(pid=87838) autocreate_indices /opt/stack/data/venv/lib/python3.12/site-packages/ovsdbapp/backend/ovs_idl/__init__.py:87}}
Aug 03 20:11:14.009995 np0000006368 devstack@neutron-api.service[87838]: DEBUG ovsdbapp.backend.ovs_idl [None req-249bd9e9-5f18-48dc-8c12-be5030c5ce2b None None] Created schema index Chassis_Private.name {{(pid=87838) autocreate_indices /opt/stack/data/venv/lib/python3.12/site-packages/ovsdbapp/backend/ovs_idl/__init__.py:106}}
Aug 03 20:11:14.010079 np0000006368 devstack@neutron-api.service[87838]: DEBUG ovsdbapp.backend.ovs_idl [None req-249bd9e9-5f18-48dc-8c12-be5030c5ce2b None None] Created schema index Datapath_Binding.tunnel_key {{(pid=87838) autocreate_indices /opt/stack/data/venv/lib/python3.12/site-packages/ovsdbapp/backend/ovs_idl/__init__.py:106}}
Aug 03 20:11:14.012057 np0000006368 devstack@neutron-api.service[87838]: INFO ovsdbapp.backend.ovs_idl.vlog [None req-249bd9e9-5f18-48dc-8c12-be5030c5ce2b None None] ssl:10.4.3.211:6642: connecting...
Aug 03 20:11:14.016427 np0000006368 devstack@neutron-api.service[87838]: INFO ovsdbapp.backend.ovs_idl.vlog [None req-249bd9e9-5f18-48dc-8c12-be5030c5ce2b None None] ssl:10.4.3.211:6642: connected
Aug 03 20:11:14.032734 np0000006368 devstack@neutron-api.service[87837]: DEBUG oslo_concurrency.processutils [None req-81827b44-648c-4606-85c5-36d4133a85b5 None None] CMD "ovsdb-client transact ssl:10.4.3.211:6641 --timeout 180 -p /opt/stack/data/CA/int-ca/private/devstack-cert.key -c /opt/stack/data/CA/int-ca/devstack-cert.crt -C /opt/stack/data/CA/int-ca/ca-chain.pem ["OVN_Northbound", {"op": "wait", "timeout": 0, "table": "Port_Group", "where": [["name", "==", "pvlan_pg_drop"]], "until": "==", "rows": []}, {"op": "insert", "table": "ACL", "row": {"action": "drop", "direction": "to-lport", "match": "outport == @pvlan_pg_drop && ip", "priority": 1010}, "uuid-name": "pvlandroptoport"}, {"op": "insert", "table": "ACL", "row": {"action": "drop", "direction": "from-lport", "match": "inport == @pvlan_pg_drop && ip", "priority": 1010}, "uuid-name": "pvlandropfromport"}, {"op": "insert", "table": "Port_Group", "row": {"name": "pvlan_pg_drop", "acls": ["set", [["named-uuid", "pvlandroptoport"], ["named-uuid", "pvlandropfromport"]]]}}]" returned: 0 in 0.025s {{(pid=87837) execute /opt/stack/data/venv/lib/python3.12/site-packages/oslo_concurrency/processutils.py:468}}
Aug 03 20:11:14.034665 np0000006368 devstack@neutron-api.service[87837]: WSGI app 0 (mountpoint='') ready in 7 seconds on interpreter 0x7fc80b4a4668 pid: 87837 (default app)
Aug 03 20:11:14.048080 np0000006368 devstack@neutron-api.service[87838]: DEBUG neutron.common.ovn.hash_ring_manager [None req-249bd9e9-5f18-48dc-8c12-be5030c5ce2b None None] Allow caching, nodes 3>=3 {{(pid=87838) _wait_startup_before_caching /opt/stack/neutron/neutron/common/ovn/hash_ring_manager.py:71}}
Aug 03 20:11:14.053218 np0000006368 devstack@neutron-api.service[87838]: DEBUG neutron.common.ovn.hash_ring_manager [None req-249bd9e9-5f18-48dc-8c12-be5030c5ce2b None None] Hash Ring loaded. 3 active nodes. 0 offline nodes {{(pid=87838) _load_hash_ring /opt/stack/neutron/neutron/common/ovn/hash_ring_manager.py:110}}
Aug 03 20:11:14.054099 np0000006368 devstack@neutron-api.service[87838]: DEBUG ovsdbapp.backend.ovs_idl.event [None req-249bd9e9-5f18-48dc-8c12-be5030c5ce2b None None] Matched CREATE: ChassisAgentWriteEvent(events=('create', 'update'), table='Chassis_Private', conditions=None, old_conditions=None), priority=20 to row=Chassis_Private(uuid=eb5e1446-bc3c-4efb-820a-52c11307406e, chassis=3d01dfde-fdad-4044-a239-7847fa81ce7e, external_ids={'neutron:ovn-bridge': 'br-int', 'neutron:ovn-neutron-agent-id': 'df8d2bd9-a456-5204-8058-d125a1de828b', 'neutron:ovn-neutron-agent-sb-cfg': '0'}, name='9a965513-4bd1-433b-8564-d6f4900404cc', nb_cfg=0, nb_cfg_timestamp=0) old= {{(pid=87838) matches /opt/stack/data/venv/lib/python3.12/site-packages/ovsdbapp/backend/ovs_idl/event.py:55}}
Aug 03 20:11:14.054676 np0000006368 devstack@neutron-api.service[87838]: DEBUG ovsdbapp.backend.ovs_idl.event [None req-249bd9e9-5f18-48dc-8c12-be5030c5ce2b None None] Matched CREATE: ChassisOVNAgentWriteEvent(events=('create', 'update'), table='Chassis_Private', conditions=None, old_conditions=None), priority=20 to row=Chassis_Private(uuid=eb5e1446-bc3c-4efb-820a-52c11307406e, chassis=3d01dfde-fdad-4044-a239-7847fa81ce7e, external_ids={'neutron:ovn-bridge': 'br-int', 'neutron:ovn-neutron-agent-id': 'df8d2bd9-a456-5204-8058-d125a1de828b', 'neutron:ovn-neutron-agent-sb-cfg': '0'}, name='9a965513-4bd1-433b-8564-d6f4900404cc', nb_cfg=0, nb_cfg_timestamp=0) old= {{(pid=87838) matches /opt/stack/data/venv/lib/python3.12/site-packages/ovsdbapp/backend/ovs_idl/event.py:55}}
Aug 03 20:11:14.055075 np0000006368 devstack@neutron-api.service[87838]: DEBUG neutron.plugins.ml2.drivers.ovn.mech_driver.ovsdb.ovsdb_monitor [None req-249bd9e9-5f18-48dc-8c12-be5030c5ce2b None None] Hash Ring: Node 9fbcd9100fa1576cbeb6762792a922f0 (host: np0000006368) handling event "create" for row eb5e1446-bc3c-4efb-820a-52c11307406e (table: Chassis_Private) {{(pid=87838) notify /opt/stack/neutron/neutron/plugins/ml2/drivers/ovn/mech_driver/ovsdb/ovsdb_monitor.py:1099}}
Aug 03 20:11:14.056067 np0000006368 devstack@neutron-api.service[87838]: DEBUG neutron.plugins.ml2.drivers.ovn.mech_driver.ovsdb.ovsdb_monitor [None req-249bd9e9-5f18-48dc-8c12-be5030c5ce2b None None] Hash Ring: Node 9fbcd9100fa1576cbeb6762792a922f0 (host: np0000006368) handling event "create" for row 4ae81103-5a10-4576-81a9-502769486dad (table: Encap) {{(pid=87838) notify /opt/stack/neutron/neutron/plugins/ml2/drivers/ovn/mech_driver/ovsdb/ovsdb_monitor.py:1099}}
Aug 03 20:11:14.057414 np0000006368 devstack@neutron-api.service[87838]: INFO neutron.plugins.ml2.drivers.ovn.mech_driver.mech_driver [None req-249bd9e9-5f18-48dc-8c12-be5030c5ce2b None None] WorkerService process has finished the post initialization
Aug 03 20:11:14.057762 np0000006368 devstack@neutron-api.service[87838]: DEBUG oslo_concurrency.processutils [None req-249bd9e9-5f18-48dc-8c12-be5030c5ce2b None None] Running cmd (subprocess): ovsdb-client transact ssl:10.4.3.211:6641 --timeout 180 -p /opt/stack/data/CA/int-ca/private/devstack-cert.key -c /opt/stack/data/CA/int-ca/devstack-cert.crt -C /opt/stack/data/CA/int-ca/ca-chain.pem ["OVN_Northbound", {"op": "wait", "timeout": 0, "table": "Port_Group", "where": [["name", "==", "pvlan_pg_drop"]], "until": "==", "rows": []}, {"op": "insert", "table": "ACL", "row": {"action": "drop", "direction": "to-lport", "match": "outport == @pvlan_pg_drop && ip", "priority": 1010}, "uuid-name": "pvlandroptoport"}, {"op": "insert", "table": "ACL", "row": {"action": "drop", "direction": "from-lport", "match": "inport == @pvlan_pg_drop && ip", "priority": 1010}, "uuid-name": "pvlandropfromport"}, {"op": "insert", "table": "Port_Group", "row": {"name": "pvlan_pg_drop", "acls": ["set", [["named-uuid", "pvlandroptoport"], ["named-uuid", "pvlandropfromport"]]]}}] {{(pid=87838) execute /opt/stack/data/venv/lib/python3.12/site-packages/oslo_concurrency/processutils.py:440}}
Aug 03 20:11:14.082437 np0000006368 devstack@neutron-api.service[87838]: DEBUG oslo_concurrency.processutils [None req-249bd9e9-5f18-48dc-8c12-be5030c5ce2b None None] CMD "ovsdb-client transact ssl:10.4.3.211:6641 --timeout 180 -p /opt/stack/data/CA/int-ca/private/devstack-cert.key -c /opt/stack/data/CA/int-ca/devstack-cert.crt -C /opt/stack/data/CA/int-ca/ca-chain.pem ["OVN_Northbound", {"op": "wait", "timeout": 0, "table": "Port_Group", "where": [["name", "==", "pvlan_pg_drop"]], "until": "==", "rows": []}, {"op": "insert", "table": "ACL", "row": {"action": "drop", "direction": "to-lport", "match": "outport == @pvlan_pg_drop && ip", "priority": 1010}, "uuid-name": "pvlandroptoport"}, {"op": "insert", "table": "ACL", "row": {"action": "drop", "direction": "from-lport", "match": "inport == @pvlan_pg_drop && ip", "priority": 1010}, "uuid-name": "pvlandropfromport"}, {"op": "insert", "table": "Port_Group", "row": {"name": "pvlan_pg_drop", "acls": ["set", [["named-uuid", "pvlandroptoport"], ["named-uuid", "pvlandropfromport"]]]}}]" returned: 0 in 0.024s {{(pid=87838) execute /opt/stack/data/venv/lib/python3.12/site-packages/oslo_concurrency/processutils.py:468}}
Aug 03 20:11:14.085212 np0000006368 devstack@neutron-api.service[87838]: WSGI app 0 (mountpoint='') ready in 7 seconds on interpreter 0x7fc80b4a4668 pid: 87838 (default app)
Aug 03 20:11:14.903695 np0000006368 devstack@neutron-api.service[87838]: DEBUG neutron.plugins.ml2.drivers.ovn.mech_driver.ovsdb.ovsdb_monitor [-] Hash Ring: Node 9fbcd9100fa1576cbeb6762792a922f0 (host: np0000006368) handling event "update" for row 702c023a-ddb1-4ad8-b15a-8c0b023cccd5 (table: Connection) {{(pid=87838) notify /opt/stack/neutron/neutron/plugins/ml2/drivers/ovn/mech_driver/ovsdb/ovsdb_monitor.py:1099}}
Aug 03 20:11:14.905207 np0000006368 devstack@neutron-api.service[87839]: DEBUG neutron.common.ovn.hash_ring_manager [-] Allow caching, nodes 3>=3 {{(pid=87839) _wait_startup_before_caching /opt/stack/neutron/neutron/common/ovn/hash_ring_manager.py:71}}
Aug 03 20:11:14.905538 np0000006368 devstack@neutron-api.service[87839]: DEBUG neutron.plugins.ml2.drivers.ovn.mech_driver.ovsdb.ovsdb_monitor [-] Hash Ring: Node 83889d2493fb576384acd1a18af24e0f (host: np0000006368) handling event "update" for row 702c023a-ddb1-4ad8-b15a-8c0b023cccd5 (table: Connection) {{(pid=87839) notify /opt/stack/neutron/neutron/plugins/ml2/drivers/ovn/mech_driver/ovsdb/ovsdb_monitor.py:1099}}
Aug 03 20:11:17.402990 np0000006368 devstack@neutron-api.service[87839]: DEBUG neutron.plugins.ml2.drivers.ovn.mech_driver.ovsdb.ovsdb_monitor [-] Hash Ring: Node 83889d2493fb576384acd1a18af24e0f (host: np0000006368) handling event "update" for row 702c023a-ddb1-4ad8-b15a-8c0b023cccd5 (table: Connection) {{(pid=87839) notify /opt/stack/neutron/neutron/plugins/ml2/drivers/ovn/mech_driver/ovsdb/ovsdb_monitor.py:1099}}
Aug 03 20:11:17.403643 np0000006368 devstack@neutron-api.service[87838]: DEBUG neutron.plugins.ml2.drivers.ovn.mech_driver.ovsdb.ovsdb_monitor [-] Hash Ring: Node 9fbcd9100fa1576cbeb6762792a922f0 (host: np0000006368) handling event "update" for row 702c023a-ddb1-4ad8-b15a-8c0b023cccd5 (table: Connection) {{(pid=87838) notify /opt/stack/neutron/neutron/plugins/ml2/drivers/ovn/mech_driver/ovsdb/ovsdb_monitor.py:1099}}
Aug 03 20:11:17.728273 np0000006368 devstack@neutron-api.service[87839]: DEBUG neutron.api.wsgi [None req-5a07938f-5a08-4cbb-9cdd-ac3bbc2547dd admin admin] Missing Content-Type {{(pid=87839) get_content_type /opt/stack/neutron/neutron/api/wsgi.py:80}}
Aug 03 20:11:17.728695 np0000006368 devstack@neutron-api.service[87839]: DEBUG neutron.api.wsgi [None req-5a07938f-5a08-4cbb-9cdd-ac3bbc2547dd admin admin] https://10.4.3.211/networking/v2.0/extensions returned with HTTP 200 {{(pid=87839) __call__ /opt/stack/neutron/neutron/api/wsgi.py:540}}
Aug 03 20:11:17.729053 np0000006368 devstack@neutron-api.service[87839]: [pid: 87839|app: 0|req: 2/2] 10.4.3.211 () {64 vars in 1292 bytes} [Mon Aug 3 20:11:17 2026] GET /networking/v2.0/extensions => generated 16171 bytes in 542 msecs (HTTP/1.1 200) 4 headers in 159 bytes (1 switches on core 0)
Aug 03 20:11:18.087350 np0000006368 devstack@neutron-api.service[87837]: DEBUG neutron.api.v2.base [None req-7711ad4b-af25-4f80-8360-21312c79c361 admin admin] Request body: {'subnetpool': {'prefixes': ['10.1.0.0/20'], 'default_prefixlen': 26, 'name': 'shared-default-subnetpool-v4', 'shared': True, 'is_default': True}} {{(pid=87837) prepare_request_body /opt/stack/neutron/neutron/api/v2/base.py:727}}
Aug 03 20:11:18.277881 np0000006368 devstack@neutron-api.service[87837]: DEBUG neutron.policy [None req-7711ad4b-af25-4f80-8360-21312c79c361 admin admin] Loaded default policies from ['neutron'] under neutron.policies entry points {{(pid=87837) register_rules /opt/stack/neutron/neutron/policy.py:65}}
Aug 03 20:11:18.416004 np0000006368 devstack@neutron-api.service[87837]: DEBUG neutron_lib.callbacks.manager [None req-7711ad4b-af25-4f80-8360-21312c79c361 admin admin] Publish callbacks ['neutron.objects.securitygroup.RbacNeutronDbObjectMixin.validate_rbac_policy_change-2769592173970', 'neutron.objects.address_group.RbacNeutronDbObjectMixin.validate_rbac_policy_change-2769592132305', 'neutron.objects.network.RbacNeutronDbObjectMixin.validate_rbac_policy_change-2769591752479', 'neutron.objects.qos.policy.RbacNeutronDbObjectMixin.validate_rbac_policy_change-2769591967527', 'neutron.objects.subnetpool.RbacNeutronDbObjectMixin.validate_rbac_policy_change-2769591968471', 'neutron.objects.address_scope.RbacNeutronDbObjectMixin.validate_rbac_policy_change-2769591932788', 'neutron.plugins.ml2.plugin.External_net_db_mixin._process_ext_policy_create-1810179', 'neutron.plugins.ml2.plugin.NeutronDbPluginV2.validate_network_rbac_policy_change-1736507'] for rbac-policy (None), before_create {{(pid=87837) _notify_loop /opt/stack/data/venv/lib/python3.12/site-packages/neutron_lib/callbacks/manager.py:184}}
Aug 03 20:11:18.457578 np0000006368 devstack@neutron-api.service[87837]: DEBUG neutron_lib.callbacks.manager [None req-7711ad4b-af25-4f80-8360-21312c79c361 admin admin] Publish callbacks [] for subnetpool (None), before_response {{(pid=87837) _notify_loop /opt/stack/data/venv/lib/python3.12/site-packages/neutron_lib/callbacks/manager.py:184}}
Aug 03 20:11:18.458052 np0000006368 devstack@neutron-api.service[87837]: [pid: 87837|app: 0|req: 1/3] 10.4.3.211 () {68 vars in 1336 bytes} [Mon Aug 3 20:11:18 2026] POST /networking/v2.0/subnetpools => generated 533 bytes in 455 msecs (HTTP/1.1 201) 4 headers in 162 bytes (1 switches on core 0)
Aug 03 20:11:18.758025 np0000006368 devstack@neutron-api.service[87838]: DEBUG neutron.api.v2.base [None req-5d5d9e09-e808-40a5-8fc7-60929eaae3df admin admin] Request body: {'subnetpool': {'prefixes': ['fd50:6f5f:afb4::/56'], 'default_prefixlen': 64, 'name': 'shared-default-subnetpool-v6', 'shared': True, 'is_default': True}} {{(pid=87838) prepare_request_body /opt/stack/neutron/neutron/api/v2/base.py:727}}
Aug 03 20:11:18.910774 np0000006368 devstack@neutron-api.service[87838]: DEBUG neutron.policy [None req-5d5d9e09-e808-40a5-8fc7-60929eaae3df admin admin] Loaded default policies from ['neutron'] under neutron.policies entry points {{(pid=87838) register_rules /opt/stack/neutron/neutron/policy.py:65}}
Aug 03 20:11:19.030220 np0000006368 devstack@neutron-api.service[87838]: DEBUG neutron_lib.callbacks.manager [None req-5d5d9e09-e808-40a5-8fc7-60929eaae3df admin admin] Publish callbacks ['neutron.objects.securitygroup.RbacNeutronDbObjectMixin.validate_rbac_policy_change-2769591856575', 'neutron.objects.address_group.RbacNeutronDbObjectMixin.validate_rbac_policy_change-2769591809390', 'neutron.objects.network.RbacNeutronDbObjectMixin.validate_rbac_policy_change-2769591753189', 'neutron.objects.qos.policy.RbacNeutronDbObjectMixin.validate_rbac_policy_change-2769591757357', 'neutron.objects.subnetpool.RbacNeutronDbObjectMixin.validate_rbac_policy_change-2769591973264', 'neutron.objects.address_scope.RbacNeutronDbObjectMixin.validate_rbac_policy_change-2769591992046', 'neutron.plugins.ml2.plugin.External_net_db_mixin._process_ext_policy_create-231413', 'neutron.plugins.ml2.plugin.NeutronDbPluginV2.validate_network_rbac_policy_change-242637'] for rbac-policy (None), before_create {{(pid=87838) _notify_loop /opt/stack/data/venv/lib/python3.12/site-packages/neutron_lib/callbacks/manager.py:184}}
Aug 03 20:11:19.065942 np0000006368 devstack@neutron-api.service[87838]: DEBUG neutron_lib.callbacks.manager [None req-5d5d9e09-e808-40a5-8fc7-60929eaae3df admin admin] Publish callbacks [] for subnetpool (None), before_response {{(pid=87838) _notify_loop /opt/stack/data/venv/lib/python3.12/site-packages/neutron_lib/callbacks/manager.py:184}}
Aug 03 20:11:19.066449 np0000006368 devstack@neutron-api.service[87838]: [pid: 87838|app: 0|req: 1/4] 10.4.3.211 () {68 vars in 1336 bytes} [Mon Aug 3 20:11:18 2026] POST /networking/v2.0/subnetpools => generated 543 bytes in 395 msecs (HTTP/1.1 201) 4 headers in 162 bytes (1 switches on core 0)
Aug 03 20:11:19.288797 np0000006368 devstack@neutron-api.service[87839]: DEBUG neutron.api.v2.base [None req-97e77af5-fb6a-4a7b-ae15-57c43d6d745c admin admin] Request body: {'network': {'name': 'private', 'admin_state_up': True}} {{(pid=87839) prepare_request_body /opt/stack/neutron/neutron/api/v2/base.py:727}}
Aug 03 20:11:19.314520 np0000006368 devstack@neutron-api.service[87839]: DEBUG neutron.pecan_wsgi.hooks.quota_enforcement [None req-97e77af5-fb6a-4a7b-ae15-57c43d6d745c admin admin] Made reservation on behalf of 78f9a200fc9f42d890a7968d714163cc for: {'network': 1} {{(pid=87839) before /opt/stack/neutron/neutron/pecan_wsgi/hooks/quota_enforcement.py:66}}
Aug 03 20:11:19.472101 np0000006368 devstack@neutron-api.service[87839]: DEBUG neutron.policy [None req-97e77af5-fb6a-4a7b-ae15-57c43d6d745c admin admin] Loaded default policies from ['neutron'] under neutron.policies entry points {{(pid=87839) register_rules /opt/stack/neutron/neutron/policy.py:65}}
Aug 03 20:11:19.562233 np0000006368 devstack@neutron-api.service[87839]: DEBUG neutron_lib.callbacks.manager [None req-97e77af5-fb6a-4a7b-ae15-57c43d6d745c admin admin] Publish callbacks ['neutron.plugins.ml2.plugin.SecurityGroupDbMixin._ensure_default_security_group_handler-5718'] for network (None), before_create {{(pid=87839) _notify_loop /opt/stack/data/venv/lib/python3.12/site-packages/neutron_lib/callbacks/manager.py:184}}
Aug 03 20:11:19.581934 np0000006368 devstack@neutron-api.service[87839]: DEBUG neutron_lib.callbacks.manager [None req-97e77af5-fb6a-4a7b-ae15-57c43d6d745c admin admin] Publish callbacks [] for security_group (None), before_create {{(pid=87839) _notify_loop /opt/stack/data/venv/lib/python3.12/site-packages/neutron_lib/callbacks/manager.py:184}}
Aug 03 20:11:19.681935 np0000006368 devstack@neutron-api.service[87839]: DEBUG neutron_lib.callbacks.manager [None req-97e77af5-fb6a-4a7b-ae15-57c43d6d745c admin admin] Publish callbacks ['neutron.plugins.ml2.drivers.ovn.mech_driver.mech_driver.OVNMechanismDriver._create_security_group_precommit-378103'] for security_group (ae08e6d7-484c-4e98-ae9d-8eb5547d4008), precommit_create {{(pid=87839) _notify_loop /opt/stack/data/venv/lib/python3.12/site-packages/neutron_lib/callbacks/manager.py:184}}
Aug 03 20:11:19.682084 np0000006368 devstack@neutron-api.service[87839]: DEBUG neutron.db.ovn_revision_numbers_db [None req-97e77af5-fb6a-4a7b-ae15-57c43d6d745c admin admin] create_initial_revision uuid=ae08e6d7-484c-4e98-ae9d-8eb5547d4008, type=security_groups, rev=-1 {{(pid=87839) create_initial_revision /opt/stack/neutron/neutron/db/ovn_revision_numbers_db.py:98}}
Aug 03 20:11:19.684333 np0000006368 devstack@neutron-api.service[87839]: DEBUG neutron.db.ovn_revision_numbers_db [None req-97e77af5-fb6a-4a7b-ae15-57c43d6d745c admin admin] create_initial_revision uuid=6fb288a4-14a3-45a1-bc74-8def3a3b91e1, type=security_group_rules, rev=-1 {{(pid=87839) create_initial_revision /opt/stack/neutron/neutron/db/ovn_revision_numbers_db.py:98}}
Aug 03 20:11:19.685309 np0000006368 devstack@neutron-api.service[87839]: DEBUG neutron.db.ovn_revision_numbers_db [None req-97e77af5-fb6a-4a7b-ae15-57c43d6d745c admin admin] create_initial_revision uuid=a41e66b5-15e8-4dfd-aea3-6d41773b26cd, type=security_group_rules, rev=-1 {{(pid=87839) create_initial_revision /opt/stack/neutron/neutron/db/ovn_revision_numbers_db.py:98}}
Aug 03 20:11:19.686255 np0000006368 devstack@neutron-api.service[87839]: DEBUG neutron.db.ovn_revision_numbers_db [None req-97e77af5-fb6a-4a7b-ae15-57c43d6d745c admin admin] create_initial_revision uuid=df26e5f2-3140-4b60-a28b-ee54bcdc5e90, type=security_group_rules, rev=-1 {{(pid=87839) create_initial_revision /opt/stack/neutron/neutron/db/ovn_revision_numbers_db.py:98}}
Aug 03 20:11:19.687295 np0000006368 devstack@neutron-api.service[87839]: DEBUG neutron.db.ovn_revision_numbers_db [None req-97e77af5-fb6a-4a7b-ae15-57c43d6d745c admin admin] create_initial_revision uuid=feb7f9cf-00fa-49b6-ad90-7ec93b2c05bd, type=security_group_rules, rev=-1 {{(pid=87839) create_initial_revision /opt/stack/neutron/neutron/db/ovn_revision_numbers_db.py:98}}
Aug 03 20:11:19.691048 np0000006368 devstack@neutron-api.service[87839]: DEBUG neutron_lib.callbacks.manager [None req-97e77af5-fb6a-4a7b-ae15-57c43d6d745c admin admin] Publish callbacks ['neutron.plugins.ml2.drivers.ovn.mech_driver.mech_driver.OVNMechanismDriver._create_security_group-378105', 'neutron.plugins.ml2.ovo_rpc._ObjectChangeHandler.handle_event-7394394'] for security_group (ae08e6d7-484c-4e98-ae9d-8eb5547d4008), after_create {{(pid=87839) _notify_loop /opt/stack/data/venv/lib/python3.12/site-packages/neutron_lib/callbacks/manager.py:184}}
Aug 03 20:11:19.691706 np0000006368 devstack@neutron-api.service[87839]: DEBUG ovsdbapp.backend.ovs_idl.transaction [-] Running txn n=1 command(idx=0): PgAddCommand(_result=None, name=pg_ae08e6d7_484c_4e98_ae9d_8eb5547d4008, may_exist=False, columns={'acls': [], 'external_ids': {'neutron:security_group_id': 'ae08e6d7-484c-4e98-ae9d-8eb5547d4008'}}) {{(pid=87839) do_commit /opt/stack/data/venv/lib/python3.12/site-packages/ovsdbapp/backend/ovs_idl/transaction.py:89}}
Aug 03 20:11:19.692638 np0000006368 devstack@neutron-api.service[87839]: DEBUG ovsdbapp.backend.ovs_idl.transaction [-] Running txn n=1 command(idx=1): PgAclAddCommand(_result=None, entity=pg_ae08e6d7_484c_4e98_ae9d_8eb5547d4008, direction=from-lport, priority=1002, match=inport == @pg_ae08e6d7_484c_4e98_ae9d_8eb5547d4008 && ip4, action=allow-related, log=False, may_exist=True, severity=[], name=[], meter=[], external_ids={'neutron:security_group_rule_id': '6fb288a4-14a3-45a1-bc74-8def3a3b91e1'}) {{(pid=87839) do_commit /opt/stack/data/venv/lib/python3.12/site-packages/ovsdbapp/backend/ovs_idl/transaction.py:89}}
Aug 03 20:11:19.692922 np0000006368 devstack@neutron-api.service[87839]: DEBUG ovsdbapp.backend.ovs_idl.transaction [-] Running txn n=1 command(idx=2): PgAclAddCommand(_result=None, entity=pg_ae08e6d7_484c_4e98_ae9d_8eb5547d4008, direction=from-lport, priority=1002, match=inport == @pg_ae08e6d7_484c_4e98_ae9d_8eb5547d4008 && ip6, action=allow-related, log=False, may_exist=True, severity=[], name=[], meter=[], external_ids={'neutron:security_group_rule_id': 'a41e66b5-15e8-4dfd-aea3-6d41773b26cd'}) {{(pid=87839) do_commit /opt/stack/data/venv/lib/python3.12/site-packages/ovsdbapp/backend/ovs_idl/transaction.py:89}}
Aug 03 20:11:19.693132 np0000006368 devstack@neutron-api.service[87839]: DEBUG ovsdbapp.backend.ovs_idl.transaction [-] Running txn n=1 command(idx=3): PgAclAddCommand(_result=None, entity=pg_ae08e6d7_484c_4e98_ae9d_8eb5547d4008, direction=to-lport, priority=1002, match=outport == @pg_ae08e6d7_484c_4e98_ae9d_8eb5547d4008 && ip6 && ip6.src == $pg_ae08e6d7_484c_4e98_ae9d_8eb5547d4008_ip6, action=allow-related, log=False, may_exist=True, severity=[], name=[], meter=[], external_ids={'neutron:security_group_rule_id': 'df26e5f2-3140-4b60-a28b-ee54bcdc5e90'}) {{(pid=87839) do_commit /opt/stack/data/venv/lib/python3.12/site-packages/ovsdbapp/backend/ovs_idl/transaction.py:89}}
Aug 03 20:11:19.693361 np0000006368 devstack@neutron-api.service[87839]: DEBUG ovsdbapp.backend.ovs_idl.transaction [-] Running txn n=1 command(idx=4): PgAclAddCommand(_result=None, entity=pg_ae08e6d7_484c_4e98_ae9d_8eb5547d4008, direction=to-lport, priority=1002, match=outport == @pg_ae08e6d7_484c_4e98_ae9d_8eb5547d4008 && ip4 && ip4.src == $pg_ae08e6d7_484c_4e98_ae9d_8eb5547d4008_ip4, action=allow-related, log=False, may_exist=True, severity=[], name=[], meter=[], external_ids={'neutron:security_group_rule_id': 'feb7f9cf-00fa-49b6-ad90-7ec93b2c05bd'}) {{(pid=87839) do_commit /opt/stack/data/venv/lib/python3.12/site-packages/ovsdbapp/backend/ovs_idl/transaction.py:89}}
Aug 03 20:11:19.716666 np0000006368 devstack@neutron-api.service[87839]: DEBUG neutron.plugins.ml2.drivers.ovn.mech_driver.ovsdb.ovsdb_monitor [-] Hash Ring: Node 83889d2493fb576384acd1a18af24e0f (host: np0000006368) handling event "create" for row 1998d985-dbe8-42eb-8df9-38e2be39a9d2 (table: ACL) {{(pid=87839) notify /opt/stack/neutron/neutron/plugins/ml2/drivers/ovn/mech_driver/ovsdb/ovsdb_monitor.py:1099}}
Aug 03 20:11:19.716666 np0000006368 devstack@neutron-api.service[87839]: DEBUG neutron.plugins.ml2.drivers.ovn.mech_driver.ovsdb.ovsdb_monitor [-] Hash Ring: Node 83889d2493fb576384acd1a18af24e0f (host: np0000006368) handling event "create" for row 5f661057-ed8e-4b02-9e76-54798a60a6ae (table: ACL) {{(pid=87839) notify /opt/stack/neutron/neutron/plugins/ml2/drivers/ovn/mech_driver/ovsdb/ovsdb_monitor.py:1099}}
Aug 03 20:11:19.716666 np0000006368 devstack@neutron-api.service[87839]: DEBUG neutron.plugins.ml2.drivers.ovn.mech_driver.ovsdb.ovsdb_monitor [-] Hash Ring: Node 83889d2493fb576384acd1a18af24e0f (host: np0000006368) handling event "create" for row dfd6ddde-2e67-41f3-a4dc-64c5a329127d (table: ACL) {{(pid=87839) notify /opt/stack/neutron/neutron/plugins/ml2/drivers/ovn/mech_driver/ovsdb/ovsdb_monitor.py:1099}}
Aug 03 20:11:19.716812 np0000006368 devstack@neutron-api.service[87838]: DEBUG neutron.plugins.ml2.drivers.ovn.mech_driver.ovsdb.ovsdb_monitor [-] Hash Ring: Node 9fbcd9100fa1576cbeb6762792a922f0 (host: np0000006368) handling event "create" for row 1998d985-dbe8-42eb-8df9-38e2be39a9d2 (table: ACL) {{(pid=87838) notify /opt/stack/neutron/neutron/plugins/ml2/drivers/ovn/mech_driver/ovsdb/ovsdb_monitor.py:1099}}
Aug 03 20:11:19.716844 np0000006368 devstack@neutron-api.service[87839]: DEBUG neutron.plugins.ml2.drivers.ovn.mech_driver.ovsdb.ovsdb_monitor [-] Hash Ring: Node 83889d2493fb576384acd1a18af24e0f (host: np0000006368) handling event "create" for row f89380eb-3166-496c-9449-23277c1c1c2a (table: ACL) {{(pid=87839) notify /opt/stack/neutron/neutron/plugins/ml2/drivers/ovn/mech_driver/ovsdb/ovsdb_monitor.py:1099}}
Aug 03 20:11:19.716844 np0000006368 devstack@neutron-api.service[87839]: DEBUG neutron.plugins.ml2.drivers.ovn.mech_driver.ovsdb.ovsdb_monitor [-] Hash Ring: Node 83889d2493fb576384acd1a18af24e0f (host: np0000006368) handling event "create" for row 7311b768-2138-4e08-a23a-e443869b7d67 (table: Port_Group) {{(pid=87839) notify /opt/stack/neutron/neutron/plugins/ml2/drivers/ovn/mech_driver/ovsdb/ovsdb_monitor.py:1099}}
Aug 03 20:11:19.738118 np0000006368 devstack@neutron-api.service[87839]: INFO neutron.db.ovn_revision_numbers_db [None req-97e77af5-fb6a-4a7b-ae15-57c43d6d745c admin admin] Successfully bumped revision number for resource ae08e6d7-484c-4e98-ae9d-8eb5547d4008 (type: security_groups) to 1
Aug 03 20:11:19.751394 np0000006368 devstack@neutron-api.service[87839]: INFO neutron.db.ovn_revision_numbers_db [None req-97e77af5-fb6a-4a7b-ae15-57c43d6d745c admin admin] Successfully bumped revision number for resource 6fb288a4-14a3-45a1-bc74-8def3a3b91e1 (type: security_group_rules) to 0
Aug 03 20:11:19.760936 np0000006368 devstack@neutron-api.service[87839]: INFO neutron.db.ovn_revision_numbers_db [None req-97e77af5-fb6a-4a7b-ae15-57c43d6d745c admin admin] Successfully bumped revision number for resource a41e66b5-15e8-4dfd-aea3-6d41773b26cd (type: security_group_rules) to 0
Aug 03 20:11:19.771885 np0000006368 devstack@neutron-api.service[87839]: INFO neutron.db.ovn_revision_numbers_db [None req-97e77af5-fb6a-4a7b-ae15-57c43d6d745c admin admin] Successfully bumped revision number for resource df26e5f2-3140-4b60-a28b-ee54bcdc5e90 (type: security_group_rules) to 0
Aug 03 20:11:19.779937 np0000006368 devstack@neutron-api.service[87839]: INFO neutron.db.ovn_revision_numbers_db [None req-97e77af5-fb6a-4a7b-ae15-57c43d6d745c admin admin] Successfully bumped revision number for resource feb7f9cf-00fa-49b6-ad90-7ec93b2c05bd (type: security_group_rules) to 0
Aug 03 20:11:19.799714 np0000006368 devstack@neutron-api.service[87839]: DEBUG neutron.api.rpc.handlers.resources_rpc [None req-97e77af5-fb6a-4a7b-ae15-57c43d6d745c admin admin] Pushing event updated for resources: {'SecurityGroup': ['ID=ae08e6d7-484c-4e98-ae9d-8eb5547d4008,revision_number=1']} {{(pid=87839) push /opt/stack/neutron/neutron/api/rpc/handlers/resources_rpc.py:237}}
Aug 03 20:11:19.805699 np0000006368 devstack@neutron-api.service[87839]: DEBUG ovsdbapp.backend.ovs_idl.transaction [-] Running txn n=1 command(idx=0): CheckLivenessCommand(_result=None) {{(pid=87839) do_commit /opt/stack/data/venv/lib/python3.12/site-packages/ovsdbapp/backend/ovs_idl/transaction.py:89}}
Aug 03 20:11:19.807888 np0000006368 devstack@neutron-api.service[87839]: DEBUG neutron.plugins.ml2.drivers.ovn.mech_driver.ovsdb.ovsdb_monitor [-] Hash Ring: Node 83889d2493fb576384acd1a18af24e0f (host: np0000006368) handling event "update" for row 15025d4d-83e0-47d0-9802-9325a0bfaad4 (table: NB_Global) {{(pid=87839) notify /opt/stack/neutron/neutron/plugins/ml2/drivers/ovn/mech_driver/ovsdb/ovsdb_monitor.py:1099}}
Aug 03 20:11:19.808240 np0000006368 devstack@neutron-api.service[87838]: DEBUG neutron.plugins.ml2.drivers.ovn.mech_driver.ovsdb.ovsdb_monitor [-] Hash Ring: Node 9fbcd9100fa1576cbeb6762792a922f0 (host: np0000006368) handling event "update" for row 15025d4d-83e0-47d0-9802-9325a0bfaad4 (table: NB_Global) {{(pid=87838) notify /opt/stack/neutron/neutron/plugins/ml2/drivers/ovn/mech_driver/ovsdb/ovsdb_monitor.py:1099}}
Aug 03 20:11:19.809155 np0000006368 devstack@neutron-api.service[87838]: DEBUG neutron.plugins.ml2.drivers.ovn.mech_driver.ovsdb.ovsdb_monitor [-] Hash Ring: Node 9fbcd9100fa1576cbeb6762792a922f0 (host: np0000006368) handling event "update" for row 15025d4d-83e0-47d0-9802-9325a0bfaad4 (table: NB_Global) {{(pid=87838) notify /opt/stack/neutron/neutron/plugins/ml2/drivers/ovn/mech_driver/ovsdb/ovsdb_monitor.py:1099}}
Aug 03 20:11:19.810359 np0000006368 devstack@neutron-api.service[87839]: DEBUG neutron.api.rpc.callbacks.version_manager [None req-97e77af5-fb6a-4a7b-ae15-57c43d6d745c admin admin] Tracked resource versions report:
Aug 03 20:11:19.810359 np0000006368 devstack@neutron-api.service[87839]: pushed versions:
Aug 03 20:11:19.810359 np0000006368 devstack@neutron-api.service[87839]: { 'AddressGroup': {'1.2'},
Aug 03 20:11:19.810359 np0000006368 devstack@neutron-api.service[87839]: 'Agent': {'1.1'},
Aug 03 20:11:19.810359 np0000006368 devstack@neutron-api.service[87839]: 'ConntrackHelper': {'1.0'},
Aug 03 20:11:19.810359 np0000006368 devstack@neutron-api.service[87839]: 'LocalIPAssociation': {'1.0'},
Aug 03 20:11:19.810359 np0000006368 devstack@neutron-api.service[87839]: 'Log': {'1.0'},
Aug 03 20:11:19.810359 np0000006368 devstack@neutron-api.service[87839]: 'NDPProxy': {'1.0'},
Aug 03 20:11:19.810359 np0000006368 devstack@neutron-api.service[87839]: 'Network': {'1.3'},
Aug 03 20:11:19.810359 np0000006368 devstack@neutron-api.service[87839]: 'Port': {'1.11'},
Aug 03 20:11:19.810359 np0000006368 devstack@neutron-api.service[87839]: 'PortForwarding': {'1.3'},
Aug 03 20:11:19.810359 np0000006368 devstack@neutron-api.service[87839]: 'QosPolicy': {'1.10'},
Aug 03 20:11:19.810359 np0000006368 devstack@neutron-api.service[87839]: 'SecurityGroup': {'1.6'},
Aug 03 20:11:19.810359 np0000006368 devstack@neutron-api.service[87839]: 'SecurityGroupRule': {'1.3'},
Aug 03 20:11:19.810359 np0000006368 devstack@neutron-api.service[87839]: 'SubPort': {'1.0'},
Aug 03 20:11:19.810359 np0000006368 devstack@neutron-api.service[87839]: 'Subnet': {'1.2'},
Aug 03 20:11:19.810359 np0000006368 devstack@neutron-api.service[87839]: 'Trunk': {'1.1'}}
Aug 03 20:11:19.810359 np0000006368 devstack@neutron-api.service[87839]: consumer versions:
Aug 03 20:11:19.810359 np0000006368 devstack@neutron-api.service[87839]: {}
Aug 03 20:11:19.810359 np0000006368 devstack@neutron-api.service[87839]: {{(pid=87839) report /opt/stack/neutron/neutron/api/rpc/callbacks/version_manager.py:183}}
Aug 03 20:11:19.812202 np0000006368 devstack@neutron-api.service[87838]: DEBUG neutron.plugins.ml2.drivers.ovn.mech_driver.ovsdb.ovsdb_monitor [-] Hash Ring: Node 9fbcd9100fa1576cbeb6762792a922f0 (host: np0000006368) handling event "update" for row 15025d4d-83e0-47d0-9802-9325a0bfaad4 (table: NB_Global) {{(pid=87838) notify /opt/stack/neutron/neutron/plugins/ml2/drivers/ovn/mech_driver/ovsdb/ovsdb_monitor.py:1099}}
Aug 03 20:11:19.813545 np0000006368 devstack@neutron-api.service[87837]: DEBUG ovsdbapp.backend.ovs_idl.event [-] Matched UPDATE: ChassisAgentWriteEvent(events=('create', 'update'), table='Chassis_Private', conditions=None, old_conditions=None), priority=20 to row=Chassis_Private(uuid=eb5e1446-bc3c-4efb-820a-52c11307406e, chassis=3d01dfde-fdad-4044-a239-7847fa81ce7e, external_ids={'neutron:ovn-bridge': 'br-int', 'neutron:ovn-neutron-agent-id': 'df8d2bd9-a456-5204-8058-d125a1de828b', 'neutron:ovn-neutron-agent-sb-cfg': '0'}, name='9a965513-4bd1-433b-8564-d6f4900404cc', nb_cfg=1, nb_cfg_timestamp=1785787879808) old=Chassis_Private(uuid=eb5e1446-bc3c-4efb-820a-52c11307406e, nb_cfg=0, nb_cfg_timestamp=0) {{(pid=87837) matches /opt/stack/data/venv/lib/python3.12/site-packages/ovsdbapp/backend/ovs_idl/event.py:55}}
Aug 03 20:11:19.813865 np0000006368 devstack@neutron-api.service[87838]: DEBUG neutron.plugins.ml2.drivers.ovn.mech_driver.ovsdb.ovsdb_monitor [-] Hash Ring: Node 9fbcd9100fa1576cbeb6762792a922f0 (host: np0000006368) handling event "update" for row 15025d4d-83e0-47d0-9802-9325a0bfaad4 (table: NB_Global) {{(pid=87838) notify /opt/stack/neutron/neutron/plugins/ml2/drivers/ovn/mech_driver/ovsdb/ovsdb_monitor.py:1099}}
Aug 03 20:11:19.814967 np0000006368 devstack@neutron-api.service[87838]: DEBUG ovsdbapp.backend.ovs_idl.event [-] Matched UPDATE: ChassisAgentWriteEvent(events=('create', 'update'), table='Chassis_Private', conditions=None, old_conditions=None), priority=20 to row=Chassis_Private(uuid=eb5e1446-bc3c-4efb-820a-52c11307406e, chassis=3d01dfde-fdad-4044-a239-7847fa81ce7e, external_ids={'neutron:ovn-bridge': 'br-int', 'neutron:ovn-neutron-agent-id': 'df8d2bd9-a456-5204-8058-d125a1de828b', 'neutron:ovn-neutron-agent-sb-cfg': '0'}, name='9a965513-4bd1-433b-8564-d6f4900404cc', nb_cfg=1, nb_cfg_timestamp=1785787879808) old=Chassis_Private(uuid=eb5e1446-bc3c-4efb-820a-52c11307406e, nb_cfg=0, nb_cfg_timestamp=0) {{(pid=87838) matches /opt/stack/data/venv/lib/python3.12/site-packages/ovsdbapp/backend/ovs_idl/event.py:55}}
Aug 03 20:11:19.816788 np0000006368 devstack@neutron-api.service[87838]: DEBUG neutron.plugins.ml2.drivers.ovn.mech_driver.ovsdb.ovsdb_monitor [-] Hash Ring: Node 9fbcd9100fa1576cbeb6762792a922f0 (host: np0000006368) handling event "update" for row eb5e1446-bc3c-4efb-820a-52c11307406e (table: Chassis_Private) {{(pid=87838) notify /opt/stack/neutron/neutron/plugins/ml2/drivers/ovn/mech_driver/ovsdb/ovsdb_monitor.py:1099}}
Aug 03 20:11:19.818086 np0000006368 devstack@neutron-api.service[87838]: DEBUG ovsdbapp.backend.ovs_idl.event [-] Matched UPDATE: ChassisOVNAgentWriteEvent(events=('create', 'update'), table='Chassis_Private', conditions=None, old_conditions=None), priority=20 to row=Chassis_Private(uuid=eb5e1446-bc3c-4efb-820a-52c11307406e, chassis=3d01dfde-fdad-4044-a239-7847fa81ce7e, external_ids={'neutron:ovn-bridge': 'br-int', 'neutron:ovn-neutron-agent-id': 'df8d2bd9-a456-5204-8058-d125a1de828b', 'neutron:ovn-neutron-agent-sb-cfg': '1'}, name='9a965513-4bd1-433b-8564-d6f4900404cc', nb_cfg=1, nb_cfg_timestamp=1785787879808) old=Chassis_Private(uuid=eb5e1446-bc3c-4efb-820a-52c11307406e, external_ids={'neutron:ovn-bridge': 'br-int', 'neutron:ovn-neutron-agent-id': 'df8d2bd9-a456-5204-8058-d125a1de828b', 'neutron:ovn-neutron-agent-sb-cfg': '0'}) {{(pid=87838) matches /opt/stack/data/venv/lib/python3.12/site-packages/ovsdbapp/backend/ovs_idl/event.py:55}}
Aug 03 20:11:19.818168 np0000006368 devstack@neutron-api.service[87839]: DEBUG ovsdbapp.backend.ovs_idl.event [-] Matched UPDATE: ChassisAgentWriteEvent(events=('create', 'update'), table='Chassis_Private', conditions=None, old_conditions=None), priority=20 to row=Chassis_Private(uuid=eb5e1446-bc3c-4efb-820a-52c11307406e, chassis=3d01dfde-fdad-4044-a239-7847fa81ce7e, external_ids={'neutron:ovn-bridge': 'br-int', 'neutron:ovn-neutron-agent-id': 'df8d2bd9-a456-5204-8058-d125a1de828b', 'neutron:ovn-neutron-agent-sb-cfg': '0'}, name='9a965513-4bd1-433b-8564-d6f4900404cc', nb_cfg=1, nb_cfg_timestamp=1785787879808) old=Chassis_Private(uuid=eb5e1446-bc3c-4efb-820a-52c11307406e, nb_cfg=0, nb_cfg_timestamp=0) {{(pid=87839) matches /opt/stack/data/venv/lib/python3.12/site-packages/ovsdbapp/backend/ovs_idl/event.py:55}}
Aug 03 20:11:19.818392 np0000006368 devstack@neutron-api.service[87838]: DEBUG neutron.plugins.ml2.drivers.ovn.mech_driver.ovsdb.ovsdb_monitor [-] Hash Ring: Node 9fbcd9100fa1576cbeb6762792a922f0 (host: np0000006368) handling event "update" for row eb5e1446-bc3c-4efb-820a-52c11307406e (table: Chassis_Private) {{(pid=87838) notify /opt/stack/neutron/neutron/plugins/ml2/drivers/ovn/mech_driver/ovsdb/ovsdb_monitor.py:1099}}
Aug 03 20:11:19.819416 np0000006368 devstack@neutron-api.service[87839]: DEBUG neutron.plugins.ml2.drivers.ovn.mech_driver.ovsdb.ovsdb_monitor [-] Hash Ring: Node 83889d2493fb576384acd1a18af24e0f (host: np0000006368) handling event "update" for row 15025d4d-83e0-47d0-9802-9325a0bfaad4 (table: NB_Global) {{(pid=87839) notify /opt/stack/neutron/neutron/plugins/ml2/drivers/ovn/mech_driver/ovsdb/ovsdb_monitor.py:1099}}
Aug 03 20:11:19.820506 np0000006368 devstack@neutron-api.service[87837]: DEBUG ovsdbapp.backend.ovs_idl.event [-] Matched UPDATE: ChassisOVNAgentWriteEvent(events=('create', 'update'), table='Chassis_Private', conditions=None, old_conditions=None), priority=20 to row=Chassis_Private(uuid=eb5e1446-bc3c-4efb-820a-52c11307406e, chassis=3d01dfde-fdad-4044-a239-7847fa81ce7e, external_ids={'neutron:ovn-bridge': 'br-int', 'neutron:ovn-neutron-agent-id': 'df8d2bd9-a456-5204-8058-d125a1de828b', 'neutron:ovn-neutron-agent-sb-cfg': '1'}, name='9a965513-4bd1-433b-8564-d6f4900404cc', nb_cfg=1, nb_cfg_timestamp=1785787879808) old=Chassis_Private(uuid=eb5e1446-bc3c-4efb-820a-52c11307406e, external_ids={'neutron:ovn-bridge': 'br-int', 'neutron:ovn-neutron-agent-id': 'df8d2bd9-a456-5204-8058-d125a1de828b', 'neutron:ovn-neutron-agent-sb-cfg': '0'}) {{(pid=87837) matches /opt/stack/data/venv/lib/python3.12/site-packages/ovsdbapp/backend/ovs_idl/event.py:55}}
Aug 03 20:11:19.821898 np0000006368 devstack@neutron-api.service[87839]: DEBUG neutron.plugins.ml2.drivers.ovn.mech_driver.ovsdb.ovsdb_monitor [-] Hash Ring: Node 83889d2493fb576384acd1a18af24e0f (host: np0000006368) handling event "update" for row 15025d4d-83e0-47d0-9802-9325a0bfaad4 (table: NB_Global) {{(pid=87839) notify /opt/stack/neutron/neutron/plugins/ml2/drivers/ovn/mech_driver/ovsdb/ovsdb_monitor.py:1099}}
Aug 03 20:11:19.823527 np0000006368 devstack@neutron-api.service[87839]: DEBUG neutron.plugins.ml2.drivers.ovn.mech_driver.ovsdb.ovsdb_monitor [-] Hash Ring: Node 83889d2493fb576384acd1a18af24e0f (host: np0000006368) handling event "update" for row 15025d4d-83e0-47d0-9802-9325a0bfaad4 (table: NB_Global) {{(pid=87839) notify /opt/stack/neutron/neutron/plugins/ml2/drivers/ovn/mech_driver/ovsdb/ovsdb_monitor.py:1099}}
Aug 03 20:11:19.826291 np0000006368 devstack@neutron-api.service[87839]: DEBUG neutron.common.ovn.hash_ring_manager [-] Allow caching, nodes 3>=3 {{(pid=87839) _wait_startup_before_caching /opt/stack/neutron/neutron/common/ovn/hash_ring_manager.py:71}}
Aug 03 20:11:19.826504 np0000006368 devstack@neutron-api.service[87839]: DEBUG neutron.plugins.ml2.drivers.ovn.mech_driver.ovsdb.ovsdb_monitor [-] Hash Ring: Node 83889d2493fb576384acd1a18af24e0f (host: np0000006368) handling event "update" for row eb5e1446-bc3c-4efb-820a-52c11307406e (table: Chassis_Private) {{(pid=87839) notify /opt/stack/neutron/neutron/plugins/ml2/drivers/ovn/mech_driver/ovsdb/ovsdb_monitor.py:1099}}
Aug 03 20:11:19.828009 np0000006368 devstack@neutron-api.service[87839]: DEBUG ovsdbapp.backend.ovs_idl.event [-] Matched UPDATE: ChassisOVNAgentWriteEvent(events=('create', 'update'), table='Chassis_Private', conditions=None, old_conditions=None), priority=20 to row=Chassis_Private(uuid=eb5e1446-bc3c-4efb-820a-52c11307406e, chassis=3d01dfde-fdad-4044-a239-7847fa81ce7e, external_ids={'neutron:ovn-bridge': 'br-int', 'neutron:ovn-neutron-agent-id': 'df8d2bd9-a456-5204-8058-d125a1de828b', 'neutron:ovn-neutron-agent-sb-cfg': '1'}, name='9a965513-4bd1-433b-8564-d6f4900404cc', nb_cfg=1, nb_cfg_timestamp=1785787879808) old=Chassis_Private(uuid=eb5e1446-bc3c-4efb-820a-52c11307406e, external_ids={'neutron:ovn-bridge': 'br-int', 'neutron:ovn-neutron-agent-id': 'df8d2bd9-a456-5204-8058-d125a1de828b', 'neutron:ovn-neutron-agent-sb-cfg': '0'}) {{(pid=87839) matches /opt/stack/data/venv/lib/python3.12/site-packages/ovsdbapp/backend/ovs_idl/event.py:55}}
Aug 03 20:11:19.828267 np0000006368 devstack@neutron-api.service[87839]: DEBUG neutron.plugins.ml2.drivers.ovn.mech_driver.ovsdb.ovsdb_monitor [-] Hash Ring: Node 83889d2493fb576384acd1a18af24e0f (host: np0000006368) handling event "update" for row eb5e1446-bc3c-4efb-820a-52c11307406e (table: Chassis_Private) {{(pid=87839) notify /opt/stack/neutron/neutron/plugins/ml2/drivers/ovn/mech_driver/ovsdb/ovsdb_monitor.py:1099}}
Aug 03 20:11:19.866829 np0000006368 devstack@neutron-api.service[87839]: DEBUG neutron.plugins.ml2.drivers.helpers [None req-97e77af5-fb6a-4a7b-ae15-57c43d6d745c admin admin] geneve segment allocate from pool success with {'geneve_vni': 52421} {{(pid=87839) allocate_partially_specified_segment /opt/stack/neutron/neutron/plugins/ml2/drivers/helpers.py:142}}
Aug 03 20:11:19.876480 np0000006368 devstack@neutron-api.service[87839]: DEBUG neutron_lib.callbacks.manager [None req-97e77af5-fb6a-4a7b-ae15-57c43d6d745c admin admin] Publish callbacks ['neutron.services.segments.db._add_segment_host_mapping_for_segment-8781065268458', 'neutron.plugins.ml2.plugin.Ml2Plugin._handle_segment_change-774822'] for segment (d6008385-dc02-4ffd-b6dc-bab3858bbb9e), precommit_create {{(pid=87839) _notify_loop /opt/stack/data/venv/lib/python3.12/site-packages/neutron_lib/callbacks/manager.py:184}}
Aug 03 20:11:19.876668 np0000006368 devstack@neutron-api.service[87839]: INFO neutron.db.segments_db [None req-97e77af5-fb6a-4a7b-ae15-57c43d6d745c admin admin] Added segment d6008385-dc02-4ffd-b6dc-bab3858bbb9e of type geneve for network 04baf49a-cc86-46a8-a9ef-72373caf7112
