Aug 03 20:11:13.745168 np0000006368 devstack@neutron-api.service[87838]: INFO neutron.api.extensions [None req-249bd9e9-5f18-48dc-8c12-be5030c5ce2b None None] Loaded extension: vlan-transparent
Aug 03 20:11:13.747176 np0000006368 devstack@neutron-api.service[87838]: INFO neutron.quota.resource_registry [None req-249bd9e9-5f18-48dc-8c12-be5030c5ce2b None None] Creating instance of TrackedResource for resource:network
Aug 03 20:11:13.747470 np0000006368 devstack@neutron-api.service[87838]: INFO neutron.quota.resource_registry [None req-249bd9e9-5f18-48dc-8c12-be5030c5ce2b None None] Creating instance of TrackedResource for resource:subnet
Aug 03 20:11:13.747649 np0000006368 devstack@neutron-api.service[87838]: INFO neutron.quota.resource_registry [None req-249bd9e9-5f18-48dc-8c12-be5030c5ce2b None None] Creating instance of TrackedResource for resource:subnetpool
Aug 03 20:11:13.747810 np0000006368 devstack@neutron-api.service[87838]: INFO neutron.quota.resource_registry [None req-249bd9e9-5f18-48dc-8c12-be5030c5ce2b None None] Creating instance of TrackedResource for resource:port
Aug 03 20:11:13.749125 np0000006368 devstack@neutron-api.service[87837]: DEBUG neutron_lib.callbacks.manager [None req-81827b44-648c-4606-85c5-36d4133a85b5 None None] Publish callbacks ['neutron.plugins.ml2.drivers.ovn.mech_driver.mech_driver.OVNMechanismDriver.pre_fork_initialize-207460'] for process (None), before_spawn {{(pid=87837) _notify_loop /opt/stack/data/venv/lib/python3.12/site-packages/neutron_lib/callbacks/manager.py:184}}
Aug 03 20:11:13.750031 np0000006368 devstack@neutron-api.service[87837]: DEBUG oslo_concurrency.processutils [None req-81827b44-648c-4606-85c5-36d4133a85b5 None None] Running cmd (subprocess): ovsdb-client transact ssl:10.4.3.211:6641 --timeout 180 -p /opt/stack/data/CA/int-ca/private/devstack-cert.key -c /opt/stack/data/CA/int-ca/devstack-cert.crt -C /opt/stack/data/CA/int-ca/ca-chain.pem ["OVN_Northbound", {"op": "wait", "timeout": 0, "table": "Port_Group", "where": [["name", "==", "neutron_pg_drop"]], "until": "==", "rows": []}, {"op": "insert", "table": "ACL", "row": {"action": "drop", "direction": "to-lport", "match": "outport == @neutron_pg_drop && ip", "priority": 1001}, "uuid-name": "droptoport"}, {"op": "insert", "table": "ACL", "row": {"action": "drop", "direction": "from-lport", "match": "inport == @neutron_pg_drop && ip", "priority": 1001}, "uuid-name": "dropfromport"}, {"op": "insert", "table": "Port_Group", "row": {"name": "neutron_pg_drop", "acls": ["set", [["named-uuid", "droptoport"], ["named-uuid", "dropfromport"]]]}}] {{(pid=87837) execute /opt/stack/data/venv/lib/python3.12/site-packages/oslo_concurrency/processutils.py:440}}
Aug 03 20:11:13.750329 np0000006368 devstack@neutron-api.service[87838]: INFO neutron.quota.resource_registry [None req-249bd9e9-5f18-48dc-8c12-be5030c5ce2b None None] Creating instance of CountableResource for resource:router_route
Aug 03 20:11:13.750329 np0000006368 devstack@neutron-api.service[87838]: DEBUG neutron.api.v2.resource_helper [None req-249bd9e9-5f18-48dc-8c12-be5030c5ce2b None None] Service L3_ROUTER_NAT assigned prefix: {{(pid=87838) build_resource_info /opt/stack/neutron/neutron/api/v2/resource_helper.py:77}}
Aug 03 20:11:13.750329 np0000006368 devstack@neutron-api.service[87838]: DEBUG neutron.api.v2.resource_helper [None req-249bd9e9-5f18-48dc-8c12-be5030c5ce2b None None] Service FLAVORS assigned prefix: {{(pid=87838) build_resource_info /opt/stack/neutron/neutron/api/v2/resource_helper.py:77}}
Aug 03 20:11:13.751278 np0000006368 devstack@neutron-api.service[87838]: DEBUG neutron.api.v2.resource_helper [None req-249bd9e9-5f18-48dc-8c12-be5030c5ce2b None None] Service L3_ROUTER_NAT assigned prefix: {{(pid=87838) build_resource_info /opt/stack/neutron/neutron/api/v2/resource_helper.py:77}}
Aug 03 20:11:13.751726 np0000006368 devstack@neutron-api.service[87838]: DEBUG neutron.api.v2.resource_helper [None req-249bd9e9-5f18-48dc-8c12-be5030c5ce2b None None] Service L3_ROUTER_NAT assigned prefix: {{(pid=87838) build_resource_info /opt/stack/neutron/neutron/api/v2/resource_helper.py:77}}
Aug 03 20:11:13.751806 np0000006368 devstack@neutron-api.service[87838]: INFO neutron.quota.resource_registry [None req-249bd9e9-5f18-48dc-8c12-be5030c5ce2b None None] Creating instance of TrackedResource for resource:router
Aug 03 20:11:13.752160 np0000006368 devstack@neutron-api.service[87838]: INFO neutron.quota.resource_registry [None req-249bd9e9-5f18-48dc-8c12-be5030c5ce2b None None] Creating instance of TrackedResource for resource:floatingip
Aug 03 20:11:13.753412 np0000006368 devstack@neutron-api.service[87838]: INFO neutron.quota.resource_registry [None req-249bd9e9-5f18-48dc-8c12-be5030c5ce2b None None] Creating instance of CountableResource for resource:rbac_policy
Aug 03 20:11:13.754301 np0000006368 devstack@neutron-api.service[87838]: INFO neutron.quota.resource_registry [None req-249bd9e9-5f18-48dc-8c12-be5030c5ce2b None None] Creating instance of TrackedResource for resource:security_group
Aug 03 20:11:13.754790 np0000006368 devstack@neutron-api.service[87838]: INFO neutron.quota.resource_registry [None req-249bd9e9-5f18-48dc-8c12-be5030c5ce2b None None] Creating instance of TrackedResource for resource:security_group_rule
Aug 03 20:11:13.755331 np0000006368 devstack@neutron-api.service[87838]: DEBUG neutron.api.v2.resource_helper [None req-249bd9e9-5f18-48dc-8c12-be5030c5ce2b None None] Service CORE assigned prefix: {{(pid=87838) build_resource_info /opt/stack/neutron/neutron/api/v2/resource_helper.py:77}}
Aug 03 20:11:13.755481 np0000006368 devstack@neutron-api.service[87838]: INFO neutron.quota.resource_registry [None req-249bd9e9-5f18-48dc-8c12-be5030c5ce2b None None] Creating instance of TrackedResource for resource:subnetpool
Aug 03 20:11:13.755656 np0000006368 devstack@neutron-api.service[87838]: WARNING neutron.quota.resource_registry [None req-249bd9e9-5f18-48dc-8c12-be5030c5ce2b None None] subnetpool is already registered
Aug 03 20:11:13.755978 np0000006368 devstack@neutron-api.service[87838]: DEBUG neutron.api.v2.resource_helper [None req-249bd9e9-5f18-48dc-8c12-be5030c5ce2b None None] Service CORE assigned prefix: {{(pid=87838) build_resource_info /opt/stack/neutron/neutron/api/v2/resource_helper.py:77}}
Aug 03 20:11:13.756138 np0000006368 devstack@neutron-api.service[87838]: INFO neutron.quota.resource_registry [None req-249bd9e9-5f18-48dc-8c12-be5030c5ce2b None None] Creating instance of TrackedResource for resource:subnetpool
Aug 03 20:11:13.756285 np0000006368 devstack@neutron-api.service[87838]: WARNING neutron.quota.resource_registry [None req-249bd9e9-5f18-48dc-8c12-be5030c5ce2b None None] subnetpool is already registered
Aug 03 20:11:13.758938 np0000006368 devstack@neutron-api.service[87838]: INFO neutron.quota.resource_registry [None req-249bd9e9-5f18-48dc-8c12-be5030c5ce2b None None] Creating instance of CountableResource for resource:router_route
Aug 03 20:11:13.759142 np0000006368 devstack@neutron-api.service[87838]: WARNING neutron.quota.resource_registry [None req-249bd9e9-5f18-48dc-8c12-be5030c5ce2b None None] router_route is already registered
Aug 03 20:11:13.759425 np0000006368 devstack@neutron-api.service[87838]: DEBUG neutron.api.v2.resource_helper [None req-249bd9e9-5f18-48dc-8c12-be5030c5ce2b None None] Service L3_ROUTER_NAT assigned prefix: {{(pid=87838) build_resource_info /opt/stack/neutron/neutron/api/v2/resource_helper.py:77}}
Aug 03 20:11:13.759948 np0000006368 devstack@neutron-api.service[87838]: DEBUG neutron.api.v2.resource_helper [None req-249bd9e9-5f18-48dc-8c12-be5030c5ce2b None None] Service FLAVORS assigned prefix: {{(pid=87838) build_resource_info /opt/stack/neutron/neutron/api/v2/resource_helper.py:77}}
Aug 03 20:11:13.761072 np0000006368 devstack@neutron-api.service[87838]: DEBUG neutron.api.v2.resource_helper [None req-249bd9e9-5f18-48dc-8c12-be5030c5ce2b None None] Service L3_ROUTER_NAT assigned prefix: {{(pid=87838) build_resource_info /opt/stack/neutron/neutron/api/v2/resource_helper.py:77}}
Aug 03 20:11:13.761643 np0000006368 devstack@neutron-api.service[87838]: DEBUG neutron.api.v2.resource_helper [None req-249bd9e9-5f18-48dc-8c12-be5030c5ce2b None None] Service L3_ROUTER_NAT assigned prefix: {{(pid=87838) build_resource_info /opt/stack/neutron/neutron/api/v2/resource_helper.py:77}}
Aug 03 20:11:13.761784 np0000006368 devstack@neutron-api.service[87838]: INFO neutron.quota.resource_registry [None req-249bd9e9-5f18-48dc-8c12-be5030c5ce2b None None] Creating instance of TrackedResource for resource:router
Aug 03 20:11:13.761909 np0000006368 devstack@neutron-api.service[87838]: WARNING neutron.quota.resource_registry [None req-249bd9e9-5f18-48dc-8c12-be5030c5ce2b None None] router is already registered
Aug 03 20:11:13.762762 np0000006368 devstack@neutron-api.service[87838]: INFO neutron.quota.resource_registry [None req-249bd9e9-5f18-48dc-8c12-be5030c5ce2b None None] Creating instance of TrackedResource for resource:floatingip
Aug 03 20:11:13.762979 np0000006368 devstack@neutron-api.service[87838]: WARNING neutron.quota.resource_registry [None req-249bd9e9-5f18-48dc-8c12-be5030c5ce2b None None] floatingip is already registered
Aug 03 20:11:13.764230 np0000006368 devstack@neutron-api.service[87838]: INFO neutron.quota.resource_registry [None req-249bd9e9-5f18-48dc-8c12-be5030c5ce2b None None] Creating instance of CountableResource for resource:rbac_policy
Aug 03 20:11:13.764390 np0000006368 devstack@neutron-api.service[87838]: WARNING neutron.quota.resource_registry [None req-249bd9e9-5f18-48dc-8c12-be5030c5ce2b None None] rbac_policy is already registered
Aug 03 20:11:13.765273 np0000006368 devstack@neutron-api.service[87838]: INFO neutron.quota.resource_registry [None req-249bd9e9-5f18-48dc-8c12-be5030c5ce2b None None] Creating instance of TrackedResource for resource:security_group
Aug 03 20:11:13.765509 np0000006368 devstack@neutron-api.service[87838]: WARNING neutron.quota.resource_registry [None req-249bd9e9-5f18-48dc-8c12-be5030c5ce2b None None] security_group is already registered
Aug 03 20:11:13.766036 np0000006368 devstack@neutron-api.service[87838]: INFO neutron.quota.resource_registry [None req-249bd9e9-5f18-48dc-8c12-be5030c5ce2b None None] Creating instance of TrackedResource for resource:security_group_rule
Aug 03 20:11:13.766226 np0000006368 devstack@neutron-api.service[87838]: WARNING neutron.quota.resource_registry [None req-249bd9e9-5f18-48dc-8c12-be5030c5ce2b None None] security_group_rule is already registered
Aug 03 20:11:13.766891 np0000006368 devstack@neutron-api.service[87838]: DEBUG neutron.api.v2.resource_helper [None req-249bd9e9-5f18-48dc-8c12-be5030c5ce2b None None] Service CORE assigned prefix: {{(pid=87838) build_resource_info /opt/stack/neutron/neutron/api/v2/resource_helper.py:77}}
Aug 03 20:11:13.767040 np0000006368 devstack@neutron-api.service[87838]: INFO neutron.quota.resource_registry [None req-249bd9e9-5f18-48dc-8c12-be5030c5ce2b None None] Creating instance of TrackedResource for resource:subnetpool
Aug 03 20:11:13.767237 np0000006368 devstack@neutron-api.service[87838]: WARNING neutron.quota.resource_registry [None req-249bd9e9-5f18-48dc-8c12-be5030c5ce2b None None] subnetpool is already registered
Aug 03 20:11:13.767753 np0000006368 devstack@neutron-api.service[87838]: DEBUG neutron.api.v2.resource_helper [None req-249bd9e9-5f18-48dc-8c12-be5030c5ce2b None None] Service CORE assigned prefix: {{(pid=87838) build_resource_info /opt/stack/neutron/neutron/api/v2/resource_helper.py:77}}
Aug 03 20:11:13.767950 np0000006368 devstack@neutron-api.service[87838]: INFO neutron.quota.resource_registry [None req-249bd9e9-5f18-48dc-8c12-be5030c5ce2b None None] Creating instance of TrackedResource for resource:subnetpool
Aug 03 20:11:13.768086 np0000006368 devstack@neutron-api.service[87838]: WARNING neutron.quota.resource_registry [None req-249bd9e9-5f18-48dc-8c12-be5030c5ce2b None None] subnetpool is already registered
Aug 03 20:11:13.768773 np0000006368 devstack@neutron-api.service[87838]: DEBUG neutron.api.extensions [None req-249bd9e9-5f18-48dc-8c12-be5030c5ce2b None None] Extended resource: extensions {{(pid=87838) __init__ /opt/stack/neutron/neutron/api/extensions.py:156}}
Aug 03 20:11:13.769782 np0000006368 devstack@neutron-api.service[87838]: DEBUG neutron.api.extensions [None req-249bd9e9-5f18-48dc-8c12-be5030c5ce2b None None] Extended resource: address-groups {{(pid=87838) __init__ /opt/stack/neutron/neutron/api/extensions.py:156}}
Aug 03 20:11:13.770796 np0000006368 devstack@neutron-api.service[87838]: DEBUG neutron.api.extensions [None req-249bd9e9-5f18-48dc-8c12-be5030c5ce2b None None] Extended resource: address-scopes {{(pid=87838) __init__ /opt/stack/neutron/neutron/api/extensions.py:156}}
Aug 03 20:11:13.771666 np0000006368 devstack@neutron-api.service[87838]: DEBUG neutron.api.extensions [None req-249bd9e9-5f18-48dc-8c12-be5030c5ce2b None None] Extended resource: agents {{(pid=87838) __init__ /opt/stack/neutron/neutron/api/extensions.py:156}}
Aug 03 20:11:13.772271 np0000006368 devstack@neutron-api.service[87838]: DEBUG neutron.api.extensions [None req-249bd9e9-5f18-48dc-8c12-be5030c5ce2b None None] Extended resource: auto-allocated-topology {{(pid=87838) __init__ /opt/stack/neutron/neutron/api/extensions.py:156}}
Aug 03 20:11:13.773019 np0000006368 devstack@neutron-api.service[87838]: DEBUG neutron.api.extensions [None req-249bd9e9-5f18-48dc-8c12-be5030c5ce2b None None] Extended resource: availability_zones {{(pid=87838) __init__ /opt/stack/neutron/neutron/api/extensions.py:156}}
Aug 03 20:11:13.773729 np0000006368 devstack@neutron-api.service[87838]: DEBUG neutron.api.extensions [None req-249bd9e9-5f18-48dc-8c12-be5030c5ce2b None None] Extended resource: dhcp-networks {{(pid=87838) __init__ /opt/stack/neutron/neutron/api/extensions.py:156}}
Aug 03 20:11:13.774625 np0000006368 devstack@neutron-api.service[87838]: DEBUG neutron.api.extensions [None req-249bd9e9-5f18-48dc-8c12-be5030c5ce2b None None] Extended resource: dhcp-agents {{(pid=87838) __init__ /opt/stack/neutron/neutron/api/extensions.py:156}}
Aug 03 20:11:13.775474 np0000006368 devstack@neutron-api.service[87838]: DEBUG neutron.api.extensions [None req-249bd9e9-5f18-48dc-8c12-be5030c5ce2b None None] Extended resource: routers {{(pid=87838) __init__ /opt/stack/neutron/neutron/api/extensions.py:156}}
Aug 03 20:11:13.776711 np0000006368 devstack@neutron-api.service[87838]: DEBUG neutron.api.extensions [None req-249bd9e9-5f18-48dc-8c12-be5030c5ce2b None None] Extended resource: flavors {{(pid=87838) __init__ /opt/stack/neutron/neutron/api/extensions.py:156}}
Aug 03 20:11:13.777460 np0000006368 devstack@neutron-api.service[87838]: DEBUG neutron.api.extensions [None req-249bd9e9-5f18-48dc-8c12-be5030c5ce2b None None] Extended resource: service_profiles {{(pid=87838) __init__ /opt/stack/neutron/neutron/api/extensions.py:156}}
Aug 03 20:11:13.778057 np0000006368 devstack@neutron-api.service[87838]: DEBUG neutron.api.extensions [None req-249bd9e9-5f18-48dc-8c12-be5030c5ce2b None None] Extended resource: next_providers {{(pid=87838) __init__ /opt/stack/neutron/neutron/api/extensions.py:156}}
Aug 03 20:11:13.778683 np0000006368 devstack@neutron-api.service[87838]: DEBUG neutron.api.extensions [None req-249bd9e9-5f18-48dc-8c12-be5030c5ce2b None None] Extended resource: service_profiles {{(pid=87838) __init__ /opt/stack/neutron/neutron/api/extensions.py:156}}
Aug 03 20:11:13.780642 np0000006368 devstack@neutron-api.service[87838]: DEBUG neutron.api.extensions [None req-249bd9e9-5f18-48dc-8c12-be5030c5ce2b None None] Extended resource: floatingip-pools {{(pid=87838) __init__ /opt/stack/neutron/neutron/api/extensions.py:156}}
Aug 03 20:11:13.781153 np0000006368 devstack@neutron-api.service[87838]: DEBUG neutron.api.extensions [None req-249bd9e9-5f18-48dc-8c12-be5030c5ce2b None None] Extended resource: routers {{(pid=87838) __init__ /opt/stack/neutron/neutron/api/extensions.py:156}}
Aug 03 20:11:13.782066 np0000006368 devstack@neutron-api.service[87838]: DEBUG neutron.api.extensions [None req-249bd9e9-5f18-48dc-8c12-be5030c5ce2b None None] Extended resource: floatingips {{(pid=87838) __init__ /opt/stack/neutron/neutron/api/extensions.py:156}}
Aug 03 20:11:13.782592 np0000006368 devstack@neutron-api.service[87838]: DEBUG neutron.api.extensions [None req-249bd9e9-5f18-48dc-8c12-be5030c5ce2b None None] Extended resource: l3-routers {{(pid=87838) __init__ /opt/stack/neutron/neutron/api/extensions.py:156}}
Aug 03 20:11:13.783204 np0000006368 devstack@neutron-api.service[87838]: DEBUG neutron.api.extensions [None req-249bd9e9-5f18-48dc-8c12-be5030c5ce2b None None] Extended resource: l3-agents {{(pid=87838) __init__ /opt/stack/neutron/neutron/api/extensions.py:156}}
Aug 03 20:11:13.783727 np0000006368 devstack@neutron-api.service[87838]: DEBUG neutron.api.extensions [None req-249bd9e9-5f18-48dc-8c12-be5030c5ce2b None None] Extended resource: network-ip-availabilities {{(pid=87838) __init__ /opt/stack/neutron/neutron/api/extensions.py:156}}
Aug 03 20:11:13.784274 np0000006368 devstack@neutron-api.service[87838]: DEBUG neutron.api.extensions [None req-249bd9e9-5f18-48dc-8c12-be5030c5ce2b None None] Extended resource: network-ip-availabilities {{(pid=87838) __init__ /opt/stack/neutron/neutron/api/extensions.py:156}}
Aug 03 20:11:13.784749 np0000006368 devstack@neutron-api.service[87838]: DEBUG neutron.api.extensions [None req-249bd9e9-5f18-48dc-8c12-be5030c5ce2b None None] Extended resource: bindings {{(pid=87838) __init__ /opt/stack/neutron/neutron/api/extensions.py:156}}
Aug 03 20:11:13.785361 np0000006368 devstack@neutron-api.service[87838]: DEBUG neutron.api.extensions [None req-249bd9e9-5f18-48dc-8c12-be5030c5ce2b None None] Extended resource: quotas {{(pid=87838) __init__ /opt/stack/neutron/neutron/api/extensions.py:156}}
Aug 03 20:11:13.786096 np0000006368 devstack@neutron-api.service[87838]: DEBUG neutron.api.extensions [None req-249bd9e9-5f18-48dc-8c12-be5030c5ce2b None None] Extended resource: quotas {{(pid=87838) __init__ /opt/stack/neutron/neutron/api/extensions.py:156}}
Aug 03 20:11:13.786794 np0000006368 devstack@neutron-api.service[87838]: DEBUG neutron.api.extensions [None req-249bd9e9-5f18-48dc-8c12-be5030c5ce2b None None] Extended resource: rbac-policies {{(pid=87838) __init__ /opt/stack/neutron/neutron/api/extensions.py:156}}
Aug 03 20:11:13.787106 np0000006368 devstack@neutron-api.service[87837]: DEBUG oslo_concurrency.processutils [None req-81827b44-648c-4606-85c5-36d4133a85b5 None None] CMD "ovsdb-client transact ssl:10.4.3.211:6641 --timeout 180 -p /opt/stack/data/CA/int-ca/private/devstack-cert.key -c /opt/stack/data/CA/int-ca/devstack-cert.crt -C /opt/stack/data/CA/int-ca/ca-chain.pem ["OVN_Northbound", {"op": "wait", "timeout": 0, "table": "Port_Group", "where": [["name", "==", "neutron_pg_drop"]], "until": "==", "rows": []}, {"op": "insert", "table": "ACL", "row": {"action": "drop", "direction": "to-lport", "match": "outport == @neutron_pg_drop && ip", "priority": 1001}, "uuid-name": "droptoport"}, {"op": "insert", "table": "ACL", "row": {"action": "drop", "direction": "from-lport", "match": "inport == @neutron_pg_drop && ip", "priority": 1001}, "uuid-name": "dropfromport"}, {"op": "insert", "table": "Port_Group", "row": {"name": "neutron_pg_drop", "acls": ["set", [["named-uuid", "droptoport"], ["named-uuid", "dropfromport"]]]}}]" returned: 0 in 0.037s {{(pid=87837) execute /opt/stack/data/venv/lib/python3.12/site-packages/oslo_concurrency/processutils.py:468}}
Aug 03 20:11:13.787278 np0000006368 devstack@neutron-api.service[87838]: DEBUG neutron.api.extensions [None req-249bd9e9-5f18-48dc-8c12-be5030c5ce2b None None] Extended resource: default-security-group-rules {{(pid=87838) __init__ /opt/stack/neutron/neutron/api/extensions.py:156}}
Aug 03 20:11:13.787560 np0000006368 devstack@neutron-api.service[87837]: DEBUG neutron_lib.callbacks.manager [None req-81827b44-648c-4606-85c5-36d4133a85b5 None None] Publish callbacks ['neutron.plugins.ml2.drivers.ovn.mech_driver.mech_driver.OVNMechanismDriver.post_fork_initialize-207756', 'neutron.services.pvlan.drivers.ovn.driver._initialize_pvlan_pg_drop-8781064867000', 'neutron.services.ovn_l3.plugin.OVNL3RouterPlugin._post_fork_initialize-7036344'] for process (None), after_init {{(pid=87837) _notify_loop /opt/stack/data/venv/lib/python3.12/site-packages/neutron_lib/callbacks/manager.py:184}}
Aug 03 20:11:13.787828 np0000006368 devstack@neutron-api.service[87838]: DEBUG neutron.api.extensions [None req-249bd9e9-5f18-48dc-8c12-be5030c5ce2b None None] Extended resource: security-groups-default-statefulness {{(pid=87838) __init__ /opt/stack/neutron/neutron/api/extensions.py:156}}
Aug 03 20:11:13.787863 np0000006368 devstack@neutron-api.service[87837]: DEBUG oslo_concurrency.lockutils [None req-81827b44-648c-4606-85c5-36d4133a85b5 None None] Acquiring lock "singleton_lock" {{(pid=87837) lock /opt/stack/data/venv/lib/python3.12/site-packages/oslo_concurrency/lockutils.py:396}}
Aug 03 20:11:13.787970 np0000006368 devstack@neutron-api.service[87837]: DEBUG oslo_concurrency.lockutils [None req-81827b44-648c-4606-85c5-36d4133a85b5 None None] Acquired lock "singleton_lock" {{(pid=87837) lock /opt/stack/data/venv/lib/python3.12/site-packages/oslo_concurrency/lockutils.py:399}}
Aug 03 20:11:13.788309 np0000006368 devstack@neutron-api.service[87837]: DEBUG oslo_concurrency.lockutils [None req-81827b44-648c-4606-85c5-36d4133a85b5 None None] Releasing lock "singleton_lock" {{(pid=87837) lock /opt/stack/data/venv/lib/python3.12/site-packages/oslo_concurrency/lockutils.py:419}}
Aug 03 20:11:13.788490 np0000006368 devstack@neutron-api.service[87838]: DEBUG neutron.api.extensions [None req-249bd9e9-5f18-48dc-8c12-be5030c5ce2b None None] Extended resource: security-groups {{(pid=87838) __init__ /opt/stack/neutron/neutron/api/extensions.py:156}}
Aug 03 20:11:13.788943 np0000006368 devstack@neutron-api.service[87838]: DEBUG neutron.api.extensions [None req-249bd9e9-5f18-48dc-8c12-be5030c5ce2b None None] Extended resource: security-group-rules {{(pid=87838) __init__ /opt/stack/neutron/neutron/api/extensions.py:156}}
Aug 03 20:11:13.789356 np0000006368 devstack@neutron-api.service[87838]: DEBUG neutron.api.extensions [None req-249bd9e9-5f18-48dc-8c12-be5030c5ce2b None None] Extended resource: service-providers {{(pid=87838) __init__ /opt/stack/neutron/neutron/api/extensions.py:156}}
Aug 03 20:11:13.789863 np0000006368 devstack@neutron-api.service[87838]: DEBUG neutron.api.extensions [None req-249bd9e9-5f18-48dc-8c12-be5030c5ce2b None None] Extended resource: subnetpools {{(pid=87838) __init__ /opt/stack/neutron/neutron/api/extensions.py:156}}
Aug 03 20:11:13.790313 np0000006368 devstack@neutron-api.service[87838]: DEBUG neutron.api.extensions [None req-249bd9e9-5f18-48dc-8c12-be5030c5ce2b None None] Extended resource: subnetpools {{(pid=87838) __init__ /opt/stack/neutron/neutron/api/extensions.py:156}}
Aug 03 20:11:13.790850 np0000006368 devstack@neutron-api.service[87838]: DEBUG neutron.api.extensions [None req-249bd9e9-5f18-48dc-8c12-be5030c5ce2b None None] Extended resource: tags {{(pid=87838) __init__ /opt/stack/neutron/neutron/api/extensions.py:156}}
Aug 03 20:11:13.791563 np0000006368 devstack@neutron-api.service[87838]: DEBUG neutron.api.extensions [None req-249bd9e9-5f18-48dc-8c12-be5030c5ce2b None None] Extended resource: tags {{(pid=87838) __init__ /opt/stack/neutron/neutron/api/extensions.py:156}}
Aug 03 20:11:13.792256 np0000006368 devstack@neutron-api.service[87838]: DEBUG neutron.api.extensions [None req-249bd9e9-5f18-48dc-8c12-be5030c5ce2b None None] Extended resource: tags {{(pid=87838) __init__ /opt/stack/neutron/neutron/api/extensions.py:156}}
Aug 03 20:11:13.792807 np0000006368 devstack@neutron-api.service[87837]: DEBUG neutron.plugins.ml2.drivers.ovn.mech_driver.mech_driver [None req-81827b44-648c-4606-85c5-36d4133a85b5 None None] Hash Ring setup using WSGI start time 2026-08-03 20:11:07+00:00 {{(pid=87837) _init_hash_ring /opt/stack/neutron/neutron/plugins/ml2/drivers/ovn/mech_driver/mech_driver.py:404}}
Aug 03 20:11:13.793196 np0000006368 devstack@neutron-api.service[87838]: DEBUG neutron.api.extensions [None req-249bd9e9-5f18-48dc-8c12-be5030c5ce2b None None] Extended resource: tags {{(pid=87838) __init__ /opt/stack/neutron/neutron/api/extensions.py:156}}
Aug 03 20:11:13.793738 np0000006368 devstack@neutron-api.service[87838]: DEBUG neutron.api.extensions [None req-249bd9e9-5f18-48dc-8c12-be5030c5ce2b None None] Extended resource: tags {{(pid=87838) __init__ /opt/stack/neutron/neutron/api/extensions.py:156}}
Aug 03 20:11:13.794439 np0000006368 devstack@neutron-api.service[87838]: DEBUG neutron.api.extensions [None req-249bd9e9-5f18-48dc-8c12-be5030c5ce2b None None] Extended resource: tags {{(pid=87838) __init__ /opt/stack/neutron/neutron/api/extensions.py:156}}
Aug 03 20:11:13.795071 np0000006368 devstack@neutron-api.service[87838]: DEBUG neutron.api.extensions [None req-249bd9e9-5f18-48dc-8c12-be5030c5ce2b None None] Extended resource: tags {{(pid=87838) __init__ /opt/stack/neutron/neutron/api/extensions.py:156}}
Aug 03 20:11:13.795718 np0000006368 devstack@neutron-api.service[87838]: DEBUG neutron.api.extensions [None req-249bd9e9-5f18-48dc-8c12-be5030c5ce2b None None] Extended resource: tags {{(pid=87838) __init__ /opt/stack/neutron/neutron/api/extensions.py:156}}
Aug 03 20:11:13.796413 np0000006368 devstack@neutron-api.service[87838]: DEBUG neutron.api.extensions [None req-249bd9e9-5f18-48dc-8c12-be5030c5ce2b None None] Extended resource: tags {{(pid=87838) __init__ /opt/stack/neutron/neutron/api/extensions.py:156}}
Aug 03 20:11:13.797361 np0000006368 devstack@neutron-api.service[87838]: DEBUG neutron.api.extensions [None req-249bd9e9-5f18-48dc-8c12-be5030c5ce2b None None] Extended resource: tags {{(pid=87838) __init__ /opt/stack/neutron/neutron/api/extensions.py:156}}
Aug 03 20:11:13.799644 np0000006368 devstack@neutron-api.service[87837]: INFO neutron.db.ovn_hash_ring_db [None req-81827b44-648c-4606-85c5-36d4133a85b5 None None] Nodes from host "np0000006368" and group "mechanism_driver" removed from the Hash Ring created at 2026-08-03 20:11:07+00:00
Aug 03 20:11:13.803127 np0000006368 devstack@neutron-api.service[87837]: INFO neutron.db.ovn_hash_ring_db [None req-81827b44-648c-4606-85c5-36d4133a85b5 None None] Node e0703dea9198567698f15ebc1b6c0849 from host "np0000006368" and group "mechanism_driver" added to the Hash Ring
Aug 03 20:11:13.806128 np0000006368 devstack@neutron-api.service[87837]: DEBUG neutron.plugins.ml2.drivers.ovn.mech_driver.mech_driver [None req-81827b44-648c-4606-85c5-36d4133a85b5 None None] Hash Ring setup, this worker has detected 2 OVN hash ring registers in the database {{(pid=87837) _init_hash_ring /opt/stack/neutron/neutron/plugins/ml2/drivers/ovn/mech_driver/mech_driver.py:414}}
Aug 03 20:11:13.807483 np0000006368 devstack@neutron-api.service[87838]: DEBUG neutron_lib.callbacks.manager [None req-249bd9e9-5f18-48dc-8c12-be5030c5ce2b None None] Publish callbacks ['neutron.plugins.ml2.drivers.ovn.mech_driver.mech_driver.OVNMechanismDriver.pre_fork_initialize-198416'] for process (None), before_spawn {{(pid=87838) _notify_loop /opt/stack/data/venv/lib/python3.12/site-packages/neutron_lib/callbacks/manager.py:184}}
Aug 03 20:11:13.807860 np0000006368 devstack@neutron-api.service[87838]: DEBUG oslo_concurrency.processutils [None req-249bd9e9-5f18-48dc-8c12-be5030c5ce2b None None] Running cmd (subprocess): ovsdb-client transact ssl:10.4.3.211:6641 --timeout 180 -p /opt/stack/data/CA/int-ca/private/devstack-cert.key -c /opt/stack/data/CA/int-ca/devstack-cert.crt -C /opt/stack/data/CA/int-ca/ca-chain.pem ["OVN_Northbound", {"op": "wait", "timeout": 0, "table": "Port_Group", "where": [["name", "==", "neutron_pg_drop"]], "until": "==", "rows": []}, {"op": "insert", "table": "ACL", "row": {"action": "drop", "direction": "to-lport", "match": "outport == @neutron_pg_drop && ip", "priority": 1001}, "uuid-name": "droptoport"}, {"op": "insert", "table": "ACL", "row": {"action": "drop", "direction": "from-lport", "match": "inport == @neutron_pg_drop && ip", "priority": 1001}, "uuid-name": "dropfromport"}, {"op": "insert", "table": "Port_Group", "row": {"name": "neutron_pg_drop", "acls": ["set", [["named-uuid", "droptoport"], ["named-uuid", "dropfromport"]]]}}] {{(pid=87838) execute /opt/stack/data/venv/lib/python3.12/site-packages/oslo_concurrency/processutils.py:440}}
Aug 03 20:11:13.821986 np0000006368 devstack@neutron-api.service[87837]: DEBUG neutron.plugins.ml2.drivers.ovn.mech_driver.ovsdb.maintenance [None req-81827b44-648c-4606-85c5-36d4133a85b5 None None] Periodic task found: HashRingHealthCheckPeriodics.touch_hash_ring_node {{(pid=87837) add_periodics /opt/stack/neutron/neutron/plugins/ml2/drivers/ovn/mech_driver/ovsdb/maintenance.py:147}}
Aug 03 20:11:13.823421 np0000006368 devstack@neutron-api.service[87837]: INFO neutron.plugins.ml2.drivers.ovn.mech_driver.mech_driver [None req-81827b44-648c-4606-85c5-36d4133a85b5 None None] Hash Ring probing thread for node e0703dea9198567698f15ebc1b6c0849 has started
Aug 03 20:11:13.823997 np0000006368 devstack@neutron-api.service[87837]: INFO neutron.plugins.ml2.drivers.ovn.mech_driver.ovsdb.impl_idl_ovn [None req-81827b44-648c-4606-85c5-36d4133a85b5 None None] Getting OvsdbNbOvnIdl for WorkerService with retry
Aug 03 20:11:13.842304 np0000006368 devstack@neutron-api.service[87838]: DEBUG oslo_concurrency.processutils [None req-249bd9e9-5f18-48dc-8c12-be5030c5ce2b None None] CMD "ovsdb-client transact ssl:10.4.3.211:6641 --timeout 180 -p /opt/stack/data/CA/int-ca/private/devstack-cert.key -c /opt/stack/data/CA/int-ca/devstack-cert.crt -C /opt/stack/data/CA/int-ca/ca-chain.pem ["OVN_Northbound", {"op": "wait", "timeout": 0, "table": "Port_Group", "where": [["name", "==", "neutron_pg_drop"]], "until": "==", "rows": []}, {"op": "insert", "table": "ACL", "row": {"action": "drop", "direction": "to-lport", "match": "outport == @neutron_pg_drop && ip", "priority": 1001}, "uuid-name": "droptoport"}, {"op": "insert", "table": "ACL", "row": {"action": "drop", "direction": "from-lport", "match": "inport == @neutron_pg_drop && ip", "priority": 1001}, "uuid-name": "dropfromport"}, {"op": "insert", "table": "Port_Group", "row": {"name": "neutron_pg_drop", "acls": ["set", [["named-uuid", "droptoport"], ["named-uuid", "dropfromport"]]]}}]" returned: 0 in 0.034s {{(pid=87838) execute /opt/stack/data/venv/lib/python3.12/site-packages/oslo_concurrency/processutils.py:468}}
Aug 03 20:11:13.842820 np0000006368 devstack@neutron-api.service[87838]: DEBUG neutron_lib.callbacks.manager [None req-249bd9e9-5f18-48dc-8c12-be5030c5ce2b None None] Publish callbacks ['neutron.plugins.ml2.drivers.ovn.mech_driver.mech_driver.OVNMechanismDriver.post_fork_initialize-198456', 'neutron.services.pvlan.drivers.ovn.driver._initialize_pvlan_pg_drop-8781064868204', 'neutron.services.ovn_l3.plugin.OVNL3RouterPlugin._post_fork_initialize-4453'] for process (None), after_init {{(pid=87838) _notify_loop /opt/stack/data/venv/lib/python3.12/site-packages/neutron_lib/callbacks/manager.py:184}}
Aug 03 20:11:13.843254 np0000006368 devstack@neutron-api.service[87838]: DEBUG oslo_concurrency.lockutils [None req-249bd9e9-5f18-48dc-8c12-be5030c5ce2b None None] Acquiring lock "singleton_lock" {{(pid=87838) lock /opt/stack/data/venv/lib/python3.12/site-packages/oslo_concurrency/lockutils.py:396}}
Aug 03 20:11:13.843473 np0000006368 devstack@neutron-api.service[87838]: DEBUG oslo_concurrency.lockutils [None req-249bd9e9-5f18-48dc-8c12-be5030c5ce2b None None] Acquired lock "singleton_lock" {{(pid=87838) lock /opt/stack/data/venv/lib/python3.12/site-packages/oslo_concurrency/lockutils.py:399}}
Aug 03 20:11:13.843752 np0000006368 devstack@neutron-api.service[87838]: DEBUG oslo_concurrency.lockutils [None req-249bd9e9-5f18-48dc-8c12-be5030c5ce2b None None] Releasing lock "singleton_lock" {{(pid=87838) lock /opt/stack/data/venv/lib/python3.12/site-packages/oslo_concurrency/lockutils.py:419}}
Aug 03 20:11:13.846005 np0000006368 devstack@neutron-api.service[87838]: DEBUG neutron.plugins.ml2.drivers.ovn.mech_driver.mech_driver [None req-249bd9e9-5f18-48dc-8c12-be5030c5ce2b None None] Hash Ring setup using WSGI start time 2026-08-03 20:11:07+00:00 {{(pid=87838) _init_hash_ring /opt/stack/neutron/neutron/plugins/ml2/drivers/ovn/mech_driver/mech_driver.py:404}}
Aug 03 20:11:13.862111 np0000006368 devstack@neutron-api.service[87838]: INFO neutron.db.ovn_hash_ring_db [None req-249bd9e9-5f18-48dc-8c12-be5030c5ce2b None None] Nodes from host "np0000006368" and group "mechanism_driver" removed from the Hash Ring created at 2026-08-03 20:11:07+00:00
Aug 03 20:11:13.862111 np0000006368 devstack@neutron-api.service[87838]: INFO neutron.db.ovn_hash_ring_db [None req-249bd9e9-5f18-48dc-8c12-be5030c5ce2b None None] Node 9fbcd9100fa1576cbeb6762792a922f0 from host "np0000006368" and group "mechanism_driver" added to the Hash Ring
Aug 03 20:11:13.862111 np0000006368 devstack@neutron-api.service[87838]: DEBUG neutron.plugins.ml2.drivers.ovn.mech_driver.mech_driver [None req-249bd9e9-5f18-48dc-8c12-be5030c5ce2b None None] Hash Ring setup, this worker has detected 3 OVN hash ring registers in the database {{(pid=87838) _init_hash_ring /opt/stack/neutron/neutron/plugins/ml2/drivers/ovn/mech_driver/mech_driver.py:414}}
Aug 03 20:11:13.879094 np0000006368 devstack@neutron-api.service[87837]: DEBUG ovsdbapp.backend.ovs_idl [None req-81827b44-648c-4606-85c5-36d4133a85b5 None None] Created lookup_table index Logical_Switch.name {{(pid=87837) autocreate_indices /opt/stack/data/venv/lib/python3.12/site-packages/ovsdbapp/backend/ovs_idl/__init__.py:87}}
Aug 03 20:11:13.879268 np0000006368 devstack@neutron-api.service[87837]: DEBUG ovsdbapp.backend.ovs_idl [None req-81827b44-648c-4606-85c5-36d4133a85b5 None None] Created lookup_table index Logical_Router.name {{(pid=87837) autocreate_indices /opt/stack/data/venv/lib/python3.12/site-packages/ovsdbapp/backend/ovs_idl/__init__.py:87}}
Aug 03 20:11:13.879420 np0000006368 devstack@neutron-api.service[87837]: DEBUG ovsdbapp.backend.ovs_idl [None req-81827b44-648c-4606-85c5-36d4133a85b5 None None] Created lookup_table index Load_Balancer.name {{(pid=87837) autocreate_indices /opt/stack/data/venv/lib/python3.12/site-packages/ovsdbapp/backend/ovs_idl/__init__.py:87}}
Aug 03 20:11:13.879626 np0000006368 devstack@neutron-api.service[87837]: DEBUG ovsdbapp.backend.ovs_idl [None req-81827b44-648c-4606-85c5-36d4133a85b5 None None] Created schema index Copp.name {{(pid=87837) autocreate_indices /opt/stack/data/venv/lib/python3.12/site-packages/ovsdbapp/backend/ovs_idl/__init__.py:106}}
Aug 03 20:11:13.879755 np0000006368 devstack@neutron-api.service[87837]: DEBUG ovsdbapp.backend.ovs_idl [None req-81827b44-648c-4606-85c5-36d4133a85b5 None None] Created schema index Meter.name {{(pid=87837) autocreate_indices /opt/stack/data/venv/lib/python3.12/site-packages/ovsdbapp/backend/ovs_idl/__init__.py:106}}
Aug 03 20:11:13.879904 np0000006368 devstack@neutron-api.service[87837]: DEBUG ovsdbapp.backend.ovs_idl [None req-81827b44-648c-4606-85c5-36d4133a85b5 None None] Created schema index Load_Balancer_Group.name {{(pid=87837) autocreate_indices /opt/stack/data/venv/lib/python3.12/site-packages/ovsdbapp/backend/ovs_idl/__init__.py:106}}
Aug 03 20:11:13.880052 np0000006368 devstack@neutron-api.service[87837]: DEBUG ovsdbapp.backend.ovs_idl [None req-81827b44-648c-4606-85c5-36d4133a85b5 None None] Created schema index HA_Chassis_Group.name {{(pid=87837) autocreate_indices /opt/stack/data/venv/lib/python3.12/site-packages/ovsdbapp/backend/ovs_idl/__init__.py:106}}
Aug 03 20:11:13.880182 np0000006368 devstack@neutron-api.service[87837]: DEBUG ovsdbapp.backend.ovs_idl [None req-81827b44-648c-4606-85c5-36d4133a85b5 None None] Created schema index Address_Set.name {{(pid=87837) autocreate_indices /opt/stack/data/venv/lib/python3.12/site-packages/ovsdbapp/backend/ovs_idl/__init__.py:106}}
Aug 03 20:11:13.880322 np0000006368 devstack@neutron-api.service[87837]: DEBUG ovsdbapp.backend.ovs_idl [None req-81827b44-648c-4606-85c5-36d4133a85b5 None None] Created schema index Connection.target {{(pid=87837) autocreate_indices /opt/stack/data/venv/lib/python3.12/site-packages/ovsdbapp/backend/ovs_idl/__init__.py:106}}
Aug 03 20:11:13.881037 np0000006368 devstack@neutron-api.service[87838]: DEBUG neutron.plugins.ml2.drivers.ovn.mech_driver.ovsdb.maintenance [None req-249bd9e9-5f18-48dc-8c12-be5030c5ce2b None None] Periodic task found: HashRingHealthCheckPeriodics.touch_hash_ring_node {{(pid=87838) add_periodics /opt/stack/neutron/neutron/plugins/ml2/drivers/ovn/mech_driver/ovsdb/maintenance.py:147}}
Aug 03 20:11:13.882034 np0000006368 devstack@neutron-api.service[87838]: INFO neutron.plugins.ml2.drivers.ovn.mech_driver.mech_driver [None req-249bd9e9-5f18-48dc-8c12-be5030c5ce2b None None] Hash Ring probing thread for node 9fbcd9100fa1576cbeb6762792a922f0 has started
Aug 03 20:11:13.882445 np0000006368 devstack@neutron-api.service[87837]: DEBUG ovsdbapp.backend.ovs_idl [None req-81827b44-648c-4606-85c5-36d4133a85b5 None None] Created schema index Gateway_Chassis.name {{(pid=87837) autocreate_indices /opt/stack/data/venv/lib/python3.12/site-packages/ovsdbapp/backend/ovs_idl/__init__.py:106}}
Aug 03 20:11:13.883054 np0000006368 devstack@neutron-api.service[87837]: DEBUG ovsdbapp.backend.ovs_idl [None req-81827b44-648c-4606-85c5-36d4133a85b5 None None] Created schema index Mirror.name {{(pid=87837) autocreate_indices /opt/stack/data/venv/lib/python3.12/site-packages/ovsdbapp/backend/ovs_idl/__init__.py:106}}
Aug 03 20:11:13.883054 np0000006368 devstack@neutron-api.service[87837]: DEBUG ovsdbapp.backend.ovs_idl [None req-81827b44-648c-4606-85c5-36d4133a85b5 None None] Created schema index Chassis_Template_Var.chassis {{(pid=87837) autocreate_indices /opt/stack/data/venv/lib/python3.12/site-packages/ovsdbapp/backend/ovs_idl/__init__.py:106}}
Aug 03 20:11:13.883178 np0000006368 devstack@neutron-api.service[87838]: INFO neutron.plugins.ml2.drivers.ovn.mech_driver.ovsdb.impl_idl_ovn [None req-249bd9e9-5f18-48dc-8c12-be5030c5ce2b None None] Getting OvsdbNbOvnIdl for WorkerService with retry
Aug 03 20:11:13.883254 np0000006368 devstack@neutron-api.service[87837]: DEBUG ovsdbapp.backend.ovs_idl [None req-81827b44-648c-4606-85c5-36d4133a85b5 None None] Created schema index Logical_Router_Port.name {{(pid=87837) autocreate_indices /opt/stack/data/venv/lib/python3.12/site-packages/ovsdbapp/backend/ovs_idl/__init__.py:106}}
Aug 03 20:11:13.883254 np0000006368 devstack@neutron-api.service[87837]: DEBUG ovsdbapp.backend.ovs_idl [None req-81827b44-648c-4606-85c5-36d4133a85b5 None None] Created schema index Port_Group.name {{(pid=87837) autocreate_indices /opt/stack/data/venv/lib/python3.12/site-packages/ovsdbapp/backend/ovs_idl/__init__.py:106}}
Aug 03 20:11:13.883254 np0000006368 devstack@neutron-api.service[87837]: DEBUG ovsdbapp.backend.ovs_idl [None req-81827b44-648c-4606-85c5-36d4133a85b5 None None] Created schema index Logical_Switch_Port.name {{(pid=87837) autocreate_indices /opt/stack/data/venv/lib/python3.12/site-packages/ovsdbapp/backend/ovs_idl/__init__.py:106}}
Aug 03 20:11:13.886411 np0000006368 devstack@neutron-api.service[87837]: INFO ovsdbapp.backend.ovs_idl.vlog [None req-81827b44-648c-4606-85c5-36d4133a85b5 None None] ssl:10.4.3.211:6641: connecting...
Aug 03 20:11:13.892745 np0000006368 devstack@neutron-api.service[87837]: INFO ovsdbapp.backend.ovs_idl.vlog [None req-81827b44-648c-4606-85c5-36d4133a85b5 None None] ssl:10.4.3.211:6641: connected
Aug 03 20:11:13.928627 np0000006368 devstack@neutron-api.service[87837]: DEBUG neutron.common.ovn.hash_ring_manager [None req-81827b44-648c-4606-85c5-36d4133a85b5 None None] Allow caching, nodes 3>=3 {{(pid=87837) _wait_startup_before_caching /opt/stack/neutron/neutron/common/ovn/hash_ring_manager.py:71}}
Aug 03 20:11:13.932879 np0000006368 devstack@neutron-api.service[87838]: DEBUG ovsdbapp.backend.ovs_idl [None req-249bd9e9-5f18-48dc-8c12-be5030c5ce2b None None] Created lookup_table index Logical_Switch.name {{(pid=87838) autocreate_indices /opt/stack/data/venv/lib/python3.12/site-packages/ovsdbapp/backend/ovs_idl/__init__.py:87}}
Aug 03 20:11:13.933035 np0000006368 devstack@neutron-api.service[87838]: DEBUG ovsdbapp.backend.ovs_idl [None req-249bd9e9-5f18-48dc-8c12-be5030c5ce2b None None] Created lookup_table index Logical_Router.name {{(pid=87838) autocreate_indices /opt/stack/data/venv/lib/python3.12/site-packages/ovsdbapp/backend/ovs_idl/__init__.py:87}}
Aug 03 20:11:13.933187 np0000006368 devstack@neutron-api.service[87838]: DEBUG ovsdbapp.backend.ovs_idl [None req-249bd9e9-5f18-48dc-8c12-be5030c5ce2b None None] Created lookup_table index Load_Balancer.name {{(pid=87838) autocreate_indices /opt/stack/data/venv/lib/python3.12/site-packages/ovsdbapp/backend/ovs_idl/__init__.py:87}}
Aug 03 20:11:13.933933 np0000006368 devstack@neutron-api.service[87838]: DEBUG ovsdbapp.backend.ovs_idl [None req-249bd9e9-5f18-48dc-8c12-be5030c5ce2b None None] Created schema index Copp.name {{(pid=87838) autocreate_indices /opt/stack/data/venv/lib/python3.12/site-packages/ovsdbapp/backend/ovs_idl/__init__.py:106}}
Aug 03 20:11:13.933933 np0000006368 devstack@neutron-api.service[87838]: DEBUG ovsdbapp.backend.ovs_idl [None req-249bd9e9-5f18-48dc-8c12-be5030c5ce2b None None] Created schema index Meter.name {{(pid=87838) autocreate_indices /opt/stack/data/venv/lib/python3.12/site-packages/ovsdbapp/backend/ovs_idl/__init__.py:106}}
Aug 03 20:11:13.933933 np0000006368 devstack@neutron-api.service[87838]: DEBUG ovsdbapp.backend.ovs_idl [None req-249bd9e9-5f18-48dc-8c12-be5030c5ce2b None None] Created schema index Load_Balancer_Group.name {{(pid=87838) autocreate_indices /opt/stack/data/venv/lib/python3.12/site-packages/ovsdbapp/backend/ovs_idl/__init__.py:106}}
Aug 03 20:11:13.933933 np0000006368 devstack@neutron-api.service[87838]: DEBUG ovsdbapp.backend.ovs_idl [None req-249bd9e9-5f18-48dc-8c12-be5030c5ce2b None None] Created schema index HA_Chassis_Group.name {{(pid=87838) autocreate_indices /opt/stack/data/venv/lib/python3.12/site-packages/ovsdbapp/backend/ovs_idl/__init__.py:106}}
Aug 03 20:11:13.934118 np0000006368 devstack@neutron-api.service[87838]: DEBUG ovsdbapp.backend.ovs_idl [None req-249bd9e9-5f18-48dc-8c12-be5030c5ce2b None None] Created schema index Address_Set.name {{(pid=87838) autocreate_indices /opt/stack/data/venv/lib/python3.12/site-packages/ovsdbapp/backend/ovs_idl/__init__.py:106}}
Aug 03 20:11:13.934180 np0000006368 devstack@neutron-api.service[87837]: DEBUG neutron.common.ovn.hash_ring_manager [None req-81827b44-648c-4606-85c5-36d4133a85b5 None None] Hash Ring loaded. 3 active nodes. 0 offline nodes {{(pid=87837) _load_hash_ring /opt/stack/neutron/neutron/common/ovn/hash_ring_manager.py:110}}
Aug 03 20:11:13.934929 np0000006368 devstack@neutron-api.service[87838]: DEBUG ovsdbapp.backend.ovs_idl [None req-249bd9e9-5f18-48dc-8c12-be5030c5ce2b None None] Created schema index Connection.target {{(pid=87838) autocreate_indices /opt/stack/data/venv/lib/python3.12/site-packages/ovsdbapp/backend/ovs_idl/__init__.py:106}}
Aug 03 20:11:13.934929 np0000006368 devstack@neutron-api.service[87838]: DEBUG ovsdbapp.backend.ovs_idl [None req-249bd9e9-5f18-48dc-8c12-be5030c5ce2b None None] Created schema index Gateway_Chassis.name {{(pid=87838) autocreate_indices /opt/stack/data/venv/lib/python3.12/site-packages/ovsdbapp/backend/ovs_idl/__init__.py:106}}
Aug 03 20:11:13.935045 np0000006368 devstack@neutron-api.service[87837]: DEBUG neutron.plugins.ml2.drivers.ovn.mech_driver.ovsdb.ovsdb_monitor [None req-81827b44-648c-4606-85c5-36d4133a85b5 None None] Hash Ring: Node e0703dea9198567698f15ebc1b6c0849 (host: np0000006368) handling event "create" for row 24f5da8b-89b3-424f-854b-9827932cfafd (table: ACL) {{(pid=87837) notify /opt/stack/neutron/neutron/plugins/ml2/drivers/ovn/mech_driver/ovsdb/ovsdb_monitor.py:1099}}
Aug 03 20:11:13.935102 np0000006368 devstack@neutron-api.service[87838]: DEBUG ovsdbapp.backend.ovs_idl [None req-249bd9e9-5f18-48dc-8c12-be5030c5ce2b None None] Created schema index Mirror.name {{(pid=87838) autocreate_indices /opt/stack/data/venv/lib/python3.12/site-packages/ovsdbapp/backend/ovs_idl/__init__.py:106}}
Aug 03 20:11:13.935102 np0000006368 devstack@neutron-api.service[87838]: DEBUG ovsdbapp.backend.ovs_idl [None req-249bd9e9-5f18-48dc-8c12-be5030c5ce2b None None] Created schema index Chassis_Template_Var.chassis {{(pid=87838) autocreate_indices /opt/stack/data/venv/lib/python3.12/site-packages/ovsdbapp/backend/ovs_idl/__init__.py:106}}
Aug 03 20:11:13.935183 np0000006368 devstack@neutron-api.service[87837]: DEBUG neutron.plugins.ml2.drivers.ovn.mech_driver.ovsdb.ovsdb_monitor [None req-81827b44-648c-4606-85c5-36d4133a85b5 None None] Hash Ring: Node e0703dea9198567698f15ebc1b6c0849 (host: np0000006368) handling event "create" for row 5d5fb8e4-3c4a-429e-83a6-2c3d8d2e2756 (table: Port_Group) {{(pid=87837) notify /opt/stack/neutron/neutron/plugins/ml2/drivers/ovn/mech_driver/ovsdb/ovsdb_monitor.py:1099}}
Aug 03 20:11:13.935243 np0000006368 devstack@neutron-api.service[87838]: DEBUG ovsdbapp.backend.ovs_idl [None req-249bd9e9-5f18-48dc-8c12-be5030c5ce2b None None] Created schema index Logical_Router_Port.name {{(pid=87838) autocreate_indices /opt/stack/data/venv/lib/python3.12/site-packages/ovsdbapp/backend/ovs_idl/__init__.py:106}}
Aug 03 20:11:13.935243 np0000006368 devstack@neutron-api.service[87838]: DEBUG ovsdbapp.backend.ovs_idl [None req-249bd9e9-5f18-48dc-8c12-be5030c5ce2b None None] Created schema index Port_Group.name {{(pid=87838) autocreate_indices /opt/stack/data/venv/lib/python3.12/site-packages/ovsdbapp/backend/ovs_idl/__init__.py:106}}
Aug 03 20:11:13.935243 np0000006368 devstack@neutron-api.service[87838]: DEBUG ovsdbapp.backend.ovs_idl [None req-249bd9e9-5f18-48dc-8c12-be5030c5ce2b None None] Created schema index Logical_Switch_Port.name {{(pid=87838) autocreate_indices /opt/stack/data/venv/lib/python3.12/site-packages/ovsdbapp/backend/ovs_idl/__init__.py:106}}
Aug 03 20:11:13.936428 np0000006368 devstack@neutron-api.service[87837]: INFO neutron.plugins.ml2.drivers.ovn.mech_driver.ovsdb.impl_idl_ovn [None req-81827b44-648c-4606-85c5-36d4133a85b5 None None] Getting OvsdbSbOvnIdl for WorkerService with retry
Aug 03 20:11:13.937592 np0000006368 devstack@neutron-api.service[87838]: INFO ovsdbapp.backend.ovs_idl.vlog [None req-249bd9e9-5f18-48dc-8c12-be5030c5ce2b None None] ssl:10.4.3.211:6641: connecting...
Aug 03 20:11:13.944161 np0000006368 devstack@neutron-api.service[87838]: INFO ovsdbapp.backend.ovs_idl.vlog [None req-249bd9e9-5f18-48dc-8c12-be5030c5ce2b None None] ssl:10.4.3.211:6641: connected
Aug 03 20:11:13.965471 np0000006368 devstack@neutron-api.service[87837]: DEBUG ovsdbapp.backend.ovs_idl [None req-81827b44-648c-4606-85c5-36d4133a85b5 None None] Created lookup_table index Chassis.name {{(pid=87837) autocreate_indices /opt/stack/data/venv/lib/python3.12/site-packages/ovsdbapp/backend/ovs_idl/__init__.py:87}}
Aug 03 20:11:13.965471 np0000006368 devstack@neutron-api.service[87837]: DEBUG ovsdbapp.backend.ovs_idl [None req-81827b44-648c-4606-85c5-36d4133a85b5 None None] Created lookup_table index Port_Binding.logical_port {{(pid=87837) autocreate_indices /opt/stack/data/venv/lib/python3.12/site-packages/ovsdbapp/backend/ovs_idl/__init__.py:87}}
Aug 03 20:11:13.965471 np0000006368 devstack@neutron-api.service[87837]: DEBUG ovsdbapp.backend.ovs_idl [None req-81827b44-648c-4606-85c5-36d4133a85b5 None None] Created schema index Chassis_Private.name {{(pid=87837) autocreate_indices /opt/stack/data/venv/lib/python3.12/site-packages/ovsdbapp/backend/ovs_idl/__init__.py:106}}
Aug 03 20:11:13.965471 np0000006368 devstack@neutron-api.service[87837]: DEBUG ovsdbapp.backend.ovs_idl [None req-81827b44-648c-4606-85c5-36d4133a85b5 None None] Created schema index Datapath_Binding.tunnel_key {{(pid=87837) autocreate_indices /opt/stack/data/venv/lib/python3.12/site-packages/ovsdbapp/backend/ovs_idl/__init__.py:106}}
Aug 03 20:11:13.969049 np0000006368 devstack@neutron-api.service[87837]: INFO ovsdbapp.backend.ovs_idl.vlog [None req-81827b44-648c-4606-85c5-36d4133a85b5 None None] ssl:10.4.3.211:6642: connecting...
Aug 03 20:11:13.971904 np0000006368 devstack@neutron-api.service[87837]: INFO ovsdbapp.backend.ovs_idl.vlog [None req-81827b44-648c-4606-85c5-36d4133a85b5 None None] ssl:10.4.3.211:6642: connected
Aug 03 20:11:13.975128 np0000006368 devstack@neutron-api.service[87838]: DEBUG neutron.common.ovn.hash_ring_manager [None req-249bd9e9-5f18-48dc-8c12-be5030c5ce2b None None] Allow caching, nodes 3>=3 {{(pid=87838) _wait_startup_before_caching /opt/stack/neutron/neutron/common/ovn/hash_ring_manager.py:71}}
Aug 03 20:11:13.981221 np0000006368 devstack@neutron-api.service[87838]: DEBUG neutron.common.ovn.hash_ring_manager [None req-249bd9e9-5f18-48dc-8c12-be5030c5ce2b None None] Hash Ring loaded. 3 active nodes. 0 offline nodes {{(pid=87838) _load_hash_ring /opt/stack/neutron/neutron/common/ovn/hash_ring_manager.py:110}}
Aug 03 20:11:13.981996 np0000006368 devstack@neutron-api.service[87838]: DEBUG neutron.plugins.ml2.drivers.ovn.mech_driver.ovsdb.ovsdb_monitor [None req-249bd9e9-5f18-48dc-8c12-be5030c5ce2b None None] Hash Ring: Node 9fbcd9100fa1576cbeb6762792a922f0 (host: np0000006368) handling event "create" for row 2d9b66ec-7b77-40ba-af4c-7a1ad78f0adc (table: ACL) {{(pid=87838) notify /opt/stack/neutron/neutron/plugins/ml2/drivers/ovn/mech_driver/ovsdb/ovsdb_monitor.py:1099}}
