Aug 03 20:11:13.424983 np0000006368 devstack@neutron-api.service[87837]: DEBUG neutron_lib.callbacks.manager [None req-81827b44-648c-4606-85c5-36d4133a85b5 None None] Subscribe: > security_group after_create 55550000, False {{(pid=87837) subscribe /opt/stack/data/venv/lib/python3.12/site-packages/neutron_lib/callbacks/manager.py:52}}
Aug 03 20:11:13.425072 np0000006368 devstack@neutron-api.service[87837]: DEBUG neutron_lib.callbacks.manager [None req-81827b44-648c-4606-85c5-36d4133a85b5 None None] Subscribe: > security_group precommit_delete 55550000, False {{(pid=87837) subscribe /opt/stack/data/venv/lib/python3.12/site-packages/neutron_lib/callbacks/manager.py:52}}
Aug 03 20:11:13.425175 np0000006368 devstack@neutron-api.service[87837]: DEBUG neutron_lib.callbacks.manager [None req-81827b44-648c-4606-85c5-36d4133a85b5 None None] Subscribe: > security_group after_delete 55550000, False {{(pid=87837) subscribe /opt/stack/data/venv/lib/python3.12/site-packages/neutron_lib/callbacks/manager.py:52}}
Aug 03 20:11:13.425276 np0000006368 devstack@neutron-api.service[87837]: DEBUG neutron_lib.callbacks.manager [None req-81827b44-648c-4606-85c5-36d4133a85b5 None None] Subscribe: > security_group_rule precommit_create 55550000, False {{(pid=87837) subscribe /opt/stack/data/venv/lib/python3.12/site-packages/neutron_lib/callbacks/manager.py:52}}
Aug 03 20:11:13.425368 np0000006368 devstack@neutron-api.service[87837]: DEBUG neutron_lib.callbacks.manager [None req-81827b44-648c-4606-85c5-36d4133a85b5 None None] Subscribe: > security_group_rule after_create 55550000, False {{(pid=87837) subscribe /opt/stack/data/venv/lib/python3.12/site-packages/neutron_lib/callbacks/manager.py:52}}
Aug 03 20:11:13.425479 np0000006368 devstack@neutron-api.service[87837]: DEBUG neutron_lib.callbacks.manager [None req-81827b44-648c-4606-85c5-36d4133a85b5 None None] Subscribe: > security_group_rule before_delete 55550000, False {{(pid=87837) subscribe /opt/stack/data/venv/lib/python3.12/site-packages/neutron_lib/callbacks/manager.py:52}}
Aug 03 20:11:13.425605 np0000006368 devstack@neutron-api.service[87837]: DEBUG neutron_lib.callbacks.manager [None req-81827b44-648c-4606-85c5-36d4133a85b5 None None] Subscribe: > address_group after_create 55550000, False {{(pid=87837) subscribe /opt/stack/data/venv/lib/python3.12/site-packages/neutron_lib/callbacks/manager.py:52}}
Aug 03 20:11:13.425706 np0000006368 devstack@neutron-api.service[87837]: DEBUG neutron_lib.callbacks.manager [None req-81827b44-648c-4606-85c5-36d4133a85b5 None None] Subscribe: > address_group after_update 55550000, False {{(pid=87837) subscribe /opt/stack/data/venv/lib/python3.12/site-packages/neutron_lib/callbacks/manager.py:52}}
Aug 03 20:11:13.425797 np0000006368 devstack@neutron-api.service[87837]: DEBUG neutron_lib.callbacks.manager [None req-81827b44-648c-4606-85c5-36d4133a85b5 None None] Subscribe: > address_group after_delete 55550000, False {{(pid=87837) subscribe /opt/stack/data/venv/lib/python3.12/site-packages/neutron_lib/callbacks/manager.py:52}}
Aug 03 20:11:13.425997 np0000006368 devstack@neutron-api.service[87837]: DEBUG neutron_lib.callbacks.manager [None req-81827b44-648c-4606-85c5-36d4133a85b5 None None] Subscribe: > qos_plugin after_init 55550000, False {{(pid=87837) subscribe /opt/stack/data/venv/lib/python3.12/site-packages/neutron_lib/callbacks/manager.py:52}}
Aug 03 20:11:13.426136 np0000006368 devstack@neutron-api.service[87837]: DEBUG neutron_lib.callbacks.manager [None req-81827b44-648c-4606-85c5-36d4133a85b5 None None] Subscribe: > trunk_plugin after_init 55550000, False {{(pid=87837) subscribe /opt/stack/data/venv/lib/python3.12/site-packages/neutron_lib/callbacks/manager.py:52}}
Aug 03 20:11:13.426352 np0000006368 devstack@neutron-api.service[87837]: DEBUG neutron_lib.callbacks.manager [None req-81827b44-648c-4606-85c5-36d4133a85b5 None None] Subscribe: > logging-plugin after_init 55550000, False {{(pid=87837) subscribe /opt/stack/data/venv/lib/python3.12/site-packages/neutron_lib/callbacks/manager.py:52}}
Aug 03 20:11:13.426846 np0000006368 devstack@neutron-api.service[87837]: INFO neutron.services.logapi.drivers.ovn.driver [None req-81827b44-648c-4606-85c5-36d4133a85b5 None None] OVN logging driver registered
Aug 03 20:11:13.426946 np0000006368 devstack@neutron-api.service[87837]: DEBUG neutron_lib.callbacks.manager [None req-81827b44-648c-4606-85c5-36d4133a85b5 None None] Subscribe: ._register_pvlan_driver at 0x7fc802e33560> pvlan_plugin before_spawn 55550000, False {{(pid=87837) subscribe /opt/stack/data/venv/lib/python3.12/site-packages/neutron_lib/callbacks/manager.py:52}}
Aug 03 20:11:13.427042 np0000006368 devstack@neutron-api.service[87837]: DEBUG neutron_lib.callbacks.manager [None req-81827b44-648c-4606-85c5-36d4133a85b5 None None] Subscribe: process after_init 55550000, False {{(pid=87837) subscribe /opt/stack/data/venv/lib/python3.12/site-packages/neutron_lib/callbacks/manager.py:52}}
Aug 03 20:11:13.428529 np0000006368 devstack@neutron-api.service[87837]: DEBUG neutron.plugins.ml2.plugin [None req-81827b44-648c-4606-85c5-36d4133a85b5 None None] neutron.plugins.ml2.plugin.Ml2Plugin method _start_rpc_notifiers called with arguments () {} {{(pid=87837) wrapper /opt/stack/data/venv/lib/python3.12/site-packages/oslo_log/helpers.py:77}}
Aug 03 20:11:13.428806 np0000006368 devstack@neutron-api.service[87837]: DEBUG neutron_lib.callbacks.manager [None req-81827b44-648c-4606-85c5-36d4133a85b5 None None] Subscribe: > port after_create 55550000, False {{(pid=87837) subscribe /opt/stack/data/venv/lib/python3.12/site-packages/neutron_lib/callbacks/manager.py:52}}
Aug 03 20:11:13.428910 np0000006368 devstack@neutron-api.service[87837]: DEBUG neutron_lib.callbacks.manager [None req-81827b44-648c-4606-85c5-36d4133a85b5 None None] Subscribe: > port after_update 55550000, False {{(pid=87837) subscribe /opt/stack/data/venv/lib/python3.12/site-packages/neutron_lib/callbacks/manager.py:52}}
Aug 03 20:11:13.429007 np0000006368 devstack@neutron-api.service[87837]: DEBUG neutron_lib.callbacks.manager [None req-81827b44-648c-4606-85c5-36d4133a85b5 None None] Subscribe: > port after_delete 55550000, False {{(pid=87837) subscribe /opt/stack/data/venv/lib/python3.12/site-packages/neutron_lib/callbacks/manager.py:52}}
Aug 03 20:11:13.429109 np0000006368 devstack@neutron-api.service[87837]: DEBUG neutron_lib.callbacks.manager [None req-81827b44-648c-4606-85c5-36d4133a85b5 None None] Subscribe: > subnet after_create 55550000, False {{(pid=87837) subscribe /opt/stack/data/venv/lib/python3.12/site-packages/neutron_lib/callbacks/manager.py:52}}
Aug 03 20:11:13.429206 np0000006368 devstack@neutron-api.service[87837]: DEBUG neutron_lib.callbacks.manager [None req-81827b44-648c-4606-85c5-36d4133a85b5 None None] Subscribe: > subnet after_update 55550000, False {{(pid=87837) subscribe /opt/stack/data/venv/lib/python3.12/site-packages/neutron_lib/callbacks/manager.py:52}}
Aug 03 20:11:13.429303 np0000006368 devstack@neutron-api.service[87837]: DEBUG neutron_lib.callbacks.manager [None req-81827b44-648c-4606-85c5-36d4133a85b5 None None] Subscribe: > subnet after_delete 55550000, False {{(pid=87837) subscribe /opt/stack/data/venv/lib/python3.12/site-packages/neutron_lib/callbacks/manager.py:52}}
Aug 03 20:11:13.429425 np0000006368 devstack@neutron-api.service[87837]: DEBUG neutron_lib.callbacks.manager [None req-81827b44-648c-4606-85c5-36d4133a85b5 None None] Subscribe: > network after_create 55550000, False {{(pid=87837) subscribe /opt/stack/data/venv/lib/python3.12/site-packages/neutron_lib/callbacks/manager.py:52}}
Aug 03 20:11:13.429509 np0000006368 devstack@neutron-api.service[87837]: DEBUG neutron_lib.callbacks.manager [None req-81827b44-648c-4606-85c5-36d4133a85b5 None None] Subscribe: > network after_update 55550000, False {{(pid=87837) subscribe /opt/stack/data/venv/lib/python3.12/site-packages/neutron_lib/callbacks/manager.py:52}}
Aug 03 20:11:13.429608 np0000006368 devstack@neutron-api.service[87837]: DEBUG neutron_lib.callbacks.manager [None req-81827b44-648c-4606-85c5-36d4133a85b5 None None] Subscribe: > network after_delete 55550000, False {{(pid=87837) subscribe /opt/stack/data/venv/lib/python3.12/site-packages/neutron_lib/callbacks/manager.py:52}}
Aug 03 20:11:13.429706 np0000006368 devstack@neutron-api.service[87837]: DEBUG neutron_lib.callbacks.manager [None req-81827b44-648c-4606-85c5-36d4133a85b5 None None] Subscribe: > security_group after_create 55550000, False {{(pid=87837) subscribe /opt/stack/data/venv/lib/python3.12/site-packages/neutron_lib/callbacks/manager.py:52}}
Aug 03 20:11:13.429785 np0000006368 devstack@neutron-api.service[87837]: DEBUG neutron_lib.callbacks.manager [None req-81827b44-648c-4606-85c5-36d4133a85b5 None None] Subscribe: > security_group after_update 55550000, False {{(pid=87837) subscribe /opt/stack/data/venv/lib/python3.12/site-packages/neutron_lib/callbacks/manager.py:52}}
Aug 03 20:11:13.429877 np0000006368 devstack@neutron-api.service[87837]: DEBUG neutron_lib.callbacks.manager [None req-81827b44-648c-4606-85c5-36d4133a85b5 None None] Subscribe: > security_group after_delete 55550000, False {{(pid=87837) subscribe /opt/stack/data/venv/lib/python3.12/site-packages/neutron_lib/callbacks/manager.py:52}}
Aug 03 20:11:13.429994 np0000006368 devstack@neutron-api.service[87837]: DEBUG neutron_lib.callbacks.manager [None req-81827b44-648c-4606-85c5-36d4133a85b5 None None] Subscribe: > security_group_rule after_create 55550000, False {{(pid=87837) subscribe /opt/stack/data/venv/lib/python3.12/site-packages/neutron_lib/callbacks/manager.py:52}}
Aug 03 20:11:13.430084 np0000006368 devstack@neutron-api.service[87837]: DEBUG neutron_lib.callbacks.manager [None req-81827b44-648c-4606-85c5-36d4133a85b5 None None] Subscribe: > security_group_rule after_update 55550000, False {{(pid=87837) subscribe /opt/stack/data/venv/lib/python3.12/site-packages/neutron_lib/callbacks/manager.py:52}}
Aug 03 20:11:13.430198 np0000006368 devstack@neutron-api.service[87837]: DEBUG neutron_lib.callbacks.manager [None req-81827b44-648c-4606-85c5-36d4133a85b5 None None] Subscribe: > security_group_rule after_delete 55550000, False {{(pid=87837) subscribe /opt/stack/data/venv/lib/python3.12/site-packages/neutron_lib/callbacks/manager.py:52}}
Aug 03 20:11:13.430287 np0000006368 devstack@neutron-api.service[87837]: DEBUG neutron_lib.callbacks.manager [None req-81827b44-648c-4606-85c5-36d4133a85b5 None None] Subscribe: > address_group after_create 55550000, False {{(pid=87837) subscribe /opt/stack/data/venv/lib/python3.12/site-packages/neutron_lib/callbacks/manager.py:52}}
Aug 03 20:11:13.430392 np0000006368 devstack@neutron-api.service[87837]: DEBUG neutron_lib.callbacks.manager [None req-81827b44-648c-4606-85c5-36d4133a85b5 None None] Subscribe: > address_group after_update 55550000, False {{(pid=87837) subscribe /opt/stack/data/venv/lib/python3.12/site-packages/neutron_lib/callbacks/manager.py:52}}
Aug 03 20:11:13.430480 np0000006368 devstack@neutron-api.service[87837]: DEBUG neutron_lib.callbacks.manager [None req-81827b44-648c-4606-85c5-36d4133a85b5 None None] Subscribe: > address_group after_delete 55550000, False {{(pid=87837) subscribe /opt/stack/data/venv/lib/python3.12/site-packages/neutron_lib/callbacks/manager.py:52}}
Aug 03 20:11:13.430583 np0000006368 devstack@neutron-api.service[87837]: DEBUG neutron.plugins.ml2.ovo_rpc [None req-81827b44-648c-4606-85c5-36d4133a85b5 None None] ML2 OVO RPC backend initialized. {{(pid=87837) __init__ /opt/stack/neutron/neutron/plugins/ml2/ovo_rpc.py:117}}
Aug 03 20:11:13.431455 np0000006368 devstack@neutron-api.service[87837]: INFO neutron.quota [None req-81827b44-648c-4606-85c5-36d4133a85b5 None None] Loaded quota_driver: .
Aug 03 20:11:13.431695 np0000006368 devstack@neutron-api.service[87837]: INFO neutron.plugins.ml2.plugin [None req-81827b44-648c-4606-85c5-36d4133a85b5 None None] Modular L2 Plugin initialization complete
Aug 03 20:11:13.431695 np0000006368 devstack@neutron-api.service[87837]: DEBUG neutron.manager [None req-81827b44-648c-4606-85c5-36d4133a85b5 None None] Loading services supported by the core plugin {{(pid=87837) _load_services_from_core_plugin /opt/stack/neutron/neutron/manager.py:167}}
Aug 03 20:11:13.431986 np0000006368 devstack@neutron-api.service[87837]: INFO neutron.plugins.ml2.managers [None req-81827b44-648c-4606-85c5-36d4133a85b5 None None] Got port-security extension from driver 'port_security'
Aug 03 20:11:13.432083 np0000006368 devstack@neutron-api.service[87837]: DEBUG neutron.manager [None req-81827b44-648c-4606-85c5-36d4133a85b5 None None] Loading service plugins: ['ovn-router', 'auto_allocate', 'tag', 'timestamp', 'network_ip_availability', 'flavors', 'revisions'] {{(pid=87837) _load_service_plugins /opt/stack/neutron/neutron/manager.py:192}}
Aug 03 20:11:13.432186 np0000006368 devstack@neutron-api.service[87837]: INFO neutron.manager [None req-81827b44-648c-4606-85c5-36d4133a85b5 None None] Loading Plugin: ovn-router
Aug 03 20:11:13.442434 np0000006368 devstack@neutron-api.service[87837]: DEBUG neutron_lib.callbacks.manager [None req-81827b44-648c-4606-85c5-36d4133a85b5 None None] Subscribe: > router before_delete 55550000, False {{(pid=87837) subscribe /opt/stack/data/venv/lib/python3.12/site-packages/neutron_lib/callbacks/manager.py:52}}
Aug 03 20:11:13.442638 np0000006368 devstack@neutron-api.service[87837]: DEBUG neutron_lib.callbacks.manager [None req-81827b44-648c-4606-85c5-36d4133a85b5 None None] Subscribe: port before_update 55550000, False {{(pid=87837) subscribe /opt/stack/data/venv/lib/python3.12/site-packages/neutron_lib/callbacks/manager.py:52}}
Aug 03 20:11:13.442758 np0000006368 devstack@neutron-api.service[87837]: DEBUG neutron_lib.callbacks.manager [None req-81827b44-648c-4606-85c5-36d4133a85b5 None None] Subscribe: port after_update 55550000, False {{(pid=87837) subscribe /opt/stack/data/venv/lib/python3.12/site-packages/neutron_lib/callbacks/manager.py:52}}
Aug 03 20:11:13.442984 np0000006368 devstack@neutron-api.service[87837]: DEBUG neutron_lib.callbacks.manager [None req-81827b44-648c-4606-85c5-36d4133a85b5 None None] Subscribe: > port precommit_delete 55550000, False {{(pid=87837) subscribe /opt/stack/data/venv/lib/python3.12/site-packages/neutron_lib/callbacks/manager.py:52}}
Aug 03 20:11:13.442984 np0000006368 devstack@neutron-api.service[87837]: DEBUG neutron_lib.callbacks.manager [None req-81827b44-648c-4606-85c5-36d4133a85b5 None None] Subscribe: port before_update 55550000, False {{(pid=87837) subscribe /opt/stack/data/venv/lib/python3.12/site-packages/neutron_lib/callbacks/manager.py:52}}
Aug 03 20:11:13.443079 np0000006368 devstack@neutron-api.service[87837]: DEBUG neutron_lib.callbacks.manager [None req-81827b44-648c-4606-85c5-36d4133a85b5 None None] Subscribe: port before_delete 55550000, False {{(pid=87837) subscribe /opt/stack/data/venv/lib/python3.12/site-packages/neutron_lib/callbacks/manager.py:52}}
Aug 03 20:11:13.443259 np0000006368 devstack@neutron-api.service[87837]: DEBUG neutron_lib.callbacks.manager [None req-81827b44-648c-4606-85c5-36d4133a85b5 None None] Subscribe: > router precommit_create 55550000, False {{(pid=87837) subscribe /opt/stack/data/venv/lib/python3.12/site-packages/neutron_lib/callbacks/manager.py:52}}
Aug 03 20:11:13.443383 np0000006368 devstack@neutron-api.service[87837]: DEBUG neutron_lib.callbacks.manager [None req-81827b44-648c-4606-85c5-36d4133a85b5 None None] Subscribe: > router precommit_create 55550000, False {{(pid=87837) subscribe /opt/stack/data/venv/lib/python3.12/site-packages/neutron_lib/callbacks/manager.py:52}}
Aug 03 20:11:13.443500 np0000006368 devstack@neutron-api.service[87837]: DEBUG neutron_lib.callbacks.manager [None req-81827b44-648c-4606-85c5-36d4133a85b5 None None] Subscribe: > router precommit_update 55550000, False {{(pid=87837) subscribe /opt/stack/data/venv/lib/python3.12/site-packages/neutron_lib/callbacks/manager.py:52}}
Aug 03 20:11:13.443629 np0000006368 devstack@neutron-api.service[87837]: DEBUG neutron_lib.callbacks.manager [None req-81827b44-648c-4606-85c5-36d4133a85b5 None None] Subscribe: subnet after_update 55550000, False {{(pid=87837) subscribe /opt/stack/data/venv/lib/python3.12/site-packages/neutron_lib/callbacks/manager.py:52}}
Aug 03 20:11:13.443863 np0000006368 devstack@neutron-api.service[87837]: DEBUG neutron.quota.resource_registry [None req-81827b44-648c-4606-85c5-36d4133a85b5 None None] Tracking information for resource: router configured {{(pid=87837) set_tracked_resource /opt/stack/neutron/neutron/quota/resource_registry.py:203}}
Aug 03 20:11:13.443975 np0000006368 devstack@neutron-api.service[87837]: DEBUG neutron.quota.resource_registry [None req-81827b44-648c-4606-85c5-36d4133a85b5 None None] Tracking information for resource: floatingip configured {{(pid=87837) set_tracked_resource /opt/stack/neutron/neutron/quota/resource_registry.py:203}}
Aug 03 20:11:13.444048 np0000006368 devstack@neutron-api.service[87837]: INFO neutron.services.ovn_l3.plugin [None req-81827b44-648c-4606-85c5-36d4133a85b5 None None] Starting OVNL3RouterPlugin
Aug 03 20:11:13.444254 np0000006368 devstack@neutron-api.service[87837]: DEBUG neutron_lib.callbacks.manager [None req-81827b44-648c-4606-85c5-36d4133a85b5 None None] Subscribe: > port_forwarding_plugin after_init 55550000, False {{(pid=87837) subscribe /opt/stack/data/venv/lib/python3.12/site-packages/neutron_lib/callbacks/manager.py:52}}
Aug 03 20:11:13.444468 np0000006368 devstack@neutron-api.service[87837]: DEBUG neutron_lib.callbacks.manager [None req-81827b44-648c-4606-85c5-36d4133a85b5 None None] Subscribe: > router before_create 55550100, False {{(pid=87837) subscribe /opt/stack/data/venv/lib/python3.12/site-packages/neutron_lib/callbacks/manager.py:52}}
Aug 03 20:11:13.444673 np0000006368 devstack@neutron-api.service[87837]: DEBUG neutron_lib.callbacks.manager [None req-81827b44-648c-4606-85c5-36d4133a85b5 None None] Subscribe: > router precommit_delete 55550100, False {{(pid=87837) subscribe /opt/stack/data/venv/lib/python3.12/site-packages/neutron_lib/callbacks/manager.py:52}}
Aug 03 20:11:13.444673 np0000006368 devstack@neutron-api.service[87837]: DEBUG neutron_lib.callbacks.manager [None req-81827b44-648c-4606-85c5-36d4133a85b5 None None] Subscribe: > router precommit_create 55550100, False {{(pid=87837) subscribe /opt/stack/data/venv/lib/python3.12/site-packages/neutron_lib/callbacks/manager.py:52}}
Aug 03 20:11:13.444879 np0000006368 devstack@neutron-api.service[87837]: DEBUG neutron_lib.callbacks.manager [None req-81827b44-648c-4606-85c5-36d4133a85b5 None None] Subscribe: > router precommit_update 55550100, False {{(pid=87837) subscribe /opt/stack/data/venv/lib/python3.12/site-packages/neutron_lib/callbacks/manager.py:52}}
Aug 03 20:11:13.448015 np0000006368 devstack@neutron-api.service[87837]: DEBUG neutron.services.provider_configuration [None req-81827b44-648c-4606-85c5-36d4133a85b5 None None] Service providers = [] {{(pid=87837) parse_service_provider_opt /opt/stack/neutron/neutron/services/provider_configuration.py:170}}
Aug 03 20:11:13.448146 np0000006368 devstack@neutron-api.service[87837]: DEBUG neutron.db.servicetype_db [None req-81827b44-648c-4606-85c5-36d4133a85b5 None None] Adding provider configuration for service L3_ROUTER_NAT {{(pid=87837) add_provider_configuration /opt/stack/neutron/neutron/db/servicetype_db.py:45}}
Aug 03 20:11:13.449783 np0000006368 devstack@neutron-api.service[87837]: DEBUG neutron_lib.callbacks.manager [None req-81827b44-648c-4606-85c5-36d4133a85b5 None None] Subscribe: > router precommit_create 55549900, False {{(pid=87837) subscribe /opt/stack/data/venv/lib/python3.12/site-packages/neutron_lib/callbacks/manager.py:52}}
Aug 03 20:11:13.449903 np0000006368 devstack@neutron-api.service[87837]: DEBUG neutron_lib.callbacks.manager [None req-81827b44-648c-4606-85c5-36d4133a85b5 None None] Subscribe: > router_interface after_create 55550000, False {{(pid=87837) subscribe /opt/stack/data/venv/lib/python3.12/site-packages/neutron_lib/callbacks/manager.py:52}}
Aug 03 20:11:13.450017 np0000006368 devstack@neutron-api.service[87837]: DEBUG neutron_lib.callbacks.manager [None req-81827b44-648c-4606-85c5-36d4133a85b5 None None] Subscribe: > floatingip after_create 55550000, False {{(pid=87837) subscribe /opt/stack/data/venv/lib/python3.12/site-packages/neutron_lib/callbacks/manager.py:52}}
Aug 03 20:11:13.450121 np0000006368 devstack@neutron-api.service[87837]: DEBUG neutron_lib.callbacks.manager [None req-81827b44-648c-4606-85c5-36d4133a85b5 None None] Subscribe: > floatingip precommit_create 55550000, False {{(pid=87837) subscribe /opt/stack/data/venv/lib/python3.12/site-packages/neutron_lib/callbacks/manager.py:52}}
Aug 03 20:11:13.450243 np0000006368 devstack@neutron-api.service[87837]: DEBUG neutron_lib.callbacks.manager [None req-81827b44-648c-4606-85c5-36d4133a85b5 None None] Subscribe: > floatingip precommit_update 55550000, False {{(pid=87837) subscribe /opt/stack/data/venv/lib/python3.12/site-packages/neutron_lib/callbacks/manager.py:52}}
Aug 03 20:11:13.450339 np0000006368 devstack@neutron-api.service[87837]: DEBUG neutron_lib.callbacks.manager [None req-81827b44-648c-4606-85c5-36d4133a85b5 None None] Subscribe: > floatingip after_delete 55550000, False {{(pid=87837) subscribe /opt/stack/data/venv/lib/python3.12/site-packages/neutron_lib/callbacks/manager.py:52}}
Aug 03 20:11:13.450645 np0000006368 devstack@neutron-api.service[87837]: DEBUG neutron_lib.callbacks.manager [None req-81827b44-648c-4606-85c5-36d4133a85b5 None None] Subscribe: > floatingip after_status_update 55550000, False {{(pid=87837) subscribe /opt/stack/data/venv/lib/python3.12/site-packages/neutron_lib/callbacks/manager.py:52}}
Aug 03 20:11:13.450645 np0000006368 devstack@neutron-api.service[87837]: DEBUG neutron_lib.callbacks.manager [None req-81827b44-648c-4606-85c5-36d4133a85b5 None None] Subscribe: > floatingip after_update 55550000, False {{(pid=87837) subscribe /opt/stack/data/venv/lib/python3.12/site-packages/neutron_lib/callbacks/manager.py:52}}
Aug 03 20:11:13.450645 np0000006368 devstack@neutron-api.service[87837]: DEBUG neutron_lib.callbacks.manager [None req-81827b44-648c-4606-85c5-36d4133a85b5 None None] Subscribe: > port_forwarding after_create 55550000, False {{(pid=87837) subscribe /opt/stack/data/venv/lib/python3.12/site-packages/neutron_lib/callbacks/manager.py:52}}
Aug 03 20:11:13.450767 np0000006368 devstack@neutron-api.service[87837]: DEBUG neutron_lib.callbacks.manager [None req-81827b44-648c-4606-85c5-36d4133a85b5 None None] Subscribe: > router_interface after_delete 55550000, False {{(pid=87837) subscribe /opt/stack/data/venv/lib/python3.12/site-packages/neutron_lib/callbacks/manager.py:52}}
Aug 03 20:11:13.450853 np0000006368 devstack@neutron-api.service[87837]: DEBUG neutron_lib.callbacks.manager [None req-81827b44-648c-4606-85c5-36d4133a85b5 None None] Subscribe: > router after_create 55550000, False {{(pid=87837) subscribe /opt/stack/data/venv/lib/python3.12/site-packages/neutron_lib/callbacks/manager.py:52}}
Aug 03 20:11:13.450897 np0000006368 devstack@neutron-api.service[87837]: DEBUG neutron_lib.callbacks.manager [None req-81827b44-648c-4606-85c5-36d4133a85b5 None None] Subscribe: > router precommit_create 55550000, False {{(pid=87837) subscribe /opt/stack/data/venv/lib/python3.12/site-packages/neutron_lib/callbacks/manager.py:52}}
Aug 03 20:11:13.450988 np0000006368 devstack@neutron-api.service[87837]: DEBUG neutron_lib.callbacks.manager [None req-81827b44-648c-4606-85c5-36d4133a85b5 None None] Subscribe: > router after_delete 55550000, False {{(pid=87837) subscribe /opt/stack/data/venv/lib/python3.12/site-packages/neutron_lib/callbacks/manager.py:52}}
Aug 03 20:11:13.451075 np0000006368 devstack@neutron-api.service[87837]: DEBUG neutron_lib.callbacks.manager [None req-81827b44-648c-4606-85c5-36d4133a85b5 None None] Subscribe: > router after_update 55550000, False {{(pid=87837) subscribe /opt/stack/data/venv/lib/python3.12/site-packages/neutron_lib/callbacks/manager.py:52}}
Aug 03 20:11:13.451386 np0000006368 devstack@neutron-api.service[87837]: DEBUG neutron.services.service_base [None req-81827b44-648c-4606-85c5-36d4133a85b5 None None] Loaded 'neutron.services.ovn_l3.service_providers.ovn.OvnDriver' provider for service L3_ROUTER_NAT {{(pid=87837) load_drivers /opt/stack/neutron/neutron/services/service_base.py:49}}
Aug 03 20:11:13.451386 np0000006368 devstack@neutron-api.service[87837]: DEBUG neutron_lib.callbacks.manager [None req-81827b44-648c-4606-85c5-36d4133a85b5 None None] Subscribe: > process after_init 55550001, True {{(pid=87837) subscribe /opt/stack/data/venv/lib/python3.12/site-packages/neutron_lib/callbacks/manager.py:52}}
Aug 03 20:11:13.451985 np0000006368 devstack@neutron-api.service[87837]: DEBUG neutron.manager [None req-81827b44-648c-4606-85c5-36d4133a85b5 None None] Successfully loaded L3_ROUTER_NAT plugin. Description: L3 Router Service Plugin for basic L3 forwarding using OVN {{(pid=87837) _create_and_add_service_plugin /opt/stack/neutron/neutron/manager.py:236}}
Aug 03 20:11:13.451985 np0000006368 devstack@neutron-api.service[87837]: INFO neutron.manager [None req-81827b44-648c-4606-85c5-36d4133a85b5 None None] Loading Plugin: auto_allocate
Aug 03 20:11:13.452684 np0000006368 devstack@neutron-api.service[87837]: DEBUG neutron_lib.callbacks.manager [None req-81827b44-648c-4606-85c5-36d4133a85b5 None None] Subscribe: network precommit_update 55550000, False {{(pid=87837) subscribe /opt/stack/data/venv/lib/python3.12/site-packages/neutron_lib/callbacks/manager.py:52}}
Aug 03 20:11:13.452796 np0000006368 devstack@neutron-api.service[87837]: DEBUG neutron_lib.callbacks.manager [None req-81827b44-648c-4606-85c5-36d4133a85b5 None None] Subscribe: network precommit_create 55550000, False {{(pid=87837) subscribe /opt/stack/data/venv/lib/python3.12/site-packages/neutron_lib/callbacks/manager.py:52}}
Aug 03 20:11:13.453026 np0000006368 devstack@neutron-api.service[87837]: DEBUG neutron.manager [None req-81827b44-648c-4606-85c5-36d4133a85b5 None None] Successfully loaded auto-allocated-topology plugin. Description: Auto Allocated Topology - aka get me a network. {{(pid=87837) _create_and_add_service_plugin /opt/stack/neutron/neutron/manager.py:236}}
Aug 03 20:11:13.453126 np0000006368 devstack@neutron-api.service[87837]: INFO neutron.manager [None req-81827b44-648c-4606-85c5-36d4133a85b5 None None] Loading Plugin: tag
Aug 03 20:11:13.455913 np0000006368 devstack@neutron-api.service[87837]: DEBUG neutron.manager [None req-81827b44-648c-4606-85c5-36d4133a85b5 None None] Successfully loaded TAG plugin. Description: Tag support {{(pid=87837) _create_and_add_service_plugin /opt/stack/neutron/neutron/manager.py:236}}
Aug 03 20:11:13.456005 np0000006368 devstack@neutron-api.service[87837]: INFO neutron.manager [None req-81827b44-648c-4606-85c5-36d4133a85b5 None None] Loading Plugin: timestamp
Aug 03 20:11:13.457271 np0000006368 devstack@neutron-api.service[87837]: DEBUG neutron.manager [None req-81827b44-648c-4606-85c5-36d4133a85b5 None None] Successfully loaded timestamp plugin. Description: Adds timestamps to Neutron resources with standard attributes {{(pid=87837) _create_and_add_service_plugin /opt/stack/neutron/neutron/manager.py:236}}
Aug 03 20:11:13.457429 np0000006368 devstack@neutron-api.service[87837]: INFO neutron.manager [None req-81827b44-648c-4606-85c5-36d4133a85b5 None None] Loading Plugin: network_ip_availability
Aug 03 20:11:13.458957 np0000006368 devstack@neutron-api.service[87837]: DEBUG neutron.manager [None req-81827b44-648c-4606-85c5-36d4133a85b5 None None] Successfully loaded network-ip-availability plugin. Description: Provides IP availability data for each network and subnet. {{(pid=87837) _create_and_add_service_plugin /opt/stack/neutron/neutron/manager.py:236}}
Aug 03 20:11:13.459039 np0000006368 devstack@neutron-api.service[87837]: INFO neutron.manager [None req-81827b44-648c-4606-85c5-36d4133a85b5 None None] Loading Plugin: flavors
Aug 03 20:11:13.460162 np0000006368 devstack@neutron-api.service[87838]: INFO neutron.plugins.ml2.drivers.type_vlan [None req-249bd9e9-5f18-48dc-8c12-be5030c5ce2b None None] VlanTypeDriver initialization complete
Aug 03 20:11:13.460162 np0000006368 devstack@neutron-api.service[87838]: INFO neutron.plugins.ml2.managers [None req-249bd9e9-5f18-48dc-8c12-be5030c5ce2b None None] Initializing extension driver 'port_security'
Aug 03 20:11:13.460716 np0000006368 devstack@neutron-api.service[87837]: DEBUG neutron.manager [None req-81827b44-648c-4606-85c5-36d4133a85b5 None None] Successfully loaded FLAVORS plugin. Description: Neutron Flavors and Service Profiles manager plugin {{(pid=87837) _create_and_add_service_plugin /opt/stack/neutron/neutron/manager.py:236}}
Aug 03 20:11:13.460742 np0000006368 devstack@neutron-api.service[87838]: INFO neutron.plugins.ml2.extensions.port_security [None req-249bd9e9-5f18-48dc-8c12-be5030c5ce2b None None] PortSecurityExtensionDriver initialization complete
Aug 03 20:11:13.460768 np0000006368 devstack@neutron-api.service[87837]: INFO neutron.manager [None req-81827b44-648c-4606-85c5-36d4133a85b5 None None] Loading Plugin: revisions
Aug 03 20:11:13.460791 np0000006368 devstack@neutron-api.service[87838]: INFO neutron.plugins.ml2.managers [None req-249bd9e9-5f18-48dc-8c12-be5030c5ce2b None None] Initializing extension driver 'qos'
Aug 03 20:11:13.460791 np0000006368 devstack@neutron-api.service[87838]: DEBUG neutron.plugins.ml2.extensions.qos [None req-249bd9e9-5f18-48dc-8c12-be5030c5ce2b None None] QosExtensionDriver initialization complete {{(pid=87838) initialize /opt/stack/neutron/neutron/plugins/ml2/extensions/qos.py:31}}
Aug 03 20:11:13.460791 np0000006368 devstack@neutron-api.service[87838]: INFO neutron.plugins.ml2.managers [None req-249bd9e9-5f18-48dc-8c12-be5030c5ce2b None None] Initializing mechanism driver 'ovn'
Aug 03 20:11:13.460791 np0000006368 devstack@neutron-api.service[87838]: INFO neutron.plugins.ml2.drivers.ovn.mech_driver.mech_driver [None req-249bd9e9-5f18-48dc-8c12-be5030c5ce2b None None] Starting OVNMechanismDriver
Aug 03 20:11:13.461174 np0000006368 devstack@neutron-api.service[87837]: DEBUG neutron.manager [None req-81827b44-648c-4606-85c5-36d4133a85b5 None None] Successfully loaded revision_plugin plugin. Description: Adds revision numbers to resources. {{(pid=87837) _create_and_add_service_plugin /opt/stack/neutron/neutron/manager.py:236}}
Aug 03 20:11:13.461174 np0000006368 devstack@neutron-api.service[87837]: DEBUG oslo_concurrency.lockutils [None req-81827b44-648c-4606-85c5-36d4133a85b5 None None] Lock "manager" "released" by "neutron.manager.NeutronManager._create_instance" :: held 3.853s {{(pid=87837) inner /opt/stack/data/venv/lib/python3.12/site-packages/oslo_concurrency/lockutils.py:544}}
Aug 03 20:11:13.461500 np0000006368 devstack@neutron-api.service[87837]: DEBUG neutron.api.extensions [None req-81827b44-648c-4606-85c5-36d4133a85b5 None None] get_extension_paths = OrderedDict({'/opt/stack/neutron/neutron/extensions': 1}) {{(pid=87837) get_extensions_path /opt/stack/neutron/neutron/api/extensions.py:640}}
Aug 03 20:11:13.461500 np0000006368 devstack@neutron-api.service[87837]: INFO neutron.api.extensions [None req-81827b44-648c-4606-85c5-36d4133a85b5 None None] Initializing extension manager.
Aug 03 20:11:13.461748 np0000006368 devstack@neutron-api.service[87837]: DEBUG neutron.api.extensions [None req-81827b44-648c-4606-85c5-36d4133a85b5 None None] Loading extension file: __init__.py {{(pid=87837) _load_all_extensions_from_path /opt/stack/neutron/neutron/api/extensions.py:449}}
Aug 03 20:11:13.461794 np0000006368 devstack@neutron-api.service[87837]: DEBUG neutron.api.extensions [None req-81827b44-648c-4606-85c5-36d4133a85b5 None None] Loading extension file: __pycache__ {{(pid=87837) _load_all_extensions_from_path /opt/stack/neutron/neutron/api/extensions.py:449}}
Aug 03 20:11:13.461955 np0000006368 devstack@neutron-api.service[87837]: DEBUG neutron.api.extensions [None req-81827b44-648c-4606-85c5-36d4133a85b5 None None] Loading extension file: aap_reject_multicast.py {{(pid=87837) _load_all_extensions_from_path /opt/stack/neutron/neutron/api/extensions.py:449}}
Aug 03 20:11:13.462133 np0000006368 devstack@neutron-api.service[87838]: DEBUG neutron_lib.callbacks.manager [None req-249bd9e9-5f18-48dc-8c12-be5030c5ce2b None None] Subscribe: > process before_spawn 55550000, False {{(pid=87838) subscribe /opt/stack/data/venv/lib/python3.12/site-packages/neutron_lib/callbacks/manager.py:52}}
Aug 03 20:11:13.462133 np0000006368 devstack@neutron-api.service[87838]: DEBUG neutron_lib.callbacks.manager [None req-249bd9e9-5f18-48dc-8c12-be5030c5ce2b None None] Subscribe: > process after_init 55550000, True {{(pid=87838) subscribe /opt/stack/data/venv/lib/python3.12/site-packages/neutron_lib/callbacks/manager.py:52}}
Aug 03 20:11:13.462218 np0000006368 devstack@neutron-api.service[87837]: DEBUG neutron.api.extensions [None req-81827b44-648c-4606-85c5-36d4133a85b5 None None] Ext name="Allowed address pairs reject multicast extension" alias="aap-reject-multicast" description="Reject multicast addresses in Allowed Address Pairs" updated="2026-04-01T00:00:00-00:00" {{(pid=87837) _check_extension /opt/stack/neutron/neutron/api/extensions.py:415}}
Aug 03 20:11:13.462243 np0000006368 devstack@neutron-api.service[87838]: DEBUG neutron_lib.callbacks.manager [None req-249bd9e9-5f18-48dc-8c12-be5030c5ce2b None None] Subscribe: > segment after_create 55550000, False {{(pid=87838) subscribe /opt/stack/data/venv/lib/python3.12/site-packages/neutron_lib/callbacks/manager.py:52}}
Aug 03 20:11:13.462391 np0000006368 devstack@neutron-api.service[87838]: DEBUG neutron_lib.callbacks.manager [None req-249bd9e9-5f18-48dc-8c12-be5030c5ce2b None None] Subscribe: > segment after_create 55550000, False {{(pid=87838) subscribe /opt/stack/data/venv/lib/python3.12/site-packages/neutron_lib/callbacks/manager.py:52}}
Aug 03 20:11:13.462521 np0000006368 devstack@neutron-api.service[87837]: INFO neutron.api.extensions [None req-81827b44-648c-4606-85c5-36d4133a85b5 None None] Extension aap-reject-multicast not supported by any of loaded plugins
Aug 03 20:11:13.462735 np0000006368 devstack@neutron-api.service[87838]: DEBUG neutron_lib.callbacks.manager [None req-249bd9e9-5f18-48dc-8c12-be5030c5ce2b None None] Subscribe: > segment after_delete 55550000, False {{(pid=87838) subscribe /opt/stack/data/venv/lib/python3.12/site-packages/neutron_lib/callbacks/manager.py:52}}
Aug 03 20:11:13.462793 np0000006368 devstack@neutron-api.service[87837]: DEBUG neutron.api.extensions [None req-81827b44-648c-4606-85c5-36d4133a85b5 None None] Loading extension file: address_group.py {{(pid=87837) _load_all_extensions_from_path /opt/stack/neutron/neutron/api/extensions.py:449}}
Aug 03 20:11:13.462878 np0000006368 devstack@neutron-api.service[87838]: DEBUG neutron_lib.callbacks.manager [None req-249bd9e9-5f18-48dc-8c12-be5030c5ce2b None None] Subscribe: > allowed_address_pair before_create 55550000, False {{(pid=87838) subscribe /opt/stack/data/venv/lib/python3.12/site-packages/neutron_lib/callbacks/manager.py:52}}
Aug 03 20:11:13.462878 np0000006368 devstack@neutron-api.service[87838]: DEBUG neutron_lib.callbacks.manager [None req-249bd9e9-5f18-48dc-8c12-be5030c5ce2b None None] Subscribe: > security_group precommit_create 55550000, False {{(pid=87838) subscribe /opt/stack/data/venv/lib/python3.12/site-packages/neutron_lib/callbacks/manager.py:52}}
Aug 03 20:11:13.462878 np0000006368 devstack@neutron-api.service[87838]: DEBUG neutron_lib.callbacks.manager [None req-249bd9e9-5f18-48dc-8c12-be5030c5ce2b None None] Subscribe: > security_group after_update 55550000, False {{(pid=87838) subscribe /opt/stack/data/venv/lib/python3.12/site-packages/neutron_lib/callbacks/manager.py:52}}
Aug 03 20:11:13.462975 np0000006368 devstack@neutron-api.service[87837]: DEBUG neutron.api.extensions [None req-81827b44-648c-4606-85c5-36d4133a85b5 None None] Ext name="Address group" alias="address-group" description="Support address group" updated="2020-07-15T10:00:00-00:00" {{(pid=87837) _check_extension /opt/stack/neutron/neutron/api/extensions.py:415}}
Aug 03 20:11:13.463071 np0000006368 devstack@neutron-api.service[87838]: DEBUG neutron_lib.callbacks.manager [None req-249bd9e9-5f18-48dc-8c12-be5030c5ce2b None None] Subscribe: > security_group after_create 55550000, False {{(pid=87838) subscribe /opt/stack/data/venv/lib/python3.12/site-packages/neutron_lib/callbacks/manager.py:52}}
Aug 03 20:11:13.463071 np0000006368 devstack@neutron-api.service[87838]: DEBUG neutron_lib.callbacks.manager [None req-249bd9e9-5f18-48dc-8c12-be5030c5ce2b None None] Subscribe: > security_group precommit_delete 55550000, False {{(pid=87838) subscribe /opt/stack/data/venv/lib/python3.12/site-packages/neutron_lib/callbacks/manager.py:52}}
Aug 03 20:11:13.463131 np0000006368 devstack@neutron-api.service[87837]: INFO neutron.api.extensions [None req-81827b44-648c-4606-85c5-36d4133a85b5 None None] Loaded extension: address-group
Aug 03 20:11:13.463162 np0000006368 devstack@neutron-api.service[87838]: DEBUG neutron_lib.callbacks.manager [None req-249bd9e9-5f18-48dc-8c12-be5030c5ce2b None None] Subscribe: > security_group after_delete 55550000, False {{(pid=87838) subscribe /opt/stack/data/venv/lib/python3.12/site-packages/neutron_lib/callbacks/manager.py:52}}
Aug 03 20:11:13.463240 np0000006368 devstack@neutron-api.service[87837]: DEBUG neutron.api.extensions [None req-81827b44-648c-4606-85c5-36d4133a85b5 None None] Loading extension file: address_scope.py {{(pid=87837) _load_all_extensions_from_path /opt/stack/neutron/neutron/api/extensions.py:449}}
Aug 03 20:11:13.463284 np0000006368 devstack@neutron-api.service[87838]: DEBUG neutron_lib.callbacks.manager [None req-249bd9e9-5f18-48dc-8c12-be5030c5ce2b None None] Subscribe: > security_group_rule precommit_create 55550000, False {{(pid=87838) subscribe /opt/stack/data/venv/lib/python3.12/site-packages/neutron_lib/callbacks/manager.py:52}}
Aug 03 20:11:13.463284 np0000006368 devstack@neutron-api.service[87838]: DEBUG neutron_lib.callbacks.manager [None req-249bd9e9-5f18-48dc-8c12-be5030c5ce2b None None] Subscribe: > security_group_rule after_create 55550000, False {{(pid=87838) subscribe /opt/stack/data/venv/lib/python3.12/site-packages/neutron_lib/callbacks/manager.py:52}}
Aug 03 20:11:13.463451 np0000006368 devstack@neutron-api.service[87837]: DEBUG neutron.api.extensions [None req-81827b44-648c-4606-85c5-36d4133a85b5 None None] Ext name="Address scope" alias="address-scope" description="Address scopes extension." updated="2015-07-26T10:00:00-00:00" {{(pid=87837) _check_extension /opt/stack/neutron/neutron/api/extensions.py:415}}
Aug 03 20:11:13.463486 np0000006368 devstack@neutron-api.service[87838]: DEBUG neutron_lib.callbacks.manager [None req-249bd9e9-5f18-48dc-8c12-be5030c5ce2b None None] Subscribe: > security_group_rule before_delete 55550000, False {{(pid=87838) subscribe /opt/stack/data/venv/lib/python3.12/site-packages/neutron_lib/callbacks/manager.py:52}}
Aug 03 20:11:13.463961 np0000006368 devstack@neutron-api.service[87838]: DEBUG neutron_lib.callbacks.manager [None req-249bd9e9-5f18-48dc-8c12-be5030c5ce2b None None] Subscribe: > address_group after_create 55550000, False {{(pid=87838) subscribe /opt/stack/data/venv/lib/python3.12/site-packages/neutron_lib/callbacks/manager.py:52}}
Aug 03 20:11:13.464139 np0000006368 devstack@neutron-api.service[87837]: INFO neutron.api.extensions [None req-81827b44-648c-4606-85c5-36d4133a85b5 None None] Loaded extension: address-scope
Aug 03 20:11:13.464139 np0000006368 devstack@neutron-api.service[87837]: DEBUG neutron.api.extensions [None req-81827b44-648c-4606-85c5-36d4133a85b5 None None] Loading extension file: admin_state_down_before_update.py {{(pid=87837) _load_all_extensions_from_path /opt/stack/neutron/neutron/api/extensions.py:449}}
Aug 03 20:11:13.464456 np0000006368 devstack@neutron-api.service[87838]: DEBUG neutron_lib.callbacks.manager [None req-249bd9e9-5f18-48dc-8c12-be5030c5ce2b None None] Subscribe: > address_group after_update 55550000, False {{(pid=87838) subscribe /opt/stack/data/venv/lib/python3.12/site-packages/neutron_lib/callbacks/manager.py:52}}
Aug 03 20:11:13.464456 np0000006368 devstack@neutron-api.service[87838]: DEBUG neutron_lib.callbacks.manager [None req-249bd9e9-5f18-48dc-8c12-be5030c5ce2b None None] Subscribe: > address_group after_delete 55550000, False {{(pid=87838) subscribe /opt/stack/data/venv/lib/python3.12/site-packages/neutron_lib/callbacks/manager.py:52}}
Aug 03 20:11:13.464691 np0000006368 devstack@neutron-api.service[87837]: DEBUG neutron.api.extensions [None req-81827b44-648c-4606-85c5-36d4133a85b5 None None] Ext name="Enforce Router's Admin State Down Before Update Extension" alias="router-admin-state-down-before-update" description="Ensure that the admin state of a router is DOWN (admin_state_up=False) before updating the distributed attribute" updated="2019-07-02T15:56:00" {{(pid=87837) _check_extension /opt/stack/neutron/neutron/api/extensions.py:415}}
Aug 03 20:11:13.464777 np0000006368 devstack@neutron-api.service[87838]: DEBUG neutron_lib.callbacks.manager [None req-249bd9e9-5f18-48dc-8c12-be5030c5ce2b None None] Subscribe: > qos_plugin after_init 55550000, False {{(pid=87838) subscribe /opt/stack/data/venv/lib/python3.12/site-packages/neutron_lib/callbacks/manager.py:52}}
Aug 03 20:11:13.464851 np0000006368 devstack@neutron-api.service[87837]: INFO neutron.api.extensions [None req-81827b44-648c-4606-85c5-36d4133a85b5 None None] Extension router-admin-state-down-before-update not supported by any of loaded plugins
Aug 03 20:11:13.464851 np0000006368 devstack@neutron-api.service[87837]: DEBUG neutron.api.extensions [None req-81827b44-648c-4606-85c5-36d4133a85b5 None None] Loading extension file: agent.py {{(pid=87837) _load_all_extensions_from_path /opt/stack/neutron/neutron/api/extensions.py:449}}
Aug 03 20:11:13.464975 np0000006368 devstack@neutron-api.service[87838]: DEBUG neutron_lib.callbacks.manager [None req-249bd9e9-5f18-48dc-8c12-be5030c5ce2b None None] Subscribe: > trunk_plugin after_init 55550000, False {{(pid=87838) subscribe /opt/stack/data/venv/lib/python3.12/site-packages/neutron_lib/callbacks/manager.py:52}}
Aug 03 20:11:13.465002 np0000006368 devstack@neutron-api.service[87837]: DEBUG neutron.api.extensions [None req-81827b44-648c-4606-85c5-36d4133a85b5 None None] Ext name="agent" alias="agent" description="The agent management extension." updated="2013-02-03T10:00:00-00:00" {{(pid=87837) _check_extension /opt/stack/neutron/neutron/api/extensions.py:415}}
Aug 03 20:11:13.465026 np0000006368 devstack@neutron-api.service[87838]: DEBUG neutron_lib.callbacks.manager [None req-249bd9e9-5f18-48dc-8c12-be5030c5ce2b None None] Subscribe: > logging-plugin after_init 55550000, False {{(pid=87838) subscribe /opt/stack/data/venv/lib/python3.12/site-packages/neutron_lib/callbacks/manager.py:52}}
Aug 03 20:11:13.465075 np0000006368 devstack@neutron-api.service[87837]: INFO neutron.api.extensions [None req-81827b44-648c-4606-85c5-36d4133a85b5 None None] Loaded extension: agent
Aug 03 20:11:13.465075 np0000006368 devstack@neutron-api.service[87837]: DEBUG neutron.api.extensions [None req-81827b44-648c-4606-85c5-36d4133a85b5 None None] Loading extension file: agent_resources_synced.py {{(pid=87837) _load_all_extensions_from_path /opt/stack/neutron/neutron/api/extensions.py:449}}
Aug 03 20:11:13.465075 np0000006368 devstack@neutron-api.service[87837]: DEBUG neutron.api.extensions [None req-81827b44-648c-4606-85c5-36d4133a85b5 None None] Ext name="Agent's Resource View Synced to Placement" alias="agent-resources-synced" description="Stores success/failure of last sync to Placement" updated="2018-12-19T00:00:00-00:00" {{(pid=87837) _check_extension /opt/stack/neutron/neutron/api/extensions.py:415}}
Aug 03 20:11:13.465143 np0000006368 devstack@neutron-api.service[87838]: INFO neutron.services.logapi.drivers.ovn.driver [None req-249bd9e9-5f18-48dc-8c12-be5030c5ce2b None None] OVN logging driver registered
Aug 03 20:11:13.465143 np0000006368 devstack@neutron-api.service[87838]: DEBUG neutron_lib.callbacks.manager [None req-249bd9e9-5f18-48dc-8c12-be5030c5ce2b None None] Subscribe: ._register_pvlan_driver at 0x7fc80364ff60> pvlan_plugin before_spawn 55550000, False {{(pid=87838) subscribe /opt/stack/data/venv/lib/python3.12/site-packages/neutron_lib/callbacks/manager.py:52}}
Aug 03 20:11:13.465181 np0000006368 devstack@neutron-api.service[87837]: INFO neutron.api.extensions [None req-81827b44-648c-4606-85c5-36d4133a85b5 None None] Extension agent-resources-synced not supported by any of loaded plugins
Aug 03 20:11:13.465181 np0000006368 devstack@neutron-api.service[87837]: DEBUG neutron.api.extensions [None req-81827b44-648c-4606-85c5-36d4133a85b5 None None] Loading extension file: agent_sort_key.py {{(pid=87837) _load_all_extensions_from_path /opt/stack/neutron/neutron/api/extensions.py:449}}
Aug 03 20:11:13.465217 np0000006368 devstack@neutron-api.service[87838]: DEBUG neutron_lib.callbacks.manager [None req-249bd9e9-5f18-48dc-8c12-be5030c5ce2b None None] Subscribe: process after_init 55550000, False {{(pid=87838) subscribe /opt/stack/data/venv/lib/python3.12/site-packages/neutron_lib/callbacks/manager.py:52}}
Aug 03 20:11:13.465548 np0000006368 devstack@neutron-api.service[87837]: DEBUG neutron.api.extensions [None req-81827b44-648c-4606-85c5-36d4133a85b5 None None] Ext name="Agents Sort Key" alias="agent_sort_key" description="Enabling the keyword sort_key for sorting in agents." updated="2013-02-03T10:00:00-00:00" {{(pid=87837) _check_extension /opt/stack/neutron/neutron/api/extensions.py:415}}
Aug 03 20:11:13.465631 np0000006368 devstack@neutron-api.service[87837]: INFO neutron.api.extensions [None req-81827b44-648c-4606-85c5-36d4133a85b5 None None] Extension agent_sort_key not supported by any of loaded plugins
Aug 03 20:11:13.465816 np0000006368 devstack@neutron-api.service[87837]: DEBUG neutron.api.extensions [None req-81827b44-648c-4606-85c5-36d4133a85b5 None None] Loading extension file: allowedaddresspairs.py {{(pid=87837) _load_all_extensions_from_path /opt/stack/neutron/neutron/api/extensions.py:449}}
Aug 03 20:11:13.466495 np0000006368 devstack@neutron-api.service[87837]: DEBUG neutron.api.extensions [None req-81827b44-648c-4606-85c5-36d4133a85b5 None None] Ext name="Allowed Address Pairs" alias="allowed-address-pairs" description="Provides allowed address pairs" updated="2013-07-23T10:00:00-00:00" {{(pid=87837) _check_extension /opt/stack/neutron/neutron/api/extensions.py:415}}
Aug 03 20:11:13.466683 np0000006368 devstack@neutron-api.service[87837]: INFO neutron.api.extensions [None req-81827b44-648c-4606-85c5-36d4133a85b5 None None] Loaded extension: allowed-address-pairs
Aug 03 20:11:13.466791 np0000006368 devstack@neutron-api.service[87837]: DEBUG neutron.api.extensions [None req-81827b44-648c-4606-85c5-36d4133a85b5 None None] Loading extension file: auto_allocated_topology.py {{(pid=87837) _load_all_extensions_from_path /opt/stack/neutron/neutron/api/extensions.py:449}}
Aug 03 20:11:13.466889 np0000006368 devstack@neutron-api.service[87838]: DEBUG neutron.plugins.ml2.plugin [None req-249bd9e9-5f18-48dc-8c12-be5030c5ce2b None None] neutron.plugins.ml2.plugin.Ml2Plugin method _start_rpc_notifiers called with arguments () {} {{(pid=87838) wrapper /opt/stack/data/venv/lib/python3.12/site-packages/oslo_log/helpers.py:77}}
Aug 03 20:11:13.467034 np0000006368 devstack@neutron-api.service[87837]: DEBUG neutron.api.extensions [None req-81827b44-648c-4606-85c5-36d4133a85b5 None None] Ext name="Auto Allocated Topology Services" alias="auto-allocated-topology" description="Auto Allocated Topology Services." updated="2016-01-01T00:00:00-00:00" {{(pid=87837) _check_extension /opt/stack/neutron/neutron/api/extensions.py:415}}
Aug 03 20:11:13.467159 np0000006368 devstack@neutron-api.service[87838]: DEBUG neutron_lib.callbacks.manager [None req-249bd9e9-5f18-48dc-8c12-be5030c5ce2b None None] Subscribe: > port after_create 55550000, False {{(pid=87838) subscribe /opt/stack/data/venv/lib/python3.12/site-packages/neutron_lib/callbacks/manager.py:52}}
Aug 03 20:11:13.467277 np0000006368 devstack@neutron-api.service[87837]: INFO neutron.api.extensions [None req-81827b44-648c-4606-85c5-36d4133a85b5 None None] Loaded extension: auto-allocated-topology
Aug 03 20:11:13.467341 np0000006368 devstack@neutron-api.service[87838]: DEBUG neutron_lib.callbacks.manager [None req-249bd9e9-5f18-48dc-8c12-be5030c5ce2b None None] Subscribe: > port after_update 55550000, False {{(pid=87838) subscribe /opt/stack/data/venv/lib/python3.12/site-packages/neutron_lib/callbacks/manager.py:52}}
Aug 03 20:11:13.467399 np0000006368 devstack@neutron-api.service[87837]: DEBUG neutron.api.extensions [None req-81827b44-648c-4606-85c5-36d4133a85b5 None None] Loading extension file: availability_zone.py {{(pid=87837) _load_all_extensions_from_path /opt/stack/neutron/neutron/api/extensions.py:449}}
Aug 03 20:11:13.467506 np0000006368 devstack@neutron-api.service[87838]: DEBUG neutron_lib.callbacks.manager [None req-249bd9e9-5f18-48dc-8c12-be5030c5ce2b None None] Subscribe: > port after_delete 55550000, False {{(pid=87838) subscribe /opt/stack/data/venv/lib/python3.12/site-packages/neutron_lib/callbacks/manager.py:52}}
Aug 03 20:11:13.467506 np0000006368 devstack@neutron-api.service[87838]: DEBUG neutron_lib.callbacks.manager [None req-249bd9e9-5f18-48dc-8c12-be5030c5ce2b None None] Subscribe: > subnet after_create 55550000, False {{(pid=87838) subscribe /opt/stack/data/venv/lib/python3.12/site-packages/neutron_lib/callbacks/manager.py:52}}
