Aug 24 20:51:17.484586 np0000008015 systemd[1]: Starting devstack@n-api-meta.service - Devstack devstack@n-api-meta.service...
Aug 24 20:51:17.490723 np0000008015 devstack@n-api-meta.service[96126]: [uWSGI] getting INI configuration from /etc/nova/nova-metadata-uwsgi.ini
Aug 24 20:51:17.493174 np0000008015 devstack@n-api-meta.service[96126]: *** Starting uWSGI 2.0.24-debian (64bit) on [Mon Aug 24 20:51:17 2026] ***
Aug 24 20:51:17.493174 np0000008015 devstack@n-api-meta.service[96126]: compiled with version: 13.2.0 on 17 April 2024 16:23:48
Aug 24 20:51:17.493174 np0000008015 devstack@n-api-meta.service[96126]: os: Linux-6.8.0-100-generic #100-Ubuntu SMP PREEMPT_DYNAMIC Tue Jan 13 16:40:06 UTC 2026
Aug 24 20:51:17.493174 np0000008015 devstack@n-api-meta.service[96126]: nodename: np0000008015
Aug 24 20:51:17.493174 np0000008015 devstack@n-api-meta.service[96126]: machine: x86_64
Aug 24 20:51:17.493174 np0000008015 devstack@n-api-meta.service[96126]: clock source: unix
Aug 24 20:51:17.493174 np0000008015 devstack@n-api-meta.service[96126]: pcre jit disabled
Aug 24 20:51:17.493174 np0000008015 devstack@n-api-meta.service[96126]: detected number of CPU cores: 16
Aug 24 20:51:17.493174 np0000008015 devstack@n-api-meta.service[96126]: current working directory: /
Aug 24 20:51:17.493174 np0000008015 devstack@n-api-meta.service[96126]: detected binary path: /usr/bin/uwsgi-core
Aug 24 20:51:17.493174 np0000008015 devstack@n-api-meta.service[96126]: your processes number limit is 257052
Aug 24 20:51:17.493463 np0000008015 devstack@n-api-meta.service[96126]: your memory page size is 4096 bytes
Aug 24 20:51:17.493463 np0000008015 devstack@n-api-meta.service[96126]: detected max file descriptor number: 2048
Aug 24 20:51:17.493463 np0000008015 devstack@n-api-meta.service[96126]: lock engine: pthread robust mutexes
Aug 24 20:51:17.493463 np0000008015 devstack@n-api-meta.service[96126]: thunder lock: enabled
Aug 24 20:51:17.493707 np0000008015 devstack@n-api-meta.service[96126]: uWSGI http bound on 0.0.0.0:8775 fd 5
Aug 24 20:51:17.493755 np0000008015 devstack@n-api-meta.service[96126]: uwsgi socket 0 bound to TCP address 127.0.0.1:37103 (port auto-assigned) fd 4
Aug 24 20:51:17.493779 np0000008015 devstack@n-api-meta.service[96126]: Python version: 3.12.3 (main, Jun 19 2026, 12:46:00) [GCC 13.3.0]
Aug 24 20:51:17.493779 np0000008015 devstack@n-api-meta.service[96126]: PEP 405 virtualenv detected: /opt/stack/data/venv
Aug 24 20:51:17.493779 np0000008015 devstack@n-api-meta.service[96126]: Set PythonHome to /opt/stack/data/venv
Aug 24 20:51:17.526285 np0000008015 devstack@n-api-meta.service[96126]: Python main interpreter initialized at 0x713b7a8a4668
Aug 24 20:51:17.526285 np0000008015 devstack@n-api-meta.service[96126]: python threads support enabled
Aug 24 20:51:17.526285 np0000008015 devstack@n-api-meta.service[96126]: your server socket listen backlog is limited to 100 connections
Aug 24 20:51:17.526285 np0000008015 devstack@n-api-meta.service[96126]: your mercy for graceful operations on workers is 80 seconds
Aug 24 20:51:17.526812 np0000008015 devstack@n-api-meta.service[96126]: mapped 671795 bytes (656 KB) for 4 cores
Aug 24 20:51:17.526930 np0000008015 devstack@n-api-meta.service[96126]: *** Operational MODE: preforking ***
Aug 24 20:51:17.527127 np0000008015 devstack@n-api-meta.service[96126]: *** uWSGI is running in multiple interpreter mode ***
Aug 24 20:51:17.527127 np0000008015 devstack@n-api-meta.service[96126]: spawned uWSGI master process (pid: 96126)
Aug 24 20:51:17.527300 np0000008015 systemd[1]: Started devstack@n-api-meta.service - Devstack devstack@n-api-meta.service.
Aug 24 20:51:17.527708 np0000008015 devstack@n-api-meta.service[96126]: spawned uWSGI worker 1 (pid: 96129, cores: 1)
Aug 24 20:51:17.528259 np0000008015 devstack@n-api-meta.service[96126]: spawned uWSGI worker 2 (pid: 96130, cores: 1)
Aug 24 20:51:17.528742 np0000008015 devstack@n-api-meta.service[96126]: spawned uWSGI worker 3 (pid: 96131, cores: 1)
Aug 24 20:51:17.529221 np0000008015 devstack@n-api-meta.service[96126]: spawned uWSGI worker 4 (pid: 96132, cores: 1)
Aug 24 20:51:17.529800 np0000008015 devstack@n-api-meta.service[96126]: spawned uWSGI http 1 (pid: 96133)
Aug 24 20:51:17.529800 np0000008015 devstack@n-api-meta.service[96126]: running "unix_signal:15 gracefully_kill_them_all" (master-start)...
Aug 24 20:51:19.159998 np0000008015 devstack@n-api-meta.service[96131]: INFO dbcounter [None req-82db9700-f390-4987-a978-a91e0dca2aff None None] Registered counter for database nova_api
Aug 24 20:51:19.160563 np0000008015 devstack@n-api-meta.service[96130]: INFO dbcounter [None req-0140d34a-e9fc-4e69-a6c9-da1821f65d13 None None] Registered counter for database nova_api
Aug 24 20:51:19.200849 np0000008015 devstack@n-api-meta.service[96130]: DEBUG oslo_db.sqlalchemy.engines [None req-0140d34a-e9fc-4e69-a6c9-da1821f65d13 None None] MySQL server mode set to STRICT_TRANS_TABLES,STRICT_ALL_TABLES,NO_ZERO_IN_DATE,NO_ZERO_DATE,ERROR_FOR_DIVISION_BY_ZERO,TRADITIONAL,NO_ENGINE_SUBSTITUTION {{(pid=96130) _check_effective_sql_mode /opt/stack/data/venv/lib/python3.12/site-packages/oslo_db/sqlalchemy/engines.py:325}}
Aug 24 20:51:19.204942 np0000008015 devstack@n-api-meta.service[96131]: DEBUG oslo_db.sqlalchemy.engines [None req-82db9700-f390-4987-a978-a91e0dca2aff None None] MySQL server mode set to STRICT_TRANS_TABLES,STRICT_ALL_TABLES,NO_ZERO_IN_DATE,NO_ZERO_DATE,ERROR_FOR_DIVISION_BY_ZERO,TRADITIONAL,NO_ENGINE_SUBSTITUTION {{(pid=96131) _check_effective_sql_mode /opt/stack/data/venv/lib/python3.12/site-packages/oslo_db/sqlalchemy/engines.py:325}}
Aug 24 20:51:19.216306 np0000008015 devstack@n-api-meta.service[96129]: INFO dbcounter [None req-0f9ef9a8-4808-4767-a976-fea83b0516c4 None None] Registered counter for database nova_api
Aug 24 20:51:19.220188 np0000008015 devstack@n-api-meta.service[96132]: INFO dbcounter [None req-e310b238-f66c-4318-af77-06c3e26b684f None None] Registered counter for database nova_api
Aug 24 20:51:19.230630 np0000008015 devstack@n-api-meta.service[96130]: DEBUG dbcounter [-] [96130] Writer thread running {{(pid=96130) stat_writer /opt/stack/data/venv/lib/python3.12/site-packages/dbcounter.py:102}}
Aug 24 20:51:19.233109 np0000008015 devstack@n-api-meta.service[96130]: DEBUG nova.context [None req-0140d34a-e9fc-4e69-a6c9-da1821f65d13 None None] Found 2 cells: 00000000-0000-0000-0000-000000000000(cell0),34d383cb-4737-4dfc-8382-61a08d577762(cell1) {{(pid=96130) load_cells /opt/stack/nova/nova/context.py:509}}
Aug 24 20:51:19.233913 np0000008015 devstack@n-api-meta.service[96131]: DEBUG dbcounter [-] [96131] Writer thread running {{(pid=96131) stat_writer /opt/stack/data/venv/lib/python3.12/site-packages/dbcounter.py:102}}
Aug 24 20:51:19.234800 np0000008015 devstack@n-api-meta.service[96130]: DEBUG oslo_concurrency.lockutils [None req-0140d34a-e9fc-4e69-a6c9-da1821f65d13 None None] Acquiring lock "00000000-0000-0000-0000-000000000000" by "nova.context.set_target_cell..get_or_set_cached_cell_and_set_connections" {{(pid=96130) inner /opt/stack/data/venv/lib/python3.12/site-packages/oslo_concurrency/lockutils.py:512}}
Aug 24 20:51:19.234999 np0000008015 devstack@n-api-meta.service[96130]: DEBUG oslo_concurrency.lockutils [None req-0140d34a-e9fc-4e69-a6c9-da1821f65d13 None None] Lock "00000000-0000-0000-0000-000000000000" acquired by "nova.context.set_target_cell..get_or_set_cached_cell_and_set_connections" :: waited 0.000s {{(pid=96130) inner /opt/stack/data/venv/lib/python3.12/site-packages/oslo_concurrency/lockutils.py:525}}
Aug 24 20:51:19.235376 np0000008015 devstack@n-api-meta.service[96130]: DEBUG oslo_concurrency.lockutils [None req-0140d34a-e9fc-4e69-a6c9-da1821f65d13 None None] Lock "00000000-0000-0000-0000-000000000000" "released" by "nova.context.set_target_cell..get_or_set_cached_cell_and_set_connections" :: held 0.000s {{(pid=96130) inner /opt/stack/data/venv/lib/python3.12/site-packages/oslo_concurrency/lockutils.py:544}}
Aug 24 20:51:19.235589 np0000008015 devstack@n-api-meta.service[96130]: INFO nova.thread_pool_factory [None req-0140d34a-e9fc-4e69-a6c9-da1821f65d13 None None] The cell_worker thread pool MainProcess.cell_worker is initialized
Aug 24 20:51:19.236143 np0000008015 devstack@n-api-meta.service[96130]: DEBUG oslo_concurrency.lockutils [None req-0140d34a-e9fc-4e69-a6c9-da1821f65d13 None None] Acquiring lock "34d383cb-4737-4dfc-8382-61a08d577762" by "nova.context.set_target_cell..get_or_set_cached_cell_and_set_connections" {{(pid=96130) inner /opt/stack/data/venv/lib/python3.12/site-packages/oslo_concurrency/lockutils.py:512}}
Aug 24 20:51:19.236192 np0000008015 devstack@n-api-meta.service[96131]: DEBUG nova.context [None req-82db9700-f390-4987-a978-a91e0dca2aff None None] Found 2 cells: 00000000-0000-0000-0000-000000000000(cell0),34d383cb-4737-4dfc-8382-61a08d577762(cell1) {{(pid=96131) load_cells /opt/stack/nova/nova/context.py:509}}
Aug 24 20:51:19.236312 np0000008015 devstack@n-api-meta.service[96130]: DEBUG oslo_concurrency.lockutils [None req-0140d34a-e9fc-4e69-a6c9-da1821f65d13 None None] Lock "34d383cb-4737-4dfc-8382-61a08d577762" acquired by "nova.context.set_target_cell..get_or_set_cached_cell_and_set_connections" :: waited 0.000s {{(pid=96130) inner /opt/stack/data/venv/lib/python3.12/site-packages/oslo_concurrency/lockutils.py:525}}
Aug 24 20:51:19.237101 np0000008015 devstack@n-api-meta.service[96130]: DEBUG oslo_concurrency.lockutils [None req-0140d34a-e9fc-4e69-a6c9-da1821f65d13 None None] Lock "34d383cb-4737-4dfc-8382-61a08d577762" "released" by "nova.context.set_target_cell..get_or_set_cached_cell_and_set_connections" :: held 0.001s {{(pid=96130) inner /opt/stack/data/venv/lib/python3.12/site-packages/oslo_concurrency/lockutils.py:544}}
Aug 24 20:51:19.237878 np0000008015 devstack@n-api-meta.service[96131]: DEBUG oslo_concurrency.lockutils [None req-82db9700-f390-4987-a978-a91e0dca2aff None None] Acquiring lock "00000000-0000-0000-0000-000000000000" by "nova.context.set_target_cell..get_or_set_cached_cell_and_set_connections" {{(pid=96131) inner /opt/stack/data/venv/lib/python3.12/site-packages/oslo_concurrency/lockutils.py:512}}
Aug 24 20:51:19.238063 np0000008015 devstack@n-api-meta.service[96131]: DEBUG oslo_concurrency.lockutils [None req-82db9700-f390-4987-a978-a91e0dca2aff None None] Lock "00000000-0000-0000-0000-000000000000" acquired by "nova.context.set_target_cell..get_or_set_cached_cell_and_set_connections" :: waited 0.000s {{(pid=96131) inner /opt/stack/data/venv/lib/python3.12/site-packages/oslo_concurrency/lockutils.py:525}}
Aug 24 20:51:19.238457 np0000008015 devstack@n-api-meta.service[96131]: DEBUG oslo_concurrency.lockutils [None req-82db9700-f390-4987-a978-a91e0dca2aff None None] Lock "00000000-0000-0000-0000-000000000000" "released" by "nova.context.set_target_cell..get_or_set_cached_cell_and_set_connections" :: held 0.000s {{(pid=96131) inner /opt/stack/data/venv/lib/python3.12/site-packages/oslo_concurrency/lockutils.py:544}}
Aug 24 20:51:19.238567 np0000008015 devstack@n-api-meta.service[96130]: INFO dbcounter [None req-0140d34a-e9fc-4e69-a6c9-da1821f65d13 None None] Registered counter for database nova_cell0
Aug 24 20:51:19.238665 np0000008015 devstack@n-api-meta.service[96131]: INFO nova.thread_pool_factory [None req-82db9700-f390-4987-a978-a91e0dca2aff None None] The cell_worker thread pool MainProcess.cell_worker is initialized
Aug 24 20:51:19.239294 np0000008015 devstack@n-api-meta.service[96131]: DEBUG oslo_concurrency.lockutils [None req-82db9700-f390-4987-a978-a91e0dca2aff None None] Acquiring lock "34d383cb-4737-4dfc-8382-61a08d577762" by "nova.context.set_target_cell..get_or_set_cached_cell_and_set_connections" {{(pid=96131) inner /opt/stack/data/venv/lib/python3.12/site-packages/oslo_concurrency/lockutils.py:512}}
Aug 24 20:51:19.240608 np0000008015 devstack@n-api-meta.service[96131]: INFO dbcounter [None req-82db9700-f390-4987-a978-a91e0dca2aff None None] Registered counter for database nova_cell0
Aug 24 20:51:19.240957 np0000008015 devstack@n-api-meta.service[96130]: INFO dbcounter [None req-0140d34a-e9fc-4e69-a6c9-da1821f65d13 None None] Registered counter for database nova_cell1
Aug 24 20:51:19.241811 np0000008015 devstack@n-api-meta.service[96131]: DEBUG oslo_concurrency.lockutils [None req-82db9700-f390-4987-a978-a91e0dca2aff None None] Lock "34d383cb-4737-4dfc-8382-61a08d577762" acquired by "nova.context.set_target_cell..get_or_set_cached_cell_and_set_connections" :: waited 0.001s {{(pid=96131) inner /opt/stack/data/venv/lib/python3.12/site-packages/oslo_concurrency/lockutils.py:525}}
Aug 24 20:51:19.242838 np0000008015 devstack@n-api-meta.service[96131]: DEBUG oslo_concurrency.lockutils [None req-82db9700-f390-4987-a978-a91e0dca2aff None None] Lock "34d383cb-4737-4dfc-8382-61a08d577762" "released" by "nova.context.set_target_cell..get_or_set_cached_cell_and_set_connections" :: held 0.002s {{(pid=96131) inner /opt/stack/data/venv/lib/python3.12/site-packages/oslo_concurrency/lockutils.py:544}}
Aug 24 20:51:19.245158 np0000008015 devstack@n-api-meta.service[96131]: INFO dbcounter [None req-82db9700-f390-4987-a978-a91e0dca2aff None None] Registered counter for database nova_cell1
Aug 24 20:51:19.267157 np0000008015 devstack@n-api-meta.service[96129]: DEBUG oslo_db.sqlalchemy.engines [None req-0f9ef9a8-4808-4767-a976-fea83b0516c4 None None] MySQL server mode set to STRICT_TRANS_TABLES,STRICT_ALL_TABLES,NO_ZERO_IN_DATE,NO_ZERO_DATE,ERROR_FOR_DIVISION_BY_ZERO,TRADITIONAL,NO_ENGINE_SUBSTITUTION {{(pid=96129) _check_effective_sql_mode /opt/stack/data/venv/lib/python3.12/site-packages/oslo_db/sqlalchemy/engines.py:325}}
Aug 24 20:51:19.270615 np0000008015 devstack@n-api-meta.service[96132]: DEBUG oslo_db.sqlalchemy.engines [None req-e310b238-f66c-4318-af77-06c3e26b684f None None] MySQL server mode set to STRICT_TRANS_TABLES,STRICT_ALL_TABLES,NO_ZERO_IN_DATE,NO_ZERO_DATE,ERROR_FOR_DIVISION_BY_ZERO,TRADITIONAL,NO_ENGINE_SUBSTITUTION {{(pid=96132) _check_effective_sql_mode /opt/stack/data/venv/lib/python3.12/site-packages/oslo_db/sqlalchemy/engines.py:325}}
Aug 24 20:51:19.290250 np0000008015 devstack@n-api-meta.service[96130]: DEBUG oslo_db.sqlalchemy.engines [None req-0140d34a-e9fc-4e69-a6c9-da1821f65d13 None None] MySQL server mode set to STRICT_TRANS_TABLES,STRICT_ALL_TABLES,NO_ZERO_IN_DATE,NO_ZERO_DATE,ERROR_FOR_DIVISION_BY_ZERO,TRADITIONAL,NO_ENGINE_SUBSTITUTION {{(pid=96130) _check_effective_sql_mode /opt/stack/data/venv/lib/python3.12/site-packages/oslo_db/sqlalchemy/engines.py:325}}
Aug 24 20:51:19.290736 np0000008015 devstack@n-api-meta.service[96131]: DEBUG oslo_db.sqlalchemy.engines [None req-82db9700-f390-4987-a978-a91e0dca2aff None None] MySQL server mode set to STRICT_TRANS_TABLES,STRICT_ALL_TABLES,NO_ZERO_IN_DATE,NO_ZERO_DATE,ERROR_FOR_DIVISION_BY_ZERO,TRADITIONAL,NO_ENGINE_SUBSTITUTION {{(pid=96131) _check_effective_sql_mode /opt/stack/data/venv/lib/python3.12/site-packages/oslo_db/sqlalchemy/engines.py:325}}
Aug 24 20:51:19.300637 np0000008015 devstack@n-api-meta.service[96129]: DEBUG dbcounter [-] [96129] Writer thread running {{(pid=96129) stat_writer /opt/stack/data/venv/lib/python3.12/site-packages/dbcounter.py:102}}
Aug 24 20:51:19.304460 np0000008015 devstack@n-api-meta.service[96129]: DEBUG nova.context [None req-0f9ef9a8-4808-4767-a976-fea83b0516c4 None None] Found 2 cells: 00000000-0000-0000-0000-000000000000(cell0),34d383cb-4737-4dfc-8382-61a08d577762(cell1) {{(pid=96129) load_cells /opt/stack/nova/nova/context.py:509}}
Aug 24 20:51:19.306183 np0000008015 devstack@n-api-meta.service[96132]: DEBUG dbcounter [-] [96132] Writer thread running {{(pid=96132) stat_writer /opt/stack/data/venv/lib/python3.12/site-packages/dbcounter.py:102}}
Aug 24 20:51:19.306648 np0000008015 devstack@n-api-meta.service[96129]: DEBUG oslo_concurrency.lockutils [None req-0f9ef9a8-4808-4767-a976-fea83b0516c4 None None] Acquiring lock "00000000-0000-0000-0000-000000000000" by "nova.context.set_target_cell..get_or_set_cached_cell_and_set_connections" {{(pid=96129) inner /opt/stack/data/venv/lib/python3.12/site-packages/oslo_concurrency/lockutils.py:512}}
Aug 24 20:51:19.307075 np0000008015 devstack@n-api-meta.service[96129]: DEBUG oslo_concurrency.lockutils [None req-0f9ef9a8-4808-4767-a976-fea83b0516c4 None None] Lock "00000000-0000-0000-0000-000000000000" acquired by "nova.context.set_target_cell..get_or_set_cached_cell_and_set_connections" :: waited 0.000s {{(pid=96129) inner /opt/stack/data/venv/lib/python3.12/site-packages/oslo_concurrency/lockutils.py:525}}
Aug 24 20:51:19.307382 np0000008015 devstack@n-api-meta.service[96129]: DEBUG oslo_concurrency.lockutils [None req-0f9ef9a8-4808-4767-a976-fea83b0516c4 None None] Lock "00000000-0000-0000-0000-000000000000" "released" by "nova.context.set_target_cell..get_or_set_cached_cell_and_set_connections" :: held 0.000s {{(pid=96129) inner /opt/stack/data/venv/lib/python3.12/site-packages/oslo_concurrency/lockutils.py:544}}
Aug 24 20:51:19.308070 np0000008015 devstack@n-api-meta.service[96129]: INFO nova.thread_pool_factory [None req-0f9ef9a8-4808-4767-a976-fea83b0516c4 None None] The cell_worker thread pool MainProcess.cell_worker is initialized
Aug 24 20:51:19.308665 np0000008015 devstack@n-api-meta.service[96129]: DEBUG oslo_concurrency.lockutils [None req-0f9ef9a8-4808-4767-a976-fea83b0516c4 None None] Acquiring lock "34d383cb-4737-4dfc-8382-61a08d577762" by "nova.context.set_target_cell..get_or_set_cached_cell_and_set_connections" {{(pid=96129) inner /opt/stack/data/venv/lib/python3.12/site-packages/oslo_concurrency/lockutils.py:512}}
Aug 24 20:51:19.308665 np0000008015 devstack@n-api-meta.service[96129]: DEBUG oslo_concurrency.lockutils [None req-0f9ef9a8-4808-4767-a976-fea83b0516c4 None None] Lock "34d383cb-4737-4dfc-8382-61a08d577762" acquired by "nova.context.set_target_cell..get_or_set_cached_cell_and_set_connections" :: waited 0.000s {{(pid=96129) inner /opt/stack/data/venv/lib/python3.12/site-packages/oslo_concurrency/lockutils.py:525}}
Aug 24 20:51:19.308755 np0000008015 devstack@n-api-meta.service[96132]: DEBUG nova.context [None req-e310b238-f66c-4318-af77-06c3e26b684f None None] Found 2 cells: 00000000-0000-0000-0000-000000000000(cell0),34d383cb-4737-4dfc-8382-61a08d577762(cell1) {{(pid=96132) load_cells /opt/stack/nova/nova/context.py:509}}
Aug 24 20:51:19.309369 np0000008015 devstack@n-api-meta.service[96129]: DEBUG oslo_concurrency.lockutils [None req-0f9ef9a8-4808-4767-a976-fea83b0516c4 None None] Lock "34d383cb-4737-4dfc-8382-61a08d577762" "released" by "nova.context.set_target_cell..get_or_set_cached_cell_and_set_connections" :: held 0.001s {{(pid=96129) inner /opt/stack/data/venv/lib/python3.12/site-packages/oslo_concurrency/lockutils.py:544}}
Aug 24 20:51:19.311433 np0000008015 devstack@n-api-meta.service[96132]: DEBUG oslo_concurrency.lockutils [None req-e310b238-f66c-4318-af77-06c3e26b684f None None] Acquiring lock "00000000-0000-0000-0000-000000000000" by "nova.context.set_target_cell..get_or_set_cached_cell_and_set_connections" {{(pid=96132) inner /opt/stack/data/venv/lib/python3.12/site-packages/oslo_concurrency/lockutils.py:512}}
Aug 24 20:51:19.311433 np0000008015 devstack@n-api-meta.service[96132]: DEBUG oslo_concurrency.lockutils [None req-e310b238-f66c-4318-af77-06c3e26b684f None None] Lock "00000000-0000-0000-0000-000000000000" acquired by "nova.context.set_target_cell..get_or_set_cached_cell_and_set_connections" :: waited 0.000s {{(pid=96132) inner /opt/stack/data/venv/lib/python3.12/site-packages/oslo_concurrency/lockutils.py:525}}
Aug 24 20:51:19.311433 np0000008015 devstack@n-api-meta.service[96132]: DEBUG oslo_concurrency.lockutils [None req-e310b238-f66c-4318-af77-06c3e26b684f None None] Lock "00000000-0000-0000-0000-000000000000" "released" by "nova.context.set_target_cell..get_or_set_cached_cell_and_set_connections" :: held 0.000s {{(pid=96132) inner /opt/stack/data/venv/lib/python3.12/site-packages/oslo_concurrency/lockutils.py:544}}
Aug 24 20:51:19.311613 np0000008015 devstack@n-api-meta.service[96129]: INFO dbcounter [None req-0f9ef9a8-4808-4767-a976-fea83b0516c4 None None] Registered counter for database nova_cell0
Aug 24 20:51:19.311663 np0000008015 devstack@n-api-meta.service[96132]: INFO nova.thread_pool_factory [None req-e310b238-f66c-4318-af77-06c3e26b684f None None] The cell_worker thread pool MainProcess.cell_worker is initialized
Aug 24 20:51:19.312374 np0000008015 devstack@n-api-meta.service[96132]: DEBUG oslo_concurrency.lockutils [None req-e310b238-f66c-4318-af77-06c3e26b684f None None] Acquiring lock "34d383cb-4737-4dfc-8382-61a08d577762" by "nova.context.set_target_cell..get_or_set_cached_cell_and_set_connections" {{(pid=96132) inner /opt/stack/data/venv/lib/python3.12/site-packages/oslo_concurrency/lockutils.py:512}}
Aug 24 20:51:19.312541 np0000008015 devstack@n-api-meta.service[96132]: DEBUG oslo_concurrency.lockutils [None req-e310b238-f66c-4318-af77-06c3e26b684f None None] Lock "34d383cb-4737-4dfc-8382-61a08d577762" acquired by "nova.context.set_target_cell..get_or_set_cached_cell_and_set_connections" :: waited 0.000s {{(pid=96132) inner /opt/stack/data/venv/lib/python3.12/site-packages/oslo_concurrency/lockutils.py:525}}
Aug 24 20:51:19.313468 np0000008015 devstack@n-api-meta.service[96132]: DEBUG oslo_concurrency.lockutils [None req-e310b238-f66c-4318-af77-06c3e26b684f None None] Lock "34d383cb-4737-4dfc-8382-61a08d577762" "released" by "nova.context.set_target_cell..get_or_set_cached_cell_and_set_connections" :: held 0.001s {{(pid=96132) inner /opt/stack/data/venv/lib/python3.12/site-packages/oslo_concurrency/lockutils.py:544}}
Aug 24 20:51:19.315348 np0000008015 devstack@n-api-meta.service[96132]: INFO dbcounter [None req-e310b238-f66c-4318-af77-06c3e26b684f None None] Registered counter for database nova_cell0
Aug 24 20:51:19.315866 np0000008015 devstack@n-api-meta.service[96129]: INFO dbcounter [None req-0f9ef9a8-4808-4767-a976-fea83b0516c4 None None] Registered counter for database nova_cell1
Aug 24 20:51:19.318631 np0000008015 devstack@n-api-meta.service[96132]: INFO dbcounter [None req-e310b238-f66c-4318-af77-06c3e26b684f None None] Registered counter for database nova_cell1
Aug 24 20:51:19.363185 np0000008015 devstack@n-api-meta.service[96129]: DEBUG oslo_db.sqlalchemy.engines [None req-0f9ef9a8-4808-4767-a976-fea83b0516c4 None None] MySQL server mode set to STRICT_TRANS_TABLES,STRICT_ALL_TABLES,NO_ZERO_IN_DATE,NO_ZERO_DATE,ERROR_FOR_DIVISION_BY_ZERO,TRADITIONAL,NO_ENGINE_SUBSTITUTION {{(pid=96129) _check_effective_sql_mode /opt/stack/data/venv/lib/python3.12/site-packages/oslo_db/sqlalchemy/engines.py:325}}
Aug 24 20:51:19.375024 np0000008015 devstack@n-api-meta.service[96131]: DEBUG oslo_db.sqlalchemy.engines [None req-82db9700-f390-4987-a978-a91e0dca2aff None None] MySQL server mode set to STRICT_TRANS_TABLES,STRICT_ALL_TABLES,NO_ZERO_IN_DATE,NO_ZERO_DATE,ERROR_FOR_DIVISION_BY_ZERO,TRADITIONAL,NO_ENGINE_SUBSTITUTION {{(pid=96131) _check_effective_sql_mode /opt/stack/data/venv/lib/python3.12/site-packages/oslo_db/sqlalchemy/engines.py:325}}
Aug 24 20:51:19.375769 np0000008015 devstack@n-api-meta.service[96132]: DEBUG oslo_db.sqlalchemy.engines [None req-e310b238-f66c-4318-af77-06c3e26b684f None None] MySQL server mode set to STRICT_TRANS_TABLES,STRICT_ALL_TABLES,NO_ZERO_IN_DATE,NO_ZERO_DATE,ERROR_FOR_DIVISION_BY_ZERO,TRADITIONAL,NO_ENGINE_SUBSTITUTION {{(pid=96132) _check_effective_sql_mode /opt/stack/data/venv/lib/python3.12/site-packages/oslo_db/sqlalchemy/engines.py:325}}
Aug 24 20:51:19.383520 np0000008015 devstack@n-api-meta.service[96130]: DEBUG oslo_db.sqlalchemy.engines [None req-0140d34a-e9fc-4e69-a6c9-da1821f65d13 None None] MySQL server mode set to STRICT_TRANS_TABLES,STRICT_ALL_TABLES,NO_ZERO_IN_DATE,NO_ZERO_DATE,ERROR_FOR_DIVISION_BY_ZERO,TRADITIONAL,NO_ENGINE_SUBSTITUTION {{(pid=96130) _check_effective_sql_mode /opt/stack/data/venv/lib/python3.12/site-packages/oslo_db/sqlalchemy/engines.py:325}}
Aug 24 20:51:19.383894 np0000008015 devstack@n-api-meta.service[96130]: DEBUG dbcounter [-] [96130] Writer thread running {{(pid=96130) stat_writer /opt/stack/data/venv/lib/python3.12/site-packages/dbcounter.py:102}}
Aug 24 20:51:19.387516 np0000008015 devstack@n-api-meta.service[96131]: DEBUG dbcounter [-] [96131] Writer thread running {{(pid=96131) stat_writer /opt/stack/data/venv/lib/python3.12/site-packages/dbcounter.py:102}}
Aug 24 20:51:19.387654 np0000008015 devstack@n-api-meta.service[96132]: DEBUG oslo_db.sqlalchemy.engines [None req-e310b238-f66c-4318-af77-06c3e26b684f None None] MySQL server mode set to STRICT_TRANS_TABLES,STRICT_ALL_TABLES,NO_ZERO_IN_DATE,NO_ZERO_DATE,ERROR_FOR_DIVISION_BY_ZERO,TRADITIONAL,NO_ENGINE_SUBSTITUTION {{(pid=96132) _check_effective_sql_mode /opt/stack/data/venv/lib/python3.12/site-packages/oslo_db/sqlalchemy/engines.py:325}}
Aug 24 20:51:19.390256 np0000008015 devstack@n-api-meta.service[96129]: DEBUG oslo_db.sqlalchemy.engines [None req-0f9ef9a8-4808-4767-a976-fea83b0516c4 None None] MySQL server mode set to STRICT_TRANS_TABLES,STRICT_ALL_TABLES,NO_ZERO_IN_DATE,NO_ZERO_DATE,ERROR_FOR_DIVISION_BY_ZERO,TRADITIONAL,NO_ENGINE_SUBSTITUTION {{(pid=96129) _check_effective_sql_mode /opt/stack/data/venv/lib/python3.12/site-packages/oslo_db/sqlalchemy/engines.py:325}}
Aug 24 20:51:19.390315 np0000008015 devstack@n-api-meta.service[96130]: DEBUG dbcounter [-] [96130] Writer thread running {{(pid=96130) stat_writer /opt/stack/data/venv/lib/python3.12/site-packages/dbcounter.py:102}}
Aug 24 20:51:19.391949 np0000008015 devstack@n-api-meta.service[96130]: INFO dbcounter [None req-0140d34a-e9fc-4e69-a6c9-da1821f65d13 None None] Registered counter for database nova_cell0
Aug 24 20:51:19.399332 np0000008015 devstack@n-api-meta.service[96131]: DEBUG dbcounter [-] [96131] Writer thread running {{(pid=96131) stat_writer /opt/stack/data/venv/lib/python3.12/site-packages/dbcounter.py:102}}
Aug 24 20:51:19.402881 np0000008015 devstack@n-api-meta.service[96131]: INFO dbcounter [None req-82db9700-f390-4987-a978-a91e0dca2aff None None] Registered counter for database nova_cell0
Aug 24 20:51:19.427808 np0000008015 devstack@n-api-meta.service[96130]: DEBUG oslo_db.sqlalchemy.engines [None req-0140d34a-e9fc-4e69-a6c9-da1821f65d13 None None] MySQL server mode set to STRICT_TRANS_TABLES,STRICT_ALL_TABLES,NO_ZERO_IN_DATE,NO_ZERO_DATE,ERROR_FOR_DIVISION_BY_ZERO,TRADITIONAL,NO_ENGINE_SUBSTITUTION {{(pid=96130) _check_effective_sql_mode /opt/stack/data/venv/lib/python3.12/site-packages/oslo_db/sqlalchemy/engines.py:325}}
Aug 24 20:51:19.434108 np0000008015 devstack@n-api-meta.service[96130]: DEBUG dbcounter [-] [96130] Writer thread running {{(pid=96130) stat_writer /opt/stack/data/venv/lib/python3.12/site-packages/dbcounter.py:102}}
Aug 24 20:51:19.456459 np0000008015 devstack@n-api-meta.service[96131]: DEBUG oslo_db.sqlalchemy.engines [None req-82db9700-f390-4987-a978-a91e0dca2aff None None] MySQL server mode set to STRICT_TRANS_TABLES,STRICT_ALL_TABLES,NO_ZERO_IN_DATE,NO_ZERO_DATE,ERROR_FOR_DIVISION_BY_ZERO,TRADITIONAL,NO_ENGINE_SUBSTITUTION {{(pid=96131) _check_effective_sql_mode /opt/stack/data/venv/lib/python3.12/site-packages/oslo_db/sqlalchemy/engines.py:325}}
Aug 24 20:51:19.461248 np0000008015 devstack@n-api-meta.service[96129]: DEBUG dbcounter [-] [96129] Writer thread running {{(pid=96129) stat_writer /opt/stack/data/venv/lib/python3.12/site-packages/dbcounter.py:102}}
Aug 24 20:51:19.464067 np0000008015 devstack@n-api-meta.service[96131]: DEBUG dbcounter [-] [96131] Writer thread running {{(pid=96131) stat_writer /opt/stack/data/venv/lib/python3.12/site-packages/dbcounter.py:102}}
Aug 24 20:51:19.466714 np0000008015 devstack@n-api-meta.service[96129]: DEBUG dbcounter [-] [96129] Writer thread running {{(pid=96129) stat_writer /opt/stack/data/venv/lib/python3.12/site-packages/dbcounter.py:102}}
Aug 24 20:51:19.469676 np0000008015 devstack@n-api-meta.service[96129]: INFO dbcounter [None req-0f9ef9a8-4808-4767-a976-fea83b0516c4 None None] Registered counter for database nova_cell0
Aug 24 20:51:19.470367 np0000008015 devstack@n-api-meta.service[96130]: WARNING nova.api.metadata.handler [None req-0140d34a-e9fc-4e69-a6c9-da1821f65d13 None None] metadata_proxy_shared_secret is not configured, the metadata information returned by the proxy cannot be trusted
Aug 24 20:51:19.472561 np0000008015 devstack@n-api-meta.service[96130]: DEBUG nova.api.openstack.wsgi_app [None req-0140d34a-e9fc-4e69-a6c9-da1821f65d13 None None] ******************************************************************************** {{(pid=96130) log_opt_values /opt/stack/data/venv/lib/python3.12/site-packages/oslo_config/cfg.py:3533}}
Aug 24 20:51:19.472668 np0000008015 devstack@n-api-meta.service[96130]: DEBUG nova.api.openstack.wsgi_app [None req-0140d34a-e9fc-4e69-a6c9-da1821f65d13 None None] Configuration options gathered from: {{(pid=96130) log_opt_values /opt/stack/data/venv/lib/python3.12/site-packages/oslo_config/cfg.py:3534}}
Aug 24 20:51:19.472771 np0000008015 devstack@n-api-meta.service[96130]: DEBUG nova.api.openstack.wsgi_app [None req-0140d34a-e9fc-4e69-a6c9-da1821f65d13 None None] command line args: [] {{(pid=96130) log_opt_values /opt/stack/data/venv/lib/python3.12/site-packages/oslo_config/cfg.py:3535}}
Aug 24 20:51:19.472938 np0000008015 devstack@n-api-meta.service[96130]: DEBUG nova.api.openstack.wsgi_app [None req-0140d34a-e9fc-4e69-a6c9-da1821f65d13 None None] config files: ['/etc/nova/api-paste.ini', '/etc/nova/nova.conf'] {{(pid=96130) log_opt_values /opt/stack/data/venv/lib/python3.12/site-packages/oslo_config/cfg.py:3536}}
Aug 24 20:51:19.473028 np0000008015 devstack@n-api-meta.service[96130]: DEBUG nova.api.openstack.wsgi_app [None req-0140d34a-e9fc-4e69-a6c9-da1821f65d13 None None] ================================================================================ {{(pid=96130) log_opt_values /opt/stack/data/venv/lib/python3.12/site-packages/oslo_config/cfg.py:3541}}
Aug 24 20:51:19.473219 np0000008015 devstack@n-api-meta.service[96130]: DEBUG nova.api.openstack.wsgi_app [None req-0140d34a-e9fc-4e69-a6c9-da1821f65d13 None None] allow_resize_to_same_host = True {{(pid=96130) log_opt_values /opt/stack/data/venv/lib/python3.12/site-packages/oslo_config/cfg.py:3549}}
Aug 24 20:51:19.473382 np0000008015 devstack@n-api-meta.service[96130]: DEBUG nova.api.openstack.wsgi_app [None req-0140d34a-e9fc-4e69-a6c9-da1821f65d13 None None] arq_binding_timeout = 300 {{(pid=96130) log_opt_values /opt/stack/data/venv/lib/python3.12/site-packages/oslo_config/cfg.py:3549}}
Aug 24 20:51:19.473529 np0000008015 devstack@n-api-meta.service[96130]: DEBUG nova.api.openstack.wsgi_app [None req-0140d34a-e9fc-4e69-a6c9-da1821f65d13 None None] block_device_allocate_retries = 60 {{(pid=96130) log_opt_values /opt/stack/data/venv/lib/python3.12/site-packages/oslo_config/cfg.py:3549}}
Aug 24 20:51:19.473651 np0000008015 devstack@n-api-meta.service[96130]: DEBUG nova.api.openstack.wsgi_app [None req-0140d34a-e9fc-4e69-a6c9-da1821f65d13 None None] block_device_allocate_retries_interval = 3 {{(pid=96130) log_opt_values /opt/stack/data/venv/lib/python3.12/site-packages/oslo_config/cfg.py:3549}}
Aug 24 20:51:19.473773 np0000008015 devstack@n-api-meta.service[96130]: DEBUG nova.api.openstack.wsgi_app [None req-0140d34a-e9fc-4e69-a6c9-da1821f65d13 None None] cell_worker_thread_pool_size = 5 {{(pid=96130) log_opt_values /opt/stack/data/venv/lib/python3.12/site-packages/oslo_config/cfg.py:3549}}
Aug 24 20:51:19.473924 np0000008015 devstack@n-api-meta.service[96130]: DEBUG nova.api.openstack.wsgi_app [None req-0140d34a-e9fc-4e69-a6c9-da1821f65d13 None None] cert = self.pem {{(pid=96130) log_opt_values /opt/stack/data/venv/lib/python3.12/site-packages/oslo_config/cfg.py:3549}}
Aug 24 20:51:19.474043 np0000008015 devstack@n-api-meta.service[96130]: DEBUG nova.api.openstack.wsgi_app [None req-0140d34a-e9fc-4e69-a6c9-da1821f65d13 None None] compute_driver = libvirt.LibvirtDriver {{(pid=96130) log_opt_values /opt/stack/data/venv/lib/python3.12/site-packages/oslo_config/cfg.py:3549}}
Aug 24 20:51:19.474159 np0000008015 devstack@n-api-meta.service[96130]: DEBUG nova.api.openstack.wsgi_app [None req-0140d34a-e9fc-4e69-a6c9-da1821f65d13 None None] compute_monitors = [] {{(pid=96130) log_opt_values /opt/stack/data/venv/lib/python3.12/site-packages/oslo_config/cfg.py:3549}}
Aug 24 20:51:19.474302 np0000008015 devstack@n-api-meta.service[96130]: DEBUG nova.api.openstack.wsgi_app [None req-0140d34a-e9fc-4e69-a6c9-da1821f65d13 None None] concurrency_backend = auto {{(pid=96130) log_opt_values /opt/stack/data/venv/lib/python3.12/site-packages/oslo_config/cfg.py:3549}}
Aug 24 20:51:19.474447 np0000008015 devstack@n-api-meta.service[96130]: DEBUG nova.api.openstack.wsgi_app [None req-0140d34a-e9fc-4e69-a6c9-da1821f65d13 None None] config_dir = [] {{(pid=96130) log_opt_values /opt/stack/data/venv/lib/python3.12/site-packages/oslo_config/cfg.py:3549}}
Aug 24 20:51:19.474585 np0000008015 devstack@n-api-meta.service[96130]: DEBUG nova.api.openstack.wsgi_app [None req-0140d34a-e9fc-4e69-a6c9-da1821f65d13 None None] config_drive_format = iso9660 {{(pid=96130) log_opt_values /opt/stack/data/venv/lib/python3.12/site-packages/oslo_config/cfg.py:3549}}
Aug 24 20:51:19.474687 np0000008015 devstack@n-api-meta.service[96130]: DEBUG nova.api.openstack.wsgi_app [None req-0140d34a-e9fc-4e69-a6c9-da1821f65d13 None None] config_file = ['/etc/nova/api-paste.ini', '/etc/nova/nova.conf'] {{(pid=96130) log_opt_values /opt/stack/data/venv/lib/python3.12/site-packages/oslo_config/cfg.py:3549}}
Aug 24 20:51:19.474802 np0000008015 devstack@n-api-meta.service[96130]: DEBUG nova.api.openstack.wsgi_app [None req-0140d34a-e9fc-4e69-a6c9-da1821f65d13 None None] config_source = [] {{(pid=96130) log_opt_values /opt/stack/data/venv/lib/python3.12/site-packages/oslo_config/cfg.py:3549}}
Aug 24 20:51:19.474929 np0000008015 devstack@n-api-meta.service[96130]: DEBUG nova.api.openstack.wsgi_app [None req-0140d34a-e9fc-4e69-a6c9-da1821f65d13 None None] console_host = np0000008015 {{(pid=96130) log_opt_values /opt/stack/data/venv/lib/python3.12/site-packages/oslo_config/cfg.py:3549}}
Aug 24 20:51:19.475045 np0000008015 devstack@n-api-meta.service[96130]: DEBUG nova.api.openstack.wsgi_app [None req-0140d34a-e9fc-4e69-a6c9-da1821f65d13 None None] control_exchange = nova {{(pid=96130) log_opt_values /opt/stack/data/venv/lib/python3.12/site-packages/oslo_config/cfg.py:3549}}
Aug 24 20:51:19.475280 np0000008015 devstack@n-api-meta.service[96130]: DEBUG nova.api.openstack.wsgi_app [None req-0140d34a-e9fc-4e69-a6c9-da1821f65d13 None None] cpu_allocation_ratio = None {{(pid=96130) log_opt_values /opt/stack/data/venv/lib/python3.12/site-packages/oslo_config/cfg.py:3549}}
Aug 24 20:51:19.475376 np0000008015 devstack@n-api-meta.service[96130]: DEBUG nova.api.openstack.wsgi_app [None req-0140d34a-e9fc-4e69-a6c9-da1821f65d13 None None] daemon = False {{(pid=96130) log_opt_values /opt/stack/data/venv/lib/python3.12/site-packages/oslo_config/cfg.py:3549}}
Aug 24 20:51:19.475532 np0000008015 devstack@n-api-meta.service[96130]: DEBUG nova.api.openstack.wsgi_app [None req-0140d34a-e9fc-4e69-a6c9-da1821f65d13 None None] debug = True {{(pid=96130) log_opt_values /opt/stack/data/venv/lib/python3.12/site-packages/oslo_config/cfg.py:3549}}
Aug 24 20:51:19.475652 np0000008015 devstack@n-api-meta.service[96130]: DEBUG nova.api.openstack.wsgi_app [None req-0140d34a-e9fc-4e69-a6c9-da1821f65d13 None None] default_access_ip_network_name = None {{(pid=96130) log_opt_values /opt/stack/data/venv/lib/python3.12/site-packages/oslo_config/cfg.py:3549}}
Aug 24 20:51:19.475773 np0000008015 devstack@n-api-meta.service[96130]: DEBUG nova.api.openstack.wsgi_app [None req-0140d34a-e9fc-4e69-a6c9-da1821f65d13 None None] default_availability_zone = nova {{(pid=96130) log_opt_values /opt/stack/data/venv/lib/python3.12/site-packages/oslo_config/cfg.py:3549}}
Aug 24 20:51:19.475929 np0000008015 devstack@n-api-meta.service[96130]: DEBUG nova.api.openstack.wsgi_app [None req-0140d34a-e9fc-4e69-a6c9-da1821f65d13 None None] default_ephemeral_format = ext4 {{(pid=96130) log_opt_values /opt/stack/data/venv/lib/python3.12/site-packages/oslo_config/cfg.py:3549}}
Aug 24 20:51:19.476059 np0000008015 devstack@n-api-meta.service[96130]: DEBUG nova.api.openstack.wsgi_app [None req-0140d34a-e9fc-4e69-a6c9-da1821f65d13 None None] default_green_pool_size = 1000 {{(pid=96130) log_opt_values /opt/stack/data/venv/lib/python3.12/site-packages/oslo_config/cfg.py:3549}}
Aug 24 20:51:19.476343 np0000008015 devstack@n-api-meta.service[96130]: DEBUG nova.api.openstack.wsgi_app [None req-0140d34a-e9fc-4e69-a6c9-da1821f65d13 None None] default_log_levels = ['amqp=WARN', 'boto=WARN', 'sqlalchemy=WARN', 'suds=INFO', 'oslo.messaging=INFO', 'oslo_messaging=INFO', 'iso8601=WARN', 'requests.packages.urllib3.connectionpool=WARN', 'urllib3.connectionpool=WARN', 'websocket=WARN', 'requests.packages.urllib3.util.retry=WARN', 'urllib3.util.retry=WARN', 'keystonemiddleware=WARN', 'routes.middleware=WARN', 'stevedore=WARN', 'taskflow=WARN', 'keystoneauth=WARN', 'oslo.cache=INFO', 'oslo_policy=INFO', 'dogpile.core.dogpile=INFO', 'glanceclient=WARN', 'oslo.privsep.daemon=INFO'] {{(pid=96130) log_opt_values /opt/stack/data/venv/lib/python3.12/site-packages/oslo_config/cfg.py:3549}}
Aug 24 20:51:19.476517 np0000008015 devstack@n-api-meta.service[96130]: DEBUG nova.api.openstack.wsgi_app [None req-0140d34a-e9fc-4e69-a6c9-da1821f65d13 None None] default_schedule_zone = None {{(pid=96130) log_opt_values /opt/stack/data/venv/lib/python3.12/site-packages/oslo_config/cfg.py:3549}}
Aug 24 20:51:19.476652 np0000008015 devstack@n-api-meta.service[96130]: DEBUG nova.api.openstack.wsgi_app [None req-0140d34a-e9fc-4e69-a6c9-da1821f65d13 None None] default_thread_pool_size = 10 {{(pid=96130) log_opt_values /opt/stack/data/venv/lib/python3.12/site-packages/oslo_config/cfg.py:3549}}
Aug 24 20:51:19.476823 np0000008015 devstack@n-api-meta.service[96130]: DEBUG nova.api.openstack.wsgi_app [None req-0140d34a-e9fc-4e69-a6c9-da1821f65d13 None None] disk_allocation_ratio = None {{(pid=96130) log_opt_values /opt/stack/data/venv/lib/python3.12/site-packages/oslo_config/cfg.py:3549}}
Aug 24 20:51:19.476953 np0000008015 devstack@n-api-meta.service[96130]: DEBUG nova.api.openstack.wsgi_app [None req-0140d34a-e9fc-4e69-a6c9-da1821f65d13 None None] enable_new_services = True {{(pid=96130) log_opt_values /opt/stack/data/venv/lib/python3.12/site-packages/oslo_config/cfg.py:3549}}
Aug 24 20:51:19.477068 np0000008015 devstack@n-api-meta.service[96130]: DEBUG nova.api.openstack.wsgi_app [None req-0140d34a-e9fc-4e69-a6c9-da1821f65d13 None None] flat_injected = False {{(pid=96130) log_opt_values /opt/stack/data/venv/lib/python3.12/site-packages/oslo_config/cfg.py:3549}}
Aug 24 20:51:19.477211 np0000008015 devstack@n-api-meta.service[96130]: DEBUG nova.api.openstack.wsgi_app [None req-0140d34a-e9fc-4e69-a6c9-da1821f65d13 None None] force_config_drive = True {{(pid=96130) log_opt_values /opt/stack/data/venv/lib/python3.12/site-packages/oslo_config/cfg.py:3549}}
Aug 24 20:51:19.477370 np0000008015 devstack@n-api-meta.service[96130]: DEBUG nova.api.openstack.wsgi_app [None req-0140d34a-e9fc-4e69-a6c9-da1821f65d13 None None] force_raw_images = True {{(pid=96130) log_opt_values /opt/stack/data/venv/lib/python3.12/site-packages/oslo_config/cfg.py:3549}}
Aug 24 20:51:19.477504 np0000008015 devstack@n-api-meta.service[96130]: DEBUG nova.api.openstack.wsgi_app [None req-0140d34a-e9fc-4e69-a6c9-da1821f65d13 None None] graceful_shutdown_timeout = 5 {{(pid=96130) log_opt_values /opt/stack/data/venv/lib/python3.12/site-packages/oslo_config/cfg.py:3549}}
Aug 24 20:51:19.477618 np0000008015 devstack@n-api-meta.service[96130]: DEBUG nova.api.openstack.wsgi_app [None req-0140d34a-e9fc-4e69-a6c9-da1821f65d13 None None] heal_instance_info_cache_interval = -1 {{(pid=96130) log_opt_values /opt/stack/data/venv/lib/python3.12/site-packages/oslo_config/cfg.py:3549}}
Aug 24 20:51:19.477798 np0000008015 devstack@n-api-meta.service[96130]: DEBUG nova.api.openstack.wsgi_app [None req-0140d34a-e9fc-4e69-a6c9-da1821f65d13 None None] host = np0000008015 {{(pid=96130) log_opt_values /opt/stack/data/venv/lib/python3.12/site-packages/oslo_config/cfg.py:3549}}
Aug 24 20:51:19.477941 np0000008015 devstack@n-api-meta.service[96130]: DEBUG nova.api.openstack.wsgi_app [None req-0140d34a-e9fc-4e69-a6c9-da1821f65d13 None None] initial_cpu_allocation_ratio = 4.0 {{(pid=96130) log_opt_values /opt/stack/data/venv/lib/python3.12/site-packages/oslo_config/cfg.py:3549}}
Aug 24 20:51:19.478131 np0000008015 devstack@n-api-meta.service[96130]: DEBUG nova.api.openstack.wsgi_app [None req-0140d34a-e9fc-4e69-a6c9-da1821f65d13 None None] initial_disk_allocation_ratio = 1.0 {{(pid=96130) log_opt_values /opt/stack/data/venv/lib/python3.12/site-packages/oslo_config/cfg.py:3549}}
Aug 24 20:51:19.478286 np0000008015 devstack@n-api-meta.service[96130]: DEBUG nova.api.openstack.wsgi_app [None req-0140d34a-e9fc-4e69-a6c9-da1821f65d13 None None] initial_ram_allocation_ratio = 1.0 {{(pid=96130) log_opt_values /opt/stack/data/venv/lib/python3.12/site-packages/oslo_config/cfg.py:3549}}
Aug 24 20:51:19.478452 np0000008015 devstack@n-api-meta.service[96130]: DEBUG nova.api.openstack.wsgi_app [None req-0140d34a-e9fc-4e69-a6c9-da1821f65d13 None None] injected_network_template = /opt/stack/nova/nova/virt/interfaces.template {{(pid=96130) log_opt_values /opt/stack/data/venv/lib/python3.12/site-packages/oslo_config/cfg.py:3549}}
Aug 24 20:51:19.478580 np0000008015 devstack@n-api-meta.service[96130]: DEBUG nova.api.openstack.wsgi_app [None req-0140d34a-e9fc-4e69-a6c9-da1821f65d13 None None] instance_build_timeout = 0 {{(pid=96130) log_opt_values /opt/stack/data/venv/lib/python3.12/site-packages/oslo_config/cfg.py:3549}}
Aug 24 20:51:19.478713 np0000008015 devstack@n-api-meta.service[96130]: DEBUG nova.api.openstack.wsgi_app [None req-0140d34a-e9fc-4e69-a6c9-da1821f65d13 None None] instance_delete_interval = 300 {{(pid=96130) log_opt_values /opt/stack/data/venv/lib/python3.12/site-packages/oslo_config/cfg.py:3549}}
Aug 24 20:51:19.478925 np0000008015 devstack@n-api-meta.service[96130]: DEBUG nova.api.openstack.wsgi_app [None req-0140d34a-e9fc-4e69-a6c9-da1821f65d13 None None] instance_format = [instance: %(uuid)s] {{(pid=96130) log_opt_values /opt/stack/data/venv/lib/python3.12/site-packages/oslo_config/cfg.py:3549}}
Aug 24 20:51:19.478976 np0000008015 devstack@n-api-meta.service[96130]: DEBUG nova.api.openstack.wsgi_app [None req-0140d34a-e9fc-4e69-a6c9-da1821f65d13 None None] instance_name_template = instance-%08x {{(pid=96130) log_opt_values /opt/stack/data/venv/lib/python3.12/site-packages/oslo_config/cfg.py:3549}}
Aug 24 20:51:19.479101 np0000008015 devstack@n-api-meta.service[96130]: DEBUG nova.api.openstack.wsgi_app [None req-0140d34a-e9fc-4e69-a6c9-da1821f65d13 None None] instance_usage_audit = False {{(pid=96130) log_opt_values /opt/stack/data/venv/lib/python3.12/site-packages/oslo_config/cfg.py:3549}}
Aug 24 20:51:19.479245 np0000008015 devstack@n-api-meta.service[96130]: DEBUG nova.api.openstack.wsgi_app [None req-0140d34a-e9fc-4e69-a6c9-da1821f65d13 None None] instance_usage_audit_period = month {{(pid=96130) log_opt_values /opt/stack/data/venv/lib/python3.12/site-packages/oslo_config/cfg.py:3549}}
Aug 24 20:51:19.479380 np0000008015 devstack@n-api-meta.service[96130]: DEBUG nova.api.openstack.wsgi_app [None req-0140d34a-e9fc-4e69-a6c9-da1821f65d13 None None] instance_uuid_format = [instance: %(uuid)s] {{(pid=96130) log_opt_values /opt/stack/data/venv/lib/python3.12/site-packages/oslo_config/cfg.py:3549}}
Aug 24 20:51:19.479544 np0000008015 devstack@n-api-meta.service[96130]: DEBUG nova.api.openstack.wsgi_app [None req-0140d34a-e9fc-4e69-a6c9-da1821f65d13 None None] instances_path = /opt/stack/data/nova/instances {{(pid=96130) log_opt_values /opt/stack/data/venv/lib/python3.12/site-packages/oslo_config/cfg.py:3549}}
Aug 24 20:51:19.479667 np0000008015 devstack@n-api-meta.service[96130]: DEBUG nova.api.openstack.wsgi_app [None req-0140d34a-e9fc-4e69-a6c9-da1821f65d13 None None] internal_service_availability_zone = internal {{(pid=96130) log_opt_values /opt/stack/data/venv/lib/python3.12/site-packages/oslo_config/cfg.py:3549}}
Aug 24 20:51:19.479773 np0000008015 devstack@n-api-meta.service[96130]: DEBUG nova.api.openstack.wsgi_app [None req-0140d34a-e9fc-4e69-a6c9-da1821f65d13 None None] key = None {{(pid=96130) log_opt_values /opt/stack/data/venv/lib/python3.12/site-packages/oslo_config/cfg.py:3549}}
Aug 24 20:51:19.479904 np0000008015 devstack@n-api-meta.service[96130]: DEBUG nova.api.openstack.wsgi_app [None req-0140d34a-e9fc-4e69-a6c9-da1821f65d13 None None] live_migration_retry_count = 30 {{(pid=96130) log_opt_values /opt/stack/data/venv/lib/python3.12/site-packages/oslo_config/cfg.py:3549}}
Aug 24 20:51:19.480023 np0000008015 devstack@n-api-meta.service[96130]: DEBUG nova.api.openstack.wsgi_app [None req-0140d34a-e9fc-4e69-a6c9-da1821f65d13 None None] log_color = False {{(pid=96130) log_opt_values /opt/stack/data/venv/lib/python3.12/site-packages/oslo_config/cfg.py:3549}}
Aug 24 20:51:19.480166 np0000008015 devstack@n-api-meta.service[96130]: DEBUG nova.api.openstack.wsgi_app [None req-0140d34a-e9fc-4e69-a6c9-da1821f65d13 None None] log_config_append = None {{(pid=96130) log_opt_values /opt/stack/data/venv/lib/python3.12/site-packages/oslo_config/cfg.py:3549}}
Aug 24 20:51:19.480317 np0000008015 devstack@n-api-meta.service[96130]: DEBUG nova.api.openstack.wsgi_app [None req-0140d34a-e9fc-4e69-a6c9-da1821f65d13 None None] log_date_format = %Y-%m-%d %H:%M:%S {{(pid=96130) log_opt_values /opt/stack/data/venv/lib/python3.12/site-packages/oslo_config/cfg.py:3549}}
Aug 24 20:51:19.480429 np0000008015 devstack@n-api-meta.service[96130]: DEBUG nova.api.openstack.wsgi_app [None req-0140d34a-e9fc-4e69-a6c9-da1821f65d13 None None] log_dir = None {{(pid=96130) log_opt_values /opt/stack/data/venv/lib/python3.12/site-packages/oslo_config/cfg.py:3549}}
Aug 24 20:51:19.480555 np0000008015 devstack@n-api-meta.service[96130]: DEBUG nova.api.openstack.wsgi_app [None req-0140d34a-e9fc-4e69-a6c9-da1821f65d13 None None] log_file = None {{(pid=96130) log_opt_values /opt/stack/data/venv/lib/python3.12/site-packages/oslo_config/cfg.py:3549}}
Aug 24 20:51:19.480686 np0000008015 devstack@n-api-meta.service[96130]: DEBUG nova.api.openstack.wsgi_app [None req-0140d34a-e9fc-4e69-a6c9-da1821f65d13 None None] log_options = True {{(pid=96130) log_opt_values /opt/stack/data/venv/lib/python3.12/site-packages/oslo_config/cfg.py:3549}}
Aug 24 20:51:19.480842 np0000008015 devstack@n-api-meta.service[96130]: DEBUG nova.api.openstack.wsgi_app [None req-0140d34a-e9fc-4e69-a6c9-da1821f65d13 None None] log_rotate_interval = 1 {{(pid=96130) log_opt_values /opt/stack/data/venv/lib/python3.12/site-packages/oslo_config/cfg.py:3549}}
Aug 24 20:51:19.481029 np0000008015 devstack@n-api-meta.service[96130]: DEBUG nova.api.openstack.wsgi_app [None req-0140d34a-e9fc-4e69-a6c9-da1821f65d13 None None] log_rotate_interval_type = days {{(pid=96130) log_opt_values /opt/stack/data/venv/lib/python3.12/site-packages/oslo_config/cfg.py:3549}}
Aug 24 20:51:19.481210 np0000008015 devstack@n-api-meta.service[96130]: DEBUG nova.api.openstack.wsgi_app [None req-0140d34a-e9fc-4e69-a6c9-da1821f65d13 None None] log_rotation_type = none {{(pid=96130) log_opt_values /opt/stack/data/venv/lib/python3.12/site-packages/oslo_config/cfg.py:3549}}
Aug 24 20:51:19.481395 np0000008015 devstack@n-api-meta.service[96130]: DEBUG nova.api.openstack.wsgi_app [None req-0140d34a-e9fc-4e69-a6c9-da1821f65d13 None None] logging_context_format_string = %(color)s%(levelname)s %(name)s [%(global_request_id)s %(request_id)s %(project_name)s %(user_name)s%(color)s] %(instance)s%(color)s%(message)s {{(pid=96130) log_opt_values /opt/stack/data/venv/lib/python3.12/site-packages/oslo_config/cfg.py:3549}}
Aug 24 20:51:19.481523 np0000008015 devstack@n-api-meta.service[96130]: DEBUG nova.api.openstack.wsgi_app [None req-0140d34a-e9fc-4e69-a6c9-da1821f65d13 None None] logging_debug_format_suffix = {{(pid=%(process)d) %(funcName)s %(pathname)s:%(lineno)d}} {{(pid=96130) log_opt_values /opt/stack/data/venv/lib/python3.12/site-packages/oslo_config/cfg.py:3549}}
Aug 24 20:51:19.481673 np0000008015 devstack@n-api-meta.service[96130]: DEBUG nova.api.openstack.wsgi_app [None req-0140d34a-e9fc-4e69-a6c9-da1821f65d13 None None] logging_default_format_string = %(color)s%(levelname)s %(name)s [-%(color)s] %(instance)s%(color)s%(message)s {{(pid=96130) log_opt_values /opt/stack/data/venv/lib/python3.12/site-packages/oslo_config/cfg.py:3549}}
Aug 24 20:51:19.481866 np0000008015 devstack@n-api-meta.service[96130]: DEBUG nova.api.openstack.wsgi_app [None req-0140d34a-e9fc-4e69-a6c9-da1821f65d13 None None] logging_exception_prefix = ERROR %(name)s %(instance)s {{(pid=96130) log_opt_values /opt/stack/data/venv/lib/python3.12/site-packages/oslo_config/cfg.py:3549}}
Aug 24 20:51:19.482060 np0000008015 devstack@n-api-meta.service[96130]: DEBUG nova.api.openstack.wsgi_app [None req-0140d34a-e9fc-4e69-a6c9-da1821f65d13 None None] logging_user_identity_format = %(user)s %(project)s %(domain)s %(system_scope)s %(user_domain)s %(project_domain)s {{(pid=96130) log_opt_values /opt/stack/data/venv/lib/python3.12/site-packages/oslo_config/cfg.py:3549}}
Aug 24 20:51:19.482118 np0000008015 devstack@n-api-meta.service[96130]: DEBUG nova.api.openstack.wsgi_app [None req-0140d34a-e9fc-4e69-a6c9-da1821f65d13 None None] long_rpc_timeout = 1800 {{(pid=96130) log_opt_values /opt/stack/data/venv/lib/python3.12/site-packages/oslo_config/cfg.py:3549}}
Aug 24 20:51:19.482250 np0000008015 devstack@n-api-meta.service[96130]: DEBUG nova.api.openstack.wsgi_app [None req-0140d34a-e9fc-4e69-a6c9-da1821f65d13 None None] manager_shutdown_timeout = 160 {{(pid=96130) log_opt_values /opt/stack/data/venv/lib/python3.12/site-packages/oslo_config/cfg.py:3549}}
