Aug 24 20:50:53.336585 np0000008015 devstack@neutron-api.service[90853]: DEBUG neutron.api.extensions [None req-487b82bf-058a-496c-b992-9279eca1175e None None] Ext name="Port hardware offload" alias="port-hardware-offload-type" description="Expose port hardware offload extension" updated="2023-05-09T10:00:00-00:00" {{(pid=90853) _check_extension /opt/stack/neutron/neutron/api/extensions.py:415}}
Aug 24 20:50:53.336585 np0000008015 devstack@neutron-api.service[90853]: INFO neutron.api.extensions [None req-487b82bf-058a-496c-b992-9279eca1175e None None] Extension port-hardware-offload-type not supported by any of loaded plugins
Aug 24 20:50:53.336663 np0000008015 devstack@neutron-api.service[90856]: DEBUG neutron.api.extensions [None req-1b845e97-8c8f-4ffc-929e-ac082d0d963c None None] Ext name="Enable Default Route BFD" alias="enable-default-route-bfd" description="Enables configurable BFD behavior for default routes" updated="2023-02-27T00:00:00-00:00" {{(pid=90856) _check_extension /opt/stack/neutron/neutron/api/extensions.py:415}}
Aug 24 20:50:53.336726 np0000008015 devstack@neutron-api.service[90853]: DEBUG neutron.api.extensions [None req-487b82bf-058a-496c-b992-9279eca1175e None None] Loading extension file: port_hint_ovs_tx_steering.py {{(pid=90853) _load_all_extensions_from_path /opt/stack/neutron/neutron/api/extensions.py:449}}
Aug 24 20:50:53.336779 np0000008015 devstack@neutron-api.service[90856]: INFO neutron.api.extensions [None req-1b845e97-8c8f-4ffc-929e-ac082d0d963c None None] Loaded extension: enable-default-route-bfd
Aug 24 20:50:53.336779 np0000008015 devstack@neutron-api.service[90856]: DEBUG neutron.api.extensions [None req-1b845e97-8c8f-4ffc-929e-ac082d0d963c None None] Loading extension file: l3_enable_default_route_ecmp.py {{(pid=90856) _load_all_extensions_from_path /opt/stack/neutron/neutron/api/extensions.py:449}}
Aug 24 20:50:53.336854 np0000008015 devstack@neutron-api.service[90853]: DEBUG neutron.api.extensions [None req-487b82bf-058a-496c-b992-9279eca1175e None None] Ext name="Port hint: Open vSwitch Tx steering" alias="port-hint-ovs-tx-steering" description="Enable Port hint: Open vSwitch Tx steering" updated="2023-01-01T00:00:00-00:00" {{(pid=90853) _check_extension /opt/stack/neutron/neutron/api/extensions.py:415}}
Aug 24 20:50:53.336910 np0000008015 devstack@neutron-api.service[90856]: DEBUG neutron.api.extensions [None req-1b845e97-8c8f-4ffc-929e-ac082d0d963c None None] Ext name="Enable Default Route ECMP" alias="enable-default-route-ecmp" description="Enables configurable ECMP behavior for default routes" updated="2023-02-27T00:00:00-00:00" {{(pid=90856) _check_extension /opt/stack/neutron/neutron/api/extensions.py:415}}
Aug 24 20:50:53.336961 np0000008015 devstack@neutron-api.service[90853]: INFO neutron.api.extensions [None req-487b82bf-058a-496c-b992-9279eca1175e None None] Extension port-hint-ovs-tx-steering not supported by any of loaded plugins
Aug 24 20:50:53.336961 np0000008015 devstack@neutron-api.service[90853]: DEBUG neutron.api.extensions [None req-487b82bf-058a-496c-b992-9279eca1175e None None] Loading extension file: port_hints.py {{(pid=90853) _load_all_extensions_from_path /opt/stack/neutron/neutron/api/extensions.py:449}}
Aug 24 20:50:53.337094 np0000008015 devstack@neutron-api.service[90856]: INFO neutron.api.extensions [None req-1b845e97-8c8f-4ffc-929e-ac082d0d963c None None] Loaded extension: enable-default-route-ecmp
Aug 24 20:50:53.337094 np0000008015 devstack@neutron-api.service[90856]: DEBUG neutron.api.extensions [None req-1b845e97-8c8f-4ffc-929e-ac082d0d963c None None] Loading extension file: l3_ext_gw_mode.py {{(pid=90856) _load_all_extensions_from_path /opt/stack/neutron/neutron/api/extensions.py:449}}
Aug 24 20:50:53.337168 np0000008015 devstack@neutron-api.service[90853]: DEBUG neutron.api.extensions [None req-487b82bf-058a-496c-b992-9279eca1175e None None] Ext name="Port hints" alias="port-hints" description="Backend specific port hints to allow backend specific tuning" updated="2023-01-01T00:00:00-00:00" {{(pid=90853) _check_extension /opt/stack/neutron/neutron/api/extensions.py:415}}
Aug 24 20:50:53.337168 np0000008015 devstack@neutron-api.service[90853]: INFO neutron.api.extensions [None req-487b82bf-058a-496c-b992-9279eca1175e None None] Extension port-hints not supported by any of loaded plugins
Aug 24 20:50:53.337253 np0000008015 devstack@neutron-api.service[90856]: DEBUG neutron.api.extensions [None req-1b845e97-8c8f-4ffc-929e-ac082d0d963c None None] Ext name="Neutron L3 Configurable external gateway mode" alias="ext-gw-mode" description="Extension of the router abstraction for specifying whether SNAT should occur on the external gateway" updated="2013-03-28T10:00:00-00:00" {{(pid=90856) _check_extension /opt/stack/neutron/neutron/api/extensions.py:415}}
Aug 24 20:50:53.337318 np0000008015 devstack@neutron-api.service[90853]: DEBUG neutron.api.extensions [None req-487b82bf-058a-496c-b992-9279eca1175e None None] Loading extension file: port_mac_address_override.py {{(pid=90853) _load_all_extensions_from_path /opt/stack/neutron/neutron/api/extensions.py:449}}
Aug 24 20:50:53.337371 np0000008015 devstack@neutron-api.service[90856]: INFO neutron.api.extensions [None req-1b845e97-8c8f-4ffc-929e-ac082d0d963c None None] Loaded extension: ext-gw-mode
Aug 24 20:50:53.337419 np0000008015 devstack@neutron-api.service[90853]: DEBUG neutron.api.extensions [None req-487b82bf-058a-496c-b992-9279eca1175e None None] Ext name="Neutron Port MAC address override" alias="port-mac-override" description="Allow overriding the MAC address of a direct-physical Port via the active binding profile" updated="2022-03-18T10:00:00-00:00" {{(pid=90853) _check_extension /opt/stack/neutron/neutron/api/extensions.py:415}}
Aug 24 20:50:53.337469 np0000008015 devstack@neutron-api.service[90856]: DEBUG neutron.api.extensions [None req-1b845e97-8c8f-4ffc-929e-ac082d0d963c None None] Loading extension file: l3_ext_ha_mode.py {{(pid=90856) _load_all_extensions_from_path /opt/stack/neutron/neutron/api/extensions.py:449}}
Aug 24 20:50:53.337524 np0000008015 devstack@neutron-api.service[90853]: INFO neutron.api.extensions [None req-487b82bf-058a-496c-b992-9279eca1175e None None] Extension port-mac-override not supported by any of loaded plugins
Aug 24 20:50:53.337593 np0000008015 devstack@neutron-api.service[90855]: DEBUG neutron.plugins.ml2.plugin [None req-15311cb0-28a4-4903-8334-2b9b45415d4b None None] neutron.plugins.ml2.plugin.Ml2Plugin method _start_rpc_notifiers called with arguments () {} {{(pid=90855) wrapper /opt/stack/data/venv/lib/python3.12/site-packages/oslo_log/helpers.py:77}}
Aug 24 20:50:53.337658 np0000008015 devstack@neutron-api.service[90853]: DEBUG neutron.api.extensions [None req-487b82bf-058a-496c-b992-9279eca1175e None None] Loading extension file: port_mac_address_regenerate.py {{(pid=90853) _load_all_extensions_from_path /opt/stack/neutron/neutron/api/extensions.py:449}}
Aug 24 20:50:53.337721 np0000008015 devstack@neutron-api.service[90856]: DEBUG neutron.api.extensions [None req-1b845e97-8c8f-4ffc-929e-ac082d0d963c None None] Ext name="HA Router extension" alias="l3-ha" description="Adds HA capability to routers." updated="2014-04-26T00:00:00-00:00" {{(pid=90856) _check_extension /opt/stack/neutron/neutron/api/extensions.py:415}}
Aug 24 20:50:53.337801 np0000008015 devstack@neutron-api.service[90853]: DEBUG neutron.api.extensions [None req-487b82bf-058a-496c-b992-9279eca1175e None None] Ext name="Neutron Port MAC address regenerate" alias="port-mac-address-regenerate" description="Network port MAC address regenerate" updated="2018-05-03T10:00:00-00:00" {{(pid=90853) _check_extension /opt/stack/neutron/neutron/api/extensions.py:415}}
Aug 24 20:50:53.337958 np0000008015 devstack@neutron-api.service[90856]: INFO neutron.api.extensions [None req-1b845e97-8c8f-4ffc-929e-ac082d0d963c None None] Loaded extension: l3-ha
Aug 24 20:50:53.337958 np0000008015 devstack@neutron-api.service[90856]: DEBUG neutron.api.extensions [None req-1b845e97-8c8f-4ffc-929e-ac082d0d963c None None] Loading extension file: l3_ext_ndp_proxy.py {{(pid=90856) _load_all_extensions_from_path /opt/stack/neutron/neutron/api/extensions.py:449}}
Aug 24 20:50:53.338027 np0000008015 devstack@neutron-api.service[90853]: INFO neutron.api.extensions [None req-487b82bf-058a-496c-b992-9279eca1175e None None] Loaded extension: port-mac-address-regenerate
Aug 24 20:50:53.338098 np0000008015 devstack@neutron-api.service[90855]: DEBUG neutron_lib.callbacks.manager [None req-15311cb0-28a4-4903-8334-2b9b45415d4b None None] Subscribe: > port after_create 55550000, False {{(pid=90855) subscribe /opt/stack/data/venv/lib/python3.12/site-packages/neutron_lib/callbacks/manager.py:52}}
Aug 24 20:50:53.338173 np0000008015 devstack@neutron-api.service[90853]: DEBUG neutron.api.extensions [None req-487b82bf-058a-496c-b992-9279eca1175e None None] Loading extension file: port_numa_affinity_policy.py {{(pid=90853) _load_all_extensions_from_path /opt/stack/neutron/neutron/api/extensions.py:449}}
Aug 24 20:50:53.339103 np0000008015 devstack@neutron-api.service[90855]: DEBUG neutron_lib.callbacks.manager [None req-15311cb0-28a4-4903-8334-2b9b45415d4b None None] Subscribe: > port after_update 55550000, False {{(pid=90855) subscribe /opt/stack/data/venv/lib/python3.12/site-packages/neutron_lib/callbacks/manager.py:52}}
Aug 24 20:50:53.339256 np0000008015 devstack@neutron-api.service[90856]: DEBUG neutron.api.extensions [None req-1b845e97-8c8f-4ffc-929e-ac082d0d963c None None] Ext name="Router support to enable NDP proxy" alias="l3-ext-ndp-proxy" description="Router extension to enable ndp proxy" updated="2020-08-25T00:00:00-00:00" {{(pid=90856) _check_extension /opt/stack/neutron/neutron/api/extensions.py:415}}
Aug 24 20:50:53.339414 np0000008015 devstack@neutron-api.service[90853]: DEBUG neutron.api.extensions [None req-487b82bf-058a-496c-b992-9279eca1175e None None] Ext name="Port NUMA affinity policy" alias="port-numa-affinity-policy" description="Expose the port NUMA affinity policy" updated="2020-07-08T10:00:00-00:00" {{(pid=90853) _check_extension /opt/stack/neutron/neutron/api/extensions.py:415}}
Aug 24 20:50:53.339514 np0000008015 devstack@neutron-api.service[90855]: DEBUG neutron_lib.callbacks.manager [None req-15311cb0-28a4-4903-8334-2b9b45415d4b None None] Subscribe: > port after_delete 55550000, False {{(pid=90855) subscribe /opt/stack/data/venv/lib/python3.12/site-packages/neutron_lib/callbacks/manager.py:52}}
Aug 24 20:50:53.339624 np0000008015 devstack@neutron-api.service[90856]: INFO neutron.api.extensions [None req-1b845e97-8c8f-4ffc-929e-ac082d0d963c None None] Extension l3-ext-ndp-proxy not supported by any of loaded plugins
Aug 24 20:50:53.339624 np0000008015 devstack@neutron-api.service[90856]: DEBUG neutron.api.extensions [None req-1b845e97-8c8f-4ffc-929e-ac082d0d963c None None] Loading extension file: l3_extra_gws.py {{(pid=90856) _load_all_extensions_from_path /opt/stack/neutron/neutron/api/extensions.py:449}}
Aug 24 20:50:53.339787 np0000008015 devstack@neutron-api.service[90853]: INFO neutron.api.extensions [None req-487b82bf-058a-496c-b992-9279eca1175e None None] Loaded extension: port-numa-affinity-policy
Aug 24 20:50:53.339910 np0000008015 devstack@neutron-api.service[90855]: DEBUG neutron_lib.callbacks.manager [None req-15311cb0-28a4-4903-8334-2b9b45415d4b None None] Subscribe: > subnet after_create 55550000, False {{(pid=90855) subscribe /opt/stack/data/venv/lib/python3.12/site-packages/neutron_lib/callbacks/manager.py:52}}
Aug 24 20:50:53.340031 np0000008015 devstack@neutron-api.service[90853]: DEBUG neutron.api.extensions [None req-487b82bf-058a-496c-b992-9279eca1175e None None] Loading extension file: port_numa_affinity_policy_socket.py {{(pid=90853) _load_all_extensions_from_path /opt/stack/neutron/neutron/api/extensions.py:449}}
Aug 24 20:50:53.340133 np0000008015 devstack@neutron-api.service[90856]: DEBUG neutron.api.extensions [None req-1b845e97-8c8f-4ffc-929e-ac082d0d963c None None] Ext name="Neutron L3 External Gateway Multihoming" alias="external-gateway-multihoming" description="Allow multiple external gateway ports per router" updated="2023-01-18T00:00:00-00:00" {{(pid=90856) _check_extension /opt/stack/neutron/neutron/api/extensions.py:415}}
Aug 24 20:50:53.340265 np0000008015 devstack@neutron-api.service[90855]: DEBUG neutron_lib.callbacks.manager [None req-15311cb0-28a4-4903-8334-2b9b45415d4b None None] Subscribe: > subnet after_update 55550000, False {{(pid=90855) subscribe /opt/stack/data/venv/lib/python3.12/site-packages/neutron_lib/callbacks/manager.py:52}}
Aug 24 20:50:53.340410 np0000008015 devstack@neutron-api.service[90853]: DEBUG neutron.api.extensions [None req-487b82bf-058a-496c-b992-9279eca1175e None None] Ext name="Port NUMA affinity policy "socket"" alias="port-numa-affinity-policy-socket" description="Adds "socket" to the supported port NUMA affinity policies" updated="2024-02-09T10:00:00-00:00" {{(pid=90853) _check_extension /opt/stack/neutron/neutron/api/extensions.py:415}}
Aug 24 20:50:53.340511 np0000008015 devstack@neutron-api.service[90856]: INFO neutron.api.extensions [None req-1b845e97-8c8f-4ffc-929e-ac082d0d963c None None] Loaded extension: external-gateway-multihoming
Aug 24 20:50:53.340602 np0000008015 devstack@neutron-api.service[90855]: DEBUG neutron_lib.callbacks.manager [None req-15311cb0-28a4-4903-8334-2b9b45415d4b None None] Subscribe: > subnet after_delete 55550000, False {{(pid=90855) subscribe /opt/stack/data/venv/lib/python3.12/site-packages/neutron_lib/callbacks/manager.py:52}}
Aug 24 20:50:53.340719 np0000008015 devstack@neutron-api.service[90853]: INFO neutron.api.extensions [None req-487b82bf-058a-496c-b992-9279eca1175e None None] Loaded extension: port-numa-affinity-policy-socket
Aug 24 20:50:53.340813 np0000008015 devstack@neutron-api.service[90856]: DEBUG neutron.api.extensions [None req-1b845e97-8c8f-4ffc-929e-ac082d0d963c None None] Loading extension file: l3_flavors.py {{(pid=90856) _load_all_extensions_from_path /opt/stack/neutron/neutron/api/extensions.py:449}}
Aug 24 20:50:53.340900 np0000008015 devstack@neutron-api.service[90853]: DEBUG neutron.api.extensions [None req-487b82bf-058a-496c-b992-9279eca1175e None None] Loading extension file: port_resource_request.py {{(pid=90853) _load_all_extensions_from_path /opt/stack/neutron/neutron/api/extensions.py:449}}
Aug 24 20:50:53.341022 np0000008015 devstack@neutron-api.service[90855]: DEBUG neutron_lib.callbacks.manager [None req-15311cb0-28a4-4903-8334-2b9b45415d4b None None] Subscribe: > network after_create 55550000, False {{(pid=90855) subscribe /opt/stack/data/venv/lib/python3.12/site-packages/neutron_lib/callbacks/manager.py:52}}
Aug 24 20:50:53.341140 np0000008015 devstack@neutron-api.service[90853]: DEBUG neutron.api.extensions [None req-487b82bf-058a-496c-b992-9279eca1175e None None] Ext name="Port Resource Request" alias="port-resource-request" description="Expose resource request to Port" updated="2018-05-08T10:00:00-00:00" {{(pid=90853) _check_extension /opt/stack/neutron/neutron/api/extensions.py:415}}
Aug 24 20:50:53.341259 np0000008015 devstack@neutron-api.service[90855]: DEBUG neutron_lib.callbacks.manager [None req-15311cb0-28a4-4903-8334-2b9b45415d4b None None] Subscribe: > network after_update 55550000, False {{(pid=90855) subscribe /opt/stack/data/venv/lib/python3.12/site-packages/neutron_lib/callbacks/manager.py:52}}
Aug 24 20:50:53.341407 np0000008015 devstack@neutron-api.service[90856]: DEBUG neutron.api.extensions [None req-1b845e97-8c8f-4ffc-929e-ac082d0d963c None None] Ext name="Router Flavor Extension" alias="l3-flavors" description="Flavor support for routers." updated="2016-05-17T00:00:00-00:00" {{(pid=90856) _check_extension /opt/stack/neutron/neutron/api/extensions.py:415}}
Aug 24 20:50:53.341526 np0000008015 devstack@neutron-api.service[90853]: INFO neutron.api.extensions [None req-487b82bf-058a-496c-b992-9279eca1175e None None] Extension port-resource-request not supported by any of loaded plugins
Aug 24 20:50:53.341617 np0000008015 devstack@neutron-api.service[90855]: DEBUG neutron_lib.callbacks.manager [None req-15311cb0-28a4-4903-8334-2b9b45415d4b None None] Subscribe: > network after_delete 55550000, False {{(pid=90855) subscribe /opt/stack/data/venv/lib/python3.12/site-packages/neutron_lib/callbacks/manager.py:52}}
Aug 24 20:50:53.341753 np0000008015 devstack@neutron-api.service[90853]: DEBUG neutron.api.extensions [None req-487b82bf-058a-496c-b992-9279eca1175e None None] Loading extension file: port_resource_request_groups.py {{(pid=90853) _load_all_extensions_from_path /opt/stack/neutron/neutron/api/extensions.py:449}}
Aug 24 20:50:53.341866 np0000008015 devstack@neutron-api.service[90856]: INFO neutron.api.extensions [None req-1b845e97-8c8f-4ffc-929e-ac082d0d963c None None] Loaded extension: l3-flavors
Aug 24 20:50:53.341946 np0000008015 devstack@neutron-api.service[90855]: DEBUG neutron_lib.callbacks.manager [None req-15311cb0-28a4-4903-8334-2b9b45415d4b None None] Subscribe: > security_group after_create 55550000, False {{(pid=90855) subscribe /opt/stack/data/venv/lib/python3.12/site-packages/neutron_lib/callbacks/manager.py:52}}
Aug 24 20:50:53.342053 np0000008015 devstack@neutron-api.service[90856]: DEBUG neutron.api.extensions [None req-1b845e97-8c8f-4ffc-929e-ac082d0d963c None None] Loading extension file: l3_ndp_proxy.py {{(pid=90856) _load_all_extensions_from_path /opt/stack/neutron/neutron/api/extensions.py:449}}
Aug 24 20:50:53.342133 np0000008015 devstack@neutron-api.service[90853]: DEBUG neutron.api.extensions [None req-487b82bf-058a-496c-b992-9279eca1175e None None] Ext name="Port Resource Request Groups" alias="port-resource-request-groups" description="Support requesting multiple groups of resources and traits from the same RP subtree in resource_request" updated="2021-08-02T10:00:00-00:00" {{(pid=90853) _check_extension /opt/stack/neutron/neutron/api/extensions.py:415}}
Aug 24 20:50:53.342268 np0000008015 devstack@neutron-api.service[90855]: DEBUG neutron_lib.callbacks.manager [None req-15311cb0-28a4-4903-8334-2b9b45415d4b None None] Subscribe: > security_group after_update 55550000, False {{(pid=90855) subscribe /opt/stack/data/venv/lib/python3.12/site-packages/neutron_lib/callbacks/manager.py:52}}
Aug 24 20:50:53.342389 np0000008015 devstack@neutron-api.service[90853]: INFO neutron.api.extensions [None req-487b82bf-058a-496c-b992-9279eca1175e None None] Extension port-resource-request-groups not supported by any of loaded plugins
Aug 24 20:50:53.342504 np0000008015 devstack@neutron-api.service[90855]: DEBUG neutron_lib.callbacks.manager [None req-15311cb0-28a4-4903-8334-2b9b45415d4b None None] Subscribe: > security_group after_delete 55550000, False {{(pid=90855) subscribe /opt/stack/data/venv/lib/python3.12/site-packages/neutron_lib/callbacks/manager.py:52}}
Aug 24 20:50:53.342603 np0000008015 devstack@neutron-api.service[90853]: DEBUG neutron.api.extensions [None req-487b82bf-058a-496c-b992-9279eca1175e None None] Loading extension file: port_trusted_vif.py {{(pid=90853) _load_all_extensions_from_path /opt/stack/neutron/neutron/api/extensions.py:449}}
Aug 24 20:50:53.342707 np0000008015 devstack@neutron-api.service[90855]: DEBUG neutron_lib.callbacks.manager [None req-15311cb0-28a4-4903-8334-2b9b45415d4b None None] Subscribe: > security_group_rule after_create 55550000, False {{(pid=90855) subscribe /opt/stack/data/venv/lib/python3.12/site-packages/neutron_lib/callbacks/manager.py:52}}
Aug 24 20:50:53.342799 np0000008015 devstack@neutron-api.service[90856]: DEBUG neutron.api.extensions [None req-1b845e97-8c8f-4ffc-929e-ac082d0d963c None None] Ext name="name" alias="l3-ndp-proxy" description="description" updated="2021-06-29T10:00:00-00:00" {{(pid=90856) _check_extension /opt/stack/neutron/neutron/api/extensions.py:415}}
Aug 24 20:50:53.342915 np0000008015 devstack@neutron-api.service[90853]: DEBUG neutron.api.extensions [None req-487b82bf-058a-496c-b992-9279eca1175e None None] Ext name="Port trusted vif" alias="port-trusted-vif" description="Expose port 'trusted' attribute in the API" updated="2024-07-10T10:00:00-00:00" {{(pid=90853) _check_extension /opt/stack/neutron/neutron/api/extensions.py:415}}
Aug 24 20:50:53.343051 np0000008015 devstack@neutron-api.service[90855]: DEBUG neutron_lib.callbacks.manager [None req-15311cb0-28a4-4903-8334-2b9b45415d4b None None] Subscribe: > security_group_rule after_update 55550000, False {{(pid=90855) subscribe /opt/stack/data/venv/lib/python3.12/site-packages/neutron_lib/callbacks/manager.py:52}}
Aug 24 20:50:53.343156 np0000008015 devstack@neutron-api.service[90856]: INFO neutron.api.extensions [None req-1b845e97-8c8f-4ffc-929e-ac082d0d963c None None] Extension l3-ndp-proxy not supported by any of loaded plugins
Aug 24 20:50:53.343265 np0000008015 devstack@neutron-api.service[90855]: DEBUG neutron_lib.callbacks.manager [None req-15311cb0-28a4-4903-8334-2b9b45415d4b None None] Subscribe: > security_group_rule after_delete 55550000, False {{(pid=90855) subscribe /opt/stack/data/venv/lib/python3.12/site-packages/neutron_lib/callbacks/manager.py:52}}
Aug 24 20:50:53.343374 np0000008015 devstack@neutron-api.service[90856]: DEBUG neutron.api.extensions [None req-1b845e97-8c8f-4ffc-929e-ac082d0d963c None None] Loading extension file: l3_port_ip_change_not_allowed.py {{(pid=90856) _load_all_extensions_from_path /opt/stack/neutron/neutron/api/extensions.py:449}}
Aug 24 20:50:53.343494 np0000008015 devstack@neutron-api.service[90853]: INFO neutron.api.extensions [None req-487b82bf-058a-496c-b992-9279eca1175e None None] Extension port-trusted-vif not supported by any of loaded plugins
Aug 24 20:50:53.343593 np0000008015 devstack@neutron-api.service[90855]: DEBUG neutron_lib.callbacks.manager [None req-15311cb0-28a4-4903-8334-2b9b45415d4b None None] Subscribe: > address_group after_create 55550000, False {{(pid=90855) subscribe /opt/stack/data/venv/lib/python3.12/site-packages/neutron_lib/callbacks/manager.py:52}}
Aug 24 20:50:53.343757 np0000008015 devstack@neutron-api.service[90853]: DEBUG neutron.api.extensions [None req-487b82bf-058a-496c-b992-9279eca1175e None None] Loading extension file: portbindings.py {{(pid=90853) _load_all_extensions_from_path /opt/stack/neutron/neutron/api/extensions.py:449}}
Aug 24 20:50:53.343853 np0000008015 devstack@neutron-api.service[90856]: DEBUG neutron.api.extensions [None req-1b845e97-8c8f-4ffc-929e-ac082d0d963c None None] Ext name="Prevent L3 router ports IP address change extension" alias="l3-port-ip-change-not-allowed" description="Prevent change of IP address for some L3 router ports" updated="2018-10-09T10:00:00-00:00" {{(pid=90856) _check_extension /opt/stack/neutron/neutron/api/extensions.py:415}}
Aug 24 20:50:53.344094 np0000008015 devstack@neutron-api.service[90855]: DEBUG neutron_lib.callbacks.manager [None req-15311cb0-28a4-4903-8334-2b9b45415d4b None None] Subscribe: > address_group after_update 55550000, False {{(pid=90855) subscribe /opt/stack/data/venv/lib/python3.12/site-packages/neutron_lib/callbacks/manager.py:52}}
Aug 24 20:50:53.344344 np0000008015 devstack@neutron-api.service[90853]: DEBUG neutron.api.extensions [None req-487b82bf-058a-496c-b992-9279eca1175e None None] Ext name="Port Binding" alias="binding" description="Expose port bindings of a virtual port to external application" updated="2014-02-03T10:00:00-00:00" {{(pid=90853) _check_extension /opt/stack/neutron/neutron/api/extensions.py:415}}
Aug 24 20:50:53.344499 np0000008015 devstack@neutron-api.service[90855]: DEBUG neutron_lib.callbacks.manager [None req-15311cb0-28a4-4903-8334-2b9b45415d4b None None] Subscribe: > address_group after_delete 55550000, False {{(pid=90855) subscribe /opt/stack/data/venv/lib/python3.12/site-packages/neutron_lib/callbacks/manager.py:52}}
Aug 24 20:50:53.344717 np0000008015 devstack@neutron-api.service[90856]: INFO neutron.api.extensions [None req-1b845e97-8c8f-4ffc-929e-ac082d0d963c None None] Extension l3-port-ip-change-not-allowed not supported by any of loaded plugins
Aug 24 20:50:53.344717 np0000008015 devstack@neutron-api.service[90856]: DEBUG neutron.api.extensions [None req-1b845e97-8c8f-4ffc-929e-ac082d0d963c None None] Loading extension file: l3agentscheduler.py {{(pid=90856) _load_all_extensions_from_path /opt/stack/neutron/neutron/api/extensions.py:449}}
Aug 24 20:50:53.344869 np0000008015 devstack@neutron-api.service[90855]: DEBUG neutron.plugins.ml2.ovo_rpc [None req-15311cb0-28a4-4903-8334-2b9b45415d4b None None] ML2 OVO RPC backend initialized. {{(pid=90855) __init__ /opt/stack/neutron/neutron/plugins/ml2/ovo_rpc.py:117}}
Aug 24 20:50:53.345314 np0000008015 devstack@neutron-api.service[90853]: INFO neutron.api.extensions [None req-487b82bf-058a-496c-b992-9279eca1175e None None] Loaded extension: binding
Aug 24 20:50:53.345314 np0000008015 devstack@neutron-api.service[90853]: DEBUG neutron.api.extensions [None req-487b82bf-058a-496c-b992-9279eca1175e None None] Loading extension file: portbindings_extended.py {{(pid=90853) _load_all_extensions_from_path /opt/stack/neutron/neutron/api/extensions.py:449}}
Aug 24 20:50:53.345314 np0000008015 devstack@neutron-api.service[90853]: DEBUG neutron.api.extensions [None req-487b82bf-058a-496c-b992-9279eca1175e None None] Ext name="Port Bindings Extended" alias="binding-extended" description="Expose port bindings of a virtual port to external application" updated="2017-07-17T10:00:00-00:00" {{(pid=90853) _check_extension /opt/stack/neutron/neutron/api/extensions.py:415}}
Aug 24 20:50:53.345656 np0000008015 devstack@neutron-api.service[90856]: DEBUG neutron.api.extensions [None req-1b845e97-8c8f-4ffc-929e-ac082d0d963c None None] Ext name="L3 Agent Scheduler" alias="l3_agent_scheduler" description="Schedule routers among l3 agents" updated="2013-02-07T10:00:00-00:00" {{(pid=90856) _check_extension /opt/stack/neutron/neutron/api/extensions.py:415}}
Aug 24 20:50:53.345930 np0000008015 devstack@neutron-api.service[90853]: INFO neutron.api.extensions [None req-487b82bf-058a-496c-b992-9279eca1175e None None] Loaded extension: binding-extended
Aug 24 20:50:53.345930 np0000008015 devstack@neutron-api.service[90853]: DEBUG neutron.api.extensions [None req-487b82bf-058a-496c-b992-9279eca1175e None None] Loading extension file: portsecurity.py {{(pid=90853) _load_all_extensions_from_path /opt/stack/neutron/neutron/api/extensions.py:449}}
Aug 24 20:50:53.346208 np0000008015 devstack@neutron-api.service[90856]: INFO neutron.api.extensions [None req-1b845e97-8c8f-4ffc-929e-ac082d0d963c None None] Loaded extension: l3_agent_scheduler
Aug 24 20:50:53.346208 np0000008015 devstack@neutron-api.service[90856]: DEBUG neutron.api.extensions [None req-1b845e97-8c8f-4ffc-929e-ac082d0d963c None None] Loading extension file: local_ip.py {{(pid=90856) _load_all_extensions_from_path /opt/stack/neutron/neutron/api/extensions.py:449}}
Aug 24 20:50:53.346378 np0000008015 devstack@neutron-api.service[90853]: DEBUG neutron.api.extensions [None req-487b82bf-058a-496c-b992-9279eca1175e None None] Ext name="Port Security" alias="port-security" description="Provides port security" updated="2012-07-23T10:00:00-00:00" {{(pid=90853) _check_extension /opt/stack/neutron/neutron/api/extensions.py:415}}
Aug 24 20:50:53.346378 np0000008015 devstack@neutron-api.service[90853]: INFO neutron.api.extensions [None req-487b82bf-058a-496c-b992-9279eca1175e None None] Loaded extension: port-security
Aug 24 20:50:53.346663 np0000008015 devstack@neutron-api.service[90855]: INFO neutron.quota [None req-15311cb0-28a4-4903-8334-2b9b45415d4b None None] Loaded quota_driver: .
Aug 24 20:50:53.346971 np0000008015 devstack@neutron-api.service[90853]: DEBUG neutron.api.extensions [None req-487b82bf-058a-496c-b992-9279eca1175e None None] Loading extension file: project_id.py {{(pid=90853) _load_all_extensions_from_path /opt/stack/neutron/neutron/api/extensions.py:449}}
Aug 24 20:50:53.347426 np0000008015 devstack@neutron-api.service[90856]: DEBUG neutron.api.extensions [None req-1b845e97-8c8f-4ffc-929e-ac082d0d963c None None] Ext name="Local IP" alias="local_ip" description="Support Node Local Virtual IP" updated="2021-07-26T10:00:00-00:00" {{(pid=90856) _check_extension /opt/stack/neutron/neutron/api/extensions.py:415}}
Aug 24 20:50:53.347691 np0000008015 devstack@neutron-api.service[90855]: INFO neutron.plugins.ml2.plugin [None req-15311cb0-28a4-4903-8334-2b9b45415d4b None None] Modular L2 Plugin initialization complete
Aug 24 20:50:53.347931 np0000008015 devstack@neutron-api.service[90856]: INFO neutron.api.extensions [None req-1b845e97-8c8f-4ffc-929e-ac082d0d963c None None] Extension local_ip not supported by any of loaded plugins
Aug 24 20:50:53.348184 np0000008015 devstack@neutron-api.service[90853]: DEBUG neutron.api.extensions [None req-487b82bf-058a-496c-b992-9279eca1175e None None] Ext name="project_id field enabled" alias="project-id" description="Extension that indicates that project_id field is enabled." updated="2016-09-09T09:09:09-09:09" {{(pid=90853) _check_extension /opt/stack/neutron/neutron/api/extensions.py:415}}
Aug 24 20:50:53.348511 np0000008015 devstack@neutron-api.service[90856]: DEBUG neutron.api.extensions [None req-1b845e97-8c8f-4ffc-929e-ac082d0d963c None None] Loading extension file: logging.py {{(pid=90856) _load_all_extensions_from_path /opt/stack/neutron/neutron/api/extensions.py:449}}
Aug 24 20:50:53.348776 np0000008015 devstack@neutron-api.service[90855]: DEBUG neutron.manager [None req-15311cb0-28a4-4903-8334-2b9b45415d4b None None] Loading services supported by the core plugin {{(pid=90855) _load_services_from_core_plugin /opt/stack/neutron/neutron/manager.py:167}}
Aug 24 20:50:53.348994 np0000008015 devstack@neutron-api.service[90853]: INFO neutron.api.extensions [None req-487b82bf-058a-496c-b992-9279eca1175e None None] Loaded extension: project-id
Aug 24 20:50:53.348994 np0000008015 devstack@neutron-api.service[90853]: DEBUG neutron.api.extensions [None req-487b82bf-058a-496c-b992-9279eca1175e None None] Loading extension file: providernet.py {{(pid=90853) _load_all_extensions_from_path /opt/stack/neutron/neutron/api/extensions.py:449}}
Aug 24 20:50:53.349299 np0000008015 devstack@neutron-api.service[90855]: INFO neutron.plugins.ml2.managers [None req-15311cb0-28a4-4903-8334-2b9b45415d4b None None] Got port-security extension from driver 'port_security'
Aug 24 20:50:53.349567 np0000008015 devstack@neutron-api.service[90856]: DEBUG neutron.api.extensions [None req-1b845e97-8c8f-4ffc-929e-ac082d0d963c None None] Ext name="Logging API Extension" alias="logging" description="Provides a logging API for resources such as security group and firewall." updated="2017-01-01T10:00:00-00:00" {{(pid=90856) _check_extension /opt/stack/neutron/neutron/api/extensions.py:415}}
Aug 24 20:50:53.349567 np0000008015 devstack@neutron-api.service[90856]: INFO neutron.api.extensions [None req-1b845e97-8c8f-4ffc-929e-ac082d0d963c None None] Extension logging not supported by any of loaded plugins
Aug 24 20:50:53.349860 np0000008015 devstack@neutron-api.service[90855]: DEBUG neutron.manager [None req-15311cb0-28a4-4903-8334-2b9b45415d4b None None] Loading service plugins: ['ovn-router', 'auto_allocate', 'tag', 'timestamp', 'network_ip_availability', 'flavors', 'revisions'] {{(pid=90855) _load_service_plugins /opt/stack/neutron/neutron/manager.py:192}}
Aug 24 20:50:53.350103 np0000008015 devstack@neutron-api.service[90856]: DEBUG neutron.api.extensions [None req-1b845e97-8c8f-4ffc-929e-ac082d0d963c None None] Loading extension file: metering.py {{(pid=90856) _load_all_extensions_from_path /opt/stack/neutron/neutron/api/extensions.py:449}}
Aug 24 20:50:53.350519 np0000008015 devstack@neutron-api.service[90853]: DEBUG neutron.api.extensions [None req-487b82bf-058a-496c-b992-9279eca1175e None None] Ext name="Provider Network" alias="provider" description="Expose mapping of virtual networks to physical networks" updated="2012-09-07T10:00:00-00:00" {{(pid=90853) _check_extension /opt/stack/neutron/neutron/api/extensions.py:415}}
Aug 24 20:50:53.350682 np0000008015 devstack@neutron-api.service[90855]: INFO neutron.manager [None req-15311cb0-28a4-4903-8334-2b9b45415d4b None None] Loading Plugin: ovn-router
Aug 24 20:50:53.350810 np0000008015 devstack@neutron-api.service[90853]: INFO neutron.api.extensions [None req-487b82bf-058a-496c-b992-9279eca1175e None None] Loaded extension: provider
Aug 24 20:50:53.350810 np0000008015 devstack@neutron-api.service[90853]: DEBUG neutron.api.extensions [None req-487b82bf-058a-496c-b992-9279eca1175e None None] Loading extension file: pvlan.py {{(pid=90853) _load_all_extensions_from_path /opt/stack/neutron/neutron/api/extensions.py:449}}
Aug 24 20:50:53.350967 np0000008015 devstack@neutron-api.service[90856]: DEBUG neutron.api.extensions [None req-1b845e97-8c8f-4ffc-929e-ac082d0d963c None None] Ext name="Neutron Metering" alias="metering" description="Neutron Metering extension." updated="2013-06-12T10:00:00-00:00" {{(pid=90856) _check_extension /opt/stack/neutron/neutron/api/extensions.py:415}}
Aug 24 20:50:53.351071 np0000008015 devstack@neutron-api.service[90853]: DEBUG neutron.api.extensions [None req-487b82bf-058a-496c-b992-9279eca1175e None None] Ext name="Private VLAN" alias="pvlan" description="The Private VLAN semantics extension." updated="2026-02-03T10:00:00-00:00" {{(pid=90853) _check_extension /opt/stack/neutron/neutron/api/extensions.py:415}}
Aug 24 20:50:53.351188 np0000008015 devstack@neutron-api.service[90856]: INFO neutron.api.extensions [None req-1b845e97-8c8f-4ffc-929e-ac082d0d963c None None] Extension metering not supported by any of loaded plugins
Aug 24 20:50:53.351188 np0000008015 devstack@neutron-api.service[90856]: DEBUG neutron.api.extensions [None req-1b845e97-8c8f-4ffc-929e-ac082d0d963c None None] Loading extension file: metering_source_and_destination_fields.py {{(pid=90856) _load_all_extensions_from_path /opt/stack/neutron/neutron/api/extensions.py:449}}
Aug 24 20:50:53.351346 np0000008015 devstack@neutron-api.service[90853]: INFO neutron.api.extensions [None req-487b82bf-058a-496c-b992-9279eca1175e None None] Extension pvlan not supported by any of loaded plugins
Aug 24 20:50:53.351346 np0000008015 devstack@neutron-api.service[90853]: DEBUG neutron.api.extensions [None req-487b82bf-058a-496c-b992-9279eca1175e None None] Loading extension file: qinq.py {{(pid=90853) _load_all_extensions_from_path /opt/stack/neutron/neutron/api/extensions.py:449}}
Aug 24 20:50:53.351495 np0000008015 devstack@neutron-api.service[90856]: DEBUG neutron.api.extensions [None req-1b845e97-8c8f-4ffc-929e-ac082d0d963c None None] Ext name="Neutron Metering with source and destination filtering" alias="metering_source_and_destination_fields" description="Neutron Metering extension that enables the use of source and destination IP prefixes to create metering label rules." updated="2020-08-21T08:12:00-00:00" {{(pid=90856) _check_extension /opt/stack/neutron/neutron/api/extensions.py:415}}
Aug 24 20:50:53.351495 np0000008015 devstack@neutron-api.service[90856]: INFO neutron.api.extensions [None req-1b845e97-8c8f-4ffc-929e-ac082d0d963c None None] Extension metering_source_and_destination_fields not supported by any of loaded plugins
Aug 24 20:50:53.352367 np0000008015 devstack@neutron-api.service[90853]: DEBUG neutron.api.extensions [None req-487b82bf-058a-496c-b992-9279eca1175e None None] Ext name="QinQ networks" alias="qinq" description="Expose network 'qinq' attribute in the API. This allows to configure network to allow vlan in vlan configuration using 0x88a8 ethertype (QinQ)." updated="2024-12-02T10:00:00-00:00" {{(pid=90853) _check_extension /opt/stack/neutron/neutron/api/extensions.py:415}}
Aug 24 20:50:53.352473 np0000008015 devstack@neutron-api.service[90856]: DEBUG neutron.api.extensions [None req-1b845e97-8c8f-4ffc-929e-ac082d0d963c None None] Loading extension file: multiprovidernet.py {{(pid=90856) _load_all_extensions_from_path /opt/stack/neutron/neutron/api/extensions.py:449}}
Aug 24 20:50:53.352585 np0000008015 devstack@neutron-api.service[90853]: INFO neutron.api.extensions [None req-487b82bf-058a-496c-b992-9279eca1175e None None] Loaded extension: qinq
Aug 24 20:50:53.352585 np0000008015 devstack@neutron-api.service[90853]: DEBUG neutron.api.extensions [None req-487b82bf-058a-496c-b992-9279eca1175e None None] Loading extension file: qos.py {{(pid=90853) _load_all_extensions_from_path /opt/stack/neutron/neutron/api/extensions.py:449}}
Aug 24 20:50:53.352778 np0000008015 devstack@neutron-api.service[90856]: DEBUG neutron.api.extensions [None req-1b845e97-8c8f-4ffc-929e-ac082d0d963c None None] Ext name="Multi Provider Network" alias="multi-provider" description="Expose mapping of virtual networks to multiple physical networks" updated="2013-06-27T10:00:00-00:00" {{(pid=90856) _check_extension /opt/stack/neutron/neutron/api/extensions.py:415}}
Aug 24 20:50:53.352778 np0000008015 devstack@neutron-api.service[90856]: INFO neutron.api.extensions [None req-1b845e97-8c8f-4ffc-929e-ac082d0d963c None None] Loaded extension: multi-provider
Aug 24 20:50:53.352778 np0000008015 devstack@neutron-api.service[90856]: DEBUG neutron.api.extensions [None req-1b845e97-8c8f-4ffc-929e-ac082d0d963c None None] Loading extension file: netmtu.py {{(pid=90856) _load_all_extensions_from_path /opt/stack/neutron/neutron/api/extensions.py:449}}
Aug 24 20:50:53.352778 np0000008015 devstack@neutron-api.service[90856]: DEBUG neutron.api.extensions [None req-1b845e97-8c8f-4ffc-929e-ac082d0d963c None None] Ext name="Network MTU" alias="net-mtu" description="Provides MTU attribute for a network resource." updated="2015-03-25T10:00:00-00:00" {{(pid=90856) _check_extension /opt/stack/neutron/neutron/api/extensions.py:415}}
Aug 24 20:50:53.352778 np0000008015 devstack@neutron-api.service[90856]: INFO neutron.api.extensions [None req-1b845e97-8c8f-4ffc-929e-ac082d0d963c None None] Loaded extension: net-mtu
Aug 24 20:50:53.352778 np0000008015 devstack@neutron-api.service[90856]: DEBUG neutron.api.extensions [None req-1b845e97-8c8f-4ffc-929e-ac082d0d963c None None] Loading extension file: netmtu_writable.py {{(pid=90856) _load_all_extensions_from_path /opt/stack/neutron/neutron/api/extensions.py:449}}
Aug 24 20:50:53.352960 np0000008015 devstack@neutron-api.service[90853]: DEBUG neutron.api.extensions [None req-487b82bf-058a-496c-b992-9279eca1175e None None] Ext name="Quality of Service" alias="qos" description="The Quality of Service extension." updated="2015-06-08T10:00:00-00:00" {{(pid=90853) _check_extension /opt/stack/neutron/neutron/api/extensions.py:415}}
Aug 24 20:50:53.353138 np0000008015 devstack@neutron-api.service[90856]: DEBUG neutron.api.extensions [None req-1b845e97-8c8f-4ffc-929e-ac082d0d963c None None] Ext name="Network MTU (writable)" alias="net-mtu-writable" description="Provides a writable MTU attribute for a network resource." updated="2017-07-12T00:00:00-00:00" {{(pid=90856) _check_extension /opt/stack/neutron/neutron/api/extensions.py:415}}
Aug 24 20:50:53.353225 np0000008015 devstack@neutron-api.service[90853]: INFO neutron.api.extensions [None req-487b82bf-058a-496c-b992-9279eca1175e None None] Extension qos not supported by any of loaded plugins
Aug 24 20:50:53.353440 np0000008015 devstack@neutron-api.service[90856]: INFO neutron.api.extensions [None req-1b845e97-8c8f-4ffc-929e-ac082d0d963c None None] Loaded extension: net-mtu-writable
Aug 24 20:50:53.353563 np0000008015 devstack@neutron-api.service[90853]: DEBUG neutron.api.extensions [None req-487b82bf-058a-496c-b992-9279eca1175e None None] Loading extension file: qos_bw_limit_direction.py {{(pid=90853) _load_all_extensions_from_path /opt/stack/neutron/neutron/api/extensions.py:449}}
Aug 24 20:50:53.353691 np0000008015 devstack@neutron-api.service[90856]: DEBUG neutron.api.extensions [None req-1b845e97-8c8f-4ffc-929e-ac082d0d963c None None] Loading extension file: network_availability_zone.py {{(pid=90856) _load_all_extensions_from_path /opt/stack/neutron/neutron/api/extensions.py:449}}
Aug 24 20:50:53.353691 np0000008015 devstack@neutron-api.service[90856]: DEBUG neutron.api.extensions [None req-1b845e97-8c8f-4ffc-929e-ac082d0d963c None None] Ext name="Network Availability Zone" alias="network_availability_zone" description="Availability zone support for network." updated="2015-01-01T10:00:00-00:00" {{(pid=90856) _check_extension /opt/stack/neutron/neutron/api/extensions.py:415}}
Aug 24 20:50:53.353800 np0000008015 devstack@neutron-api.service[90853]: DEBUG neutron.api.extensions [None req-487b82bf-058a-496c-b992-9279eca1175e None None] Ext name="Direction for QoS bandwidth limit rule" alias="qos-bw-limit-direction" description="Allow to configure QoS bandwidth limit rule with specific direction: ingress or egress" updated="2017-04-10T10:00:00-00:00" {{(pid=90853) _check_extension /opt/stack/neutron/neutron/api/extensions.py:415}}
Aug 24 20:50:53.353891 np0000008015 devstack@neutron-api.service[90856]: INFO neutron.api.extensions [None req-1b845e97-8c8f-4ffc-929e-ac082d0d963c None None] Loaded extension: network_availability_zone
Aug 24 20:50:53.353891 np0000008015 devstack@neutron-api.service[90856]: DEBUG neutron.api.extensions [None req-1b845e97-8c8f-4ffc-929e-ac082d0d963c None None] Loading extension file: network_ha.py {{(pid=90856) _load_all_extensions_from_path /opt/stack/neutron/neutron/api/extensions.py:449}}
Aug 24 20:50:53.353992 np0000008015 devstack@neutron-api.service[90853]: INFO neutron.api.extensions [None req-487b82bf-058a-496c-b992-9279eca1175e None None] Extension qos-bw-limit-direction not supported by any of loaded plugins
Aug 24 20:50:53.353992 np0000008015 devstack@neutron-api.service[90853]: DEBUG neutron.api.extensions [None req-487b82bf-058a-496c-b992-9279eca1175e None None] Loading extension file: qos_bw_minimum_ingress.py {{(pid=90853) _load_all_extensions_from_path /opt/stack/neutron/neutron/api/extensions.py:449}}
Aug 24 20:50:53.354175 np0000008015 devstack@neutron-api.service[90856]: DEBUG neutron.api.extensions [None req-1b845e97-8c8f-4ffc-929e-ac082d0d963c None None] Ext name="Network HA creation flag" alias="network_ha" description="Network high availability creation flag." updated="2023-04-27T10:00:00-00:00" {{(pid=90856) _check_extension /opt/stack/neutron/neutron/api/extensions.py:415}}
Aug 24 20:50:53.354175 np0000008015 devstack@neutron-api.service[90856]: INFO neutron.api.extensions [None req-1b845e97-8c8f-4ffc-929e-ac082d0d963c None None] Extension network_ha not supported by any of loaded plugins
Aug 24 20:50:53.354306 np0000008015 devstack@neutron-api.service[90853]: DEBUG neutron.api.extensions [None req-487b82bf-058a-496c-b992-9279eca1175e None None] Ext name="Ingress direction for QoS minimum bandwidth rule" alias="qos-bw-minimum-ingress" description="Allow to configure QoS minumum bandwidth rule with ingress direction." updated="2018-07-09T10:00:00-00:00" {{(pid=90853) _check_extension /opt/stack/neutron/neutron/api/extensions.py:415}}
Aug 24 20:50:53.354409 np0000008015 devstack@neutron-api.service[90856]: DEBUG neutron.api.extensions [None req-1b845e97-8c8f-4ffc-929e-ac082d0d963c None None] Loading extension file: network_ip_availability.py {{(pid=90856) _load_all_extensions_from_path /opt/stack/neutron/neutron/api/extensions.py:449}}
Aug 24 20:50:53.354497 np0000008015 devstack@neutron-api.service[90853]: INFO neutron.api.extensions [None req-487b82bf-058a-496c-b992-9279eca1175e None None] Extension qos-bw-minimum-ingress not supported by any of loaded plugins
Aug 24 20:50:53.354666 np0000008015 devstack@neutron-api.service[90856]: DEBUG neutron.api.extensions [None req-1b845e97-8c8f-4ffc-929e-ac082d0d963c None None] Ext name="Network IP Availability" alias="network-ip-availability" description="Provides IP availability data for each network and subnet." updated="2015-09-24T00:00:00-00:00" {{(pid=90856) _check_extension /opt/stack/neutron/neutron/api/extensions.py:415}}
Aug 24 20:50:53.354778 np0000008015 devstack@neutron-api.service[90853]: DEBUG neutron.api.extensions [None req-487b82bf-058a-496c-b992-9279eca1175e None None] Loading extension file: qos_default.py {{(pid=90853) _load_all_extensions_from_path /opt/stack/neutron/neutron/api/extensions.py:449}}
Aug 24 20:50:53.354900 np0000008015 devstack@neutron-api.service[90856]: INFO neutron.api.extensions [None req-1b845e97-8c8f-4ffc-929e-ac082d0d963c None None] Loaded extension: network-ip-availability
Aug 24 20:50:53.354900 np0000008015 devstack@neutron-api.service[90856]: DEBUG neutron.api.extensions [None req-1b845e97-8c8f-4ffc-929e-ac082d0d963c None None] Loading extension file: network_ip_availability_details.py {{(pid=90856) _load_all_extensions_from_path /opt/stack/neutron/neutron/api/extensions.py:449}}
Aug 24 20:50:53.354989 np0000008015 devstack@neutron-api.service[90853]: DEBUG neutron.api.extensions [None req-487b82bf-058a-496c-b992-9279eca1175e None None] Ext name="QoS default policy" alias="qos-default" description="Expose the QoS default policy per project" updated="2017-041-06T10:00:00-00:00" {{(pid=90853) _check_extension /opt/stack/neutron/neutron/api/extensions.py:415}}
Aug 24 20:50:53.355099 np0000008015 devstack@neutron-api.service[90856]: DEBUG neutron.api.extensions [None req-1b845e97-8c8f-4ffc-929e-ac082d0d963c None None] Ext name="Network IP Availability Details Extension" alias="network-ip-availability-details" description="Add ip_availability_details attribute to network-ip-availabilities resource." updated="2025-10-31T00:00:00-00:00" {{(pid=90856) _check_extension /opt/stack/neutron/neutron/api/extensions.py:415}}
Aug 24 20:50:53.355180 np0000008015 devstack@neutron-api.service[90853]: INFO neutron.api.extensions [None req-487b82bf-058a-496c-b992-9279eca1175e None None] Extension qos-default not supported by any of loaded plugins
Aug 24 20:50:53.355294 np0000008015 devstack@neutron-api.service[90856]: INFO neutron.api.extensions [None req-1b845e97-8c8f-4ffc-929e-ac082d0d963c None None] Loaded extension: network-ip-availability-details
Aug 24 20:50:53.355404 np0000008015 devstack@neutron-api.service[90853]: DEBUG neutron.api.extensions [None req-487b82bf-058a-496c-b992-9279eca1175e None None] Loading extension file: qos_fip.py {{(pid=90853) _load_all_extensions_from_path /opt/stack/neutron/neutron/api/extensions.py:449}}
Aug 24 20:50:53.355527 np0000008015 devstack@neutron-api.service[90856]: DEBUG neutron.api.extensions [None req-1b845e97-8c8f-4ffc-929e-ac082d0d963c None None] Loading extension file: network_segment_range.py {{(pid=90856) _load_all_extensions_from_path /opt/stack/neutron/neutron/api/extensions.py:449}}
Aug 24 20:50:53.355664 np0000008015 devstack@neutron-api.service[90853]: DEBUG neutron.api.extensions [None req-487b82bf-058a-496c-b992-9279eca1175e None None] Ext name="Floating IP QoS" alias="qos-fip" description="The floating IP Quality of Service extension" updated="2017-07-20T00:00:00-00:00" {{(pid=90853) _check_extension /opt/stack/neutron/neutron/api/extensions.py:415}}
Aug 24 20:50:53.355664 np0000008015 devstack@neutron-api.service[90853]: INFO neutron.api.extensions [None req-487b82bf-058a-496c-b992-9279eca1175e None None] Extension qos-fip not supported by any of loaded plugins
Aug 24 20:50:53.355860 np0000008015 devstack@neutron-api.service[90856]: DEBUG neutron.api.extensions [None req-1b845e97-8c8f-4ffc-929e-ac082d0d963c None None] Ext name="Neutron Network Segment Range" alias="network-segment-range" description="Provides support for the network segment range management" updated="2018-11-29T00:00:00-00:00" {{(pid=90856) _check_extension /opt/stack/neutron/neutron/api/extensions.py:415}}
Aug 24 20:50:53.355943 np0000008015 devstack@neutron-api.service[90853]: DEBUG neutron.api.extensions [None req-487b82bf-058a-496c-b992-9279eca1175e None None] Loading extension file: qos_fip_network_policy.py {{(pid=90853) _load_all_extensions_from_path /opt/stack/neutron/neutron/api/extensions.py:449}}
Aug 24 20:50:53.356022 np0000008015 devstack@neutron-api.service[90856]: INFO neutron.api.extensions [None req-1b845e97-8c8f-4ffc-929e-ac082d0d963c None None] Extension network-segment-range not supported by any of loaded plugins
Aug 24 20:50:53.356124 np0000008015 devstack@neutron-api.service[90853]: DEBUG neutron.api.extensions [None req-487b82bf-058a-496c-b992-9279eca1175e None None] Ext name="QoS floating IP network policy ID" alias="qos-fip-network-policy" description="Adds a the QoS network ID to the floating IP definition" updated="2021-11-15T10:00:00-00:00" {{(pid=90853) _check_extension /opt/stack/neutron/neutron/api/extensions.py:415}}
Aug 24 20:50:53.356278 np0000008015 devstack@neutron-api.service[90856]: DEBUG neutron.api.extensions [None req-1b845e97-8c8f-4ffc-929e-ac082d0d963c None None] Loading extension file: ovn_bgp.py {{(pid=90856) _load_all_extensions_from_path /opt/stack/neutron/neutron/api/extensions.py:449}}
Aug 24 20:50:53.356376 np0000008015 devstack@neutron-api.service[90853]: INFO neutron.api.extensions [None req-487b82bf-058a-496c-b992-9279eca1175e None None] Extension qos-fip-network-policy not supported by any of loaded plugins
Aug 24 20:50:53.356376 np0000008015 devstack@neutron-api.service[90853]: DEBUG neutron.api.extensions [None req-487b82bf-058a-496c-b992-9279eca1175e None None] Loading extension file: qos_gateway_ip.py {{(pid=90853) _load_all_extensions_from_path /opt/stack/neutron/neutron/api/extensions.py:449}}
Aug 24 20:50:53.356551 np0000008015 devstack@neutron-api.service[90856]: DEBUG neutron.api.extensions [None req-1b845e97-8c8f-4ffc-929e-ac082d0d963c None None] Ext name="OVN BGP" alias="ovn-bgp" description="Subnet extension to support OVN BGP route leaking" updated="2026-07-20T00:00:00-00:00" {{(pid=90856) _check_extension /opt/stack/neutron/neutron/api/extensions.py:415}}
