Jul 03 21:43:37.943301 np0000004478 devstack@c-api.service[96722]: DEBUG cinder.api.openstack.wsgi [req-6611d8a5-9456-427c-b0c1-12f0e102e942 req-d03ac041-46af-437f-aff4-c463b34e03ca tempest-AttachSCSIVolumeTestJSON-1807382983 tempest-AttachSCSIVolumeTestJSON-1807382983-project-member] Empty body provided in request {{(pid=96722) get_body /opt/stack/cinder/cinder/api/openstack/wsgi.py:725}}
Jul 03 21:43:37.944450 np0000004478 devstack@c-api.service[96722]: DEBUG cinder.api.openstack.wsgi [req-6611d8a5-9456-427c-b0c1-12f0e102e942 req-d03ac041-46af-437f-aff4-c463b34e03ca tempest-AttachSCSIVolumeTestJSON-1807382983 tempest-AttachSCSIVolumeTestJSON-1807382983-project-member] Calling method 'show' {{(pid=96722) _process_stack /opt/stack/cinder/cinder/api/openstack/wsgi.py:878}}
Jul 03 21:43:37.971744 np0000004478 devstack@c-api.service[96722]: /opt/stack/data/venv/lib/python3.12/site-packages/oslo_context/context.py:102: DeprecationWarning: Policy enforcement is depending on the value of is_admin. This key is deprecated. Please update your policy file to use the standard policy values.
Jul 03 21:43:37.971744 np0000004478 devstack@c-api.service[96722]: warnings.warn(
Jul 03 21:43:37.975588 np0000004478 devstack@c-api.service[96723]: DEBUG cinder.api.middleware.request_id [None req-0e890fcf-8cc7-47e9-8f14-1c8b3d9a01ac None None] RequestId filter calling following filter/app {{(pid=96723) _context_setter /opt/stack/cinder/cinder/api/middleware/request_id.py:62}}
Jul 03 21:43:37.976381 np0000004478 devstack@c-api.service[96723]: INFO cinder.api.openstack.wsgi [None req-0e890fcf-8cc7-47e9-8f14-1c8b3d9a01ac None None] GET https://10.4.3.34/volume//
Jul 03 21:43:37.976860 np0000004478 devstack@c-api.service[96723]: DEBUG cinder.api.openstack.wsgi [None req-0e890fcf-8cc7-47e9-8f14-1c8b3d9a01ac None None] Empty body provided in request {{(pid=96723) get_body /opt/stack/cinder/cinder/api/openstack/wsgi.py:725}}
Jul 03 21:43:37.977289 np0000004478 devstack@c-api.service[96723]: DEBUG cinder.api.openstack.wsgi [None req-0e890fcf-8cc7-47e9-8f14-1c8b3d9a01ac None None] Calling method 'all' {{(pid=96723) _process_stack /opt/stack/cinder/cinder/api/openstack/wsgi.py:878}}
Jul 03 21:43:37.977910 np0000004478 devstack@c-api.service[96723]: INFO cinder.api.openstack.wsgi [None req-0e890fcf-8cc7-47e9-8f14-1c8b3d9a01ac None None] https://10.4.3.34/volume// returned with HTTP 300
Jul 03 21:43:37.978374 np0000004478 devstack@c-api.service[96723]: [pid: 96723|app: 0|req: 36/107] 10.4.3.34 () {66 vars in 1419 bytes} [Fri Jul 3 21:43:37 2026] GET /volume/ => generated 385 bytes in 3 msecs (HTTP/1.1 300) 7 headers in 299 bytes (1 switches on core 0)
Jul 03 21:43:37.978646 np0000004478 devstack@c-api.service[96722]: INFO cinder.volume.api [req-6611d8a5-9456-427c-b0c1-12f0e102e942 req-d03ac041-46af-437f-aff4-c463b34e03ca tempest-AttachSCSIVolumeTestJSON-1807382983 tempest-AttachSCSIVolumeTestJSON-1807382983-project-member] Volume info retrieved successfully.
Jul 03 21:43:37.989147 np0000004478 devstack@c-api.service[96722]: INFO cinder.api.openstack.wsgi [req-6611d8a5-9456-427c-b0c1-12f0e102e942 req-d03ac041-46af-437f-aff4-c463b34e03ca tempest-AttachSCSIVolumeTestJSON-1807382983 tempest-AttachSCSIVolumeTestJSON-1807382983-project-member] https://10.4.3.34/volume/v3/volumes/412ef9bb-12c4-473f-a069-1cd3e0ad7a8d returned with HTTP 200
Jul 03 21:43:37.989864 np0000004478 devstack@c-api.service[96722]: [pid: 96722|app: 0|req: 35/108] 10.4.3.34 () {68 vars in 1591 bytes} [Fri Jul 3 21:43:37 2026] GET /volume/v3/volumes/412ef9bb-12c4-473f-a069-1cd3e0ad7a8d => generated 1138 bytes in 52 msecs (HTTP/1.1 200) 7 headers in 286 bytes (1 switches on core 0)
Jul 03 21:43:37.992527 np0000004478 devstack@c-api.service[96721]: DEBUG cinder.api.middleware.request_id [req-a0ae4d89-172a-40c4-bb4c-28b14b7d8d50 req-d085b4a2-0f46-4d44-a7b1-971a53302625 None None] RequestId filter calling following filter/app {{(pid=96721) _context_setter /opt/stack/cinder/cinder/api/middleware/request_id.py:62}}
Jul 03 21:43:37.996150 np0000004478 devstack@c-api.service[96721]: INFO cinder.api.openstack.wsgi [req-a0ae4d89-172a-40c4-bb4c-28b14b7d8d50 req-d085b4a2-0f46-4d44-a7b1-971a53302625 tempest-VolumesAssistedSnapshotsTest-775330583 tempest-VolumesAssistedSnapshotsTest-775330583-project-admin] GET https://10.4.3.34/volume/v3/volumes/26ae748d-bc0b-40c7-b142-04356cfd68a0
Jul 03 21:43:37.996495 np0000004478 devstack@c-api.service[96721]: DEBUG cinder.api.openstack.wsgi [req-a0ae4d89-172a-40c4-bb4c-28b14b7d8d50 req-d085b4a2-0f46-4d44-a7b1-971a53302625 tempest-VolumesAssistedSnapshotsTest-775330583 tempest-VolumesAssistedSnapshotsTest-775330583-project-admin] Empty body provided in request {{(pid=96721) get_body /opt/stack/cinder/cinder/api/openstack/wsgi.py:725}}
Jul 03 21:43:37.996861 np0000004478 devstack@c-api.service[96721]: DEBUG cinder.api.openstack.wsgi [req-a0ae4d89-172a-40c4-bb4c-28b14b7d8d50 req-d085b4a2-0f46-4d44-a7b1-971a53302625 tempest-VolumesAssistedSnapshotsTest-775330583 tempest-VolumesAssistedSnapshotsTest-775330583-project-admin] Calling method 'show' {{(pid=96721) _process_stack /opt/stack/cinder/cinder/api/openstack/wsgi.py:878}}
Jul 03 21:43:38.011184 np0000004478 devstack@c-api.service[96721]: /opt/stack/data/venv/lib/python3.12/site-packages/oslo_context/context.py:102: DeprecationWarning: Policy enforcement is depending on the value of is_admin. This key is deprecated. Please update your policy file to use the standard policy values.
Jul 03 21:43:38.011184 np0000004478 devstack@c-api.service[96721]: warnings.warn(
Jul 03 21:43:38.016418 np0000004478 devstack@c-api.service[96721]: INFO cinder.volume.api [req-a0ae4d89-172a-40c4-bb4c-28b14b7d8d50 req-d085b4a2-0f46-4d44-a7b1-971a53302625 tempest-VolumesAssistedSnapshotsTest-775330583 tempest-VolumesAssistedSnapshotsTest-775330583-project-admin] Volume info retrieved successfully.
Jul 03 21:43:38.022480 np0000004478 devstack@c-api.service[96721]: INFO cinder.api.openstack.wsgi [req-a0ae4d89-172a-40c4-bb4c-28b14b7d8d50 req-d085b4a2-0f46-4d44-a7b1-971a53302625 tempest-VolumesAssistedSnapshotsTest-775330583 tempest-VolumesAssistedSnapshotsTest-775330583-project-admin] https://10.4.3.34/volume/v3/volumes/26ae748d-bc0b-40c7-b142-04356cfd68a0 returned with HTTP 200
Jul 03 21:43:38.023077 np0000004478 devstack@c-api.service[96721]: [pid: 96721|app: 0|req: 38/109] 10.4.3.34 () {70 vars in 1632 bytes} [Fri Jul 3 21:43:37 2026] GET /volume/v3/volumes/26ae748d-bc0b-40c7-b142-04356cfd68a0 => generated 1246 bytes in 35 msecs (HTTP/1.1 200) 7 headers in 287 bytes (1 switches on core 0)
Jul 03 21:43:38.058566 np0000004478 devstack@c-api.service[96723]: DEBUG cinder.api.middleware.request_id [req-6611d8a5-9456-427c-b0c1-12f0e102e942 req-916bcdf7-bb06-4cd1-a007-281fd2ac75f8 None None] RequestId filter calling following filter/app {{(pid=96723) _context_setter /opt/stack/cinder/cinder/api/middleware/request_id.py:62}}
Jul 03 21:43:38.064174 np0000004478 devstack@c-api.service[96723]: INFO cinder.api.openstack.wsgi [req-6611d8a5-9456-427c-b0c1-12f0e102e942 req-916bcdf7-bb06-4cd1-a007-281fd2ac75f8 tempest-AttachSCSIVolumeTestJSON-1807382983 tempest-AttachSCSIVolumeTestJSON-1807382983-project-member] POST https://10.4.3.34/volume/v3/volumes/412ef9bb-12c4-473f-a069-1cd3e0ad7a8d/action
Jul 03 21:43:38.064839 np0000004478 devstack@c-api.service[96723]: DEBUG cinder.api.openstack.wsgi [req-6611d8a5-9456-427c-b0c1-12f0e102e942 req-916bcdf7-bb06-4cd1-a007-281fd2ac75f8 tempest-AttachSCSIVolumeTestJSON-1807382983 tempest-AttachSCSIVolumeTestJSON-1807382983-project-member] Action body: b'{"os-begin_detaching": null}' {{(pid=96723) get_method /opt/stack/cinder/cinder/api/openstack/wsgi.py:993}}
Jul 03 21:43:38.065429 np0000004478 devstack@c-api.service[96723]: DEBUG cinder.api.openstack.wsgi [req-6611d8a5-9456-427c-b0c1-12f0e102e942 req-916bcdf7-bb06-4cd1-a007-281fd2ac75f8 tempest-AttachSCSIVolumeTestJSON-1807382983 tempest-AttachSCSIVolumeTestJSON-1807382983-project-member] Action: 'action', calling method: _begin_detaching, body: {"os-begin_detaching": null} {{(pid=96723) _process_stack /opt/stack/cinder/cinder/api/openstack/wsgi.py:876}}
Jul 03 21:43:38.083681 np0000004478 devstack@c-api.service[96723]: /opt/stack/data/venv/lib/python3.12/site-packages/oslo_context/context.py:102: DeprecationWarning: Policy enforcement is depending on the value of is_admin. This key is deprecated. Please update your policy file to use the standard policy values.
Jul 03 21:43:38.083681 np0000004478 devstack@c-api.service[96723]: warnings.warn(
Jul 03 21:43:38.084379 np0000004478 devstack@c-api.service[96723]: INFO cinder.volume.api [req-6611d8a5-9456-427c-b0c1-12f0e102e942 req-916bcdf7-bb06-4cd1-a007-281fd2ac75f8 tempest-AttachSCSIVolumeTestJSON-1807382983 tempest-AttachSCSIVolumeTestJSON-1807382983-project-member] Volume info retrieved successfully.
Jul 03 21:43:38.097267 np0000004478 devstack@c-api.service[96723]: INFO cinder.volume.api [req-6611d8a5-9456-427c-b0c1-12f0e102e942 req-916bcdf7-bb06-4cd1-a007-281fd2ac75f8 tempest-AttachSCSIVolumeTestJSON-1807382983 tempest-AttachSCSIVolumeTestJSON-1807382983-project-member] Begin detaching volume completed successfully.
Jul 03 21:43:38.097843 np0000004478 devstack@c-api.service[96723]: INFO cinder.api.openstack.wsgi [req-6611d8a5-9456-427c-b0c1-12f0e102e942 req-916bcdf7-bb06-4cd1-a007-281fd2ac75f8 tempest-AttachSCSIVolumeTestJSON-1807382983 tempest-AttachSCSIVolumeTestJSON-1807382983-project-member] https://10.4.3.34/volume/v3/volumes/412ef9bb-12c4-473f-a069-1cd3e0ad7a8d/action returned with HTTP 202
Jul 03 21:43:38.098475 np0000004478 devstack@c-api.service[96723]: [pid: 96723|app: 0|req: 37/110] 10.4.3.34 () {72 vars in 1665 bytes} [Fri Jul 3 21:43:38 2026] POST /volume/v3/volumes/412ef9bb-12c4-473f-a069-1cd3e0ad7a8d/action => generated 0 bytes in 41 msecs (HTTP/1.1 202) 7 headers in 289 bytes (1 switches on core 0)
Jul 03 21:43:38.133788 np0000004478 devstack@c-api.service[96722]: DEBUG cinder.api.middleware.request_id [None req-bc7fae1f-1ddb-4313-a058-5f978e240b38 None None] RequestId filter calling following filter/app {{(pid=96722) _context_setter /opt/stack/cinder/cinder/api/middleware/request_id.py:62}}
Jul 03 21:43:38.138320 np0000004478 devstack@c-api.service[96721]: DEBUG cinder.api.middleware.request_id [req-a0ae4d89-172a-40c4-bb4c-28b14b7d8d50 req-a1626caf-ce79-4195-9cae-5bbc17dc3959 None None] RequestId filter calling following filter/app {{(pid=96721) _context_setter /opt/stack/cinder/cinder/api/middleware/request_id.py:62}}
Jul 03 21:43:38.139943 np0000004478 devstack@c-api.service[96722]: INFO cinder.api.openstack.wsgi [None req-bc7fae1f-1ddb-4313-a058-5f978e240b38 tempest-AttachSCSIVolumeTestJSON-1807382983 tempest-AttachSCSIVolumeTestJSON-1807382983-project-reader] GET https://10.4.3.34/volume/v3/volumes/412ef9bb-12c4-473f-a069-1cd3e0ad7a8d
Jul 03 21:43:38.140180 np0000004478 devstack@c-api.service[96722]: DEBUG cinder.api.openstack.wsgi [None req-bc7fae1f-1ddb-4313-a058-5f978e240b38 tempest-AttachSCSIVolumeTestJSON-1807382983 tempest-AttachSCSIVolumeTestJSON-1807382983-project-reader] Empty body provided in request {{(pid=96722) get_body /opt/stack/cinder/cinder/api/openstack/wsgi.py:725}}
Jul 03 21:43:38.140484 np0000004478 devstack@c-api.service[96722]: DEBUG cinder.api.openstack.wsgi [None req-bc7fae1f-1ddb-4313-a058-5f978e240b38 tempest-AttachSCSIVolumeTestJSON-1807382983 tempest-AttachSCSIVolumeTestJSON-1807382983-project-reader] Calling method 'show' {{(pid=96722) _process_stack /opt/stack/cinder/cinder/api/openstack/wsgi.py:878}}
Jul 03 21:43:38.142082 np0000004478 devstack@c-api.service[96721]: INFO cinder.api.openstack.wsgi [req-a0ae4d89-172a-40c4-bb4c-28b14b7d8d50 req-a1626caf-ce79-4195-9cae-5bbc17dc3959 tempest-VolumesAssistedSnapshotsTest-775330583 tempest-VolumesAssistedSnapshotsTest-775330583-project-admin] PUT https://10.4.3.34/volume/v3/attachments/6794299e-89ff-43ad-88b8-48f78f568772
Jul 03 21:43:38.142702 np0000004478 devstack@c-api.service[96721]: DEBUG cinder.api.openstack.wsgi [req-a0ae4d89-172a-40c4-bb4c-28b14b7d8d50 req-a1626caf-ce79-4195-9cae-5bbc17dc3959 tempest-VolumesAssistedSnapshotsTest-775330583 tempest-VolumesAssistedSnapshotsTest-775330583-project-admin] Action: 'update', calling method: version_select, body: {"attachment": {"connector": {"platform": "x86_64", "os_type": "linux", "ip": "10.4.3.34", "host": "np0000004478", "multipath": false, "enforce_multipath": true, "initiator": "iqn.2016-04.com.open-iscsi:2485a0b835e2", "do_local_attach": false, "nvme_hostid": "cd30d807-9bb1-437b-950e-502ba55dad99", "uuid": "8515de1c-ba7e-467b-adde-6d9f8a8dbc1f", "system uuid": "57cd7784-2154-48d6-9615-21206758ed9b", "nqn": "nqn.2014-08.org.nvmexpress:uuid:57cd7784-2154-48d6-9615-21206758ed9b", "nvme_native_multipath": true, "found_dsc": "", "host_ips": ["10.4.3.34", "fe80::f816:3eff:fe7b:d350", "192.168.10.6", "fe80::f816:3eff:fee7:41ad", "192.168.20.6", "fe80::f816:3eff:fe85:8e13", "192.168.30.6", "fe80::f816:3eff:feeb:ed13", "192.168.122.1", "172.24.5.1", "2001:db8::2", "fe80::2843:3bff:fecf:f541", "fe80::f816:3eff:fe99:810a", "fe80::f816:3eff:fe64:20a0", "fe80::e4d2:85ff:fe34:1af2", "fe80::b461:c3ff:fefc:9c7", "fe80::f816:3eff:fed0:91f6", "fe80::2c41:aeff:fe77:35ef", "fe80::f816:3eff:feea:f803", "fe80::d09d:9aff:fed7:c50f", "fe80::f816:3eff:fe00:969f", "fe80::f816:3eff:fea7:4619", "fe80::d86f:98ff:fe02:51cc", "fe80::f816:3eff:fe4c:e625", "fe80::84e0:b1ff:fe36:cf63"], "mountpoint": "/dev/vdb"}}} {{(pid=96721) _process_stack /opt/stack/cinder/cinder/api/openstack/wsgi.py:876}}
Jul 03 21:43:38.153615 np0000004478 devstack@c-api.service[96721]: DEBUG cinder.coordination [req-a0ae4d89-172a-40c4-bb4c-28b14b7d8d50 req-a1626caf-ce79-4195-9cae-5bbc17dc3959 tempest-VolumesAssistedSnapshotsTest-775330583 tempest-VolumesAssistedSnapshotsTest-775330583-project-admin] Acquiring lock "cinder-attachment_update-26ae748d-bc0b-40c7-b142-04356cfd68a0-np0000004478" by "attachment_update" {{(pid=96721) __acquire /opt/stack/cinder/cinder/coordination.py:138}}
Jul 03 21:43:38.158956 np0000004478 devstack@c-api.service[96722]: /opt/stack/data/venv/lib/python3.12/site-packages/oslo_context/context.py:102: DeprecationWarning: Policy enforcement is depending on the value of is_admin. This key is deprecated. Please update your policy file to use the standard policy values.
Jul 03 21:43:38.158956 np0000004478 devstack@c-api.service[96722]: warnings.warn(
Jul 03 21:43:38.166250 np0000004478 devstack@c-api.service[96721]: DEBUG cinder.coordination [req-a0ae4d89-172a-40c4-bb4c-28b14b7d8d50 req-a1626caf-ce79-4195-9cae-5bbc17dc3959 tempest-VolumesAssistedSnapshotsTest-775330583 tempest-VolumesAssistedSnapshotsTest-775330583-project-admin] Lock "cinder-attachment_update-26ae748d-bc0b-40c7-b142-04356cfd68a0-np0000004478" acquired by "attachment_update" :: waited 0.012s {{(pid=96721) __acquire /opt/stack/cinder/cinder/coordination.py:141}}
Jul 03 21:43:38.166931 np0000004478 devstack@c-api.service[96721]: /opt/stack/data/venv/lib/python3.12/site-packages/oslo_context/context.py:102: DeprecationWarning: Policy enforcement is depending on the value of is_admin. This key is deprecated. Please update your policy file to use the standard policy values.
Jul 03 21:43:38.166931 np0000004478 devstack@c-api.service[96721]: warnings.warn(
Jul 03 21:43:38.177227 np0000004478 devstack@c-api.service[96722]: INFO cinder.volume.api [None req-bc7fae1f-1ddb-4313-a058-5f978e240b38 tempest-AttachSCSIVolumeTestJSON-1807382983 tempest-AttachSCSIVolumeTestJSON-1807382983-project-reader] Volume info retrieved successfully.
Jul 03 21:43:38.184634 np0000004478 devstack@c-api.service[96722]: INFO cinder.api.openstack.wsgi [None req-bc7fae1f-1ddb-4313-a058-5f978e240b38 tempest-AttachSCSIVolumeTestJSON-1807382983 tempest-AttachSCSIVolumeTestJSON-1807382983-project-reader] https://10.4.3.34/volume/v3/volumes/412ef9bb-12c4-473f-a069-1cd3e0ad7a8d returned with HTTP 200
Jul 03 21:43:38.185531 np0000004478 devstack@c-api.service[96722]: [pid: 96722|app: 0|req: 36/111] 10.4.3.34 () {66 vars in 1341 bytes} [Fri Jul 3 21:43:38 2026] GET /volume/v3/volumes/412ef9bb-12c4-473f-a069-1cd3e0ad7a8d => generated 1141 bytes in 53 msecs (HTTP/1.1 200) 7 headers in 286 bytes (1 switches on core 0)
Jul 03 21:43:38.496178 np0000004478 devstack@c-api.service[96723]: DEBUG cinder.api.middleware.request_id [None req-bb8d6441-8649-4432-bbab-cbdb966789aa None None] RequestId filter calling following filter/app {{(pid=96723) _context_setter /opt/stack/cinder/cinder/api/middleware/request_id.py:62}}
Jul 03 21:43:38.499140 np0000004478 devstack@c-api.service[96723]: INFO cinder.api.openstack.wsgi [None req-bb8d6441-8649-4432-bbab-cbdb966789aa tempest-TaggedBootDevicesTest-336679671 tempest-TaggedBootDevicesTest-336679671-project-member] GET https://10.4.3.34/volume/v3/volumes/5d808898-9445-40f2-a077-5675d4b793c3
Jul 03 21:43:38.499734 np0000004478 devstack@c-api.service[96723]: DEBUG cinder.api.openstack.wsgi [None req-bb8d6441-8649-4432-bbab-cbdb966789aa tempest-TaggedBootDevicesTest-336679671 tempest-TaggedBootDevicesTest-336679671-project-member] Empty body provided in request {{(pid=96723) get_body /opt/stack/cinder/cinder/api/openstack/wsgi.py:725}}
Jul 03 21:43:38.500196 np0000004478 devstack@c-api.service[96723]: DEBUG cinder.api.openstack.wsgi [None req-bb8d6441-8649-4432-bbab-cbdb966789aa tempest-TaggedBootDevicesTest-336679671 tempest-TaggedBootDevicesTest-336679671-project-member] Calling method 'show' {{(pid=96723) _process_stack /opt/stack/cinder/cinder/api/openstack/wsgi.py:878}}
Jul 03 21:43:38.514242 np0000004478 devstack@c-api.service[96723]: /opt/stack/data/venv/lib/python3.12/site-packages/oslo_context/context.py:102: DeprecationWarning: Policy enforcement is depending on the value of is_admin. This key is deprecated. Please update your policy file to use the standard policy values.
Jul 03 21:43:38.514242 np0000004478 devstack@c-api.service[96723]: warnings.warn(
Jul 03 21:43:38.521823 np0000004478 devstack@c-api.service[96723]: INFO cinder.volume.api [None req-bb8d6441-8649-4432-bbab-cbdb966789aa tempest-TaggedBootDevicesTest-336679671 tempest-TaggedBootDevicesTest-336679671-project-member] Volume info retrieved successfully.
Jul 03 21:43:38.530134 np0000004478 devstack@c-api.service[96723]: INFO cinder.api.openstack.wsgi [None req-bb8d6441-8649-4432-bbab-cbdb966789aa tempest-TaggedBootDevicesTest-336679671 tempest-TaggedBootDevicesTest-336679671-project-member] https://10.4.3.34/volume/v3/volumes/5d808898-9445-40f2-a077-5675d4b793c3 returned with HTTP 200
Jul 03 21:43:38.530972 np0000004478 devstack@c-api.service[96723]: [pid: 96723|app: 0|req: 38/112] 10.4.3.34 () {66 vars in 1341 bytes} [Fri Jul 3 21:43:38 2026] GET /volume/v3/volumes/5d808898-9445-40f2-a077-5675d4b793c3 => generated 1358 bytes in 36 msecs (HTTP/1.1 200) 7 headers in 286 bytes (1 switches on core 0)
Jul 03 21:43:38.552052 np0000004478 devstack@c-api.service[96722]: DEBUG cinder.api.middleware.request_id [None req-12296895-d95b-4ce3-90ba-f28b4544f925 None None] RequestId filter calling following filter/app {{(pid=96722) _context_setter /opt/stack/cinder/cinder/api/middleware/request_id.py:62}}
Jul 03 21:43:38.554415 np0000004478 devstack@c-api.service[96722]: INFO cinder.api.openstack.wsgi [None req-12296895-d95b-4ce3-90ba-f28b4544f925 tempest-TaggedBootDevicesTest-336679671 tempest-TaggedBootDevicesTest-336679671-project-member] POST https://10.4.3.34/volume/v3/volumes
Jul 03 21:43:38.554874 np0000004478 devstack@c-api.service[96722]: DEBUG cinder.api.openstack.wsgi [None req-12296895-d95b-4ce3-90ba-f28b4544f925 tempest-TaggedBootDevicesTest-336679671 tempest-TaggedBootDevicesTest-336679671-project-member] Action: 'create', calling method: create, body: {"volume": {"size": 1, "display_name": "tempest-TaggedBootDevicesTest-volume-1839735360"}} {{(pid=96722) _process_stack /opt/stack/cinder/cinder/api/openstack/wsgi.py:876}}
Jul 03 21:43:38.556818 np0000004478 devstack@c-api.service[96722]: DEBUG cinder.api.v3.volumes [None req-12296895-d95b-4ce3-90ba-f28b4544f925 tempest-TaggedBootDevicesTest-336679671 tempest-TaggedBootDevicesTest-336679671-project-member] Create volume request body: {'volume': {'size': 1, 'display_name': 'tempest-TaggedBootDevicesTest-volume-1839735360'}} {{(pid=96722) create /opt/stack/cinder/cinder/api/v3/volumes.py:368}}
Jul 03 21:43:38.557009 np0000004478 devstack@c-api.service[96722]: INFO cinder.api.v3.volumes [None req-12296895-d95b-4ce3-90ba-f28b4544f925 tempest-TaggedBootDevicesTest-336679671 tempest-TaggedBootDevicesTest-336679671-project-member] Create volume of 1 GB
Jul 03 21:43:38.562145 np0000004478 devstack@c-api.service[96722]: INFO cinder.volume.api [None req-12296895-d95b-4ce3-90ba-f28b4544f925 tempest-TaggedBootDevicesTest-336679671 tempest-TaggedBootDevicesTest-336679671-project-member] Availability Zones retrieved successfully.
Jul 03 21:43:38.569323 np0000004478 devstack@c-api.service[96722]: DEBUG cinder.volume.api [None req-12296895-d95b-4ce3-90ba-f28b4544f925 tempest-TaggedBootDevicesTest-336679671 tempest-TaggedBootDevicesTest-336679671-project-member] Flow 'volume_create_api' (d4ed630c-4cc8-48ab-897c-ca87e5651a69) transitioned into state 'RUNNING' from state 'PENDING' {{(pid=96722) _flow_receiver /opt/stack/data/venv/lib/python3.12/site-packages/taskflow/listeners/logging.py:160}}
Jul 03 21:43:38.570583 np0000004478 devstack@c-api.service[96722]: DEBUG cinder.volume.api [None req-12296895-d95b-4ce3-90ba-f28b4544f925 tempest-TaggedBootDevicesTest-336679671 tempest-TaggedBootDevicesTest-336679671-project-member] Task 'cinder.volume.flows.api.create_volume.ExtractVolumeRequestTask;volume:create' (214603e9-bb05-4e12-8a6a-d40de1ec0a7a) transitioned into state 'RUNNING' from state 'PENDING' {{(pid=96722) _task_receiver /opt/stack/data/venv/lib/python3.12/site-packages/taskflow/listeners/logging.py:242}}
Jul 03 21:43:38.572183 np0000004478 devstack@c-api.service[96722]: DEBUG cinder.volume.flows.api.create_volume [None req-12296895-d95b-4ce3-90ba-f28b4544f925 tempest-TaggedBootDevicesTest-336679671 tempest-TaggedBootDevicesTest-336679671-project-member] Validating volume size '1' using validate_int {{(pid=96722) _extract_size /opt/stack/cinder/cinder/volume/flows/api/create_volume.py:226}}
Jul 03 21:43:38.613162 np0000004478 devstack@c-api.service[96722]: DEBUG cinder.volume.api [None req-12296895-d95b-4ce3-90ba-f28b4544f925 tempest-TaggedBootDevicesTest-336679671 tempest-TaggedBootDevicesTest-336679671-project-member] Task 'cinder.volume.flows.api.create_volume.ExtractVolumeRequestTask;volume:create' (214603e9-bb05-4e12-8a6a-d40de1ec0a7a) transitioned into state 'SUCCESS' from state 'RUNNING' with result '{'size': 1, 'snapshot_id': None, 'source_volid': None, 'volume_type': VolumeType(created_at=2026-07-03T21:40:10Z,deleted=False,deleted_at=None,description=None,extra_specs={volume_backend_name='storpool'},id=725ab08c-92ce-41f5-93ac-0f36c4bf0280,is_public=True,name='storpool',projects=[],qos_specs=,qos_specs_id=None,updated_at=None), 'volume_type_id': '725ab08c-92ce-41f5-93ac-0f36c4bf0280', 'encryption_key_id': None, 'qos_specs': None, 'consistencygroup_id': None, 'cgsnapshot_id': None, 'group_id': None, 'replication_status': 'disabled', 'refresh_az': False, 'backup_id': None, 'multiattach': False, 'availability_zones': ['nova']}' {{(pid=96722) _task_receiver /opt/stack/data/venv/lib/python3.12/site-packages/taskflow/listeners/logging.py:218}}
Jul 03 21:43:38.614377 np0000004478 devstack@c-api.service[96722]: DEBUG cinder.volume.api [None req-12296895-d95b-4ce3-90ba-f28b4544f925 tempest-TaggedBootDevicesTest-336679671 tempest-TaggedBootDevicesTest-336679671-project-member] Task 'cinder.volume.flows.api.create_volume.QuotaReserveTask;volume:create' (6b99280b-5d6a-4e17-bd57-c88ea03214ce) transitioned into state 'RUNNING' from state 'PENDING' {{(pid=96722) _task_receiver /opt/stack/data/venv/lib/python3.12/site-packages/taskflow/listeners/logging.py:242}}
Jul 03 21:43:38.677770 np0000004478 devstack@c-api.service[96722]: DEBUG cinder.quota [None req-12296895-d95b-4ce3-90ba-f28b4544f925 tempest-TaggedBootDevicesTest-336679671 tempest-TaggedBootDevicesTest-336679671-project-member] Created reservations ['97c4243d-0b1c-458d-9b6b-c66b79639b9e', '7185498c-0906-4771-a165-2fb1b49d8d25', '36e0b6f6-7a95-4c63-8f86-76ce0a6a0787', 'b7a85357-ebc4-4f9b-83e3-b64ef5083469'] {{(pid=96722) reserve /opt/stack/cinder/cinder/quota.py:752}}
Jul 03 21:43:38.679525 np0000004478 devstack@c-api.service[96722]: DEBUG cinder.volume.api [None req-12296895-d95b-4ce3-90ba-f28b4544f925 tempest-TaggedBootDevicesTest-336679671 tempest-TaggedBootDevicesTest-336679671-project-member] Task 'cinder.volume.flows.api.create_volume.QuotaReserveTask;volume:create' (6b99280b-5d6a-4e17-bd57-c88ea03214ce) transitioned into state 'SUCCESS' from state 'RUNNING' with result '{'reservations': ['97c4243d-0b1c-458d-9b6b-c66b79639b9e', '7185498c-0906-4771-a165-2fb1b49d8d25', '36e0b6f6-7a95-4c63-8f86-76ce0a6a0787', 'b7a85357-ebc4-4f9b-83e3-b64ef5083469']}' {{(pid=96722) _task_receiver /opt/stack/data/venv/lib/python3.12/site-packages/taskflow/listeners/logging.py:218}}
Jul 03 21:43:38.680821 np0000004478 devstack@c-api.service[96722]: DEBUG cinder.volume.api [None req-12296895-d95b-4ce3-90ba-f28b4544f925 tempest-TaggedBootDevicesTest-336679671 tempest-TaggedBootDevicesTest-336679671-project-member] Task 'cinder.volume.flows.api.create_volume.EntryCreateTask;volume:create' (b96de492-bec8-47c9-8e54-01d972781b54) transitioned into state 'RUNNING' from state 'PENDING' {{(pid=96722) _task_receiver /opt/stack/data/venv/lib/python3.12/site-packages/taskflow/listeners/logging.py:242}}
Jul 03 21:43:38.701313 np0000004478 devstack@c-api.service[96721]: DEBUG cinder.coordination [req-a0ae4d89-172a-40c4-bb4c-28b14b7d8d50 req-a1626caf-ce79-4195-9cae-5bbc17dc3959 tempest-VolumesAssistedSnapshotsTest-775330583 tempest-VolumesAssistedSnapshotsTest-775330583-project-admin] Lock "cinder-attachment_update-26ae748d-bc0b-40c7-b142-04356cfd68a0-np0000004478" released by "attachment_update" :: held 0.536s {{(pid=96721) __release /opt/stack/cinder/cinder/coordination.py:152}}
Jul 03 21:43:38.701827 np0000004478 devstack@c-api.service[96721]: INFO cinder.api.openstack.wsgi [req-a0ae4d89-172a-40c4-bb4c-28b14b7d8d50 req-a1626caf-ce79-4195-9cae-5bbc17dc3959 tempest-VolumesAssistedSnapshotsTest-775330583 tempest-VolumesAssistedSnapshotsTest-775330583-project-admin] https://10.4.3.34/volume/v3/attachments/6794299e-89ff-43ad-88b8-48f78f568772 returned with HTTP 200
Jul 03 21:43:38.702258 np0000004478 devstack@c-api.service[96721]: [pid: 96721|app: 0|req: 39/113] 10.4.3.34 () {74 vars in 1698 bytes} [Fri Jul 3 21:43:38 2026] PUT /volume/v3/attachments/6794299e-89ff-43ad-88b8-48f78f568772 => generated 535 bytes in 565 msecs (HTTP/1.1 200) 7 headers in 286 bytes (1 switches on core 0)
Jul 03 21:43:38.826747 np0000004478 devstack@c-api.service[96723]: DEBUG cinder.api.middleware.request_id [None req-a3992c60-08e5-40f8-9cd1-8aef2e40fdd6 None None] RequestId filter calling following filter/app {{(pid=96723) _context_setter /opt/stack/cinder/cinder/api/middleware/request_id.py:62}}
Jul 03 21:43:38.830373 np0000004478 devstack@c-api.service[96723]: INFO cinder.api.openstack.wsgi [None req-a3992c60-08e5-40f8-9cd1-8aef2e40fdd6 tempest-VolumesAssistedSnapshotsTest-775330583 tempest-VolumesAssistedSnapshotsTest-775330583-project-admin] GET https://10.4.3.34/volume/v3/volumes/26ae748d-bc0b-40c7-b142-04356cfd68a0
Jul 03 21:43:38.830781 np0000004478 devstack@c-api.service[96723]: DEBUG cinder.api.openstack.wsgi [None req-a3992c60-08e5-40f8-9cd1-8aef2e40fdd6 tempest-VolumesAssistedSnapshotsTest-775330583 tempest-VolumesAssistedSnapshotsTest-775330583-project-admin] Empty body provided in request {{(pid=96723) get_body /opt/stack/cinder/cinder/api/openstack/wsgi.py:725}}
Jul 03 21:43:38.831256 np0000004478 devstack@c-api.service[96723]: DEBUG cinder.api.openstack.wsgi [None req-a3992c60-08e5-40f8-9cd1-8aef2e40fdd6 tempest-VolumesAssistedSnapshotsTest-775330583 tempest-VolumesAssistedSnapshotsTest-775330583-project-admin] Calling method 'show' {{(pid=96723) _process_stack /opt/stack/cinder/cinder/api/openstack/wsgi.py:878}}
Jul 03 21:43:38.848168 np0000004478 devstack@c-api.service[96723]: /opt/stack/data/venv/lib/python3.12/site-packages/oslo_context/context.py:102: DeprecationWarning: Policy enforcement is depending on the value of is_admin. This key is deprecated. Please update your policy file to use the standard policy values.
Jul 03 21:43:38.848168 np0000004478 devstack@c-api.service[96723]: warnings.warn(
Jul 03 21:43:38.852469 np0000004478 devstack@c-api.service[96722]: DEBUG cinder.volume.api [None req-12296895-d95b-4ce3-90ba-f28b4544f925 tempest-TaggedBootDevicesTest-336679671 tempest-TaggedBootDevicesTest-336679671-project-member] Task 'cinder.volume.flows.api.create_volume.EntryCreateTask;volume:create' (b96de492-bec8-47c9-8e54-01d972781b54) transitioned into state 'SUCCESS' from state 'RUNNING' with result '{'volume_id': '480641a8-9c26-4b51-93b9-fadaabee4bd9', 'volume_properties': VolumeProperties(attach_status='detached',availability_zone='nova',cgsnapshot_id=None,consistencygroup_id=None,display_description=None,display_name='tempest-TaggedBootDevicesTest-volume-1839735360',encryption_key_id=None,group_id=None,group_type_id=,metadata={},multiattach=False,project_id='a7ea97e009424e93b18e6b522cd7aa6b',qos_specs=None,replication_status=,reservations=['97c4243d-0b1c-458d-9b6b-c66b79639b9e','7185498c-0906-4771-a165-2fb1b49d8d25','36e0b6f6-7a95-4c63-8f86-76ce0a6a0787','b7a85357-ebc4-4f9b-83e3-b64ef5083469'],size=1,snapshot_id=None,source_replicaid=,source_volid=None,status='creating',user_id='62b8dd7c179f4eee86ec80851c12b172',volume_type_id=725ab08c-92ce-41f5-93ac-0f36c4bf0280), 'volume': Volume(_name_id=None,admin_metadata=,attach_status='detached',availability_zone='nova',bootable=False,cluster=,cluster_name=None,consistencygroup=,consistencygroup_id=None,created_at=2026-07-03T21:43:38Z,deleted=False,deleted_at=None,display_description=None,display_name='tempest-TaggedBootDevicesTest-volume-1839735360',ec2_id=None,encryption_key_id=None,glance_metadata=,group=,group_id=None,host=None,id=480641a8-9c26-4b51-93b9-fadaabee4bd9,launched_at=None,metadata={},migration_status=None,multiattach=False,previous_status=None,project_id='a7ea97e009424e93b18e6b522cd7aa6b',provider_auth=None,provider_geometry=None,provider_id=None,provider_location=None,replication_driver_data=None,replication_extended_status=None,replication_status=None,scheduled_at=None,service_uuid=None,shared_targets=True,size=1,snapshot_id=None,snapshots=,source_volid=None,status='creating',terminated_at=None,updated_at=None,use_quota=True,user_id='62b8dd7c179f4eee86ec80851c12b172',volume_attachment=VolumeAttachmentList,volume_type=VolumeType(725ab08c-92ce-41f5-93ac-0f36c4bf0280),volume_type_id=725ab08c-92ce-41f5-93ac-0f36c4bf0280)}' {{(pid=96722) _task_receiver /opt/stack/data/venv/lib/python3.12/site-packages/taskflow/listeners/logging.py:218}}
Jul 03 21:43:38.853883 np0000004478 devstack@c-api.service[96723]: INFO cinder.volume.api [None req-a3992c60-08e5-40f8-9cd1-8aef2e40fdd6 tempest-VolumesAssistedSnapshotsTest-775330583 tempest-VolumesAssistedSnapshotsTest-775330583-project-admin] Volume info retrieved successfully.
Jul 03 21:43:38.853998 np0000004478 devstack@c-api.service[96722]: DEBUG cinder.volume.api [None req-12296895-d95b-4ce3-90ba-f28b4544f925 tempest-TaggedBootDevicesTest-336679671 tempest-TaggedBootDevicesTest-336679671-project-member] Task 'cinder.volume.flows.api.create_volume.QuotaCommitTask;volume:create' (ee94c8e7-0c91-4b5d-b225-bd4910616196) transitioned into state 'RUNNING' from state 'PENDING' {{(pid=96722) _task_receiver /opt/stack/data/venv/lib/python3.12/site-packages/taskflow/listeners/logging.py:242}}
Jul 03 21:43:38.860709 np0000004478 devstack@c-api.service[96723]: INFO cinder.api.openstack.wsgi [None req-a3992c60-08e5-40f8-9cd1-8aef2e40fdd6 tempest-VolumesAssistedSnapshotsTest-775330583 tempest-VolumesAssistedSnapshotsTest-775330583-project-admin] https://10.4.3.34/volume/v3/volumes/26ae748d-bc0b-40c7-b142-04356cfd68a0 returned with HTTP 200
Jul 03 21:43:38.861434 np0000004478 devstack@c-api.service[96723]: [pid: 96723|app: 0|req: 39/114] 10.4.3.34 () {66 vars in 1341 bytes} [Fri Jul 3 21:43:38 2026] GET /volume/v3/volumes/26ae748d-bc0b-40c7-b142-04356cfd68a0 => generated 1023 bytes in 36 msecs (HTTP/1.1 200) 7 headers in 286 bytes (1 switches on core 0)
Jul 03 21:43:38.884840 np0000004478 devstack@c-api.service[96722]: DEBUG cinder.volume.api [None req-12296895-d95b-4ce3-90ba-f28b4544f925 tempest-TaggedBootDevicesTest-336679671 tempest-TaggedBootDevicesTest-336679671-project-member] Task 'cinder.volume.flows.api.create_volume.QuotaCommitTask;volume:create' (ee94c8e7-0c91-4b5d-b225-bd4910616196) transitioned into state 'SUCCESS' from state 'RUNNING' with result '{'volume_properties': VolumeProperties(attach_status='detached',availability_zone='nova',cgsnapshot_id=None,consistencygroup_id=None,display_description=None,display_name='tempest-TaggedBootDevicesTest-volume-1839735360',encryption_key_id=None,group_id=None,group_type_id=,metadata={},multiattach=False,project_id='a7ea97e009424e93b18e6b522cd7aa6b',qos_specs=None,replication_status=,reservations=['97c4243d-0b1c-458d-9b6b-c66b79639b9e','7185498c-0906-4771-a165-2fb1b49d8d25','36e0b6f6-7a95-4c63-8f86-76ce0a6a0787','b7a85357-ebc4-4f9b-83e3-b64ef5083469'],size=1,snapshot_id=None,source_replicaid=,source_volid=None,status='creating',user_id='62b8dd7c179f4eee86ec80851c12b172',volume_type_id=725ab08c-92ce-41f5-93ac-0f36c4bf0280)}' {{(pid=96722) _task_receiver /opt/stack/data/venv/lib/python3.12/site-packages/taskflow/listeners/logging.py:218}}
Jul 03 21:43:38.885584 np0000004478 devstack@c-api.service[96722]: DEBUG cinder.volume.api [None req-12296895-d95b-4ce3-90ba-f28b4544f925 tempest-TaggedBootDevicesTest-336679671 tempest-TaggedBootDevicesTest-336679671-project-member] Task 'cinder.volume.flows.api.create_volume.VolumeCastTask;volume:create' (3f58e12b-bec0-4a5d-b3b0-d960a7e4c16c) transitioned into state 'RUNNING' from state 'PENDING' {{(pid=96722) _task_receiver /opt/stack/data/venv/lib/python3.12/site-packages/taskflow/listeners/logging.py:242}}
Jul 03 21:43:38.899438 np0000004478 devstack@c-api.service[96722]: DEBUG cinder.volume.api [None req-12296895-d95b-4ce3-90ba-f28b4544f925 tempest-TaggedBootDevicesTest-336679671 tempest-TaggedBootDevicesTest-336679671-project-member] Task 'cinder.volume.flows.api.create_volume.VolumeCastTask;volume:create' (3f58e12b-bec0-4a5d-b3b0-d960a7e4c16c) transitioned into state 'SUCCESS' from state 'RUNNING' with result 'None' {{(pid=96722) _task_receiver /opt/stack/data/venv/lib/python3.12/site-packages/taskflow/listeners/logging.py:218}}
Jul 03 21:43:38.900645 np0000004478 devstack@c-api.service[96722]: DEBUG cinder.volume.api [None req-12296895-d95b-4ce3-90ba-f28b4544f925 tempest-TaggedBootDevicesTest-336679671 tempest-TaggedBootDevicesTest-336679671-project-member] Flow 'volume_create_api' (d4ed630c-4cc8-48ab-897c-ca87e5651a69) transitioned into state 'SUCCESS' from state 'RUNNING' {{(pid=96722) _flow_receiver /opt/stack/data/venv/lib/python3.12/site-packages/taskflow/listeners/logging.py:160}}
Jul 03 21:43:38.901063 np0000004478 devstack@c-api.service[96722]: INFO cinder.volume.api [None req-12296895-d95b-4ce3-90ba-f28b4544f925 tempest-TaggedBootDevicesTest-336679671 tempest-TaggedBootDevicesTest-336679671-project-member] Create volume request issued successfully.
Jul 03 21:43:38.902003 np0000004478 devstack@c-api.service[96722]: INFO cinder.api.openstack.wsgi [None req-12296895-d95b-4ce3-90ba-f28b4544f925 tempest-TaggedBootDevicesTest-336679671 tempest-TaggedBootDevicesTest-336679671-project-member] https://10.4.3.34/volume/v3/volumes returned with HTTP 202
Jul 03 21:43:38.902614 np0000004478 devstack@c-api.service[96722]: [pid: 96722|app: 0|req: 37/115] 10.4.3.34 () {68 vars in 1251 bytes} [Fri Jul 3 21:43:38 2026] POST /volume/v3/volumes => generated 750 bytes in 351 msecs (HTTP/1.1 202) 7 headers in 291 bytes (1 switches on core 0)
Jul 03 21:43:38.922506 np0000004478 devstack@c-api.service[96721]: DEBUG cinder.api.middleware.request_id [None req-a225a628-c746-4143-9175-af8623181a87 None None] RequestId filter calling following filter/app {{(pid=96721) _context_setter /opt/stack/cinder/cinder/api/middleware/request_id.py:62}}
Jul 03 21:43:38.932342 np0000004478 devstack@c-api.service[96721]: INFO cinder.api.openstack.wsgi [None req-a225a628-c746-4143-9175-af8623181a87 tempest-TaggedBootDevicesTest-336679671 tempest-TaggedBootDevicesTest-336679671-project-member] GET https://10.4.3.34/volume/v3/volumes/480641a8-9c26-4b51-93b9-fadaabee4bd9
Jul 03 21:43:38.932542 np0000004478 devstack@c-api.service[96721]: DEBUG cinder.api.openstack.wsgi [None req-a225a628-c746-4143-9175-af8623181a87 tempest-TaggedBootDevicesTest-336679671 tempest-TaggedBootDevicesTest-336679671-project-member] Empty body provided in request {{(pid=96721) get_body /opt/stack/cinder/cinder/api/openstack/wsgi.py:725}}
Jul 03 21:43:38.933310 np0000004478 devstack@c-api.service[96721]: DEBUG cinder.api.openstack.wsgi [None req-a225a628-c746-4143-9175-af8623181a87 tempest-TaggedBootDevicesTest-336679671 tempest-TaggedBootDevicesTest-336679671-project-member] Calling method 'show' {{(pid=96721) _process_stack /opt/stack/cinder/cinder/api/openstack/wsgi.py:878}}
Jul 03 21:43:38.943820 np0000004478 devstack@c-api.service[96721]: /opt/stack/data/venv/lib/python3.12/site-packages/oslo_context/context.py:102: DeprecationWarning: Policy enforcement is depending on the value of is_admin. This key is deprecated. Please update your policy file to use the standard policy values.
Jul 03 21:43:38.943820 np0000004478 devstack@c-api.service[96721]: warnings.warn(
Jul 03 21:43:38.950782 np0000004478 devstack@c-api.service[96721]: INFO cinder.volume.api [None req-a225a628-c746-4143-9175-af8623181a87 tempest-TaggedBootDevicesTest-336679671 tempest-TaggedBootDevicesTest-336679671-project-member] Volume info retrieved successfully.
Jul 03 21:43:38.958807 np0000004478 devstack@c-api.service[96721]: INFO cinder.api.openstack.wsgi [None req-a225a628-c746-4143-9175-af8623181a87 tempest-TaggedBootDevicesTest-336679671 tempest-TaggedBootDevicesTest-336679671-project-member] https://10.4.3.34/volume/v3/volumes/480641a8-9c26-4b51-93b9-fadaabee4bd9 returned with HTTP 200
Jul 03 21:43:38.958956 np0000004478 devstack@c-api.service[96721]: [pid: 96721|app: 0|req: 40/116] 10.4.3.34 () {66 vars in 1341 bytes} [Fri Jul 3 21:43:38 2026] GET /volume/v3/volumes/480641a8-9c26-4b51-93b9-fadaabee4bd9 => generated 818 bytes in 37 msecs (HTTP/1.1 200) 7 headers in 285 bytes (1 switches on core 0)
Jul 03 21:43:39.144301 np0000004478 devstack@c-api.service[96723]: DEBUG cinder.api.middleware.request_id [None req-3cd69f63-7aaf-4bce-a47c-b584284b649f None None] RequestId filter calling following filter/app {{(pid=96723) _context_setter /opt/stack/cinder/cinder/api/middleware/request_id.py:62}}
Jul 03 21:43:39.144823 np0000004478 devstack@c-api.service[96723]: INFO cinder.api.openstack.wsgi [None req-3cd69f63-7aaf-4bce-a47c-b584284b649f None None] GET https://10.4.3.34/volume//
Jul 03 21:43:39.145135 np0000004478 devstack@c-api.service[96723]: DEBUG cinder.api.openstack.wsgi [None req-3cd69f63-7aaf-4bce-a47c-b584284b649f None None] Empty body provided in request {{(pid=96723) get_body /opt/stack/cinder/cinder/api/openstack/wsgi.py:725}}
Jul 03 21:43:39.145423 np0000004478 devstack@c-api.service[96723]: DEBUG cinder.api.openstack.wsgi [None req-3cd69f63-7aaf-4bce-a47c-b584284b649f None None] Calling method 'all' {{(pid=96723) _process_stack /opt/stack/cinder/cinder/api/openstack/wsgi.py:878}}
Jul 03 21:43:39.145889 np0000004478 devstack@c-api.service[96723]: INFO cinder.api.openstack.wsgi [None req-3cd69f63-7aaf-4bce-a47c-b584284b649f None None] https://10.4.3.34/volume// returned with HTTP 300
Jul 03 21:43:39.146327 np0000004478 devstack@c-api.service[96723]: [pid: 96723|app: 0|req: 40/117] 10.4.3.34 () {66 vars in 1419 bytes} [Fri Jul 3 21:43:39 2026] GET /volume/ => generated 385 bytes in 3 msecs (HTTP/1.1 300) 7 headers in 299 bytes (1 switches on core 0)
Jul 03 21:43:39.156076 np0000004478 devstack@c-api.service[96722]: DEBUG cinder.api.middleware.request_id [req-6611d8a5-9456-427c-b0c1-12f0e102e942 req-64b74248-01be-433e-a9de-03603400752d None None] RequestId filter calling following filter/app {{(pid=96722) _context_setter /opt/stack/cinder/cinder/api/middleware/request_id.py:62}}
Jul 03 21:43:39.158740 np0000004478 devstack@c-api.service[96722]: INFO cinder.api.openstack.wsgi [req-6611d8a5-9456-427c-b0c1-12f0e102e942 req-64b74248-01be-433e-a9de-03603400752d tempest-AttachSCSIVolumeTestJSON-1807382983 tempest-AttachSCSIVolumeTestJSON-1807382983-project-member] GET https://10.4.3.34/volume/v3/volumes/412ef9bb-12c4-473f-a069-1cd3e0ad7a8d
Jul 03 21:43:39.158943 np0000004478 devstack@c-api.service[96722]: DEBUG cinder.api.openstack.wsgi [req-6611d8a5-9456-427c-b0c1-12f0e102e942 req-64b74248-01be-433e-a9de-03603400752d tempest-AttachSCSIVolumeTestJSON-1807382983 tempest-AttachSCSIVolumeTestJSON-1807382983-project-member] Empty body provided in request {{(pid=96722) get_body /opt/stack/cinder/cinder/api/openstack/wsgi.py:725}}
Jul 03 21:43:39.159116 np0000004478 devstack@c-api.service[96722]: DEBUG cinder.api.openstack.wsgi [req-6611d8a5-9456-427c-b0c1-12f0e102e942 req-64b74248-01be-433e-a9de-03603400752d tempest-AttachSCSIVolumeTestJSON-1807382983 tempest-AttachSCSIVolumeTestJSON-1807382983-project-member] Calling method 'show' {{(pid=96722) _process_stack /opt/stack/cinder/cinder/api/openstack/wsgi.py:878}}
Jul 03 21:43:39.172104 np0000004478 devstack@c-api.service[96722]: /opt/stack/data/venv/lib/python3.12/site-packages/oslo_context/context.py:102: DeprecationWarning: Policy enforcement is depending on the value of is_admin. This key is deprecated. Please update your policy file to use the standard policy values.
Jul 03 21:43:39.172104 np0000004478 devstack@c-api.service[96722]: warnings.warn(
Jul 03 21:43:39.176775 np0000004478 devstack@c-api.service[96722]: INFO cinder.volume.api [req-6611d8a5-9456-427c-b0c1-12f0e102e942 req-64b74248-01be-433e-a9de-03603400752d tempest-AttachSCSIVolumeTestJSON-1807382983 tempest-AttachSCSIVolumeTestJSON-1807382983-project-member] Volume info retrieved successfully.
Jul 03 21:43:39.183040 np0000004478 devstack@c-api.service[96722]: INFO cinder.api.openstack.wsgi [req-6611d8a5-9456-427c-b0c1-12f0e102e942 req-64b74248-01be-433e-a9de-03603400752d tempest-AttachSCSIVolumeTestJSON-1807382983 tempest-AttachSCSIVolumeTestJSON-1807382983-project-member] https://10.4.3.34/volume/v3/volumes/412ef9bb-12c4-473f-a069-1cd3e0ad7a8d returned with HTTP 200
Jul 03 21:43:39.183488 np0000004478 devstack@c-api.service[96722]: [pid: 96722|app: 0|req: 38/118] 10.4.3.34 () {70 vars in 1632 bytes} [Fri Jul 3 21:43:39 2026] GET /volume/v3/volumes/412ef9bb-12c4-473f-a069-1cd3e0ad7a8d => generated 1322 bytes in 28 msecs (HTTP/1.1 200) 7 headers in 287 bytes (1 switches on core 0)
Jul 03 21:43:39.204156 np0000004478 devstack@c-api.service[96721]: DEBUG cinder.api.middleware.request_id [None req-ecc1e453-c5a9-4540-ad9f-59c4db64f842 None None] RequestId filter calling following filter/app {{(pid=96721) _context_setter /opt/stack/cinder/cinder/api/middleware/request_id.py:62}}
Jul 03 21:43:39.206565 np0000004478 devstack@c-api.service[96721]: INFO cinder.api.openstack.wsgi [None req-ecc1e453-c5a9-4540-ad9f-59c4db64f842 tempest-AttachSCSIVolumeTestJSON-1807382983 tempest-AttachSCSIVolumeTestJSON-1807382983-project-reader] GET https://10.4.3.34/volume/v3/volumes/412ef9bb-12c4-473f-a069-1cd3e0ad7a8d
Jul 03 21:43:39.206835 np0000004478 devstack@c-api.service[96721]: DEBUG cinder.api.openstack.wsgi [None req-ecc1e453-c5a9-4540-ad9f-59c4db64f842 tempest-AttachSCSIVolumeTestJSON-1807382983 tempest-AttachSCSIVolumeTestJSON-1807382983-project-reader] Empty body provided in request {{(pid=96721) get_body /opt/stack/cinder/cinder/api/openstack/wsgi.py:725}}
Jul 03 21:43:39.207084 np0000004478 devstack@c-api.service[96721]: DEBUG cinder.api.openstack.wsgi [None req-ecc1e453-c5a9-4540-ad9f-59c4db64f842 tempest-AttachSCSIVolumeTestJSON-1807382983 tempest-AttachSCSIVolumeTestJSON-1807382983-project-reader] Calling method 'show' {{(pid=96721) _process_stack /opt/stack/cinder/cinder/api/openstack/wsgi.py:878}}
Jul 03 21:43:39.223403 np0000004478 devstack@c-api.service[96721]: /opt/stack/data/venv/lib/python3.12/site-packages/oslo_context/context.py:102: DeprecationWarning: Policy enforcement is depending on the value of is_admin. This key is deprecated. Please update your policy file to use the standard policy values.
Jul 03 21:43:39.223403 np0000004478 devstack@c-api.service[96721]: warnings.warn(
Jul 03 21:43:39.228545 np0000004478 devstack@c-api.service[96721]: INFO cinder.volume.api [None req-ecc1e453-c5a9-4540-ad9f-59c4db64f842 tempest-AttachSCSIVolumeTestJSON-1807382983 tempest-AttachSCSIVolumeTestJSON-1807382983-project-reader] Volume info retrieved successfully.
Jul 03 21:43:39.234955 np0000004478 devstack@c-api.service[96721]: INFO cinder.api.openstack.wsgi [None req-ecc1e453-c5a9-4540-ad9f-59c4db64f842 tempest-AttachSCSIVolumeTestJSON-1807382983 tempest-AttachSCSIVolumeTestJSON-1807382983-project-reader] https://10.4.3.34/volume/v3/volumes/412ef9bb-12c4-473f-a069-1cd3e0ad7a8d returned with HTTP 200
Jul 03 21:43:39.235464 np0000004478 devstack@c-api.service[96721]: [pid: 96721|app: 0|req: 41/119] 10.4.3.34 () {66 vars in 1341 bytes} [Fri Jul 3 21:43:39 2026] GET /volume/v3/volumes/412ef9bb-12c4-473f-a069-1cd3e0ad7a8d => generated 1141 bytes in 32 msecs (HTTP/1.1 200) 7 headers in 286 bytes (1 switches on core 0)
Jul 03 21:43:39.881425 np0000004478 devstack@c-api.service[96723]: DEBUG cinder.api.middleware.request_id [None req-b39e3d06-334b-4b64-bc4a-50d2b6e038b8 None None] RequestId filter calling following filter/app {{(pid=96723) _context_setter /opt/stack/cinder/cinder/api/middleware/request_id.py:62}}
Jul 03 21:43:39.885860 np0000004478 devstack@c-api.service[96723]: INFO cinder.api.openstack.wsgi [None req-b39e3d06-334b-4b64-bc4a-50d2b6e038b8 tempest-VolumesAssistedSnapshotsTest-775330583 tempest-VolumesAssistedSnapshotsTest-775330583-project-admin] GET https://10.4.3.34/volume/v3/volumes/26ae748d-bc0b-40c7-b142-04356cfd68a0
Jul 03 21:43:39.885860 np0000004478 devstack@c-api.service[96723]: DEBUG cinder.api.openstack.wsgi [None req-b39e3d06-334b-4b64-bc4a-50d2b6e038b8 tempest-VolumesAssistedSnapshotsTest-775330583 tempest-VolumesAssistedSnapshotsTest-775330583-project-admin] Empty body provided in request {{(pid=96723) get_body /opt/stack/cinder/cinder/api/openstack/wsgi.py:725}}
Jul 03 21:43:39.885860 np0000004478 devstack@c-api.service[96723]: DEBUG cinder.api.openstack.wsgi [None req-b39e3d06-334b-4b64-bc4a-50d2b6e038b8 tempest-VolumesAssistedSnapshotsTest-775330583 tempest-VolumesAssistedSnapshotsTest-775330583-project-admin] Calling method 'show' {{(pid=96723) _process_stack /opt/stack/cinder/cinder/api/openstack/wsgi.py:878}}
Jul 03 21:43:39.910422 np0000004478 devstack@c-api.service[96723]: /opt/stack/data/venv/lib/python3.12/site-packages/oslo_context/context.py:102: DeprecationWarning: Policy enforcement is depending on the value of is_admin. This key is deprecated. Please update your policy file to use the standard policy values.
Jul 03 21:43:39.910422 np0000004478 devstack@c-api.service[96723]: warnings.warn(
Jul 03 21:43:39.924782 np0000004478 devstack@c-api.service[96723]: INFO cinder.volume.api [None req-b39e3d06-334b-4b64-bc4a-50d2b6e038b8 tempest-VolumesAssistedSnapshotsTest-775330583 tempest-VolumesAssistedSnapshotsTest-775330583-project-admin] Volume info retrieved successfully.
Jul 03 21:43:39.936005 np0000004478 devstack@c-api.service[96723]: INFO cinder.api.openstack.wsgi [None req-b39e3d06-334b-4b64-bc4a-50d2b6e038b8 tempest-VolumesAssistedSnapshotsTest-775330583 tempest-VolumesAssistedSnapshotsTest-775330583-project-admin] https://10.4.3.34/volume/v3/volumes/26ae748d-bc0b-40c7-b142-04356cfd68a0 returned with HTTP 200
Jul 03 21:43:39.939338 np0000004478 devstack@c-api.service[96723]: [pid: 96723|app: 0|req: 41/120] 10.4.3.34 () {66 vars in 1341 bytes} [Fri Jul 3 21:43:39 2026] GET /volume/v3/volumes/26ae748d-bc0b-40c7-b142-04356cfd68a0 => generated 1023 bytes in 59 msecs (HTTP/1.1 200) 7 headers in 286 bytes (1 switches on core 0)
Jul 03 21:43:39.983480 np0000004478 devstack@c-api.service[96722]: DEBUG cinder.api.middleware.request_id [None req-e755272e-2059-4b89-b796-6a4f90aa0880 None None] RequestId filter calling following filter/app {{(pid=96722) _context_setter /opt/stack/cinder/cinder/api/middleware/request_id.py:62}}
Jul 03 21:43:39.987042 np0000004478 devstack@c-api.service[96722]: INFO cinder.api.openstack.wsgi [None req-e755272e-2059-4b89-b796-6a4f90aa0880 tempest-TaggedBootDevicesTest-336679671 tempest-TaggedBootDevicesTest-336679671-project-member] GET https://10.4.3.34/volume/v3/volumes/480641a8-9c26-4b51-93b9-fadaabee4bd9
Jul 03 21:43:39.987042 np0000004478 devstack@c-api.service[96722]: DEBUG cinder.api.openstack.wsgi [None req-e755272e-2059-4b89-b796-6a4f90aa0880 tempest-TaggedBootDevicesTest-336679671 tempest-TaggedBootDevicesTest-336679671-project-member] Empty body provided in request {{(pid=96722) get_body /opt/stack/cinder/cinder/api/openstack/wsgi.py:725}}
Jul 03 21:43:39.987042 np0000004478 devstack@c-api.service[96722]: DEBUG cinder.api.openstack.wsgi [None req-e755272e-2059-4b89-b796-6a4f90aa0880 tempest-TaggedBootDevicesTest-336679671 tempest-TaggedBootDevicesTest-336679671-project-member] Calling method 'show' {{(pid=96722) _process_stack /opt/stack/cinder/cinder/api/openstack/wsgi.py:878}}
