Jul 03 21:39:24.702057 np0000004478 devstack@neutron-api.service[87356]: DEBUG ovsdbapp.backend.ovs_idl [None req-8c42a9f1-740f-419e-858d-c248e20d770d None None] Created schema index Chassis_Private.name {{(pid=87356) autocreate_indices /opt/stack/data/venv/lib/python3.12/site-packages/ovsdbapp/backend/ovs_idl/__init__.py:106}}
Jul 03 21:39:24.702307 np0000004478 devstack@neutron-api.service[87356]: DEBUG ovsdbapp.backend.ovs_idl [None req-8c42a9f1-740f-419e-858d-c248e20d770d None None] Created schema index Datapath_Binding.tunnel_key {{(pid=87356) autocreate_indices /opt/stack/data/venv/lib/python3.12/site-packages/ovsdbapp/backend/ovs_idl/__init__.py:106}}
Jul 03 21:39:24.705798 np0000004478 devstack@neutron-api.service[87356]: INFO ovsdbapp.backend.ovs_idl.vlog [None req-8c42a9f1-740f-419e-858d-c248e20d770d None None] ssl:10.4.3.34:6642: connecting...
Jul 03 21:39:24.711323 np0000004478 devstack@neutron-api.service[87356]: INFO ovsdbapp.backend.ovs_idl.vlog [None req-8c42a9f1-740f-419e-858d-c248e20d770d None None] ssl:10.4.3.34:6642: connected
Jul 03 21:39:24.729147 np0000004478 devstack@neutron-api.service[87355]: DEBUG ovsdbapp.backend.ovs_idl [None req-4befd4f7-83c7-4b77-8a5f-b2099eb15fab None None] Created lookup_table index Chassis.name {{(pid=87355) autocreate_indices /opt/stack/data/venv/lib/python3.12/site-packages/ovsdbapp/backend/ovs_idl/__init__.py:87}}
Jul 03 21:39:24.729291 np0000004478 devstack@neutron-api.service[87355]: DEBUG ovsdbapp.backend.ovs_idl [None req-4befd4f7-83c7-4b77-8a5f-b2099eb15fab None None] Created lookup_table index Port_Binding.logical_port {{(pid=87355) autocreate_indices /opt/stack/data/venv/lib/python3.12/site-packages/ovsdbapp/backend/ovs_idl/__init__.py:87}}
Jul 03 21:39:24.729489 np0000004478 devstack@neutron-api.service[87355]: DEBUG ovsdbapp.backend.ovs_idl [None req-4befd4f7-83c7-4b77-8a5f-b2099eb15fab None None] Created schema index Chassis_Private.name {{(pid=87355) autocreate_indices /opt/stack/data/venv/lib/python3.12/site-packages/ovsdbapp/backend/ovs_idl/__init__.py:106}}
Jul 03 21:39:24.730918 np0000004478 devstack@neutron-api.service[87355]: DEBUG ovsdbapp.backend.ovs_idl [None req-4befd4f7-83c7-4b77-8a5f-b2099eb15fab None None] Created schema index Datapath_Binding.tunnel_key {{(pid=87355) autocreate_indices /opt/stack/data/venv/lib/python3.12/site-packages/ovsdbapp/backend/ovs_idl/__init__.py:106}}
Jul 03 21:39:24.733981 np0000004478 devstack@neutron-api.service[87355]: INFO ovsdbapp.backend.ovs_idl.vlog [None req-4befd4f7-83c7-4b77-8a5f-b2099eb15fab None None] ssl:10.4.3.34:6642: connecting...
Jul 03 21:39:24.739737 np0000004478 devstack@neutron-api.service[87355]: INFO ovsdbapp.backend.ovs_idl.vlog [None req-4befd4f7-83c7-4b77-8a5f-b2099eb15fab None None] ssl:10.4.3.34:6642: connected
Jul 03 21:39:24.746120 np0000004478 devstack@neutron-api.service[87356]: DEBUG neutron.common.ovn.hash_ring_manager [None req-8c42a9f1-740f-419e-858d-c248e20d770d None None] Allow caching, nodes 3>=3 {{(pid=87356) _wait_startup_before_caching /opt/stack/neutron/neutron/common/ovn/hash_ring_manager.py:71}}
Jul 03 21:39:24.751548 np0000004478 devstack@neutron-api.service[87356]: DEBUG neutron.common.ovn.hash_ring_manager [None req-8c42a9f1-740f-419e-858d-c248e20d770d None None] Hash Ring loaded. 3 active nodes. 0 offline nodes {{(pid=87356) _load_hash_ring /opt/stack/neutron/neutron/common/ovn/hash_ring_manager.py:110}}
Jul 03 21:39:24.751843 np0000004478 devstack@neutron-api.service[87356]: DEBUG neutron.plugins.ml2.drivers.ovn.mech_driver.ovsdb.ovsdb_monitor [None req-8c42a9f1-740f-419e-858d-c248e20d770d None None] Hash Ring: Node 59c741713f3051f1b2772acae5083c23 (host: np0000004478) handling event "create" for row 7e35ab7b-3b7e-4428-8854-f5ab890634c5 (table: Chassis) {{(pid=87356) notify /opt/stack/neutron/neutron/plugins/ml2/drivers/ovn/mech_driver/ovsdb/ovsdb_monitor.py:1015}}
Jul 03 21:39:24.752897 np0000004478 devstack@neutron-api.service[87356]: DEBUG ovsdbapp.backend.ovs_idl.event [None req-8c42a9f1-740f-419e-858d-c248e20d770d None None] Matched CREATE: ChassisBandwidthConfigEvent(events=('create', 'update'), table='Chassis', conditions=None, old_conditions=None), priority=20 to row=Chassis(uuid=7e35ab7b-3b7e-4428-8854-f5ab890634c5, encaps=[522dc8f7-e0d3-4b19-92f6-bf05c52a485f], external_ids={}, hostname='np0000004478', name='2200c7f5-5122-4d6d-896a-44b951f546f5', nb_cfg=0, other_config={'ct-commit-nat-v2': 'true', 'ct-commit-to-zone': 'true', 'ct-next-zone': 'true', 'ct-no-masked-label': 'true', 'ct-state-save': 'true', 'datapath-type': 'system', 'fdb-timestamp': 'true', 'iface-types': 'afxdp,afxdp-nonpmd,bareudp,erspan,geneve,gre,gtpu,internal,ip6erspan,ip6gre,lisp,patch,srv6,stt,system,tap,vxlan', 'is-interconn': 'false', 'ls-dpg-column': 'true', 'mac-binding-timestamp': 'true', 'ovn-bridge-mappings': 'public:br-ex', 'ovn-chassis-mac-mappings': '', 'ovn-cms-options': 'enable-chassis-as-gw', 'ovn-ct-lb-related': 'true', 'ovn-enable-lflow-cache': 'true', 'ovn-limit-lflow-cache': '', 'ovn-memlimit-lflow-cache-kb': '', 'ovn-monitor-all': 'false', 'ovn-trim-limit-lflow-cache': '', 'ovn-trim-timeout-ms': '', 'ovn-trim-wmark-perc-lflow-cache': '', 'port-up-notif': 'true'}, transport_zones=[], vtep_logical_switches=[]) old= {{(pid=87356) matches /opt/stack/data/venv/lib/python3.12/site-packages/ovsdbapp/backend/ovs_idl/event.py:55}}
Jul 03 21:39:24.753604 np0000004478 devstack@neutron-api.service[87356]: DEBUG neutron.plugins.ml2.drivers.ovn.mech_driver.ovsdb.ovsdb_monitor [None req-8c42a9f1-740f-419e-858d-c248e20d770d None None] ChassisOVNAgentWriteEvent : Matched Chassis_Private, create, None None {{(pid=87356) matches /opt/stack/neutron/neutron/plugins/ml2/drivers/ovn/mech_driver/ovsdb/ovsdb_monitor.py:64}}
Jul 03 21:39:24.753794 np0000004478 devstack@neutron-api.service[87356]: DEBUG neutron.plugins.ml2.drivers.ovn.mech_driver.ovsdb.ovsdb_monitor [None req-8c42a9f1-740f-419e-858d-c248e20d770d None None] ChassisAgentWriteEvent : Matched Chassis_Private, create, None None {{(pid=87356) matches /opt/stack/neutron/neutron/plugins/ml2/drivers/ovn/mech_driver/ovsdb/ovsdb_monitor.py:64}}
Jul 03 21:39:24.754356 np0000004478 devstack@neutron-api.service[87356]: DEBUG neutron.plugins.ml2.drivers.ovn.mech_driver.ovsdb.ovsdb_monitor [None req-8c42a9f1-740f-419e-858d-c248e20d770d None None] Hash Ring: Node 59c741713f3051f1b2772acae5083c23 (host: np0000004478) handling event "create" for row 94c6aee8-8f87-4288-99ee-f66529970d0b (table: Chassis_Private) {{(pid=87356) notify /opt/stack/neutron/neutron/plugins/ml2/drivers/ovn/mech_driver/ovsdb/ovsdb_monitor.py:1015}}
Jul 03 21:39:24.754561 np0000004478 devstack@neutron-api.service[87356]: DEBUG neutron.plugins.ml2.drivers.ovn.mech_driver.ovsdb.ovsdb_monitor [None req-8c42a9f1-740f-419e-858d-c248e20d770d None None] Hash Ring: Node 59c741713f3051f1b2772acae5083c23 (host: np0000004478) handling event "create" for row 522dc8f7-e0d3-4b19-92f6-bf05c52a485f (table: Encap) {{(pid=87356) notify /opt/stack/neutron/neutron/plugins/ml2/drivers/ovn/mech_driver/ovsdb/ovsdb_monitor.py:1015}}
Jul 03 21:39:24.755849 np0000004478 devstack@neutron-api.service[87356]: INFO neutron.plugins.ml2.drivers.ovn.mech_driver.mech_driver [None req-8c42a9f1-740f-419e-858d-c248e20d770d None None] WorkerService process has finished the post initialization
Jul 03 21:39:24.756314 np0000004478 devstack@neutron-api.service[87356]: DEBUG oslo_concurrency.processutils [None req-8c42a9f1-740f-419e-858d-c248e20d770d None None] Running cmd (subprocess): ovsdb-client transact ssl:10.4.3.34:6641 --timeout 180 -p /opt/stack/data/CA/int-ca/private/devstack-cert.key -c /opt/stack/data/CA/int-ca/devstack-cert.crt -C /opt/stack/data/CA/int-ca/ca-chain.pem ["OVN_Northbound", {"op": "wait", "timeout": 0, "table": "Port_Group", "where": [["name", "==", "pvlan_pg_drop"]], "until": "==", "rows": []}, {"op": "insert", "table": "ACL", "row": {"action": "drop", "direction": "to-lport", "match": "outport == @pvlan_pg_drop && ip", "priority": 1010}, "uuid-name": "pvlandroptoport"}, {"op": "insert", "table": "ACL", "row": {"action": "drop", "direction": "from-lport", "match": "inport == @pvlan_pg_drop && ip", "priority": 1010}, "uuid-name": "pvlandropfromport"}, {"op": "insert", "table": "Port_Group", "row": {"name": "pvlan_pg_drop", "acls": ["set", [["named-uuid", "pvlandroptoport"], ["named-uuid", "pvlandropfromport"]]]}}] {{(pid=87356) execute /opt/stack/data/venv/lib/python3.12/site-packages/oslo_concurrency/processutils.py:440}}
Jul 03 21:39:24.756588 np0000004478 devstack@neutron-api.service[87356]: INFO neutron.plugins.ml2.drivers.ovn.mech_driver.ovsdb.extensions.qos [-] Starting OVNClientQosExtension
Jul 03 21:39:24.757026 np0000004478 devstack@neutron-api.service[87356]: INFO neutron.plugins.ml2.drivers.ovn.mech_driver.ovsdb.extensions.placement [-] Starting OVNClientPlacementExtension
Jul 03 21:39:24.781085 np0000004478 devstack@neutron-api.service[87355]: DEBUG neutron.common.ovn.hash_ring_manager [None req-4befd4f7-83c7-4b77-8a5f-b2099eb15fab None None] Allow caching, nodes 3>=3 {{(pid=87355) _wait_startup_before_caching /opt/stack/neutron/neutron/common/ovn/hash_ring_manager.py:71}}
Jul 03 21:39:24.787789 np0000004478 devstack@neutron-api.service[87356]: DEBUG oslo_concurrency.processutils [None req-8c42a9f1-740f-419e-858d-c248e20d770d None None] CMD "ovsdb-client transact ssl:10.4.3.34:6641 --timeout 180 -p /opt/stack/data/CA/int-ca/private/devstack-cert.key -c /opt/stack/data/CA/int-ca/devstack-cert.crt -C /opt/stack/data/CA/int-ca/ca-chain.pem ["OVN_Northbound", {"op": "wait", "timeout": 0, "table": "Port_Group", "where": [["name", "==", "pvlan_pg_drop"]], "until": "==", "rows": []}, {"op": "insert", "table": "ACL", "row": {"action": "drop", "direction": "to-lport", "match": "outport == @pvlan_pg_drop && ip", "priority": 1010}, "uuid-name": "pvlandroptoport"}, {"op": "insert", "table": "ACL", "row": {"action": "drop", "direction": "from-lport", "match": "inport == @pvlan_pg_drop && ip", "priority": 1010}, "uuid-name": "pvlandropfromport"}, {"op": "insert", "table": "Port_Group", "row": {"name": "pvlan_pg_drop", "acls": ["set", [["named-uuid", "pvlandroptoport"], ["named-uuid", "pvlandropfromport"]]]}}]" returned: 0 in 0.031s {{(pid=87356) execute /opt/stack/data/venv/lib/python3.12/site-packages/oslo_concurrency/processutils.py:468}}
Jul 03 21:39:24.788879 np0000004478 devstack@neutron-api.service[87355]: DEBUG neutron.common.ovn.hash_ring_manager [None req-4befd4f7-83c7-4b77-8a5f-b2099eb15fab None None] Hash Ring loaded. 3 active nodes. 0 offline nodes {{(pid=87355) _load_hash_ring /opt/stack/neutron/neutron/common/ovn/hash_ring_manager.py:110}}
Jul 03 21:39:24.789262 np0000004478 devstack@neutron-api.service[87355]: DEBUG neutron.plugins.ml2.drivers.ovn.mech_driver.ovsdb.ovsdb_monitor [None req-4befd4f7-83c7-4b77-8a5f-b2099eb15fab None None] ChassisOVNAgentWriteEvent : Matched Chassis_Private, create, None None {{(pid=87355) matches /opt/stack/neutron/neutron/plugins/ml2/drivers/ovn/mech_driver/ovsdb/ovsdb_monitor.py:64}}
Jul 03 21:39:24.789418 np0000004478 devstack@neutron-api.service[87355]: DEBUG neutron.plugins.ml2.drivers.ovn.mech_driver.ovsdb.ovsdb_monitor [None req-4befd4f7-83c7-4b77-8a5f-b2099eb15fab None None] ChassisAgentWriteEvent : Matched Chassis_Private, create, None None {{(pid=87355) matches /opt/stack/neutron/neutron/plugins/ml2/drivers/ovn/mech_driver/ovsdb/ovsdb_monitor.py:64}}
Jul 03 21:39:24.789468 np0000004478 devstack@neutron-api.service[87356]: WSGI app 0 (mountpoint='') ready in 7 seconds on interpreter 0x752de36a3668 pid: 87356 (default app)
Jul 03 21:39:24.792131 np0000004478 devstack@neutron-api.service[87355]: INFO neutron.plugins.ml2.drivers.ovn.mech_driver.mech_driver [None req-4befd4f7-83c7-4b77-8a5f-b2099eb15fab None None] WorkerService process has finished the post initialization
Jul 03 21:39:24.792528 np0000004478 devstack@neutron-api.service[87355]: DEBUG oslo_concurrency.processutils [None req-4befd4f7-83c7-4b77-8a5f-b2099eb15fab None None] Running cmd (subprocess): ovsdb-client transact ssl:10.4.3.34:6641 --timeout 180 -p /opt/stack/data/CA/int-ca/private/devstack-cert.key -c /opt/stack/data/CA/int-ca/devstack-cert.crt -C /opt/stack/data/CA/int-ca/ca-chain.pem ["OVN_Northbound", {"op": "wait", "timeout": 0, "table": "Port_Group", "where": [["name", "==", "pvlan_pg_drop"]], "until": "==", "rows": []}, {"op": "insert", "table": "ACL", "row": {"action": "drop", "direction": "to-lport", "match": "outport == @pvlan_pg_drop && ip", "priority": 1010}, "uuid-name": "pvlandroptoport"}, {"op": "insert", "table": "ACL", "row": {"action": "drop", "direction": "from-lport", "match": "inport == @pvlan_pg_drop && ip", "priority": 1010}, "uuid-name": "pvlandropfromport"}, {"op": "insert", "table": "Port_Group", "row": {"name": "pvlan_pg_drop", "acls": ["set", [["named-uuid", "pvlandroptoport"], ["named-uuid", "pvlandropfromport"]]]}}] {{(pid=87355) execute /opt/stack/data/venv/lib/python3.12/site-packages/oslo_concurrency/processutils.py:440}}
Jul 03 21:39:24.822709 np0000004478 devstack@neutron-api.service[87355]: DEBUG oslo_concurrency.processutils [None req-4befd4f7-83c7-4b77-8a5f-b2099eb15fab None None] CMD "ovsdb-client transact ssl:10.4.3.34:6641 --timeout 180 -p /opt/stack/data/CA/int-ca/private/devstack-cert.key -c /opt/stack/data/CA/int-ca/devstack-cert.crt -C /opt/stack/data/CA/int-ca/ca-chain.pem ["OVN_Northbound", {"op": "wait", "timeout": 0, "table": "Port_Group", "where": [["name", "==", "pvlan_pg_drop"]], "until": "==", "rows": []}, {"op": "insert", "table": "ACL", "row": {"action": "drop", "direction": "to-lport", "match": "outport == @pvlan_pg_drop && ip", "priority": 1010}, "uuid-name": "pvlandroptoport"}, {"op": "insert", "table": "ACL", "row": {"action": "drop", "direction": "from-lport", "match": "inport == @pvlan_pg_drop && ip", "priority": 1010}, "uuid-name": "pvlandropfromport"}, {"op": "insert", "table": "Port_Group", "row": {"name": "pvlan_pg_drop", "acls": ["set", [["named-uuid", "pvlandroptoport"], ["named-uuid", "pvlandropfromport"]]]}}]" returned: 0 in 0.030s {{(pid=87355) execute /opt/stack/data/venv/lib/python3.12/site-packages/oslo_concurrency/processutils.py:468}}
Jul 03 21:39:24.825131 np0000004478 devstack@neutron-api.service[87355]: WSGI app 0 (mountpoint='') ready in 7 seconds on interpreter 0x752de36a3668 pid: 87355 (default app)
Jul 03 21:39:29.042000 np0000004478 devstack@neutron-api.service[87357]: DEBUG neutron.api.wsgi [None req-9e83e4dc-5af6-4f01-a926-ee2f160166b3 admin admin] Missing Content-Type {{(pid=87357) get_content_type /opt/stack/neutron/neutron/api/wsgi.py:80}}
Jul 03 21:39:29.042399 np0000004478 devstack@neutron-api.service[87357]: DEBUG neutron.api.wsgi [None req-9e83e4dc-5af6-4f01-a926-ee2f160166b3 admin admin] https://10.4.3.34/networking/v2.0/extensions returned with HTTP 200 {{(pid=87357) __call__ /opt/stack/neutron/neutron/api/wsgi.py:540}}
Jul 03 21:39:29.042721 np0000004478 devstack@neutron-api.service[87357]: [pid: 87357|app: 0|req: 2/2] 10.4.3.34 () {64 vars in 1285 bytes} [Fri Jul 3 21:39:28 2026] GET /networking/v2.0/extensions => generated 16171 bytes in 567 msecs (HTTP/1.1 200) 4 headers in 159 bytes (1 switches on core 0)
Jul 03 21:39:29.401431 np0000004478 devstack@neutron-api.service[87356]: DEBUG neutron.api.v2.base [None req-35212bc4-ad72-4db2-8323-4d90de1decbd admin admin] Request body: {'subnetpool': {'prefixes': ['10.1.0.0/20'], 'name': 'shared-default-subnetpool-v4', 'shared': True, 'default_prefixlen': 26, 'is_default': True}} {{(pid=87356) prepare_request_body /opt/stack/neutron/neutron/api/v2/base.py:727}}
Jul 03 21:39:29.614824 np0000004478 devstack@neutron-api.service[87356]: DEBUG neutron.policy [None req-35212bc4-ad72-4db2-8323-4d90de1decbd admin admin] Loaded default policies from ['neutron'] under neutron.policies entry points {{(pid=87356) register_rules /opt/stack/neutron/neutron/policy.py:65}}
Jul 03 21:39:29.753019 np0000004478 devstack@neutron-api.service[87356]: DEBUG neutron_lib.callbacks.manager [None req-35212bc4-ad72-4db2-8323-4d90de1decbd admin admin] Publish callbacks ['neutron.objects.securitygroup.RbacNeutronDbObjectMixin.validate_rbac_policy_change-3184340614938', 'neutron.objects.address_group.RbacNeutronDbObjectMixin.validate_rbac_policy_change-3184340625034', 'neutron.objects.network.RbacNeutronDbObjectMixin.validate_rbac_policy_change-3184340751496', 'neutron.objects.qos.policy.RbacNeutronDbObjectMixin.validate_rbac_policy_change-3184340748211', 'neutron.objects.subnetpool.RbacNeutronDbObjectMixin.validate_rbac_policy_change-3184339756066', 'neutron.objects.address_scope.RbacNeutronDbObjectMixin.validate_rbac_policy_change-3184340721242', 'neutron.plugins.ml2.plugin.External_net_db_mixin._process_ext_policy_create-110840', 'neutron.plugins.ml2.plugin.NeutronDbPluginV2.validate_network_rbac_policy_change-115840'] for rbac-policy (None), before_create {{(pid=87356) _notify_loop /opt/stack/data/venv/lib/python3.12/site-packages/neutron_lib/callbacks/manager.py:184}}
Jul 03 21:39:29.798562 np0000004478 devstack@neutron-api.service[87356]: DEBUG neutron_lib.callbacks.manager [None req-35212bc4-ad72-4db2-8323-4d90de1decbd admin admin] Publish callbacks [] for subnetpool (None), before_response {{(pid=87356) _notify_loop /opt/stack/data/venv/lib/python3.12/site-packages/neutron_lib/callbacks/manager.py:184}}
Jul 03 21:39:29.799082 np0000004478 devstack@neutron-api.service[87356]: [pid: 87356|app: 0|req: 1/3] 10.4.3.34 () {68 vars in 1329 bytes} [Fri Jul 3 21:39:29 2026] POST /networking/v2.0/subnetpools => generated 533 bytes in 491 msecs (HTTP/1.1 201) 4 headers in 162 bytes (1 switches on core 0)
Jul 03 21:39:30.103913 np0000004478 devstack@neutron-api.service[87355]: DEBUG neutron.api.v2.base [None req-a2377894-9172-44d5-abd6-7caf55f52d7b admin admin] Request body: {'subnetpool': {'prefixes': ['fd9c:f401:db91::/56'], 'name': 'shared-default-subnetpool-v6', 'shared': True, 'default_prefixlen': 64, 'is_default': True}} {{(pid=87355) prepare_request_body /opt/stack/neutron/neutron/api/v2/base.py:727}}
Jul 03 21:39:30.289495 np0000004478 devstack@neutron-api.service[87355]: DEBUG neutron.policy [None req-a2377894-9172-44d5-abd6-7caf55f52d7b admin admin] Loaded default policies from ['neutron'] under neutron.policies entry points {{(pid=87355) register_rules /opt/stack/neutron/neutron/policy.py:65}}
Jul 03 21:39:30.427002 np0000004478 devstack@neutron-api.service[87355]: DEBUG neutron_lib.callbacks.manager [None req-a2377894-9172-44d5-abd6-7caf55f52d7b admin admin] Publish callbacks ['neutron.objects.securitygroup.RbacNeutronDbObjectMixin.validate_rbac_policy_change-3184339889261', 'neutron.objects.address_group.RbacNeutronDbObjectMixin.validate_rbac_policy_change-3184339899452', 'neutron.objects.network.RbacNeutronDbObjectMixin.validate_rbac_policy_change-3184339763379', 'neutron.objects.qos.policy.RbacNeutronDbObjectMixin.validate_rbac_policy_change-3184339714294', 'neutron.objects.subnetpool.RbacNeutronDbObjectMixin.validate_rbac_policy_change-3184339731025', 'neutron.objects.address_scope.RbacNeutronDbObjectMixin.validate_rbac_policy_change-3184339743602', 'neutron.plugins.ml2.plugin.External_net_db_mixin._process_ext_policy_create-320700', 'neutron.plugins.ml2.plugin.NeutronDbPluginV2.validate_network_rbac_policy_change-316484'] for rbac-policy (None), before_create {{(pid=87355) _notify_loop /opt/stack/data/venv/lib/python3.12/site-packages/neutron_lib/callbacks/manager.py:184}}
Jul 03 21:39:30.461492 np0000004478 devstack@neutron-api.service[87355]: DEBUG neutron_lib.callbacks.manager [None req-a2377894-9172-44d5-abd6-7caf55f52d7b admin admin] Publish callbacks [] for subnetpool (None), before_response {{(pid=87355) _notify_loop /opt/stack/data/venv/lib/python3.12/site-packages/neutron_lib/callbacks/manager.py:184}}
Jul 03 21:39:30.462100 np0000004478 devstack@neutron-api.service[87355]: [pid: 87355|app: 0|req: 1/4] 10.4.3.34 () {68 vars in 1329 bytes} [Fri Jul 3 21:39:30 2026] POST /networking/v2.0/subnetpools => generated 543 bytes in 449 msecs (HTTP/1.1 201) 4 headers in 162 bytes (1 switches on core 0)
Jul 03 21:39:30.687690 np0000004478 devstack@neutron-api.service[87357]: DEBUG neutron.api.v2.base [None req-2dee0875-765b-47e4-9426-c6a0f6490d65 admin admin] Request body: {'network': {'admin_state_up': True, 'name': 'private'}} {{(pid=87357) prepare_request_body /opt/stack/neutron/neutron/api/v2/base.py:727}}
Jul 03 21:39:30.720738 np0000004478 devstack@neutron-api.service[87357]: DEBUG neutron.pecan_wsgi.hooks.quota_enforcement [None req-2dee0875-765b-47e4-9426-c6a0f6490d65 admin admin] Made reservation on behalf of 937398707f2740eaa46a29240528e87e for: {'network': 1} {{(pid=87357) before /opt/stack/neutron/neutron/pecan_wsgi/hooks/quota_enforcement.py:66}}
Jul 03 21:39:30.881388 np0000004478 devstack@neutron-api.service[87357]: DEBUG neutron.policy [None req-2dee0875-765b-47e4-9426-c6a0f6490d65 admin admin] Loaded default policies from ['neutron'] under neutron.policies entry points {{(pid=87357) register_rules /opt/stack/neutron/neutron/policy.py:65}}
Jul 03 21:39:30.972341 np0000004478 devstack@neutron-api.service[87357]: DEBUG neutron_lib.callbacks.manager [None req-2dee0875-765b-47e4-9426-c6a0f6490d65 admin admin] Publish callbacks ['neutron.plugins.ml2.plugin.SecurityGroupDbMixin._ensure_default_security_group_handler-92201'] for network (None), before_create {{(pid=87357) _notify_loop /opt/stack/data/venv/lib/python3.12/site-packages/neutron_lib/callbacks/manager.py:184}}
Jul 03 21:39:30.989862 np0000004478 devstack@neutron-api.service[87357]: DEBUG neutron_lib.callbacks.manager [None req-2dee0875-765b-47e4-9426-c6a0f6490d65 admin admin] Publish callbacks [] for security_group (None), before_create {{(pid=87357) _notify_loop /opt/stack/data/venv/lib/python3.12/site-packages/neutron_lib/callbacks/manager.py:184}}
Jul 03 21:39:31.080156 np0000004478 devstack@neutron-api.service[87357]: DEBUG neutron_lib.callbacks.manager [None req-2dee0875-765b-47e4-9426-c6a0f6490d65 admin admin] Publish callbacks ['neutron.plugins.ml2.drivers.ovn.mech_driver.mech_driver.OVNMechanismDriver._create_security_group_precommit-307164'] for security_group (8813ccf3-ae65-4f1b-9c25-3a25dceea93e), precommit_create {{(pid=87357) _notify_loop /opt/stack/data/venv/lib/python3.12/site-packages/neutron_lib/callbacks/manager.py:184}}
Jul 03 21:39:31.080414 np0000004478 devstack@neutron-api.service[87357]: DEBUG neutron.db.ovn_revision_numbers_db [None req-2dee0875-765b-47e4-9426-c6a0f6490d65 admin admin] create_initial_revision uuid=8813ccf3-ae65-4f1b-9c25-3a25dceea93e, type=security_groups, rev=-1 {{(pid=87357) create_initial_revision /opt/stack/neutron/neutron/db/ovn_revision_numbers_db.py:98}}
Jul 03 21:39:31.083116 np0000004478 devstack@neutron-api.service[87357]: DEBUG neutron.db.ovn_revision_numbers_db [None req-2dee0875-765b-47e4-9426-c6a0f6490d65 admin admin] create_initial_revision uuid=0e78f615-3fd2-4c3c-ac55-6e9d25246e7b, type=security_group_rules, rev=-1 {{(pid=87357) create_initial_revision /opt/stack/neutron/neutron/db/ovn_revision_numbers_db.py:98}}
Jul 03 21:39:31.084188 np0000004478 devstack@neutron-api.service[87357]: DEBUG neutron.db.ovn_revision_numbers_db [None req-2dee0875-765b-47e4-9426-c6a0f6490d65 admin admin] create_initial_revision uuid=6b14b142-3e3e-4d6e-8205-c622ebed251a, type=security_group_rules, rev=-1 {{(pid=87357) create_initial_revision /opt/stack/neutron/neutron/db/ovn_revision_numbers_db.py:98}}
Jul 03 21:39:31.085096 np0000004478 devstack@neutron-api.service[87357]: DEBUG neutron.db.ovn_revision_numbers_db [None req-2dee0875-765b-47e4-9426-c6a0f6490d65 admin admin] create_initial_revision uuid=cc57d971-5992-45f7-b63b-bc46cab88949, type=security_group_rules, rev=-1 {{(pid=87357) create_initial_revision /opt/stack/neutron/neutron/db/ovn_revision_numbers_db.py:98}}
Jul 03 21:39:31.085997 np0000004478 devstack@neutron-api.service[87357]: DEBUG neutron.db.ovn_revision_numbers_db [None req-2dee0875-765b-47e4-9426-c6a0f6490d65 admin admin] create_initial_revision uuid=dcf22364-d849-4062-a409-8f7eb516f6bd, type=security_group_rules, rev=-1 {{(pid=87357) create_initial_revision /opt/stack/neutron/neutron/db/ovn_revision_numbers_db.py:98}}
Jul 03 21:39:31.091494 np0000004478 devstack@neutron-api.service[87357]: DEBUG neutron_lib.callbacks.manager [None req-2dee0875-765b-47e4-9426-c6a0f6490d65 admin admin] Publish callbacks ['neutron.plugins.ml2.drivers.ovn.mech_driver.mech_driver.OVNMechanismDriver._create_security_group-307174', 'neutron.plugins.ml2.ovo_rpc._ObjectChangeHandler.handle_event-7461087'] for security_group (8813ccf3-ae65-4f1b-9c25-3a25dceea93e), after_create {{(pid=87357) _notify_loop /opt/stack/data/venv/lib/python3.12/site-packages/neutron_lib/callbacks/manager.py:184}}
Jul 03 21:39:31.092481 np0000004478 devstack@neutron-api.service[87357]: DEBUG ovsdbapp.backend.ovs_idl.transaction [-] Running txn n=1 command(idx=0): PgAddCommand(_result=None, name=pg_8813ccf3_ae65_4f1b_9c25_3a25dceea93e, may_exist=False, columns={'acls': [], 'external_ids': {'neutron:security_group_id': '8813ccf3-ae65-4f1b-9c25-3a25dceea93e'}}) {{(pid=87357) do_commit /opt/stack/data/venv/lib/python3.12/site-packages/ovsdbapp/backend/ovs_idl/transaction.py:89}}
Jul 03 21:39:31.094016 np0000004478 devstack@neutron-api.service[87357]: DEBUG ovsdbapp.backend.ovs_idl.transaction [-] Running txn n=1 command(idx=1): PgAclAddCommand(_result=None, entity=pg_8813ccf3_ae65_4f1b_9c25_3a25dceea93e, direction=from-lport, priority=1002, match=inport == @pg_8813ccf3_ae65_4f1b_9c25_3a25dceea93e && ip4, action=allow-related, log=False, may_exist=True, severity=[], name=[], meter=[], external_ids={'neutron:security_group_rule_id': '0e78f615-3fd2-4c3c-ac55-6e9d25246e7b'}) {{(pid=87357) do_commit /opt/stack/data/venv/lib/python3.12/site-packages/ovsdbapp/backend/ovs_idl/transaction.py:89}}
Jul 03 21:39:31.094454 np0000004478 devstack@neutron-api.service[87357]: DEBUG ovsdbapp.backend.ovs_idl.transaction [-] Running txn n=1 command(idx=2): PgAclAddCommand(_result=None, entity=pg_8813ccf3_ae65_4f1b_9c25_3a25dceea93e, direction=to-lport, priority=1002, match=outport == @pg_8813ccf3_ae65_4f1b_9c25_3a25dceea93e && ip6 && ip6.src == $pg_8813ccf3_ae65_4f1b_9c25_3a25dceea93e_ip6, action=allow-related, log=False, may_exist=True, severity=[], name=[], meter=[], external_ids={'neutron:security_group_rule_id': '6b14b142-3e3e-4d6e-8205-c622ebed251a'}) {{(pid=87357) do_commit /opt/stack/data/venv/lib/python3.12/site-packages/ovsdbapp/backend/ovs_idl/transaction.py:89}}
Jul 03 21:39:31.094853 np0000004478 devstack@neutron-api.service[87357]: DEBUG ovsdbapp.backend.ovs_idl.transaction [-] Running txn n=1 command(idx=3): PgAclAddCommand(_result=None, entity=pg_8813ccf3_ae65_4f1b_9c25_3a25dceea93e, direction=to-lport, priority=1002, match=outport == @pg_8813ccf3_ae65_4f1b_9c25_3a25dceea93e && ip4 && ip4.src == $pg_8813ccf3_ae65_4f1b_9c25_3a25dceea93e_ip4, action=allow-related, log=False, may_exist=True, severity=[], name=[], meter=[], external_ids={'neutron:security_group_rule_id': 'cc57d971-5992-45f7-b63b-bc46cab88949'}) {{(pid=87357) do_commit /opt/stack/data/venv/lib/python3.12/site-packages/ovsdbapp/backend/ovs_idl/transaction.py:89}}
Jul 03 21:39:31.095148 np0000004478 devstack@neutron-api.service[87357]: DEBUG ovsdbapp.backend.ovs_idl.transaction [-] Running txn n=1 command(idx=4): PgAclAddCommand(_result=None, entity=pg_8813ccf3_ae65_4f1b_9c25_3a25dceea93e, direction=from-lport, priority=1002, match=inport == @pg_8813ccf3_ae65_4f1b_9c25_3a25dceea93e && ip6, action=allow-related, log=False, may_exist=True, severity=[], name=[], meter=[], external_ids={'neutron:security_group_rule_id': 'dcf22364-d849-4062-a409-8f7eb516f6bd'}) {{(pid=87357) do_commit /opt/stack/data/venv/lib/python3.12/site-packages/ovsdbapp/backend/ovs_idl/transaction.py:89}}
Jul 03 21:39:31.101276 np0000004478 devstack@neutron-api.service[87356]: DEBUG neutron.plugins.ml2.drivers.ovn.mech_driver.ovsdb.ovsdb_monitor [-] Hash Ring: Node 59c741713f3051f1b2772acae5083c23 (host: np0000004478) handling event "create" for row 529634cd-6050-4e12-a947-548849a5c8f3 (table: ACL) {{(pid=87356) notify /opt/stack/neutron/neutron/plugins/ml2/drivers/ovn/mech_driver/ovsdb/ovsdb_monitor.py:1015}}
Jul 03 21:39:31.101276 np0000004478 devstack@neutron-api.service[87356]: DEBUG neutron.plugins.ml2.drivers.ovn.mech_driver.ovsdb.ovsdb_monitor [-] Hash Ring: Node 59c741713f3051f1b2772acae5083c23 (host: np0000004478) handling event "create" for row 90f40a25-ea57-407e-9fd9-8ba7aad5eae1 (table: ACL) {{(pid=87356) notify /opt/stack/neutron/neutron/plugins/ml2/drivers/ovn/mech_driver/ovsdb/ovsdb_monitor.py:1015}}
Jul 03 21:39:31.101276 np0000004478 devstack@neutron-api.service[87356]: DEBUG neutron.plugins.ml2.drivers.ovn.mech_driver.ovsdb.ovsdb_monitor [-] Hash Ring: Node 59c741713f3051f1b2772acae5083c23 (host: np0000004478) handling event "create" for row d12c496a-6052-4997-9a53-e3d708277314 (table: ACL) {{(pid=87356) notify /opt/stack/neutron/neutron/plugins/ml2/drivers/ovn/mech_driver/ovsdb/ovsdb_monitor.py:1015}}
Jul 03 21:39:31.101276 np0000004478 devstack@neutron-api.service[87356]: DEBUG neutron.plugins.ml2.drivers.ovn.mech_driver.ovsdb.ovsdb_monitor [-] Hash Ring: Node 59c741713f3051f1b2772acae5083c23 (host: np0000004478) handling event "create" for row e2813f14-1fc1-4988-b66b-a6920b02f300 (table: ACL) {{(pid=87356) notify /opt/stack/neutron/neutron/plugins/ml2/drivers/ovn/mech_driver/ovsdb/ovsdb_monitor.py:1015}}
Jul 03 21:39:31.102085 np0000004478 devstack@neutron-api.service[87357]: DEBUG neutron.plugins.ml2.drivers.ovn.mech_driver.ovsdb.ovsdb_monitor [-] Hash Ring: Node 318b8d38db4355f0975a1e65b8ba1fe2 (host: np0000004478) handling event "create" for row 529634cd-6050-4e12-a947-548849a5c8f3 (table: ACL) {{(pid=87357) notify /opt/stack/neutron/neutron/plugins/ml2/drivers/ovn/mech_driver/ovsdb/ovsdb_monitor.py:1015}}
Jul 03 21:39:31.105426 np0000004478 devstack@neutron-api.service[87357]: DEBUG neutron.plugins.ml2.drivers.ovn.mech_driver.ovsdb.ovsdb_monitor [-] Hash Ring: Node 318b8d38db4355f0975a1e65b8ba1fe2 (host: np0000004478) handling event "create" for row 90f40a25-ea57-407e-9fd9-8ba7aad5eae1 (table: ACL) {{(pid=87357) notify /opt/stack/neutron/neutron/plugins/ml2/drivers/ovn/mech_driver/ovsdb/ovsdb_monitor.py:1015}}
Jul 03 21:39:31.106408 np0000004478 devstack@neutron-api.service[87357]: DEBUG neutron.plugins.ml2.drivers.ovn.mech_driver.ovsdb.ovsdb_monitor [-] Hash Ring: Node 318b8d38db4355f0975a1e65b8ba1fe2 (host: np0000004478) handling event "create" for row d12c496a-6052-4997-9a53-e3d708277314 (table: ACL) {{(pid=87357) notify /opt/stack/neutron/neutron/plugins/ml2/drivers/ovn/mech_driver/ovsdb/ovsdb_monitor.py:1015}}
Jul 03 21:39:31.108117 np0000004478 devstack@neutron-api.service[87357]: DEBUG neutron.plugins.ml2.drivers.ovn.mech_driver.ovsdb.ovsdb_monitor [-] Hash Ring: Node 318b8d38db4355f0975a1e65b8ba1fe2 (host: np0000004478) handling event "create" for row e2813f14-1fc1-4988-b66b-a6920b02f300 (table: ACL) {{(pid=87357) notify /opt/stack/neutron/neutron/plugins/ml2/drivers/ovn/mech_driver/ovsdb/ovsdb_monitor.py:1015}}
Jul 03 21:39:31.108117 np0000004478 devstack@neutron-api.service[87357]: DEBUG neutron.plugins.ml2.drivers.ovn.mech_driver.ovsdb.ovsdb_monitor [-] Hash Ring: Node 318b8d38db4355f0975a1e65b8ba1fe2 (host: np0000004478) handling event "create" for row 1549da28-3015-4d7f-bc44-0a039e1d82a9 (table: Port_Group) {{(pid=87357) notify /opt/stack/neutron/neutron/plugins/ml2/drivers/ovn/mech_driver/ovsdb/ovsdb_monitor.py:1015}}
Jul 03 21:39:31.135161 np0000004478 devstack@neutron-api.service[87357]: INFO neutron.db.ovn_revision_numbers_db [None req-2dee0875-765b-47e4-9426-c6a0f6490d65 admin admin] Successfully bumped revision number for resource 8813ccf3-ae65-4f1b-9c25-3a25dceea93e (type: security_groups) to 1
Jul 03 21:39:31.148984 np0000004478 devstack@neutron-api.service[87357]: INFO neutron.db.ovn_revision_numbers_db [None req-2dee0875-765b-47e4-9426-c6a0f6490d65 admin admin] Successfully bumped revision number for resource 0e78f615-3fd2-4c3c-ac55-6e9d25246e7b (type: security_group_rules) to 0
Jul 03 21:39:31.162278 np0000004478 devstack@neutron-api.service[87357]: INFO neutron.db.ovn_revision_numbers_db [None req-2dee0875-765b-47e4-9426-c6a0f6490d65 admin admin] Successfully bumped revision number for resource 6b14b142-3e3e-4d6e-8205-c622ebed251a (type: security_group_rules) to 0
Jul 03 21:39:31.173161 np0000004478 devstack@neutron-api.service[87357]: INFO neutron.db.ovn_revision_numbers_db [None req-2dee0875-765b-47e4-9426-c6a0f6490d65 admin admin] Successfully bumped revision number for resource cc57d971-5992-45f7-b63b-bc46cab88949 (type: security_group_rules) to 0
Jul 03 21:39:31.185920 np0000004478 devstack@neutron-api.service[87357]: INFO neutron.db.ovn_revision_numbers_db [None req-2dee0875-765b-47e4-9426-c6a0f6490d65 admin admin] Successfully bumped revision number for resource dcf22364-d849-4062-a409-8f7eb516f6bd (type: security_group_rules) to 0
Jul 03 21:39:31.207633 np0000004478 devstack@neutron-api.service[87357]: DEBUG neutron.api.rpc.handlers.resources_rpc [None req-2dee0875-765b-47e4-9426-c6a0f6490d65 admin admin] Pushing event updated for resources: {'SecurityGroup': ['ID=8813ccf3-ae65-4f1b-9c25-3a25dceea93e,revision_number=1']} {{(pid=87357) push /opt/stack/neutron/neutron/api/rpc/handlers/resources_rpc.py:237}}
Jul 03 21:39:31.214342 np0000004478 devstack@neutron-api.service[87357]: DEBUG ovsdbapp.backend.ovs_idl.transaction [-] Running txn n=1 command(idx=0): CheckLivenessCommand(_result=None) {{(pid=87357) do_commit /opt/stack/data/venv/lib/python3.12/site-packages/ovsdbapp/backend/ovs_idl/transaction.py:89}}
Jul 03 21:39:31.216686 np0000004478 devstack@neutron-api.service[87357]: DEBUG neutron.plugins.ml2.drivers.ovn.mech_driver.ovsdb.ovsdb_monitor [-] Hash Ring: Node 318b8d38db4355f0975a1e65b8ba1fe2 (host: np0000004478) handling event "update" for row 38f8c907-745d-4f85-9d3b-a7e1ec5703e3 (table: NB_Global) {{(pid=87357) notify /opt/stack/neutron/neutron/plugins/ml2/drivers/ovn/mech_driver/ovsdb/ovsdb_monitor.py:1015}}
Jul 03 21:39:31.217586 np0000004478 devstack@neutron-api.service[87355]: DEBUG neutron.plugins.ml2.drivers.ovn.mech_driver.ovsdb.ovsdb_monitor [-] Hash Ring: Node 15bdbe67c39e532d80d1fe0ca48e9741 (host: np0000004478) handling event "update" for row 38f8c907-745d-4f85-9d3b-a7e1ec5703e3 (table: NB_Global) {{(pid=87355) notify /opt/stack/neutron/neutron/plugins/ml2/drivers/ovn/mech_driver/ovsdb/ovsdb_monitor.py:1015}}
Jul 03 21:39:31.220797 np0000004478 devstack@neutron-api.service[87357]: DEBUG neutron.plugins.ml2.drivers.ovn.mech_driver.ovsdb.ovsdb_monitor [-] Hash Ring: Node 318b8d38db4355f0975a1e65b8ba1fe2 (host: np0000004478) handling event "update" for row 38f8c907-745d-4f85-9d3b-a7e1ec5703e3 (table: NB_Global) {{(pid=87357) notify /opt/stack/neutron/neutron/plugins/ml2/drivers/ovn/mech_driver/ovsdb/ovsdb_monitor.py:1015}}
Jul 03 21:39:31.220919 np0000004478 devstack@neutron-api.service[87355]: DEBUG neutron.plugins.ml2.drivers.ovn.mech_driver.ovsdb.ovsdb_monitor [-] Hash Ring: Node 15bdbe67c39e532d80d1fe0ca48e9741 (host: np0000004478) handling event "update" for row 38f8c907-745d-4f85-9d3b-a7e1ec5703e3 (table: NB_Global) {{(pid=87355) notify /opt/stack/neutron/neutron/plugins/ml2/drivers/ovn/mech_driver/ovsdb/ovsdb_monitor.py:1015}}
Jul 03 21:39:31.221034 np0000004478 devstack@neutron-api.service[87356]: DEBUG neutron.plugins.ml2.drivers.ovn.mech_driver.ovsdb.ovsdb_monitor [-] ChassisAgentWriteEvent : Matched Chassis_Private, update, None None {{(pid=87356) matches /opt/stack/neutron/neutron/plugins/ml2/drivers/ovn/mech_driver/ovsdb/ovsdb_monitor.py:64}}
Jul 03 21:39:31.221457 np0000004478 devstack@neutron-api.service[87356]: DEBUG neutron.plugins.ml2.drivers.ovn.mech_driver.ovsdb.ovsdb_monitor [-] Hash Ring: Node 59c741713f3051f1b2772acae5083c23 (host: np0000004478) handling event "update" for row 94c6aee8-8f87-4288-99ee-f66529970d0b (table: Chassis_Private) {{(pid=87356) notify /opt/stack/neutron/neutron/plugins/ml2/drivers/ovn/mech_driver/ovsdb/ovsdb_monitor.py:1015}}
Jul 03 21:39:31.221603 np0000004478 devstack@neutron-api.service[87357]: DEBUG neutron.plugins.ml2.drivers.ovn.mech_driver.ovsdb.ovsdb_monitor [-] ChassisAgentWriteEvent : Matched Chassis_Private, update, None None {{(pid=87357) matches /opt/stack/neutron/neutron/plugins/ml2/drivers/ovn/mech_driver/ovsdb/ovsdb_monitor.py:64}}
Jul 03 21:39:31.224476 np0000004478 devstack@neutron-api.service[87355]: DEBUG neutron.plugins.ml2.drivers.ovn.mech_driver.ovsdb.ovsdb_monitor [-] Hash Ring: Node 15bdbe67c39e532d80d1fe0ca48e9741 (host: np0000004478) handling event "update" for row 38f8c907-745d-4f85-9d3b-a7e1ec5703e3 (table: NB_Global) {{(pid=87355) notify /opt/stack/neutron/neutron/plugins/ml2/drivers/ovn/mech_driver/ovsdb/ovsdb_monitor.py:1015}}
Jul 03 21:39:31.224476 np0000004478 devstack@neutron-api.service[87355]: DEBUG neutron.plugins.ml2.drivers.ovn.mech_driver.ovsdb.ovsdb_monitor [-] ChassisAgentWriteEvent : Matched Chassis_Private, update, None None {{(pid=87355) matches /opt/stack/neutron/neutron/plugins/ml2/drivers/ovn/mech_driver/ovsdb/ovsdb_monitor.py:64}}
Jul 03 21:39:31.225260 np0000004478 devstack@neutron-api.service[87357]: DEBUG neutron.plugins.ml2.drivers.ovn.mech_driver.ovsdb.ovsdb_monitor [-] Hash Ring: Node 318b8d38db4355f0975a1e65b8ba1fe2 (host: np0000004478) handling event "update" for row 38f8c907-745d-4f85-9d3b-a7e1ec5703e3 (table: NB_Global) {{(pid=87357) notify /opt/stack/neutron/neutron/plugins/ml2/drivers/ovn/mech_driver/ovsdb/ovsdb_monitor.py:1015}}
Jul 03 21:39:31.226608 np0000004478 devstack@neutron-api.service[87355]: DEBUG neutron.plugins.ml2.drivers.ovn.mech_driver.ovsdb.ovsdb_monitor [-] ChassisOVNAgentWriteEvent : Matched Chassis_Private, update, None None {{(pid=87355) matches /opt/stack/neutron/neutron/plugins/ml2/drivers/ovn/mech_driver/ovsdb/ovsdb_monitor.py:64}}
Jul 03 21:39:31.226854 np0000004478 devstack@neutron-api.service[87357]: DEBUG neutron.plugins.ml2.drivers.ovn.mech_driver.ovsdb.ovsdb_monitor [-] Hash Ring: Node 318b8d38db4355f0975a1e65b8ba1fe2 (host: np0000004478) handling event "update" for row 38f8c907-745d-4f85-9d3b-a7e1ec5703e3 (table: NB_Global) {{(pid=87357) notify /opt/stack/neutron/neutron/plugins/ml2/drivers/ovn/mech_driver/ovsdb/ovsdb_monitor.py:1015}}
Jul 03 21:39:31.227430 np0000004478 devstack@neutron-api.service[87355]: DEBUG neutron.plugins.ml2.drivers.ovn.mech_driver.ovsdb.ovsdb_monitor [-] Hash Ring: Node 15bdbe67c39e532d80d1fe0ca48e9741 (host: np0000004478) handling event "update" for row 38f8c907-745d-4f85-9d3b-a7e1ec5703e3 (table: NB_Global) {{(pid=87355) notify /opt/stack/neutron/neutron/plugins/ml2/drivers/ovn/mech_driver/ovsdb/ovsdb_monitor.py:1015}}
Jul 03 21:39:31.227821 np0000004478 devstack@neutron-api.service[87356]: DEBUG neutron.plugins.ml2.drivers.ovn.mech_driver.ovsdb.ovsdb_monitor [-] ChassisOVNAgentWriteEvent : Matched Chassis_Private, update, None None {{(pid=87356) matches /opt/stack/neutron/neutron/plugins/ml2/drivers/ovn/mech_driver/ovsdb/ovsdb_monitor.py:64}}
Jul 03 21:39:31.228529 np0000004478 devstack@neutron-api.service[87356]: DEBUG neutron.plugins.ml2.drivers.ovn.mech_driver.ovsdb.ovsdb_monitor [-] Hash Ring: Node 59c741713f3051f1b2772acae5083c23 (host: np0000004478) handling event "update" for row 94c6aee8-8f87-4288-99ee-f66529970d0b (table: Chassis_Private) {{(pid=87356) notify /opt/stack/neutron/neutron/plugins/ml2/drivers/ovn/mech_driver/ovsdb/ovsdb_monitor.py:1015}}
Jul 03 21:39:31.229969 np0000004478 devstack@neutron-api.service[87357]: DEBUG neutron.api.rpc.callbacks.version_manager [None req-2dee0875-765b-47e4-9426-c6a0f6490d65 admin admin] Tracked resource versions report:
Jul 03 21:39:31.229969 np0000004478 devstack@neutron-api.service[87357]: pushed versions:
Jul 03 21:39:31.229969 np0000004478 devstack@neutron-api.service[87357]: { 'AddressGroup': {'1.2'},
Jul 03 21:39:31.229969 np0000004478 devstack@neutron-api.service[87357]: 'Agent': {'1.1'},
Jul 03 21:39:31.229969 np0000004478 devstack@neutron-api.service[87357]: 'ConntrackHelper': {'1.0'},
Jul 03 21:39:31.229969 np0000004478 devstack@neutron-api.service[87357]: 'LocalIPAssociation': {'1.0'},
Jul 03 21:39:31.229969 np0000004478 devstack@neutron-api.service[87357]: 'Log': {'1.0'},
Jul 03 21:39:31.229969 np0000004478 devstack@neutron-api.service[87357]: 'NDPProxy': {'1.0'},
Jul 03 21:39:31.229969 np0000004478 devstack@neutron-api.service[87357]: 'Network': {'1.3'},
Jul 03 21:39:31.229969 np0000004478 devstack@neutron-api.service[87357]: 'Port': {'1.11'},
Jul 03 21:39:31.229969 np0000004478 devstack@neutron-api.service[87357]: 'PortForwarding': {'1.3'},
Jul 03 21:39:31.229969 np0000004478 devstack@neutron-api.service[87357]: 'QosPolicy': {'1.10'},
Jul 03 21:39:31.229969 np0000004478 devstack@neutron-api.service[87357]: 'SecurityGroup': {'1.6'},
Jul 03 21:39:31.229969 np0000004478 devstack@neutron-api.service[87357]: 'SecurityGroupRule': {'1.3'},
Jul 03 21:39:31.229969 np0000004478 devstack@neutron-api.service[87357]: 'SubPort': {'1.0'},
Jul 03 21:39:31.229969 np0000004478 devstack@neutron-api.service[87357]: 'Subnet': {'1.2'},
Jul 03 21:39:31.229969 np0000004478 devstack@neutron-api.service[87357]: 'Trunk': {'1.1'}}
Jul 03 21:39:31.229969 np0000004478 devstack@neutron-api.service[87357]: consumer versions:
Jul 03 21:39:31.229969 np0000004478 devstack@neutron-api.service[87357]: {OVN Controller Gateway agent@np0000004478: {}}
Jul 03 21:39:31.229969 np0000004478 devstack@neutron-api.service[87357]: {{(pid=87357) report /opt/stack/neutron/neutron/api/rpc/callbacks/version_manager.py:183}}
Jul 03 21:39:31.235246 np0000004478 devstack@neutron-api.service[87357]: DEBUG neutron.common.ovn.hash_ring_manager [-] Allow caching, nodes 3>=3 {{(pid=87357) _wait_startup_before_caching /opt/stack/neutron/neutron/common/ovn/hash_ring_manager.py:71}}
Jul 03 21:39:31.235417 np0000004478 devstack@neutron-api.service[87357]: DEBUG neutron.plugins.ml2.drivers.ovn.mech_driver.ovsdb.ovsdb_monitor [-] Hash Ring: Node 318b8d38db4355f0975a1e65b8ba1fe2 (host: np0000004478) handling event "update" for row 94c6aee8-8f87-4288-99ee-f66529970d0b (table: Chassis_Private) {{(pid=87357) notify /opt/stack/neutron/neutron/plugins/ml2/drivers/ovn/mech_driver/ovsdb/ovsdb_monitor.py:1015}}
Jul 03 21:39:31.237117 np0000004478 devstack@neutron-api.service[87357]: DEBUG neutron.plugins.ml2.drivers.ovn.mech_driver.ovsdb.ovsdb_monitor [-] ChassisOVNAgentWriteEvent : Matched Chassis_Private, update, None None {{(pid=87357) matches /opt/stack/neutron/neutron/plugins/ml2/drivers/ovn/mech_driver/ovsdb/ovsdb_monitor.py:64}}
Jul 03 21:39:31.237429 np0000004478 devstack@neutron-api.service[87357]: DEBUG neutron.plugins.ml2.drivers.ovn.mech_driver.ovsdb.ovsdb_monitor [-] Hash Ring: Node 318b8d38db4355f0975a1e65b8ba1fe2 (host: np0000004478) handling event "update" for row 94c6aee8-8f87-4288-99ee-f66529970d0b (table: Chassis_Private) {{(pid=87357) notify /opt/stack/neutron/neutron/plugins/ml2/drivers/ovn/mech_driver/ovsdb/ovsdb_monitor.py:1015}}
Jul 03 21:39:31.277331 np0000004478 devstack@neutron-api.service[87357]: DEBUG neutron.plugins.ml2.drivers.helpers [None req-2dee0875-765b-47e4-9426-c6a0f6490d65 admin admin] geneve segment allocate from pool success with {'geneve_vni': 12444} {{(pid=87357) allocate_partially_specified_segment /opt/stack/neutron/neutron/plugins/ml2/drivers/helpers.py:142}}
Jul 03 21:39:31.290488 np0000004478 devstack@neutron-api.service[87357]: DEBUG neutron_lib.callbacks.manager [None req-2dee0875-765b-47e4-9426-c6a0f6490d65 admin admin] Publish callbacks ['neutron.services.segments.db._add_segment_host_mapping_for_segment-8052489669452', 'neutron.plugins.ml2.plugin.Ml2Plugin._handle_segment_change-878729'] for segment (1c256926-072c-4df1-9ffc-e28db3d67f3b), precommit_create {{(pid=87357) _notify_loop /opt/stack/data/venv/lib/python3.12/site-packages/neutron_lib/callbacks/manager.py:184}}
Jul 03 21:39:31.290769 np0000004478 devstack@neutron-api.service[87357]: INFO neutron.db.segments_db [None req-2dee0875-765b-47e4-9426-c6a0f6490d65 admin admin] Added segment 1c256926-072c-4df1-9ffc-e28db3d67f3b of type geneve for network 1e537650-1f60-4194-9b83-67d8efac2e1d
Jul 03 21:39:31.341435 np0000004478 devstack@neutron-api.service[87357]: DEBUG neutron_lib.callbacks.manager [None req-2dee0875-765b-47e4-9426-c6a0f6490d65 admin admin] Publish callbacks ['neutron.services.auto_allocate.db._ensure_external_network_default_value_callback-8052488568602'] for network (1e537650-1f60-4194-9b83-67d8efac2e1d), precommit_create {{(pid=87357) _notify_loop /opt/stack/data/venv/lib/python3.12/site-packages/neutron_lib/callbacks/manager.py:184}}
Jul 03 21:39:31.360361 np0000004478 devstack@neutron-api.service[87357]: DEBUG neutron.plugins.ml2.drivers.ovn.mech_driver.mech_driver [None req-2dee0875-765b-47e4-9426-c6a0f6490d65 admin admin] Validating network segment with type geneve, segmentation ID 12444, physical network None {{(pid=87357) _validate_network_segments /opt/stack/neutron/neutron/plugins/ml2/drivers/ovn/mech_driver/mech_driver.py:646}}
Jul 03 21:39:31.360473 np0000004478 devstack@neutron-api.service[87357]: DEBUG neutron.db.ovn_revision_numbers_db [None req-2dee0875-765b-47e4-9426-c6a0f6490d65 admin admin] create_initial_revision uuid=1e537650-1f60-4194-9b83-67d8efac2e1d, type=networks, rev=-1 {{(pid=87357) create_initial_revision /opt/stack/neutron/neutron/db/ovn_revision_numbers_db.py:98}}
Jul 03 21:39:31.377993 np0000004478 devstack@neutron-api.service[87357]: DEBUG neutron_lib.callbacks.manager [None req-2dee0875-765b-47e4-9426-c6a0f6490d65 admin admin] Publish callbacks ['neutron.plugins.ml2.ovo_rpc._ObjectChangeHandler.handle_event-7461082'] for network (1e537650-1f60-4194-9b83-67d8efac2e1d), after_create {{(pid=87357) _notify_loop /opt/stack/data/venv/lib/python3.12/site-packages/neutron_lib/callbacks/manager.py:184}}
Jul 03 21:39:31.431292 np0000004478 devstack@neutron-api.service[87357]: DEBUG neutron.api.rpc.handlers.resources_rpc [None req-2dee0875-765b-47e4-9426-c6a0f6490d65 admin admin] Pushing event updated for resources: {'Network': ['ID=1e537650-1f60-4194-9b83-67d8efac2e1d,revision_number=1']} {{(pid=87357) push /opt/stack/neutron/neutron/api/rpc/handlers/resources_rpc.py:237}}
Jul 03 21:39:31.440325 np0000004478 devstack@neutron-api.service[87357]: DEBUG ovsdbapp.backend.ovs_idl.transaction [-] Running txn n=1 command(idx=0): AddNetworkCommand(_result=None, network_uuid=1e537650-1f60-4194-9b83-67d8efac2e1d, may_exist=True, columns={'external_ids': {'neutron:network_name': 'private', 'neutron:mtu': '1372', 'neutron:revision_number': '1', 'neutron:availability_zone_hints': '', 'neutron:provnet-network-type': 'geneve'}, 'other_config': {'mcast_snoop': 'false', 'mcast_flood_unregistered': 'false', 'vlan-passthru': 'false'}}) {{(pid=87357) do_commit /opt/stack/data/venv/lib/python3.12/site-packages/ovsdbapp/backend/ovs_idl/transaction.py:89}}
Jul 03 21:39:31.440515 np0000004478 devstack@neutron-api.service[87357]: DEBUG neutron.common.ovn.utils [-] OVS persist_uuid supported=True {{(pid=87357) ovs_persist_uuid_supported /opt/stack/neutron/neutron/common/ovn/utils.py:1562}}
Jul 03 21:39:31.442512 np0000004478 devstack@neutron-api.service[87357]: DEBUG neutron.plugins.ml2.drivers.ovn.mech_driver.ovsdb.ovsdb_monitor [-] Hash Ring: Node 318b8d38db4355f0975a1e65b8ba1fe2 (host: np0000004478) handling event "create" for row 1e537650-1f60-4194-9b83-67d8efac2e1d (table: Logical_Switch) {{(pid=87357) notify /opt/stack/neutron/neutron/plugins/ml2/drivers/ovn/mech_driver/ovsdb/ovsdb_monitor.py:1015}}
Jul 03 21:39:31.446609 np0000004478 devstack@neutron-api.service[87355]: DEBUG neutron.plugins.ml2.drivers.ovn.mech_driver.ovsdb.ovsdb_monitor [-] Hash Ring: Node 15bdbe67c39e532d80d1fe0ca48e9741 (host: np0000004478) handling event "create" for row 1e537650-1f60-4194-9b83-67d8efac2e1d (table: Logical_Switch) {{(pid=87355) notify /opt/stack/neutron/neutron/plugins/ml2/drivers/ovn/mech_driver/ovsdb/ovsdb_monitor.py:1015}}
Jul 03 21:39:31.448274 np0000004478 devstack@neutron-api.service[87355]: DEBUG neutron.plugins.ml2.drivers.ovn.mech_driver.ovsdb.ovsdb_monitor [-] Hash Ring: Node 15bdbe67c39e532d80d1fe0ca48e9741 (host: np0000004478) handling event "create" for row 10eacd95-3434-46bf-bf97-4e5b624cfa2f (table: Datapath_Binding) {{(pid=87355) notify /opt/stack/neutron/neutron/plugins/ml2/drivers/ovn/mech_driver/ovsdb/ovsdb_monitor.py:1015}}
Jul 03 21:39:31.456980 np0000004478 devstack@neutron-api.service[87357]: DEBUG neutron.plugins.ml2.drivers.ovn.mech_driver.ovsdb.ovsdb_monitor [-] Hash Ring: Node 318b8d38db4355f0975a1e65b8ba1fe2 (host: np0000004478) handling event "create" for row 10eacd95-3434-46bf-bf97-4e5b624cfa2f (table: Datapath_Binding) {{(pid=87357) notify /opt/stack/neutron/neutron/plugins/ml2/drivers/ovn/mech_driver/ovsdb/ovsdb_monitor.py:1015}}
Jul 03 21:39:31.479124 np0000004478 devstack@neutron-api.service[87357]: INFO neutron.db.ovn_revision_numbers_db [None req-2dee0875-765b-47e4-9426-c6a0f6490d65 admin admin] Successfully bumped revision number for resource 1e537650-1f60-4194-9b83-67d8efac2e1d (type: networks) to 1
Jul 03 21:39:31.534632 np0000004478 devstack@neutron-api.service[87357]: DEBUG neutron_lib.callbacks.manager [None req-2dee0875-765b-47e4-9426-c6a0f6490d65 admin admin] Publish callbacks ['neutron.plugins.ml2.plugin.SecurityGroupDbMixin._ensure_default_security_group_handler-92201'] for port (None), before_create {{(pid=87357) _notify_loop /opt/stack/data/venv/lib/python3.12/site-packages/neutron_lib/callbacks/manager.py:184}}
