Jun 19 10:35:12.581708 np0000003272 systemd[1]: Starting devstack@n-api-meta.service - Devstack devstack@n-api-meta.service...
Jun 19 10:35:12.587410 np0000003272 devstack@n-api-meta.service[95101]: [uWSGI] getting INI configuration from /etc/nova/nova-metadata-uwsgi.ini
Jun 19 10:35:12.589910 np0000003272 devstack@n-api-meta.service[95101]: *** Starting uWSGI 2.0.24-debian (64bit) on [Fri Jun 19 10:35:12 2026] ***
Jun 19 10:35:12.589910 np0000003272 devstack@n-api-meta.service[95101]: compiled with version: 13.2.0 on 17 April 2024 16:23:48
Jun 19 10:35:12.589910 np0000003272 devstack@n-api-meta.service[95101]: os: Linux-6.8.0-100-generic #100-Ubuntu SMP PREEMPT_DYNAMIC Tue Jan 13 16:40:06 UTC 2026
Jun 19 10:35:12.589910 np0000003272 devstack@n-api-meta.service[95101]: nodename: np0000003272
Jun 19 10:35:12.589910 np0000003272 devstack@n-api-meta.service[95101]: machine: x86_64
Jun 19 10:35:12.589910 np0000003272 devstack@n-api-meta.service[95101]: clock source: unix
Jun 19 10:35:12.589910 np0000003272 devstack@n-api-meta.service[95101]: pcre jit disabled
Jun 19 10:35:12.589910 np0000003272 devstack@n-api-meta.service[95101]: detected number of CPU cores: 12
Jun 19 10:35:12.589910 np0000003272 devstack@n-api-meta.service[95101]: current working directory: /
Jun 19 10:35:12.589910 np0000003272 devstack@n-api-meta.service[95101]: detected binary path: /usr/bin/uwsgi-core
Jun 19 10:35:12.589910 np0000003272 devstack@n-api-meta.service[95101]: your processes number limit is 95969
Jun 19 10:35:12.589910 np0000003272 devstack@n-api-meta.service[95101]: your memory page size is 4096 bytes
Jun 19 10:35:12.589910 np0000003272 devstack@n-api-meta.service[95101]: detected max file descriptor number: 2048
Jun 19 10:35:12.589910 np0000003272 devstack@n-api-meta.service[95101]: lock engine: pthread robust mutexes
Jun 19 10:35:12.590430 np0000003272 devstack@n-api-meta.service[95101]: thunder lock: enabled
Jun 19 10:35:12.590472 np0000003272 devstack@n-api-meta.service[95101]: uWSGI http bound on 0.0.0.0:8775 fd 5
Jun 19 10:35:12.590511 np0000003272 devstack@n-api-meta.service[95101]: uwsgi socket 0 bound to TCP address 127.0.0.1:42337 (port auto-assigned) fd 4
Jun 19 10:35:12.590548 np0000003272 devstack@n-api-meta.service[95101]: Python version: 3.12.3 (main, Mar 23 2026, 19:04:32) [GCC 13.3.0]
Jun 19 10:35:12.590582 np0000003272 devstack@n-api-meta.service[95101]: PEP 405 virtualenv detected: /opt/stack/data/venv
Jun 19 10:35:12.590582 np0000003272 devstack@n-api-meta.service[95101]: Set PythonHome to /opt/stack/data/venv
Jun 19 10:35:12.628115 np0000003272 devstack@n-api-meta.service[95101]: Python main interpreter initialized at 0x78d1278a3668
Jun 19 10:35:12.628115 np0000003272 devstack@n-api-meta.service[95101]: python threads support enabled
Jun 19 10:35:12.628115 np0000003272 devstack@n-api-meta.service[95101]: your server socket listen backlog is limited to 100 connections
Jun 19 10:35:12.628115 np0000003272 devstack@n-api-meta.service[95101]: your mercy for graceful operations on workers is 80 seconds
Jun 19 10:35:12.628531 np0000003272 devstack@n-api-meta.service[95101]: mapped 537436 bytes (524 KB) for 3 cores
Jun 19 10:35:12.628640 np0000003272 devstack@n-api-meta.service[95101]: *** Operational MODE: preforking ***
Jun 19 10:35:12.628848 np0000003272 devstack@n-api-meta.service[95101]: *** uWSGI is running in multiple interpreter mode ***
Jun 19 10:35:12.628848 np0000003272 devstack@n-api-meta.service[95101]: spawned uWSGI master process (pid: 95101)
Jun 19 10:35:12.629012 np0000003272 systemd[1]: Started devstack@n-api-meta.service - Devstack devstack@n-api-meta.service.
Jun 19 10:35:12.629559 np0000003272 devstack@n-api-meta.service[95101]: spawned uWSGI worker 1 (pid: 95102, cores: 1)
Jun 19 10:35:12.630171 np0000003272 devstack@n-api-meta.service[95101]: spawned uWSGI worker 2 (pid: 95103, cores: 1)
Jun 19 10:35:12.630612 np0000003272 devstack@n-api-meta.service[95101]: spawned uWSGI worker 3 (pid: 95104, cores: 1)
Jun 19 10:35:12.631343 np0000003272 devstack@n-api-meta.service[95101]: spawned uWSGI http 1 (pid: 95105)
Jun 19 10:35:12.631343 np0000003272 devstack@n-api-meta.service[95101]: running "unix_signal:15 gracefully_kill_them_all" (master-start)...
Jun 19 10:35:14.361504 np0000003272 devstack@n-api-meta.service[95104]: INFO dbcounter [None req-8234e19b-634b-4a3a-b881-242d5c7d757c None None] Registered counter for database nova_api
Jun 19 10:35:14.387037 np0000003272 devstack@n-api-meta.service[95103]: INFO dbcounter [None req-6046ce9a-75a2-4793-b4b3-3706213fa8c9 None None] Registered counter for database nova_api
Jun 19 10:35:14.406980 np0000003272 devstack@n-api-meta.service[95102]: INFO dbcounter [None req-1aa98d8d-a654-42a7-be3a-eb915316fb81 None None] Registered counter for database nova_api
Jun 19 10:35:14.424695 np0000003272 devstack@n-api-meta.service[95104]: DEBUG oslo_db.sqlalchemy.engines [None req-8234e19b-634b-4a3a-b881-242d5c7d757c None None] MySQL server mode set to STRICT_TRANS_TABLES,STRICT_ALL_TABLES,NO_ZERO_IN_DATE,NO_ZERO_DATE,ERROR_FOR_DIVISION_BY_ZERO,TRADITIONAL,NO_ENGINE_SUBSTITUTION {{(pid=95104) _check_effective_sql_mode /opt/stack/data/venv/lib/python3.12/site-packages/oslo_db/sqlalchemy/engines.py:325}}
Jun 19 10:35:14.433656 np0000003272 devstack@n-api-meta.service[95103]: DEBUG oslo_db.sqlalchemy.engines [None req-6046ce9a-75a2-4793-b4b3-3706213fa8c9 None None] MySQL server mode set to STRICT_TRANS_TABLES,STRICT_ALL_TABLES,NO_ZERO_IN_DATE,NO_ZERO_DATE,ERROR_FOR_DIVISION_BY_ZERO,TRADITIONAL,NO_ENGINE_SUBSTITUTION {{(pid=95103) _check_effective_sql_mode /opt/stack/data/venv/lib/python3.12/site-packages/oslo_db/sqlalchemy/engines.py:325}}
Jun 19 10:35:14.462899 np0000003272 devstack@n-api-meta.service[95103]: DEBUG dbcounter [-] [95103] Writer thread running {{(pid=95103) stat_writer /opt/stack/data/venv/lib/python3.12/site-packages/dbcounter.py:102}}
Jun 19 10:35:14.464801 np0000003272 devstack@n-api-meta.service[95104]: DEBUG dbcounter [-] [95104] Writer thread running {{(pid=95104) stat_writer /opt/stack/data/venv/lib/python3.12/site-packages/dbcounter.py:102}}
Jun 19 10:35:14.465551 np0000003272 devstack@n-api-meta.service[95103]: DEBUG nova.context [None req-6046ce9a-75a2-4793-b4b3-3706213fa8c9 None None] Found 2 cells: 00000000-0000-0000-0000-000000000000(cell0),6ae1e3bc-d60f-4c19-9075-d44a808ed09c(cell1) {{(pid=95103) load_cells /opt/stack/nova/nova/context.py:509}}
Jun 19 10:35:14.465803 np0000003272 devstack@n-api-meta.service[95103]: INFO nova.utils [None req-6046ce9a-75a2-4793-b4b3-3706213fa8c9 None None] The cell worker thread pool MainProcess.cell_worker is initialized
Jun 19 10:35:14.467875 np0000003272 devstack@n-api-meta.service[95104]: DEBUG nova.context [None req-8234e19b-634b-4a3a-b881-242d5c7d757c None None] Found 2 cells: 00000000-0000-0000-0000-000000000000(cell0),6ae1e3bc-d60f-4c19-9075-d44a808ed09c(cell1) {{(pid=95104) load_cells /opt/stack/nova/nova/context.py:509}}
Jun 19 10:35:14.468031 np0000003272 devstack@n-api-meta.service[95103]: DEBUG oslo_concurrency.lockutils [None req-6046ce9a-75a2-4793-b4b3-3706213fa8c9 None None] Acquiring lock "00000000-0000-0000-0000-000000000000" by "nova.context.set_target_cell..get_or_set_cached_cell_and_set_connections" {{(pid=95103) inner /opt/stack/data/venv/lib/python3.12/site-packages/oslo_concurrency/lockutils.py:511}}
Jun 19 10:35:14.468202 np0000003272 devstack@n-api-meta.service[95103]: DEBUG oslo_concurrency.lockutils [None req-6046ce9a-75a2-4793-b4b3-3706213fa8c9 None None] Lock "00000000-0000-0000-0000-000000000000" acquired by "nova.context.set_target_cell..get_or_set_cached_cell_and_set_connections" :: waited 0.000s {{(pid=95103) inner /opt/stack/data/venv/lib/python3.12/site-packages/oslo_concurrency/lockutils.py:524}}
Jun 19 10:35:14.468256 np0000003272 devstack@n-api-meta.service[95104]: INFO nova.utils [None req-8234e19b-634b-4a3a-b881-242d5c7d757c None None] The cell worker thread pool MainProcess.cell_worker is initialized
Jun 19 10:35:14.468661 np0000003272 devstack@n-api-meta.service[95103]: DEBUG oslo_concurrency.lockutils [None req-6046ce9a-75a2-4793-b4b3-3706213fa8c9 None None] Lock "00000000-0000-0000-0000-000000000000" "released" by "nova.context.set_target_cell..get_or_set_cached_cell_and_set_connections" :: held 0.000s {{(pid=95103) inner /opt/stack/data/venv/lib/python3.12/site-packages/oslo_concurrency/lockutils.py:543}}
Jun 19 10:35:14.469505 np0000003272 devstack@n-api-meta.service[95103]: DEBUG oslo_concurrency.lockutils [None req-6046ce9a-75a2-4793-b4b3-3706213fa8c9 None None] Acquiring lock "6ae1e3bc-d60f-4c19-9075-d44a808ed09c" by "nova.context.set_target_cell..get_or_set_cached_cell_and_set_connections" {{(pid=95103) inner /opt/stack/data/venv/lib/python3.12/site-packages/oslo_concurrency/lockutils.py:511}}
Jun 19 10:35:14.469713 np0000003272 devstack@n-api-meta.service[95103]: DEBUG oslo_concurrency.lockutils [None req-6046ce9a-75a2-4793-b4b3-3706213fa8c9 None None] Lock "6ae1e3bc-d60f-4c19-9075-d44a808ed09c" acquired by "nova.context.set_target_cell..get_or_set_cached_cell_and_set_connections" :: waited 0.000s {{(pid=95103) inner /opt/stack/data/venv/lib/python3.12/site-packages/oslo_concurrency/lockutils.py:524}}
Jun 19 10:35:14.470512 np0000003272 devstack@n-api-meta.service[95104]: DEBUG oslo_concurrency.lockutils [None req-8234e19b-634b-4a3a-b881-242d5c7d757c None None] Acquiring lock "00000000-0000-0000-0000-000000000000" by "nova.context.set_target_cell..get_or_set_cached_cell_and_set_connections" {{(pid=95104) inner /opt/stack/data/venv/lib/python3.12/site-packages/oslo_concurrency/lockutils.py:511}}
Jun 19 10:35:14.470585 np0000003272 devstack@n-api-meta.service[95103]: DEBUG oslo_concurrency.lockutils [None req-6046ce9a-75a2-4793-b4b3-3706213fa8c9 None None] Lock "6ae1e3bc-d60f-4c19-9075-d44a808ed09c" "released" by "nova.context.set_target_cell..get_or_set_cached_cell_and_set_connections" :: held 0.001s {{(pid=95103) inner /opt/stack/data/venv/lib/python3.12/site-packages/oslo_concurrency/lockutils.py:543}}
Jun 19 10:35:14.470727 np0000003272 devstack@n-api-meta.service[95104]: DEBUG oslo_concurrency.lockutils [None req-8234e19b-634b-4a3a-b881-242d5c7d757c None None] Lock "00000000-0000-0000-0000-000000000000" acquired by "nova.context.set_target_cell..get_or_set_cached_cell_and_set_connections" :: waited 0.000s {{(pid=95104) inner /opt/stack/data/venv/lib/python3.12/site-packages/oslo_concurrency/lockutils.py:524}}
Jun 19 10:35:14.471242 np0000003272 devstack@n-api-meta.service[95104]: DEBUG oslo_concurrency.lockutils [None req-8234e19b-634b-4a3a-b881-242d5c7d757c None None] Lock "00000000-0000-0000-0000-000000000000" "released" by "nova.context.set_target_cell..get_or_set_cached_cell_and_set_connections" :: held 0.000s {{(pid=95104) inner /opt/stack/data/venv/lib/python3.12/site-packages/oslo_concurrency/lockutils.py:543}}
Jun 19 10:35:14.471938 np0000003272 devstack@n-api-meta.service[95104]: DEBUG oslo_concurrency.lockutils [None req-8234e19b-634b-4a3a-b881-242d5c7d757c None None] Acquiring lock "6ae1e3bc-d60f-4c19-9075-d44a808ed09c" by "nova.context.set_target_cell..get_or_set_cached_cell_and_set_connections" {{(pid=95104) inner /opt/stack/data/venv/lib/python3.12/site-packages/oslo_concurrency/lockutils.py:511}}
Jun 19 10:35:14.472196 np0000003272 devstack@n-api-meta.service[95104]: DEBUG oslo_concurrency.lockutils [None req-8234e19b-634b-4a3a-b881-242d5c7d757c None None] Lock "6ae1e3bc-d60f-4c19-9075-d44a808ed09c" acquired by "nova.context.set_target_cell..get_or_set_cached_cell_and_set_connections" :: waited 0.000s {{(pid=95104) inner /opt/stack/data/venv/lib/python3.12/site-packages/oslo_concurrency/lockutils.py:524}}
Jun 19 10:35:14.472492 np0000003272 devstack@n-api-meta.service[95103]: INFO dbcounter [None req-6046ce9a-75a2-4793-b4b3-3706213fa8c9 None None] Registered counter for database nova_cell0
Jun 19 10:35:14.473338 np0000003272 devstack@n-api-meta.service[95104]: DEBUG oslo_concurrency.lockutils [None req-8234e19b-634b-4a3a-b881-242d5c7d757c None None] Lock "6ae1e3bc-d60f-4c19-9075-d44a808ed09c" "released" by "nova.context.set_target_cell..get_or_set_cached_cell_and_set_connections" :: held 0.001s {{(pid=95104) inner /opt/stack/data/venv/lib/python3.12/site-packages/oslo_concurrency/lockutils.py:543}}
Jun 19 10:35:14.476435 np0000003272 devstack@n-api-meta.service[95102]: DEBUG oslo_db.sqlalchemy.engines [None req-1aa98d8d-a654-42a7-be3a-eb915316fb81 None None] MySQL server mode set to STRICT_TRANS_TABLES,STRICT_ALL_TABLES,NO_ZERO_IN_DATE,NO_ZERO_DATE,ERROR_FOR_DIVISION_BY_ZERO,TRADITIONAL,NO_ENGINE_SUBSTITUTION {{(pid=95102) _check_effective_sql_mode /opt/stack/data/venv/lib/python3.12/site-packages/oslo_db/sqlalchemy/engines.py:325}}
Jun 19 10:35:14.476501 np0000003272 devstack@n-api-meta.service[95104]: INFO dbcounter [None req-8234e19b-634b-4a3a-b881-242d5c7d757c None None] Registered counter for database nova_cell0
Jun 19 10:35:14.476541 np0000003272 devstack@n-api-meta.service[95103]: INFO dbcounter [None req-6046ce9a-75a2-4793-b4b3-3706213fa8c9 None None] Registered counter for database nova_cell1
Jun 19 10:35:14.477800 np0000003272 devstack@n-api-meta.service[95104]: INFO dbcounter [None req-8234e19b-634b-4a3a-b881-242d5c7d757c None None] Registered counter for database nova_cell1
Jun 19 10:35:14.518393 np0000003272 devstack@n-api-meta.service[95102]: DEBUG dbcounter [-] [95102] Writer thread running {{(pid=95102) stat_writer /opt/stack/data/venv/lib/python3.12/site-packages/dbcounter.py:102}}
Jun 19 10:35:14.523780 np0000003272 devstack@n-api-meta.service[95102]: DEBUG nova.context [None req-1aa98d8d-a654-42a7-be3a-eb915316fb81 None None] Found 2 cells: 00000000-0000-0000-0000-000000000000(cell0),6ae1e3bc-d60f-4c19-9075-d44a808ed09c(cell1) {{(pid=95102) load_cells /opt/stack/nova/nova/context.py:509}}
Jun 19 10:35:14.524039 np0000003272 devstack@n-api-meta.service[95104]: DEBUG oslo_db.sqlalchemy.engines [None req-8234e19b-634b-4a3a-b881-242d5c7d757c None None] MySQL server mode set to STRICT_TRANS_TABLES,STRICT_ALL_TABLES,NO_ZERO_IN_DATE,NO_ZERO_DATE,ERROR_FOR_DIVISION_BY_ZERO,TRADITIONAL,NO_ENGINE_SUBSTITUTION {{(pid=95104) _check_effective_sql_mode /opt/stack/data/venv/lib/python3.12/site-packages/oslo_db/sqlalchemy/engines.py:325}}
Jun 19 10:35:14.524190 np0000003272 devstack@n-api-meta.service[95102]: INFO nova.utils [None req-1aa98d8d-a654-42a7-be3a-eb915316fb81 None None] The cell worker thread pool MainProcess.cell_worker is initialized
Jun 19 10:35:14.526605 np0000003272 devstack@n-api-meta.service[95102]: DEBUG oslo_concurrency.lockutils [None req-1aa98d8d-a654-42a7-be3a-eb915316fb81 None None] Acquiring lock "00000000-0000-0000-0000-000000000000" by "nova.context.set_target_cell..get_or_set_cached_cell_and_set_connections" {{(pid=95102) inner /opt/stack/data/venv/lib/python3.12/site-packages/oslo_concurrency/lockutils.py:511}}
Jun 19 10:35:14.526853 np0000003272 devstack@n-api-meta.service[95102]: DEBUG oslo_concurrency.lockutils [None req-1aa98d8d-a654-42a7-be3a-eb915316fb81 None None] Lock "00000000-0000-0000-0000-000000000000" acquired by "nova.context.set_target_cell..get_or_set_cached_cell_and_set_connections" :: waited 0.000s {{(pid=95102) inner /opt/stack/data/venv/lib/python3.12/site-packages/oslo_concurrency/lockutils.py:524}}
Jun 19 10:35:14.527492 np0000003272 devstack@n-api-meta.service[95102]: DEBUG oslo_concurrency.lockutils [None req-1aa98d8d-a654-42a7-be3a-eb915316fb81 None None] Lock "00000000-0000-0000-0000-000000000000" "released" by "nova.context.set_target_cell..get_or_set_cached_cell_and_set_connections" :: held 0.001s {{(pid=95102) inner /opt/stack/data/venv/lib/python3.12/site-packages/oslo_concurrency/lockutils.py:543}}
Jun 19 10:35:14.528420 np0000003272 devstack@n-api-meta.service[95102]: DEBUG oslo_concurrency.lockutils [None req-1aa98d8d-a654-42a7-be3a-eb915316fb81 None None] Acquiring lock "6ae1e3bc-d60f-4c19-9075-d44a808ed09c" by "nova.context.set_target_cell..get_or_set_cached_cell_and_set_connections" {{(pid=95102) inner /opt/stack/data/venv/lib/python3.12/site-packages/oslo_concurrency/lockutils.py:511}}
Jun 19 10:35:14.528653 np0000003272 devstack@n-api-meta.service[95102]: DEBUG oslo_concurrency.lockutils [None req-1aa98d8d-a654-42a7-be3a-eb915316fb81 None None] Lock "6ae1e3bc-d60f-4c19-9075-d44a808ed09c" acquired by "nova.context.set_target_cell..get_or_set_cached_cell_and_set_connections" :: waited 0.000s {{(pid=95102) inner /opt/stack/data/venv/lib/python3.12/site-packages/oslo_concurrency/lockutils.py:524}}
Jun 19 10:35:14.529945 np0000003272 devstack@n-api-meta.service[95102]: DEBUG oslo_concurrency.lockutils [None req-1aa98d8d-a654-42a7-be3a-eb915316fb81 None None] Lock "6ae1e3bc-d60f-4c19-9075-d44a808ed09c" "released" by "nova.context.set_target_cell..get_or_set_cached_cell_and_set_connections" :: held 0.001s {{(pid=95102) inner /opt/stack/data/venv/lib/python3.12/site-packages/oslo_concurrency/lockutils.py:543}}
Jun 19 10:35:14.532170 np0000003272 devstack@n-api-meta.service[95102]: INFO dbcounter [None req-1aa98d8d-a654-42a7-be3a-eb915316fb81 None None] Registered counter for database nova_cell0
Jun 19 10:35:14.532295 np0000003272 devstack@n-api-meta.service[95103]: DEBUG oslo_db.sqlalchemy.engines [None req-6046ce9a-75a2-4793-b4b3-3706213fa8c9 None None] MySQL server mode set to STRICT_TRANS_TABLES,STRICT_ALL_TABLES,NO_ZERO_IN_DATE,NO_ZERO_DATE,ERROR_FOR_DIVISION_BY_ZERO,TRADITIONAL,NO_ENGINE_SUBSTITUTION {{(pid=95103) _check_effective_sql_mode /opt/stack/data/venv/lib/python3.12/site-packages/oslo_db/sqlalchemy/engines.py:325}}
Jun 19 10:35:14.534748 np0000003272 devstack@n-api-meta.service[95102]: INFO dbcounter [None req-1aa98d8d-a654-42a7-be3a-eb915316fb81 None None] Registered counter for database nova_cell1
Jun 19 10:35:14.545395 np0000003272 devstack@n-api-meta.service[95104]: DEBUG oslo_db.sqlalchemy.engines [None req-8234e19b-634b-4a3a-b881-242d5c7d757c None None] MySQL server mode set to STRICT_TRANS_TABLES,STRICT_ALL_TABLES,NO_ZERO_IN_DATE,NO_ZERO_DATE,ERROR_FOR_DIVISION_BY_ZERO,TRADITIONAL,NO_ENGINE_SUBSTITUTION {{(pid=95104) _check_effective_sql_mode /opt/stack/data/venv/lib/python3.12/site-packages/oslo_db/sqlalchemy/engines.py:325}}
Jun 19 10:35:14.545769 np0000003272 devstack@n-api-meta.service[95103]: DEBUG oslo_db.sqlalchemy.engines [None req-6046ce9a-75a2-4793-b4b3-3706213fa8c9 None None] MySQL server mode set to STRICT_TRANS_TABLES,STRICT_ALL_TABLES,NO_ZERO_IN_DATE,NO_ZERO_DATE,ERROR_FOR_DIVISION_BY_ZERO,TRADITIONAL,NO_ENGINE_SUBSTITUTION {{(pid=95103) _check_effective_sql_mode /opt/stack/data/venv/lib/python3.12/site-packages/oslo_db/sqlalchemy/engines.py:325}}
Jun 19 10:35:14.589996 np0000003272 devstack@n-api-meta.service[95102]: DEBUG oslo_db.sqlalchemy.engines [None req-1aa98d8d-a654-42a7-be3a-eb915316fb81 None None] MySQL server mode set to STRICT_TRANS_TABLES,STRICT_ALL_TABLES,NO_ZERO_IN_DATE,NO_ZERO_DATE,ERROR_FOR_DIVISION_BY_ZERO,TRADITIONAL,NO_ENGINE_SUBSTITUTION {{(pid=95102) _check_effective_sql_mode /opt/stack/data/venv/lib/python3.12/site-packages/oslo_db/sqlalchemy/engines.py:325}}
Jun 19 10:35:14.593422 np0000003272 devstack@n-api-meta.service[95102]: DEBUG oslo_db.sqlalchemy.engines [None req-1aa98d8d-a654-42a7-be3a-eb915316fb81 None None] MySQL server mode set to STRICT_TRANS_TABLES,STRICT_ALL_TABLES,NO_ZERO_IN_DATE,NO_ZERO_DATE,ERROR_FOR_DIVISION_BY_ZERO,TRADITIONAL,NO_ENGINE_SUBSTITUTION {{(pid=95102) _check_effective_sql_mode /opt/stack/data/venv/lib/python3.12/site-packages/oslo_db/sqlalchemy/engines.py:325}}
Jun 19 10:35:14.617667 np0000003272 devstack@n-api-meta.service[95104]: DEBUG dbcounter [-] [95104] Writer thread running {{(pid=95104) stat_writer /opt/stack/data/venv/lib/python3.12/site-packages/dbcounter.py:102}}
Jun 19 10:35:14.623844 np0000003272 devstack@n-api-meta.service[95104]: DEBUG dbcounter [-] [95104] Writer thread running {{(pid=95104) stat_writer /opt/stack/data/venv/lib/python3.12/site-packages/dbcounter.py:102}}
Jun 19 10:35:14.628348 np0000003272 devstack@n-api-meta.service[95104]: INFO dbcounter [None req-8234e19b-634b-4a3a-b881-242d5c7d757c None None] Registered counter for database nova_cell0
Jun 19 10:35:14.668703 np0000003272 devstack@n-api-meta.service[95104]: DEBUG oslo_db.sqlalchemy.engines [None req-8234e19b-634b-4a3a-b881-242d5c7d757c None None] MySQL server mode set to STRICT_TRANS_TABLES,STRICT_ALL_TABLES,NO_ZERO_IN_DATE,NO_ZERO_DATE,ERROR_FOR_DIVISION_BY_ZERO,TRADITIONAL,NO_ENGINE_SUBSTITUTION {{(pid=95104) _check_effective_sql_mode /opt/stack/data/venv/lib/python3.12/site-packages/oslo_db/sqlalchemy/engines.py:325}}
Jun 19 10:35:14.674571 np0000003272 devstack@n-api-meta.service[95104]: DEBUG dbcounter [-] [95104] Writer thread running {{(pid=95104) stat_writer /opt/stack/data/venv/lib/python3.12/site-packages/dbcounter.py:102}}
Jun 19 10:35:14.678591 np0000003272 devstack@n-api-meta.service[95103]: DEBUG dbcounter [-] [95103] Writer thread running {{(pid=95103) stat_writer /opt/stack/data/venv/lib/python3.12/site-packages/dbcounter.py:102}}
Jun 19 10:35:14.679250 np0000003272 devstack@n-api-meta.service[95103]: DEBUG dbcounter [-] [95103] Writer thread running {{(pid=95103) stat_writer /opt/stack/data/venv/lib/python3.12/site-packages/dbcounter.py:102}}
Jun 19 10:35:14.687495 np0000003272 devstack@n-api-meta.service[95102]: DEBUG dbcounter [-] [95102] Writer thread running {{(pid=95102) stat_writer /opt/stack/data/venv/lib/python3.12/site-packages/dbcounter.py:102}}
Jun 19 10:35:14.687811 np0000003272 devstack@n-api-meta.service[95103]: INFO dbcounter [None req-6046ce9a-75a2-4793-b4b3-3706213fa8c9 None None] Registered counter for database nova_cell0
Jun 19 10:35:14.690973 np0000003272 devstack@n-api-meta.service[95102]: DEBUG dbcounter [-] [95102] Writer thread running {{(pid=95102) stat_writer /opt/stack/data/venv/lib/python3.12/site-packages/dbcounter.py:102}}
Jun 19 10:35:14.694964 np0000003272 devstack@n-api-meta.service[95102]: INFO dbcounter [None req-1aa98d8d-a654-42a7-be3a-eb915316fb81 None None] Registered counter for database nova_cell0
Jun 19 10:35:14.724248 np0000003272 devstack@n-api-meta.service[95104]: WARNING nova.api.metadata.handler [None req-8234e19b-634b-4a3a-b881-242d5c7d757c None None] metadata_proxy_shared_secret is not configured, the metadata information returned by the proxy cannot be trusted
Jun 19 10:35:14.726651 np0000003272 devstack@n-api-meta.service[95104]: DEBUG nova.api.openstack.wsgi_app [None req-8234e19b-634b-4a3a-b881-242d5c7d757c None None] ******************************************************************************** {{(pid=95104) log_opt_values /opt/stack/data/venv/lib/python3.12/site-packages/oslo_config/cfg.py:3226}}
Jun 19 10:35:14.726800 np0000003272 devstack@n-api-meta.service[95104]: DEBUG nova.api.openstack.wsgi_app [None req-8234e19b-634b-4a3a-b881-242d5c7d757c None None] Configuration options gathered from: {{(pid=95104) log_opt_values /opt/stack/data/venv/lib/python3.12/site-packages/oslo_config/cfg.py:3227}}
Jun 19 10:35:14.727181 np0000003272 devstack@n-api-meta.service[95104]: DEBUG nova.api.openstack.wsgi_app [None req-8234e19b-634b-4a3a-b881-242d5c7d757c None None] command line args: [] {{(pid=95104) log_opt_values /opt/stack/data/venv/lib/python3.12/site-packages/oslo_config/cfg.py:3228}}
Jun 19 10:35:14.727240 np0000003272 devstack@n-api-meta.service[95103]: DEBUG oslo_db.sqlalchemy.engines [None req-6046ce9a-75a2-4793-b4b3-3706213fa8c9 None None] MySQL server mode set to STRICT_TRANS_TABLES,STRICT_ALL_TABLES,NO_ZERO_IN_DATE,NO_ZERO_DATE,ERROR_FOR_DIVISION_BY_ZERO,TRADITIONAL,NO_ENGINE_SUBSTITUTION {{(pid=95103) _check_effective_sql_mode /opt/stack/data/venv/lib/python3.12/site-packages/oslo_db/sqlalchemy/engines.py:325}}
Jun 19 10:35:14.727273 np0000003272 devstack@n-api-meta.service[95104]: DEBUG nova.api.openstack.wsgi_app [None req-8234e19b-634b-4a3a-b881-242d5c7d757c None None] config files: ['/etc/nova/api-paste.ini', '/etc/nova/nova.conf'] {{(pid=95104) log_opt_values /opt/stack/data/venv/lib/python3.12/site-packages/oslo_config/cfg.py:3229}}
Jun 19 10:35:14.727647 np0000003272 devstack@n-api-meta.service[95104]: DEBUG nova.api.openstack.wsgi_app [None req-8234e19b-634b-4a3a-b881-242d5c7d757c None None] ================================================================================ {{(pid=95104) log_opt_values /opt/stack/data/venv/lib/python3.12/site-packages/oslo_config/cfg.py:3234}}
Jun 19 10:35:14.727647 np0000003272 devstack@n-api-meta.service[95104]: DEBUG nova.api.openstack.wsgi_app [None req-8234e19b-634b-4a3a-b881-242d5c7d757c None None] allow_resize_to_same_host = True {{(pid=95104) log_opt_values /opt/stack/data/venv/lib/python3.12/site-packages/oslo_config/cfg.py:3242}}
Jun 19 10:35:14.727848 np0000003272 devstack@n-api-meta.service[95104]: DEBUG nova.api.openstack.wsgi_app [None req-8234e19b-634b-4a3a-b881-242d5c7d757c None None] arq_binding_timeout = 300 {{(pid=95104) log_opt_values /opt/stack/data/venv/lib/python3.12/site-packages/oslo_config/cfg.py:3242}}
Jun 19 10:35:14.728029 np0000003272 devstack@n-api-meta.service[95104]: DEBUG nova.api.openstack.wsgi_app [None req-8234e19b-634b-4a3a-b881-242d5c7d757c None None] block_device_allocate_retries = 60 {{(pid=95104) log_opt_values /opt/stack/data/venv/lib/python3.12/site-packages/oslo_config/cfg.py:3242}}
Jun 19 10:35:14.728179 np0000003272 devstack@n-api-meta.service[95104]: DEBUG nova.api.openstack.wsgi_app [None req-8234e19b-634b-4a3a-b881-242d5c7d757c None None] block_device_allocate_retries_interval = 3 {{(pid=95104) log_opt_values /opt/stack/data/venv/lib/python3.12/site-packages/oslo_config/cfg.py:3242}}
Jun 19 10:35:14.728306 np0000003272 devstack@n-api-meta.service[95104]: DEBUG nova.api.openstack.wsgi_app [None req-8234e19b-634b-4a3a-b881-242d5c7d757c None None] cell_worker_thread_pool_size = 5 {{(pid=95104) log_opt_values /opt/stack/data/venv/lib/python3.12/site-packages/oslo_config/cfg.py:3242}}
Jun 19 10:35:14.728460 np0000003272 devstack@n-api-meta.service[95104]: DEBUG nova.api.openstack.wsgi_app [None req-8234e19b-634b-4a3a-b881-242d5c7d757c None None] cert = self.pem {{(pid=95104) log_opt_values /opt/stack/data/venv/lib/python3.12/site-packages/oslo_config/cfg.py:3242}}
Jun 19 10:35:14.728582 np0000003272 devstack@n-api-meta.service[95104]: DEBUG nova.api.openstack.wsgi_app [None req-8234e19b-634b-4a3a-b881-242d5c7d757c None None] compute_driver = libvirt.LibvirtDriver {{(pid=95104) log_opt_values /opt/stack/data/venv/lib/python3.12/site-packages/oslo_config/cfg.py:3242}}
Jun 19 10:35:14.728805 np0000003272 devstack@n-api-meta.service[95104]: DEBUG nova.api.openstack.wsgi_app [None req-8234e19b-634b-4a3a-b881-242d5c7d757c None None] compute_monitors = [] {{(pid=95104) log_opt_values /opt/stack/data/venv/lib/python3.12/site-packages/oslo_config/cfg.py:3242}}
Jun 19 10:35:14.728943 np0000003272 devstack@n-api-meta.service[95104]: DEBUG nova.api.openstack.wsgi_app [None req-8234e19b-634b-4a3a-b881-242d5c7d757c None None] config_dir = [] {{(pid=95104) log_opt_values /opt/stack/data/venv/lib/python3.12/site-packages/oslo_config/cfg.py:3242}}
Jun 19 10:35:14.729141 np0000003272 devstack@n-api-meta.service[95104]: DEBUG nova.api.openstack.wsgi_app [None req-8234e19b-634b-4a3a-b881-242d5c7d757c None None] config_drive_format = iso9660 {{(pid=95104) log_opt_values /opt/stack/data/venv/lib/python3.12/site-packages/oslo_config/cfg.py:3242}}
Jun 19 10:35:14.729255 np0000003272 devstack@n-api-meta.service[95104]: DEBUG nova.api.openstack.wsgi_app [None req-8234e19b-634b-4a3a-b881-242d5c7d757c None None] config_file = ['/etc/nova/api-paste.ini', '/etc/nova/nova.conf'] {{(pid=95104) log_opt_values /opt/stack/data/venv/lib/python3.12/site-packages/oslo_config/cfg.py:3242}}
Jun 19 10:35:14.729400 np0000003272 devstack@n-api-meta.service[95104]: DEBUG nova.api.openstack.wsgi_app [None req-8234e19b-634b-4a3a-b881-242d5c7d757c None None] config_source = [] {{(pid=95104) log_opt_values /opt/stack/data/venv/lib/python3.12/site-packages/oslo_config/cfg.py:3242}}
Jun 19 10:35:14.729965 np0000003272 devstack@n-api-meta.service[95104]: DEBUG nova.api.openstack.wsgi_app [None req-8234e19b-634b-4a3a-b881-242d5c7d757c None None] console_host = np0000003272 {{(pid=95104) log_opt_values /opt/stack/data/venv/lib/python3.12/site-packages/oslo_config/cfg.py:3242}}
Jun 19 10:35:14.729965 np0000003272 devstack@n-api-meta.service[95104]: DEBUG nova.api.openstack.wsgi_app [None req-8234e19b-634b-4a3a-b881-242d5c7d757c None None] control_exchange = nova {{(pid=95104) log_opt_values /opt/stack/data/venv/lib/python3.12/site-packages/oslo_config/cfg.py:3242}}
Jun 19 10:35:14.729965 np0000003272 devstack@n-api-meta.service[95104]: DEBUG nova.api.openstack.wsgi_app [None req-8234e19b-634b-4a3a-b881-242d5c7d757c None None] cpu_allocation_ratio = None {{(pid=95104) log_opt_values /opt/stack/data/venv/lib/python3.12/site-packages/oslo_config/cfg.py:3242}}
Jun 19 10:35:14.729965 np0000003272 devstack@n-api-meta.service[95104]: DEBUG nova.api.openstack.wsgi_app [None req-8234e19b-634b-4a3a-b881-242d5c7d757c None None] daemon = False {{(pid=95104) log_opt_values /opt/stack/data/venv/lib/python3.12/site-packages/oslo_config/cfg.py:3242}}
Jun 19 10:35:14.730114 np0000003272 devstack@n-api-meta.service[95104]: DEBUG nova.api.openstack.wsgi_app [None req-8234e19b-634b-4a3a-b881-242d5c7d757c None None] debug = True {{(pid=95104) log_opt_values /opt/stack/data/venv/lib/python3.12/site-packages/oslo_config/cfg.py:3242}}
Jun 19 10:35:14.730198 np0000003272 devstack@n-api-meta.service[95104]: DEBUG nova.api.openstack.wsgi_app [None req-8234e19b-634b-4a3a-b881-242d5c7d757c None None] default_access_ip_network_name = None {{(pid=95104) log_opt_values /opt/stack/data/venv/lib/python3.12/site-packages/oslo_config/cfg.py:3242}}
Jun 19 10:35:14.730330 np0000003272 devstack@n-api-meta.service[95104]: DEBUG nova.api.openstack.wsgi_app [None req-8234e19b-634b-4a3a-b881-242d5c7d757c None None] default_availability_zone = nova {{(pid=95104) log_opt_values /opt/stack/data/venv/lib/python3.12/site-packages/oslo_config/cfg.py:3242}}
Jun 19 10:35:14.730453 np0000003272 devstack@n-api-meta.service[95104]: DEBUG nova.api.openstack.wsgi_app [None req-8234e19b-634b-4a3a-b881-242d5c7d757c None None] default_ephemeral_format = ext4 {{(pid=95104) log_opt_values /opt/stack/data/venv/lib/python3.12/site-packages/oslo_config/cfg.py:3242}}
Jun 19 10:35:14.730565 np0000003272 devstack@n-api-meta.service[95104]: DEBUG nova.api.openstack.wsgi_app [None req-8234e19b-634b-4a3a-b881-242d5c7d757c None None] default_green_pool_size = 1000 {{(pid=95104) log_opt_values /opt/stack/data/venv/lib/python3.12/site-packages/oslo_config/cfg.py:3242}}
Jun 19 10:35:14.730800 np0000003272 devstack@n-api-meta.service[95104]: DEBUG nova.api.openstack.wsgi_app [None req-8234e19b-634b-4a3a-b881-242d5c7d757c None None] default_log_levels = ['amqp=WARN', 'boto=WARN', 'sqlalchemy=WARN', 'suds=INFO', 'oslo.messaging=INFO', 'oslo_messaging=INFO', 'iso8601=WARN', 'requests.packages.urllib3.connectionpool=WARN', 'urllib3.connectionpool=WARN', 'websocket=WARN', 'requests.packages.urllib3.util.retry=WARN', 'urllib3.util.retry=WARN', 'keystonemiddleware=WARN', 'routes.middleware=WARN', 'stevedore=WARN', 'taskflow=WARN', 'keystoneauth=WARN', 'oslo.cache=INFO', 'oslo_policy=INFO', 'dogpile.core.dogpile=INFO', 'glanceclient=WARN', 'oslo.privsep.daemon=INFO'] {{(pid=95104) log_opt_values /opt/stack/data/venv/lib/python3.12/site-packages/oslo_config/cfg.py:3242}}
Jun 19 10:35:14.730911 np0000003272 devstack@n-api-meta.service[95104]: DEBUG nova.api.openstack.wsgi_app [None req-8234e19b-634b-4a3a-b881-242d5c7d757c None None] default_schedule_zone = None {{(pid=95104) log_opt_values /opt/stack/data/venv/lib/python3.12/site-packages/oslo_config/cfg.py:3242}}
Jun 19 10:35:14.731031 np0000003272 devstack@n-api-meta.service[95104]: DEBUG nova.api.openstack.wsgi_app [None req-8234e19b-634b-4a3a-b881-242d5c7d757c None None] default_thread_pool_size = 10 {{(pid=95104) log_opt_values /opt/stack/data/venv/lib/python3.12/site-packages/oslo_config/cfg.py:3242}}
Jun 19 10:35:14.731212 np0000003272 devstack@n-api-meta.service[95104]: DEBUG nova.api.openstack.wsgi_app [None req-8234e19b-634b-4a3a-b881-242d5c7d757c None None] disk_allocation_ratio = None {{(pid=95104) log_opt_values /opt/stack/data/venv/lib/python3.12/site-packages/oslo_config/cfg.py:3242}}
Jun 19 10:35:14.731370 np0000003272 devstack@n-api-meta.service[95104]: DEBUG nova.api.openstack.wsgi_app [None req-8234e19b-634b-4a3a-b881-242d5c7d757c None None] enable_new_services = True {{(pid=95104) log_opt_values /opt/stack/data/venv/lib/python3.12/site-packages/oslo_config/cfg.py:3242}}
Jun 19 10:35:14.731502 np0000003272 devstack@n-api-meta.service[95104]: DEBUG nova.api.openstack.wsgi_app [None req-8234e19b-634b-4a3a-b881-242d5c7d757c None None] flat_injected = False {{(pid=95104) log_opt_values /opt/stack/data/venv/lib/python3.12/site-packages/oslo_config/cfg.py:3242}}
Jun 19 10:35:14.731626 np0000003272 devstack@n-api-meta.service[95104]: DEBUG nova.api.openstack.wsgi_app [None req-8234e19b-634b-4a3a-b881-242d5c7d757c None None] force_config_drive = True {{(pid=95104) log_opt_values /opt/stack/data/venv/lib/python3.12/site-packages/oslo_config/cfg.py:3242}}
Jun 19 10:35:14.731752 np0000003272 devstack@n-api-meta.service[95104]: DEBUG nova.api.openstack.wsgi_app [None req-8234e19b-634b-4a3a-b881-242d5c7d757c None None] force_raw_images = True {{(pid=95104) log_opt_values /opt/stack/data/venv/lib/python3.12/site-packages/oslo_config/cfg.py:3242}}
Jun 19 10:35:14.731944 np0000003272 devstack@n-api-meta.service[95104]: DEBUG nova.api.openstack.wsgi_app [None req-8234e19b-634b-4a3a-b881-242d5c7d757c None None] graceful_shutdown_timeout = 5 {{(pid=95104) log_opt_values /opt/stack/data/venv/lib/python3.12/site-packages/oslo_config/cfg.py:3242}}
Jun 19 10:35:14.732142 np0000003272 devstack@n-api-meta.service[95104]: DEBUG nova.api.openstack.wsgi_app [None req-8234e19b-634b-4a3a-b881-242d5c7d757c None None] heal_instance_info_cache_interval = -1 {{(pid=95104) log_opt_values /opt/stack/data/venv/lib/python3.12/site-packages/oslo_config/cfg.py:3242}}
Jun 19 10:35:14.732373 np0000003272 devstack@n-api-meta.service[95104]: DEBUG nova.api.openstack.wsgi_app [None req-8234e19b-634b-4a3a-b881-242d5c7d757c None None] host = np0000003272 {{(pid=95104) log_opt_values /opt/stack/data/venv/lib/python3.12/site-packages/oslo_config/cfg.py:3242}}
Jun 19 10:35:14.732521 np0000003272 devstack@n-api-meta.service[95104]: DEBUG nova.api.openstack.wsgi_app [None req-8234e19b-634b-4a3a-b881-242d5c7d757c None None] initial_cpu_allocation_ratio = 4.0 {{(pid=95104) log_opt_values /opt/stack/data/venv/lib/python3.12/site-packages/oslo_config/cfg.py:3242}}
Jun 19 10:35:14.732640 np0000003272 devstack@n-api-meta.service[95104]: DEBUG nova.api.openstack.wsgi_app [None req-8234e19b-634b-4a3a-b881-242d5c7d757c None None] initial_disk_allocation_ratio = 1.0 {{(pid=95104) log_opt_values /opt/stack/data/venv/lib/python3.12/site-packages/oslo_config/cfg.py:3242}}
Jun 19 10:35:14.732758 np0000003272 devstack@n-api-meta.service[95104]: DEBUG nova.api.openstack.wsgi_app [None req-8234e19b-634b-4a3a-b881-242d5c7d757c None None] initial_ram_allocation_ratio = 1.0 {{(pid=95104) log_opt_values /opt/stack/data/venv/lib/python3.12/site-packages/oslo_config/cfg.py:3242}}
Jun 19 10:35:14.733004 np0000003272 devstack@n-api-meta.service[95104]: DEBUG nova.api.openstack.wsgi_app [None req-8234e19b-634b-4a3a-b881-242d5c7d757c None None] injected_network_template = /opt/stack/nova/nova/virt/interfaces.template {{(pid=95104) log_opt_values /opt/stack/data/venv/lib/python3.12/site-packages/oslo_config/cfg.py:3242}}
Jun 19 10:35:14.733191 np0000003272 devstack@n-api-meta.service[95104]: DEBUG nova.api.openstack.wsgi_app [None req-8234e19b-634b-4a3a-b881-242d5c7d757c None None] instance_build_timeout = 0 {{(pid=95104) log_opt_values /opt/stack/data/venv/lib/python3.12/site-packages/oslo_config/cfg.py:3242}}
Jun 19 10:35:14.734004 np0000003272 devstack@n-api-meta.service[95104]: DEBUG nova.api.openstack.wsgi_app [None req-8234e19b-634b-4a3a-b881-242d5c7d757c None None] instance_delete_interval = 300 {{(pid=95104) log_opt_values /opt/stack/data/venv/lib/python3.12/site-packages/oslo_config/cfg.py:3242}}
Jun 19 10:35:14.734004 np0000003272 devstack@n-api-meta.service[95104]: DEBUG nova.api.openstack.wsgi_app [None req-8234e19b-634b-4a3a-b881-242d5c7d757c None None] instance_format = [instance: %(uuid)s] {{(pid=95104) log_opt_values /opt/stack/data/venv/lib/python3.12/site-packages/oslo_config/cfg.py:3242}}
Jun 19 10:35:14.734004 np0000003272 devstack@n-api-meta.service[95104]: DEBUG nova.api.openstack.wsgi_app [None req-8234e19b-634b-4a3a-b881-242d5c7d757c None None] instance_name_template = instance-%08x {{(pid=95104) log_opt_values /opt/stack/data/venv/lib/python3.12/site-packages/oslo_config/cfg.py:3242}}
Jun 19 10:35:14.734004 np0000003272 devstack@n-api-meta.service[95104]: DEBUG nova.api.openstack.wsgi_app [None req-8234e19b-634b-4a3a-b881-242d5c7d757c None None] instance_usage_audit = False {{(pid=95104) log_opt_values /opt/stack/data/venv/lib/python3.12/site-packages/oslo_config/cfg.py:3242}}
Jun 19 10:35:14.734004 np0000003272 devstack@n-api-meta.service[95104]: DEBUG nova.api.openstack.wsgi_app [None req-8234e19b-634b-4a3a-b881-242d5c7d757c None None] instance_usage_audit_period = month {{(pid=95104) log_opt_values /opt/stack/data/venv/lib/python3.12/site-packages/oslo_config/cfg.py:3242}}
Jun 19 10:35:14.734193 np0000003272 devstack@n-api-meta.service[95104]: DEBUG nova.api.openstack.wsgi_app [None req-8234e19b-634b-4a3a-b881-242d5c7d757c None None] instance_uuid_format = [instance: %(uuid)s] {{(pid=95104) log_opt_values /opt/stack/data/venv/lib/python3.12/site-packages/oslo_config/cfg.py:3242}}
Jun 19 10:35:14.734221 np0000003272 devstack@n-api-meta.service[95104]: DEBUG nova.api.openstack.wsgi_app [None req-8234e19b-634b-4a3a-b881-242d5c7d757c None None] instances_path = /opt/stack/data/nova/instances {{(pid=95104) log_opt_values /opt/stack/data/venv/lib/python3.12/site-packages/oslo_config/cfg.py:3242}}
Jun 19 10:35:14.734280 np0000003272 devstack@n-api-meta.service[95103]: DEBUG dbcounter [-] [95103] Writer thread running {{(pid=95103) stat_writer /opt/stack/data/venv/lib/python3.12/site-packages/dbcounter.py:102}}
Jun 19 10:35:14.734376 np0000003272 devstack@n-api-meta.service[95104]: DEBUG nova.api.openstack.wsgi_app [None req-8234e19b-634b-4a3a-b881-242d5c7d757c None None] internal_service_availability_zone = internal {{(pid=95104) log_opt_values /opt/stack/data/venv/lib/python3.12/site-packages/oslo_config/cfg.py:3242}}
Jun 19 10:35:14.734508 np0000003272 devstack@n-api-meta.service[95104]: DEBUG nova.api.openstack.wsgi_app [None req-8234e19b-634b-4a3a-b881-242d5c7d757c None None] key = None {{(pid=95104) log_opt_values /opt/stack/data/venv/lib/python3.12/site-packages/oslo_config/cfg.py:3242}}
Jun 19 10:35:14.734653 np0000003272 devstack@n-api-meta.service[95104]: DEBUG nova.api.openstack.wsgi_app [None req-8234e19b-634b-4a3a-b881-242d5c7d757c None None] live_migration_retry_count = 30 {{(pid=95104) log_opt_values /opt/stack/data/venv/lib/python3.12/site-packages/oslo_config/cfg.py:3242}}
Jun 19 10:35:14.734767 np0000003272 devstack@n-api-meta.service[95104]: DEBUG nova.api.openstack.wsgi_app [None req-8234e19b-634b-4a3a-b881-242d5c7d757c None None] log_color = False {{(pid=95104) log_opt_values /opt/stack/data/venv/lib/python3.12/site-packages/oslo_config/cfg.py:3242}}
Jun 19 10:35:14.734889 np0000003272 devstack@n-api-meta.service[95104]: DEBUG nova.api.openstack.wsgi_app [None req-8234e19b-634b-4a3a-b881-242d5c7d757c None None] log_config_append = None {{(pid=95104) log_opt_values /opt/stack/data/venv/lib/python3.12/site-packages/oslo_config/cfg.py:3242}}
Jun 19 10:35:14.735069 np0000003272 devstack@n-api-meta.service[95104]: DEBUG nova.api.openstack.wsgi_app [None req-8234e19b-634b-4a3a-b881-242d5c7d757c None None] log_date_format = %Y-%m-%d %H:%M:%S {{(pid=95104) log_opt_values /opt/stack/data/venv/lib/python3.12/site-packages/oslo_config/cfg.py:3242}}
Jun 19 10:35:14.735205 np0000003272 devstack@n-api-meta.service[95102]: DEBUG oslo_db.sqlalchemy.engines [None req-1aa98d8d-a654-42a7-be3a-eb915316fb81 None None] MySQL server mode set to STRICT_TRANS_TABLES,STRICT_ALL_TABLES,NO_ZERO_IN_DATE,NO_ZERO_DATE,ERROR_FOR_DIVISION_BY_ZERO,TRADITIONAL,NO_ENGINE_SUBSTITUTION {{(pid=95102) _check_effective_sql_mode /opt/stack/data/venv/lib/python3.12/site-packages/oslo_db/sqlalchemy/engines.py:325}}
Jun 19 10:35:14.735243 np0000003272 devstack@n-api-meta.service[95104]: DEBUG nova.api.openstack.wsgi_app [None req-8234e19b-634b-4a3a-b881-242d5c7d757c None None] log_dir = None {{(pid=95104) log_opt_values /opt/stack/data/venv/lib/python3.12/site-packages/oslo_config/cfg.py:3242}}
Jun 19 10:35:14.735347 np0000003272 devstack@n-api-meta.service[95104]: DEBUG nova.api.openstack.wsgi_app [None req-8234e19b-634b-4a3a-b881-242d5c7d757c None None] log_file = None {{(pid=95104) log_opt_values /opt/stack/data/venv/lib/python3.12/site-packages/oslo_config/cfg.py:3242}}
Jun 19 10:35:14.735449 np0000003272 devstack@n-api-meta.service[95104]: DEBUG nova.api.openstack.wsgi_app [None req-8234e19b-634b-4a3a-b881-242d5c7d757c None None] log_options = True {{(pid=95104) log_opt_values /opt/stack/data/venv/lib/python3.12/site-packages/oslo_config/cfg.py:3242}}
Jun 19 10:35:14.735565 np0000003272 devstack@n-api-meta.service[95104]: DEBUG nova.api.openstack.wsgi_app [None req-8234e19b-634b-4a3a-b881-242d5c7d757c None None] log_rotate_interval = 1 {{(pid=95104) log_opt_values /opt/stack/data/venv/lib/python3.12/site-packages/oslo_config/cfg.py:3242}}
Jun 19 10:35:14.735690 np0000003272 devstack@n-api-meta.service[95104]: DEBUG nova.api.openstack.wsgi_app [None req-8234e19b-634b-4a3a-b881-242d5c7d757c None None] log_rotate_interval_type = days {{(pid=95104) log_opt_values /opt/stack/data/venv/lib/python3.12/site-packages/oslo_config/cfg.py:3242}}
Jun 19 10:35:14.735810 np0000003272 devstack@n-api-meta.service[95104]: DEBUG nova.api.openstack.wsgi_app [None req-8234e19b-634b-4a3a-b881-242d5c7d757c None None] log_rotation_type = none {{(pid=95104) log_opt_values /opt/stack/data/venv/lib/python3.12/site-packages/oslo_config/cfg.py:3242}}
Jun 19 10:35:14.735899 np0000003272 devstack@n-api-meta.service[95104]: DEBUG nova.api.openstack.wsgi_app [None req-8234e19b-634b-4a3a-b881-242d5c7d757c None None] logging_context_format_string = %(color)s%(levelname)s %(name)s [%(global_request_id)s %(request_id)s %(project_name)s %(user_name)s%(color)s] %(instance)s%(color)s%(message)s {{(pid=95104) log_opt_values /opt/stack/data/venv/lib/python3.12/site-packages/oslo_config/cfg.py:3242}}
Jun 19 10:35:14.736003 np0000003272 devstack@n-api-meta.service[95104]: DEBUG nova.api.openstack.wsgi_app [None req-8234e19b-634b-4a3a-b881-242d5c7d757c None None] logging_debug_format_suffix = {{(pid=%(process)d) %(funcName)s %(pathname)s:%(lineno)d}} {{(pid=95104) log_opt_values /opt/stack/data/venv/lib/python3.12/site-packages/oslo_config/cfg.py:3242}}
Jun 19 10:35:14.736154 np0000003272 devstack@n-api-meta.service[95104]: DEBUG nova.api.openstack.wsgi_app [None req-8234e19b-634b-4a3a-b881-242d5c7d757c None None] logging_default_format_string = %(color)s%(levelname)s %(name)s [-%(color)s] %(instance)s%(color)s%(message)s {{(pid=95104) log_opt_values /opt/stack/data/venv/lib/python3.12/site-packages/oslo_config/cfg.py:3242}}
Jun 19 10:35:14.736338 np0000003272 devstack@n-api-meta.service[95104]: DEBUG nova.api.openstack.wsgi_app [None req-8234e19b-634b-4a3a-b881-242d5c7d757c None None] logging_exception_prefix = ERROR %(name)s %(instance)s {{(pid=95104) log_opt_values /opt/stack/data/venv/lib/python3.12/site-packages/oslo_config/cfg.py:3242}}
Jun 19 10:35:14.736558 np0000003272 devstack@n-api-meta.service[95104]: DEBUG nova.api.openstack.wsgi_app [None req-8234e19b-634b-4a3a-b881-242d5c7d757c None None] logging_user_identity_format = %(user)s %(project)s %(domain)s %(system_scope)s %(user_domain)s %(project_domain)s {{(pid=95104) log_opt_values /opt/stack/data/venv/lib/python3.12/site-packages/oslo_config/cfg.py:3242}}
Jun 19 10:35:14.736679 np0000003272 devstack@n-api-meta.service[95104]: DEBUG nova.api.openstack.wsgi_app [None req-8234e19b-634b-4a3a-b881-242d5c7d757c None None] long_rpc_timeout = 1800 {{(pid=95104) log_opt_values /opt/stack/data/venv/lib/python3.12/site-packages/oslo_config/cfg.py:3242}}
Jun 19 10:35:14.736792 np0000003272 devstack@n-api-meta.service[95104]: DEBUG nova.api.openstack.wsgi_app [None req-8234e19b-634b-4a3a-b881-242d5c7d757c None None] manager_shutdown_timeout = 160 {{(pid=95104) log_opt_values /opt/stack/data/venv/lib/python3.12/site-packages/oslo_config/cfg.py:3242}}
Jun 19 10:35:14.736907 np0000003272 devstack@n-api-meta.service[95104]: DEBUG nova.api.openstack.wsgi_app [None req-8234e19b-634b-4a3a-b881-242d5c7d757c None None] max_concurrent_builds = 10 {{(pid=95104) log_opt_values /opt/stack/data/venv/lib/python3.12/site-packages/oslo_config/cfg.py:3242}}
Jun 19 10:35:14.737061 np0000003272 devstack@n-api-meta.service[95104]: DEBUG nova.api.openstack.wsgi_app [None req-8234e19b-634b-4a3a-b881-242d5c7d757c None None] max_concurrent_live_migrations = 1 {{(pid=95104) log_opt_values /opt/stack/data/venv/lib/python3.12/site-packages/oslo_config/cfg.py:3242}}
Jun 19 10:35:14.737219 np0000003272 devstack@n-api-meta.service[95104]: DEBUG nova.api.openstack.wsgi_app [None req-8234e19b-634b-4a3a-b881-242d5c7d757c None None] max_concurrent_snapshots = 5 {{(pid=95104) log_opt_values /opt/stack/data/venv/lib/python3.12/site-packages/oslo_config/cfg.py:3242}}
Jun 19 10:35:14.737339 np0000003272 devstack@n-api-meta.service[95104]: DEBUG nova.api.openstack.wsgi_app [None req-8234e19b-634b-4a3a-b881-242d5c7d757c None None] max_local_block_devices = 3 {{(pid=95104) log_opt_values /opt/stack/data/venv/lib/python3.12/site-packages/oslo_config/cfg.py:3242}}
Jun 19 10:35:14.737561 np0000003272 devstack@n-api-meta.service[95104]: DEBUG nova.api.openstack.wsgi_app [None req-8234e19b-634b-4a3a-b881-242d5c7d757c None None] max_logfile_count = 30 {{(pid=95104) log_opt_values /opt/stack/data/venv/lib/python3.12/site-packages/oslo_config/cfg.py:3242}}
Jun 19 10:35:14.737696 np0000003272 devstack@n-api-meta.service[95104]: DEBUG nova.api.openstack.wsgi_app [None req-8234e19b-634b-4a3a-b881-242d5c7d757c None None] max_logfile_size_mb = 200 {{(pid=95104) log_opt_values /opt/stack/data/venv/lib/python3.12/site-packages/oslo_config/cfg.py:3242}}
Jun 19 10:35:14.737837 np0000003272 devstack@n-api-meta.service[95104]: DEBUG nova.api.openstack.wsgi_app [None req-8234e19b-634b-4a3a-b881-242d5c7d757c None None] maximum_instance_delete_attempts = 5 {{(pid=95104) log_opt_values /opt/stack/data/venv/lib/python3.12/site-packages/oslo_config/cfg.py:3242}}
Jun 19 10:35:14.737904 np0000003272 devstack@n-api-meta.service[95104]: DEBUG nova.api.openstack.wsgi_app [None req-8234e19b-634b-4a3a-b881-242d5c7d757c None None] migrate_max_retries = -1 {{(pid=95104) log_opt_values /opt/stack/data/venv/lib/python3.12/site-packages/oslo_config/cfg.py:3242}}
Jun 19 10:35:14.738017 np0000003272 devstack@n-api-meta.service[95104]: DEBUG nova.api.openstack.wsgi_app [None req-8234e19b-634b-4a3a-b881-242d5c7d757c None None] mkisofs_cmd = genisoimage {{(pid=95104) log_opt_values /opt/stack/data/venv/lib/python3.12/site-packages/oslo_config/cfg.py:3242}}
Jun 19 10:35:14.738976 np0000003272 devstack@n-api-meta.service[95104]: DEBUG nova.api.openstack.wsgi_app [None req-8234e19b-634b-4a3a-b881-242d5c7d757c None None] my_block_storage_ip = 10.4.3.81 {{(pid=95104) log_opt_values /opt/stack/data/venv/lib/python3.12/site-packages/oslo_config/cfg.py:3242}}
Jun 19 10:35:14.738976 np0000003272 devstack@n-api-meta.service[95104]: DEBUG nova.api.openstack.wsgi_app [None req-8234e19b-634b-4a3a-b881-242d5c7d757c None None] my_ip = 10.4.3.81 {{(pid=95104) log_opt_values /opt/stack/data/venv/lib/python3.12/site-packages/oslo_config/cfg.py:3242}}
Jun 19 10:35:14.738976 np0000003272 devstack@n-api-meta.service[95104]: DEBUG nova.api.openstack.wsgi_app [None req-8234e19b-634b-4a3a-b881-242d5c7d757c None None] my_shared_fs_storage_ip = 10.4.3.81 {{(pid=95104) log_opt_values /opt/stack/data/venv/lib/python3.12/site-packages/oslo_config/cfg.py:3242}}
Jun 19 10:35:14.738976 np0000003272 devstack@n-api-meta.service[95104]: DEBUG nova.api.openstack.wsgi_app [None req-8234e19b-634b-4a3a-b881-242d5c7d757c None None] network_allocate_retries = 0 {{(pid=95104) log_opt_values /opt/stack/data/venv/lib/python3.12/site-packages/oslo_config/cfg.py:3242}}
Jun 19 10:35:14.738976 np0000003272 devstack@n-api-meta.service[95104]: DEBUG nova.api.openstack.wsgi_app [None req-8234e19b-634b-4a3a-b881-242d5c7d757c None None] non_inheritable_image_properties = ['cache_in_nova', 'bittorrent'] {{(pid=95104) log_opt_values /opt/stack/data/venv/lib/python3.12/site-packages/oslo_config/cfg.py:3242}}
Jun 19 10:35:14.738976 np0000003272 devstack@n-api-meta.service[95104]: DEBUG nova.api.openstack.wsgi_app [None req-8234e19b-634b-4a3a-b881-242d5c7d757c None None] osapi_compute_unique_server_name_scope = {{(pid=95104) log_opt_values /opt/stack/data/venv/lib/python3.12/site-packages/oslo_config/cfg.py:3242}}
Jun 19 10:35:14.738976 np0000003272 devstack@n-api-meta.service[95104]: DEBUG nova.api.openstack.wsgi_app [None req-8234e19b-634b-4a3a-b881-242d5c7d757c None None] password_length = 12 {{(pid=95104) log_opt_values /opt/stack/data/venv/lib/python3.12/site-packages/oslo_config/cfg.py:3242}}
Jun 19 10:35:14.739211 np0000003272 devstack@n-api-meta.service[95104]: DEBUG nova.api.openstack.wsgi_app [None req-8234e19b-634b-4a3a-b881-242d5c7d757c None None] periodic_enable = True {{(pid=95104) log_opt_values /opt/stack/data/venv/lib/python3.12/site-packages/oslo_config/cfg.py:3242}}
