Jul 20 14:32:04.728073 np0000005504 nova-conductor[98971]: DEBUG cotyledon.oslo_config_glue [-] workarounds.disable_fallback_pcpu_query = False {{(pid=98971) log_opt_values /opt/stack/data/venv/lib/python3.12/site-packages/oslo_config/cfg.py:3253}}
Jul 20 14:32:04.728073 np0000005504 nova-conductor[98971]: DEBUG cotyledon.oslo_config_glue [-] workarounds.disable_group_policy_check_upcall = False {{(pid=98971) log_opt_values /opt/stack/data/venv/lib/python3.12/site-packages/oslo_config/cfg.py:3253}}
Jul 20 14:32:04.728073 np0000005504 nova-conductor[98971]: DEBUG cotyledon.oslo_config_glue [-] workarounds.disable_libvirt_livesnapshot = False {{(pid=98971) log_opt_values /opt/stack/data/venv/lib/python3.12/site-packages/oslo_config/cfg.py:3253}}
Jul 20 14:32:04.728073 np0000005504 nova-conductor[98971]: DEBUG cotyledon.oslo_config_glue [-] workarounds.disable_rootwrap = False {{(pid=98971) log_opt_values /opt/stack/data/venv/lib/python3.12/site-packages/oslo_config/cfg.py:3253}}
Jul 20 14:32:04.728383 np0000005504 nova-conductor[98971]: DEBUG cotyledon.oslo_config_glue [-] workarounds.enable_numa_live_migration = False {{(pid=98971) log_opt_values /opt/stack/data/venv/lib/python3.12/site-packages/oslo_config/cfg.py:3253}}
Jul 20 14:32:04.728383 np0000005504 nova-conductor[98971]: DEBUG cotyledon.oslo_config_glue [-] workarounds.enable_qemu_monitor_announce_self = False {{(pid=98971) log_opt_values /opt/stack/data/venv/lib/python3.12/site-packages/oslo_config/cfg.py:3253}}
Jul 20 14:32:04.728383 np0000005504 nova-conductor[98971]: DEBUG cotyledon.oslo_config_glue [-] workarounds.ensure_libvirt_rbd_instance_dir_cleanup = False {{(pid=98971) log_opt_values /opt/stack/data/venv/lib/python3.12/site-packages/oslo_config/cfg.py:3253}}
Jul 20 14:32:04.728383 np0000005504 nova-conductor[98971]: DEBUG cotyledon.oslo_config_glue [-] workarounds.handle_virt_lifecycle_events = True {{(pid=98971) log_opt_values /opt/stack/data/venv/lib/python3.12/site-packages/oslo_config/cfg.py:3253}}
Jul 20 14:32:04.728383 np0000005504 nova-conductor[98971]: DEBUG cotyledon.oslo_config_glue [-] workarounds.libvirt_disable_apic = False {{(pid=98971) log_opt_values /opt/stack/data/venv/lib/python3.12/site-packages/oslo_config/cfg.py:3253}}
Jul 20 14:32:04.728383 np0000005504 nova-conductor[98971]: DEBUG cotyledon.oslo_config_glue [-] workarounds.never_download_image_if_on_rbd = False {{(pid=98971) log_opt_values /opt/stack/data/venv/lib/python3.12/site-packages/oslo_config/cfg.py:3253}}
Jul 20 14:32:04.728383 np0000005504 nova-conductor[98971]: DEBUG cotyledon.oslo_config_glue [-] workarounds.qemu_monitor_announce_self_count = 3 {{(pid=98971) log_opt_values /opt/stack/data/venv/lib/python3.12/site-packages/oslo_config/cfg.py:3253}}
Jul 20 14:32:04.728383 np0000005504 nova-conductor[98971]: DEBUG cotyledon.oslo_config_glue [-] workarounds.qemu_monitor_announce_self_interval = 1 {{(pid=98971) log_opt_values /opt/stack/data/venv/lib/python3.12/site-packages/oslo_config/cfg.py:3253}}
Jul 20 14:32:04.728383 np0000005504 nova-conductor[98971]: DEBUG cotyledon.oslo_config_glue [-] workarounds.reserve_disk_resource_for_image_cache = False {{(pid=98971) log_opt_values /opt/stack/data/venv/lib/python3.12/site-packages/oslo_config/cfg.py:3253}}
Jul 20 14:32:04.728713 np0000005504 nova-conductor[98971]: DEBUG cotyledon.oslo_config_glue [-] workarounds.skip_cpu_compare_at_startup = False {{(pid=98971) log_opt_values /opt/stack/data/venv/lib/python3.12/site-packages/oslo_config/cfg.py:3253}}
Jul 20 14:32:04.728713 np0000005504 nova-conductor[98971]: DEBUG cotyledon.oslo_config_glue [-] workarounds.skip_cpu_compare_on_dest = False {{(pid=98971) log_opt_values /opt/stack/data/venv/lib/python3.12/site-packages/oslo_config/cfg.py:3253}}
Jul 20 14:32:04.728713 np0000005504 nova-conductor[98971]: DEBUG cotyledon.oslo_config_glue [-] workarounds.skip_hypervisor_version_check_on_lm = False {{(pid=98971) log_opt_values /opt/stack/data/venv/lib/python3.12/site-packages/oslo_config/cfg.py:3253}}
Jul 20 14:32:04.728713 np0000005504 nova-conductor[98971]: DEBUG cotyledon.oslo_config_glue [-] workarounds.skip_reserve_in_use_ironic_nodes = False {{(pid=98971) log_opt_values /opt/stack/data/venv/lib/python3.12/site-packages/oslo_config/cfg.py:3253}}
Jul 20 14:32:04.728713 np0000005504 nova-conductor[98971]: DEBUG cotyledon.oslo_config_glue [-] workarounds.unified_limits_count_pcpu_as_vcpu = False {{(pid=98971) log_opt_values /opt/stack/data/venv/lib/python3.12/site-packages/oslo_config/cfg.py:3253}}
Jul 20 14:32:04.728713 np0000005504 nova-conductor[98971]: DEBUG cotyledon.oslo_config_glue [-] workarounds.wait_for_vif_plugged_event_during_hard_reboot = [] {{(pid=98971) log_opt_values /opt/stack/data/venv/lib/python3.12/site-packages/oslo_config/cfg.py:3253}}
Jul 20 14:32:04.728713 np0000005504 nova-conductor[98971]: DEBUG cotyledon.oslo_config_glue [-] wsgi.api_paste_config = /etc/nova/api-paste.ini {{(pid=98971) log_opt_values /opt/stack/data/venv/lib/python3.12/site-packages/oslo_config/cfg.py:3253}}
Jul 20 14:32:04.728713 np0000005504 nova-conductor[98971]: DEBUG cotyledon.oslo_config_glue [-] wsgi.secure_proxy_ssl_header = None {{(pid=98971) log_opt_values /opt/stack/data/venv/lib/python3.12/site-packages/oslo_config/cfg.py:3253}}
Jul 20 14:32:04.728713 np0000005504 nova-conductor[98971]: DEBUG cotyledon.oslo_config_glue [-] zvm.ca_file = None {{(pid=98971) log_opt_values /opt/stack/data/venv/lib/python3.12/site-packages/oslo_config/cfg.py:3253}}
Jul 20 14:32:04.729014 np0000005504 nova-conductor[98971]: DEBUG cotyledon.oslo_config_glue [-] zvm.cloud_connector_url = None {{(pid=98971) log_opt_values /opt/stack/data/venv/lib/python3.12/site-packages/oslo_config/cfg.py:3253}}
Jul 20 14:32:04.729014 np0000005504 nova-conductor[98971]: DEBUG cotyledon.oslo_config_glue [-] zvm.image_tmp_path = /opt/stack/data/nova/images {{(pid=98971) log_opt_values /opt/stack/data/venv/lib/python3.12/site-packages/oslo_config/cfg.py:3253}}
Jul 20 14:32:04.729014 np0000005504 nova-conductor[98971]: DEBUG cotyledon.oslo_config_glue [-] zvm.reachable_timeout = 300 {{(pid=98971) log_opt_values /opt/stack/data/venv/lib/python3.12/site-packages/oslo_config/cfg.py:3253}}
Jul 20 14:32:04.729014 np0000005504 nova-conductor[98971]: DEBUG cotyledon.oslo_config_glue [-] oslo_versionedobjects.fatal_exception_format_errors = False {{(pid=98971) log_opt_values /opt/stack/data/venv/lib/python3.12/site-packages/oslo_config/cfg.py:3253}}
Jul 20 14:32:04.729014 np0000005504 nova-conductor[98971]: DEBUG cotyledon.oslo_config_glue [-] oslo_middleware.http_basic_auth_user_file = /etc/htpasswd {{(pid=98971) log_opt_values /opt/stack/data/venv/lib/python3.12/site-packages/oslo_config/cfg.py:3253}}
Jul 20 14:32:04.729014 np0000005504 nova-conductor[98971]: DEBUG cotyledon.oslo_config_glue [-] profiler.connection_string = messaging:// {{(pid=98971) log_opt_values /opt/stack/data/venv/lib/python3.12/site-packages/oslo_config/cfg.py:3253}}
Jul 20 14:32:04.729014 np0000005504 nova-conductor[98971]: DEBUG cotyledon.oslo_config_glue [-] profiler.enabled = False {{(pid=98971) log_opt_values /opt/stack/data/venv/lib/python3.12/site-packages/oslo_config/cfg.py:3253}}
Jul 20 14:32:04.729014 np0000005504 nova-conductor[98971]: DEBUG cotyledon.oslo_config_glue [-] profiler.es_doc_type = notification {{(pid=98971) log_opt_values /opt/stack/data/venv/lib/python3.12/site-packages/oslo_config/cfg.py:3253}}
Jul 20 14:32:04.729014 np0000005504 nova-conductor[98971]: DEBUG cotyledon.oslo_config_glue [-] profiler.es_scroll_size = 10000 {{(pid=98971) log_opt_values /opt/stack/data/venv/lib/python3.12/site-packages/oslo_config/cfg.py:3253}}
Jul 20 14:32:04.729382 np0000005504 nova-conductor[98971]: DEBUG cotyledon.oslo_config_glue [-] profiler.es_scroll_time = 2m {{(pid=98971) log_opt_values /opt/stack/data/venv/lib/python3.12/site-packages/oslo_config/cfg.py:3253}}
Jul 20 14:32:04.729382 np0000005504 nova-conductor[98971]: DEBUG cotyledon.oslo_config_glue [-] profiler.filter_error_trace = False {{(pid=98971) log_opt_values /opt/stack/data/venv/lib/python3.12/site-packages/oslo_config/cfg.py:3253}}
Jul 20 14:32:04.729382 np0000005504 nova-conductor[98971]: DEBUG cotyledon.oslo_config_glue [-] profiler.hmac_keys = **** {{(pid=98971) log_opt_values /opt/stack/data/venv/lib/python3.12/site-packages/oslo_config/cfg.py:3253}}
Jul 20 14:32:04.729382 np0000005504 nova-conductor[98971]: DEBUG cotyledon.oslo_config_glue [-] profiler.sentinel_service_name = mymaster {{(pid=98971) log_opt_values /opt/stack/data/venv/lib/python3.12/site-packages/oslo_config/cfg.py:3253}}
Jul 20 14:32:04.729382 np0000005504 nova-conductor[98971]: DEBUG cotyledon.oslo_config_glue [-] profiler.socket_timeout = 0.1 {{(pid=98971) log_opt_values /opt/stack/data/venv/lib/python3.12/site-packages/oslo_config/cfg.py:3253}}
Jul 20 14:32:04.729382 np0000005504 nova-conductor[98971]: DEBUG cotyledon.oslo_config_glue [-] profiler.trace_requests = False {{(pid=98971) log_opt_values /opt/stack/data/venv/lib/python3.12/site-packages/oslo_config/cfg.py:3253}}
Jul 20 14:32:04.729382 np0000005504 nova-conductor[98971]: DEBUG cotyledon.oslo_config_glue [-] profiler.trace_sqlalchemy = False {{(pid=98971) log_opt_values /opt/stack/data/venv/lib/python3.12/site-packages/oslo_config/cfg.py:3253}}
Jul 20 14:32:04.729382 np0000005504 nova-conductor[98971]: DEBUG cotyledon.oslo_config_glue [-] profiler_jaeger.process_tags = {} {{(pid=98971) log_opt_values /opt/stack/data/venv/lib/python3.12/site-packages/oslo_config/cfg.py:3253}}
Jul 20 14:32:04.729382 np0000005504 nova-conductor[98971]: DEBUG cotyledon.oslo_config_glue [-] profiler_jaeger.service_name_prefix = None {{(pid=98971) log_opt_values /opt/stack/data/venv/lib/python3.12/site-packages/oslo_config/cfg.py:3253}}
Jul 20 14:32:04.729682 np0000005504 nova-conductor[98971]: DEBUG cotyledon.oslo_config_glue [-] profiler_otlp.service_name_prefix = None {{(pid=98971) log_opt_values /opt/stack/data/venv/lib/python3.12/site-packages/oslo_config/cfg.py:3253}}
Jul 20 14:32:04.729682 np0000005504 nova-conductor[98971]: DEBUG cotyledon.oslo_config_glue [-] oslo_messaging_rabbit.amqp_auto_delete = False {{(pid=98971) log_opt_values /opt/stack/data/venv/lib/python3.12/site-packages/oslo_config/cfg.py:3253}}
Jul 20 14:32:04.729682 np0000005504 nova-conductor[98971]: DEBUG cotyledon.oslo_config_glue [-] oslo_messaging_rabbit.amqp_durable_queues = False {{(pid=98971) log_opt_values /opt/stack/data/venv/lib/python3.12/site-packages/oslo_config/cfg.py:3253}}
Jul 20 14:32:04.729682 np0000005504 nova-conductor[98971]: DEBUG cotyledon.oslo_config_glue [-] oslo_messaging_rabbit.conn_pool_min_size = 2 {{(pid=98971) log_opt_values /opt/stack/data/venv/lib/python3.12/site-packages/oslo_config/cfg.py:3253}}
Jul 20 14:32:04.729682 np0000005504 nova-conductor[98971]: DEBUG cotyledon.oslo_config_glue [-] oslo_messaging_rabbit.conn_pool_ttl = 1200 {{(pid=98971) log_opt_values /opt/stack/data/venv/lib/python3.12/site-packages/oslo_config/cfg.py:3253}}
Jul 20 14:32:04.729682 np0000005504 nova-conductor[98971]: DEBUG cotyledon.oslo_config_glue [-] oslo_messaging_rabbit.direct_mandatory_flag = True {{(pid=98971) log_opt_values /opt/stack/data/venv/lib/python3.12/site-packages/oslo_config/cfg.py:3253}}
Jul 20 14:32:04.729682 np0000005504 nova-conductor[98971]: DEBUG cotyledon.oslo_config_glue [-] oslo_messaging_rabbit.enable_cancel_on_failover = False {{(pid=98971) log_opt_values /opt/stack/data/venv/lib/python3.12/site-packages/oslo_config/cfg.py:3253}}
Jul 20 14:32:04.729682 np0000005504 nova-conductor[98971]: DEBUG cotyledon.oslo_config_glue [-] oslo_messaging_rabbit.heartbeat_rate = 3 {{(pid=98971) log_opt_values /opt/stack/data/venv/lib/python3.12/site-packages/oslo_config/cfg.py:3253}}
Jul 20 14:32:04.729682 np0000005504 nova-conductor[98971]: DEBUG cotyledon.oslo_config_glue [-] oslo_messaging_rabbit.heartbeat_timeout_threshold = 60 {{(pid=98971) log_opt_values /opt/stack/data/venv/lib/python3.12/site-packages/oslo_config/cfg.py:3253}}
Jul 20 14:32:04.729965 np0000005504 nova-conductor[98965]: INFO dbcounter [None req-15d12936-0d18-49b1-a187-d0bf704e2515 None None] Registered counter for database nova_cell0
Jul 20 14:32:04.730008 np0000005504 nova-conductor[98971]: DEBUG cotyledon.oslo_config_glue [-] oslo_messaging_rabbit.hostname = np0000005504 {{(pid=98971) log_opt_values /opt/stack/data/venv/lib/python3.12/site-packages/oslo_config/cfg.py:3253}}
Jul 20 14:32:04.730008 np0000005504 nova-conductor[98971]: DEBUG cotyledon.oslo_config_glue [-] oslo_messaging_rabbit.kombu_compression = None {{(pid=98971) log_opt_values /opt/stack/data/venv/lib/python3.12/site-packages/oslo_config/cfg.py:3253}}
Jul 20 14:32:04.730008 np0000005504 nova-conductor[98971]: DEBUG cotyledon.oslo_config_glue [-] oslo_messaging_rabbit.kombu_failover_strategy = round-robin {{(pid=98971) log_opt_values /opt/stack/data/venv/lib/python3.12/site-packages/oslo_config/cfg.py:3253}}
Jul 20 14:32:04.730008 np0000005504 nova-conductor[98971]: DEBUG cotyledon.oslo_config_glue [-] oslo_messaging_rabbit.kombu_missing_consumer_retry_timeout = 60 {{(pid=98971) log_opt_values /opt/stack/data/venv/lib/python3.12/site-packages/oslo_config/cfg.py:3253}}
Jul 20 14:32:04.730008 np0000005504 nova-conductor[98971]: DEBUG cotyledon.oslo_config_glue [-] oslo_messaging_rabbit.kombu_reconnect_delay = 1.0 {{(pid=98971) log_opt_values /opt/stack/data/venv/lib/python3.12/site-packages/oslo_config/cfg.py:3253}}
Jul 20 14:32:04.730008 np0000005504 nova-conductor[98971]: DEBUG cotyledon.oslo_config_glue [-] oslo_messaging_rabbit.kombu_reconnect_splay = 0.0 {{(pid=98971) log_opt_values /opt/stack/data/venv/lib/python3.12/site-packages/oslo_config/cfg.py:3253}}
Jul 20 14:32:04.730008 np0000005504 nova-conductor[98971]: DEBUG cotyledon.oslo_config_glue [-] oslo_messaging_rabbit.processname = nova-conductor {{(pid=98971) log_opt_values /opt/stack/data/venv/lib/python3.12/site-packages/oslo_config/cfg.py:3253}}
Jul 20 14:32:04.730008 np0000005504 nova-conductor[98971]: DEBUG cotyledon.oslo_config_glue [-] oslo_messaging_rabbit.rabbit_ha_queues = False {{(pid=98971) log_opt_values /opt/stack/data/venv/lib/python3.12/site-packages/oslo_config/cfg.py:3253}}
Jul 20 14:32:04.730008 np0000005504 nova-conductor[98971]: DEBUG cotyledon.oslo_config_glue [-] oslo_messaging_rabbit.rabbit_interval_max = 30 {{(pid=98971) log_opt_values /opt/stack/data/venv/lib/python3.12/site-packages/oslo_config/cfg.py:3253}}
Jul 20 14:32:04.730326 np0000005504 nova-conductor[98971]: DEBUG cotyledon.oslo_config_glue [-] oslo_messaging_rabbit.rabbit_login_method = AMQPLAIN {{(pid=98971) log_opt_values /opt/stack/data/venv/lib/python3.12/site-packages/oslo_config/cfg.py:3253}}
Jul 20 14:32:04.730326 np0000005504 nova-conductor[98971]: DEBUG cotyledon.oslo_config_glue [-] oslo_messaging_rabbit.rabbit_qos_prefetch_count = 0 {{(pid=98971) log_opt_values /opt/stack/data/venv/lib/python3.12/site-packages/oslo_config/cfg.py:3253}}
Jul 20 14:32:04.730326 np0000005504 nova-conductor[98971]: DEBUG cotyledon.oslo_config_glue [-] oslo_messaging_rabbit.rabbit_quorum_delivery_limit = 0 {{(pid=98971) log_opt_values /opt/stack/data/venv/lib/python3.12/site-packages/oslo_config/cfg.py:3253}}
Jul 20 14:32:04.730326 np0000005504 nova-conductor[98971]: DEBUG cotyledon.oslo_config_glue [-] oslo_messaging_rabbit.rabbit_quorum_max_memory_bytes = 0 {{(pid=98971) log_opt_values /opt/stack/data/venv/lib/python3.12/site-packages/oslo_config/cfg.py:3253}}
Jul 20 14:32:04.730326 np0000005504 nova-conductor[98971]: DEBUG cotyledon.oslo_config_glue [-] oslo_messaging_rabbit.rabbit_quorum_max_memory_length = 0 {{(pid=98971) log_opt_values /opt/stack/data/venv/lib/python3.12/site-packages/oslo_config/cfg.py:3253}}
Jul 20 14:32:04.730326 np0000005504 nova-conductor[98971]: DEBUG cotyledon.oslo_config_glue [-] oslo_messaging_rabbit.rabbit_quorum_queue = False {{(pid=98971) log_opt_values /opt/stack/data/venv/lib/python3.12/site-packages/oslo_config/cfg.py:3253}}
Jul 20 14:32:04.730326 np0000005504 nova-conductor[98971]: DEBUG cotyledon.oslo_config_glue [-] oslo_messaging_rabbit.rabbit_retry_backoff = 2 {{(pid=98971) log_opt_values /opt/stack/data/venv/lib/python3.12/site-packages/oslo_config/cfg.py:3253}}
Jul 20 14:32:04.730326 np0000005504 nova-conductor[98971]: DEBUG cotyledon.oslo_config_glue [-] oslo_messaging_rabbit.rabbit_retry_interval = 1 {{(pid=98971) log_opt_values /opt/stack/data/venv/lib/python3.12/site-packages/oslo_config/cfg.py:3253}}
Jul 20 14:32:04.730326 np0000005504 nova-conductor[98971]: DEBUG cotyledon.oslo_config_glue [-] oslo_messaging_rabbit.rabbit_stream_fanout = False {{(pid=98971) log_opt_values /opt/stack/data/venv/lib/python3.12/site-packages/oslo_config/cfg.py:3253}}
Jul 20 14:32:04.730609 np0000005504 nova-conductor[98971]: DEBUG cotyledon.oslo_config_glue [-] oslo_messaging_rabbit.rabbit_transient_queues_ttl = 1800 {{(pid=98971) log_opt_values /opt/stack/data/venv/lib/python3.12/site-packages/oslo_config/cfg.py:3253}}
Jul 20 14:32:04.730609 np0000005504 nova-conductor[98971]: DEBUG cotyledon.oslo_config_glue [-] oslo_messaging_rabbit.rabbit_transient_quorum_queue = False {{(pid=98971) log_opt_values /opt/stack/data/venv/lib/python3.12/site-packages/oslo_config/cfg.py:3253}}
Jul 20 14:32:04.730609 np0000005504 nova-conductor[98971]: DEBUG cotyledon.oslo_config_glue [-] oslo_messaging_rabbit.rpc_conn_pool_size = 30 {{(pid=98971) log_opt_values /opt/stack/data/venv/lib/python3.12/site-packages/oslo_config/cfg.py:3253}}
Jul 20 14:32:04.730609 np0000005504 nova-conductor[98971]: DEBUG cotyledon.oslo_config_glue [-] oslo_messaging_rabbit.ssl = False {{(pid=98971) log_opt_values /opt/stack/data/venv/lib/python3.12/site-packages/oslo_config/cfg.py:3253}}
Jul 20 14:32:04.730609 np0000005504 nova-conductor[98971]: DEBUG cotyledon.oslo_config_glue [-] oslo_messaging_rabbit.ssl_ca_file = {{(pid=98971) log_opt_values /opt/stack/data/venv/lib/python3.12/site-packages/oslo_config/cfg.py:3253}}
Jul 20 14:32:04.730609 np0000005504 nova-conductor[98971]: DEBUG cotyledon.oslo_config_glue [-] oslo_messaging_rabbit.ssl_cert_file = {{(pid=98971) log_opt_values /opt/stack/data/venv/lib/python3.12/site-packages/oslo_config/cfg.py:3253}}
Jul 20 14:32:04.730609 np0000005504 nova-conductor[98971]: DEBUG cotyledon.oslo_config_glue [-] oslo_messaging_rabbit.ssl_enforce_fips_mode = False {{(pid=98971) log_opt_values /opt/stack/data/venv/lib/python3.12/site-packages/oslo_config/cfg.py:3253}}
Jul 20 14:32:04.730609 np0000005504 nova-conductor[98971]: DEBUG cotyledon.oslo_config_glue [-] oslo_messaging_rabbit.ssl_enforce_hostname_verification = True {{(pid=98971) log_opt_values /opt/stack/data/venv/lib/python3.12/site-packages/oslo_config/cfg.py:3253}}
Jul 20 14:32:04.730609 np0000005504 nova-conductor[98971]: DEBUG cotyledon.oslo_config_glue [-] oslo_messaging_rabbit.ssl_key_file = {{(pid=98971) log_opt_values /opt/stack/data/venv/lib/python3.12/site-packages/oslo_config/cfg.py:3253}}
Jul 20 14:32:04.730884 np0000005504 nova-conductor[98971]: DEBUG cotyledon.oslo_config_glue [-] oslo_messaging_rabbit.ssl_version = {{(pid=98971) log_opt_values /opt/stack/data/venv/lib/python3.12/site-packages/oslo_config/cfg.py:3253}}
Jul 20 14:32:04.730884 np0000005504 nova-conductor[98971]: DEBUG cotyledon.oslo_config_glue [-] oslo_messaging_rabbit.use_queue_manager = False {{(pid=98971) log_opt_values /opt/stack/data/venv/lib/python3.12/site-packages/oslo_config/cfg.py:3253}}
Jul 20 14:32:04.730884 np0000005504 nova-conductor[98971]: DEBUG cotyledon.oslo_config_glue [-] oslo_messaging_notifications.driver = ['messagingv2'] {{(pid=98971) log_opt_values /opt/stack/data/venv/lib/python3.12/site-packages/oslo_config/cfg.py:3253}}
Jul 20 14:32:04.730884 np0000005504 nova-conductor[98971]: DEBUG cotyledon.oslo_config_glue [-] oslo_messaging_notifications.retry = -1 {{(pid=98971) log_opt_values /opt/stack/data/venv/lib/python3.12/site-packages/oslo_config/cfg.py:3253}}
Jul 20 14:32:04.730884 np0000005504 nova-conductor[98971]: DEBUG cotyledon.oslo_config_glue [-] oslo_messaging_notifications.topics = ['notifications'] {{(pid=98971) log_opt_values /opt/stack/data/venv/lib/python3.12/site-packages/oslo_config/cfg.py:3253}}
Jul 20 14:32:04.730884 np0000005504 nova-conductor[98971]: DEBUG cotyledon.oslo_config_glue [-] oslo_messaging_notifications.transport_url = **** {{(pid=98971) log_opt_values /opt/stack/data/venv/lib/python3.12/site-packages/oslo_config/cfg.py:3253}}
Jul 20 14:32:04.730884 np0000005504 nova-conductor[98971]: DEBUG cotyledon.oslo_config_glue [-] oslo_limit.auth_section = None {{(pid=98971) log_opt_values /opt/stack/data/venv/lib/python3.12/site-packages/oslo_config/cfg.py:3253}}
Jul 20 14:32:04.730884 np0000005504 nova-conductor[98971]: DEBUG cotyledon.oslo_config_glue [-] oslo_limit.auth_type = None {{(pid=98971) log_opt_values /opt/stack/data/venv/lib/python3.12/site-packages/oslo_config/cfg.py:3253}}
Jul 20 14:32:04.730884 np0000005504 nova-conductor[98971]: DEBUG cotyledon.oslo_config_glue [-] oslo_limit.cafile = None {{(pid=98971) log_opt_values /opt/stack/data/venv/lib/python3.12/site-packages/oslo_config/cfg.py:3253}}
Jul 20 14:32:04.731207 np0000005504 nova-conductor[98971]: DEBUG cotyledon.oslo_config_glue [-] oslo_limit.certfile = None {{(pid=98971) log_opt_values /opt/stack/data/venv/lib/python3.12/site-packages/oslo_config/cfg.py:3253}}
Jul 20 14:32:04.731207 np0000005504 nova-conductor[98971]: DEBUG cotyledon.oslo_config_glue [-] oslo_limit.collect_timing = False {{(pid=98971) log_opt_values /opt/stack/data/venv/lib/python3.12/site-packages/oslo_config/cfg.py:3253}}
Jul 20 14:32:04.731207 np0000005504 nova-conductor[98971]: DEBUG cotyledon.oslo_config_glue [-] oslo_limit.connect_retries = None {{(pid=98971) log_opt_values /opt/stack/data/venv/lib/python3.12/site-packages/oslo_config/cfg.py:3253}}
Jul 20 14:32:04.731207 np0000005504 nova-conductor[98971]: DEBUG cotyledon.oslo_config_glue [-] oslo_limit.connect_retry_delay = None {{(pid=98971) log_opt_values /opt/stack/data/venv/lib/python3.12/site-packages/oslo_config/cfg.py:3253}}
Jul 20 14:32:04.731207 np0000005504 nova-conductor[98971]: DEBUG cotyledon.oslo_config_glue [-] oslo_limit.endpoint_id = None {{(pid=98971) log_opt_values /opt/stack/data/venv/lib/python3.12/site-packages/oslo_config/cfg.py:3253}}
Jul 20 14:32:04.731207 np0000005504 nova-conductor[98971]: DEBUG cotyledon.oslo_config_glue [-] oslo_limit.endpoint_interface = public {{(pid=98971) log_opt_values /opt/stack/data/venv/lib/python3.12/site-packages/oslo_config/cfg.py:3253}}
Jul 20 14:32:04.731207 np0000005504 nova-conductor[98971]: DEBUG cotyledon.oslo_config_glue [-] oslo_limit.endpoint_override = None {{(pid=98971) log_opt_values /opt/stack/data/venv/lib/python3.12/site-packages/oslo_config/cfg.py:3253}}
Jul 20 14:32:04.731207 np0000005504 nova-conductor[98971]: DEBUG cotyledon.oslo_config_glue [-] oslo_limit.endpoint_region_name = None {{(pid=98971) log_opt_values /opt/stack/data/venv/lib/python3.12/site-packages/oslo_config/cfg.py:3253}}
Jul 20 14:32:04.731207 np0000005504 nova-conductor[98971]: DEBUG cotyledon.oslo_config_glue [-] oslo_limit.endpoint_service_name = None {{(pid=98971) log_opt_values /opt/stack/data/venv/lib/python3.12/site-packages/oslo_config/cfg.py:3253}}
Jul 20 14:32:04.731411 np0000005504 nova-conductor[98971]: DEBUG cotyledon.oslo_config_glue [-] oslo_limit.endpoint_service_type = None {{(pid=98971) log_opt_values /opt/stack/data/venv/lib/python3.12/site-packages/oslo_config/cfg.py:3253}}
Jul 20 14:32:04.731411 np0000005504 nova-conductor[98971]: DEBUG cotyledon.oslo_config_glue [-] oslo_limit.insecure = False {{(pid=98971) log_opt_values /opt/stack/data/venv/lib/python3.12/site-packages/oslo_config/cfg.py:3253}}
Jul 20 14:32:04.731411 np0000005504 nova-conductor[98971]: DEBUG cotyledon.oslo_config_glue [-] oslo_limit.keyfile = None {{(pid=98971) log_opt_values /opt/stack/data/venv/lib/python3.12/site-packages/oslo_config/cfg.py:3253}}
Jul 20 14:32:04.731411 np0000005504 nova-conductor[98971]: DEBUG cotyledon.oslo_config_glue [-] oslo_limit.max_version = None {{(pid=98971) log_opt_values /opt/stack/data/venv/lib/python3.12/site-packages/oslo_config/cfg.py:3253}}
Jul 20 14:32:04.731411 np0000005504 nova-conductor[98971]: DEBUG cotyledon.oslo_config_glue [-] oslo_limit.min_version = None {{(pid=98971) log_opt_values /opt/stack/data/venv/lib/python3.12/site-packages/oslo_config/cfg.py:3253}}
Jul 20 14:32:04.731411 np0000005504 nova-conductor[98971]: DEBUG cotyledon.oslo_config_glue [-] oslo_limit.region_name = None {{(pid=98971) log_opt_values /opt/stack/data/venv/lib/python3.12/site-packages/oslo_config/cfg.py:3253}}
Jul 20 14:32:04.731411 np0000005504 nova-conductor[98971]: DEBUG cotyledon.oslo_config_glue [-] oslo_limit.retriable_status_codes = None {{(pid=98971) log_opt_values /opt/stack/data/venv/lib/python3.12/site-packages/oslo_config/cfg.py:3253}}
Jul 20 14:32:04.731411 np0000005504 nova-conductor[98971]: DEBUG cotyledon.oslo_config_glue [-] oslo_limit.service_name = None {{(pid=98971) log_opt_values /opt/stack/data/venv/lib/python3.12/site-packages/oslo_config/cfg.py:3253}}
Jul 20 14:32:04.731411 np0000005504 nova-conductor[98971]: DEBUG cotyledon.oslo_config_glue [-] oslo_limit.service_type = None {{(pid=98971) log_opt_values /opt/stack/data/venv/lib/python3.12/site-packages/oslo_config/cfg.py:3253}}
Jul 20 14:32:04.731594 np0000005504 nova-conductor[98971]: DEBUG cotyledon.oslo_config_glue [-] oslo_limit.split_loggers = False {{(pid=98971) log_opt_values /opt/stack/data/venv/lib/python3.12/site-packages/oslo_config/cfg.py:3253}}
Jul 20 14:32:04.731594 np0000005504 nova-conductor[98971]: DEBUG cotyledon.oslo_config_glue [-] oslo_limit.status_code_retries = None {{(pid=98971) log_opt_values /opt/stack/data/venv/lib/python3.12/site-packages/oslo_config/cfg.py:3253}}
Jul 20 14:32:04.731594 np0000005504 nova-conductor[98971]: DEBUG cotyledon.oslo_config_glue [-] oslo_limit.status_code_retry_delay = None {{(pid=98971) log_opt_values /opt/stack/data/venv/lib/python3.12/site-packages/oslo_config/cfg.py:3253}}
Jul 20 14:32:04.731594 np0000005504 nova-conductor[98971]: DEBUG cotyledon.oslo_config_glue [-] oslo_limit.timeout = None {{(pid=98971) log_opt_values /opt/stack/data/venv/lib/python3.12/site-packages/oslo_config/cfg.py:3253}}
Jul 20 14:32:04.731594 np0000005504 nova-conductor[98971]: DEBUG cotyledon.oslo_config_glue [-] oslo_limit.valid_interfaces = None {{(pid=98971) log_opt_values /opt/stack/data/venv/lib/python3.12/site-packages/oslo_config/cfg.py:3253}}
Jul 20 14:32:04.731594 np0000005504 nova-conductor[98971]: DEBUG cotyledon.oslo_config_glue [-] oslo_limit.version = None {{(pid=98971) log_opt_values /opt/stack/data/venv/lib/python3.12/site-packages/oslo_config/cfg.py:3253}}
Jul 20 14:32:04.731594 np0000005504 nova-conductor[98971]: DEBUG cotyledon.oslo_config_glue [-] oslo_reports.file_event_handler = None {{(pid=98971) log_opt_values /opt/stack/data/venv/lib/python3.12/site-packages/oslo_config/cfg.py:3253}}
Jul 20 14:32:04.731594 np0000005504 nova-conductor[98971]: DEBUG cotyledon.oslo_config_glue [-] oslo_reports.file_event_handler_interval = 1 {{(pid=98971) log_opt_values /opt/stack/data/venv/lib/python3.12/site-packages/oslo_config/cfg.py:3253}}
Jul 20 14:32:04.731594 np0000005504 nova-conductor[98971]: DEBUG cotyledon.oslo_config_glue [-] oslo_reports.log_dir = None {{(pid=98971) log_opt_values /opt/stack/data/venv/lib/python3.12/site-packages/oslo_config/cfg.py:3253}}
Jul 20 14:32:04.731772 np0000005504 nova-conductor[98971]: DEBUG cotyledon.oslo_config_glue [-] ******************************************************************************** {{(pid=98971) log_opt_values /opt/stack/data/venv/lib/python3.12/site-packages/oslo_config/cfg.py:3260}}
Jul 20 14:32:04.731772 np0000005504 nova-conductor[98971]: DEBUG cotyledon._service_worker [-] Run service ServiceWrapper(3) [98971] {{(pid=98971) wait_forever /opt/stack/data/venv/lib/python3.12/site-packages/cotyledon/_service_worker.py:218}}
Jul 20 14:32:04.731772 np0000005504 nova-conductor[98971]: INFO nova.service [-] Starting conductor node (version 33.1.0)
Jul 20 14:32:04.731772 np0000005504 nova-conductor[98971]: INFO dbcounter [None req-8716b2c4-57df-4210-99ba-89b00f56449a None None] Registered counter for database nova_cell0
Jul 20 14:32:04.731912 np0000005504 nova-conductor[98960]: DEBUG oslo_db.sqlalchemy.engines [None req-50a27bef-1e06-425e-8379-f17870edb977 None None] MySQL server mode set to STRICT_TRANS_TABLES,STRICT_ALL_TABLES,NO_ZERO_IN_DATE,NO_ZERO_DATE,ERROR_FOR_DIVISION_BY_ZERO,TRADITIONAL,NO_ENGINE_SUBSTITUTION {{(pid=98960) _check_effective_sql_mode /opt/stack/data/venv/lib/python3.12/site-packages/oslo_db/sqlalchemy/engines.py:325}}
Jul 20 14:32:04.731912 np0000005504 nova-conductor[98960]: DEBUG dbcounter [-] [98960] Writer thread running {{(pid=98960) stat_writer /opt/stack/data/venv/lib/python3.12/site-packages/dbcounter.py:102}}
Jul 20 14:32:04.732005 np0000005504 nova-conductor[98953]: DEBUG oslo_db.sqlalchemy.engines [None req-03701fbf-1ab0-4f81-adf2-cbb8119dff58 None None] MySQL server mode set to STRICT_TRANS_TABLES,STRICT_ALL_TABLES,NO_ZERO_IN_DATE,NO_ZERO_DATE,ERROR_FOR_DIVISION_BY_ZERO,TRADITIONAL,NO_ENGINE_SUBSTITUTION {{(pid=98953) _check_effective_sql_mode /opt/stack/data/venv/lib/python3.12/site-packages/oslo_db/sqlalchemy/engines.py:325}}
Jul 20 14:32:04.743499 np0000005504 nova-conductor[98953]: DEBUG dbcounter [-] [98953] Writer thread running {{(pid=98953) stat_writer /opt/stack/data/venv/lib/python3.12/site-packages/dbcounter.py:102}}
Jul 20 14:32:04.750813 np0000005504 nova-conductor[98960]: DEBUG nova.service [None req-50a27bef-1e06-425e-8379-f17870edb977 None None] Creating RPC server for service: nova-conductor on topic: conductor {{(pid=98960) start /opt/stack/nova/nova/service.py:196}}
Jul 20 14:32:04.765558 np0000005504 nova-conductor[98965]: DEBUG oslo_db.sqlalchemy.engines [None req-15d12936-0d18-49b1-a187-d0bf704e2515 None None] MySQL server mode set to STRICT_TRANS_TABLES,STRICT_ALL_TABLES,NO_ZERO_IN_DATE,NO_ZERO_DATE,ERROR_FOR_DIVISION_BY_ZERO,TRADITIONAL,NO_ENGINE_SUBSTITUTION {{(pid=98965) _check_effective_sql_mode /opt/stack/data/venv/lib/python3.12/site-packages/oslo_db/sqlalchemy/engines.py:325}}
Jul 20 14:32:04.766764 np0000005504 nova-conductor[98953]: DEBUG nova.service [None req-03701fbf-1ab0-4f81-adf2-cbb8119dff58 None None] Creating RPC server for service: nova-conductor on topic: conductor {{(pid=98953) start /opt/stack/nova/nova/service.py:196}}
Jul 20 14:32:04.768572 np0000005504 nova-conductor[98971]: DEBUG oslo_db.sqlalchemy.engines [None req-8716b2c4-57df-4210-99ba-89b00f56449a None None] MySQL server mode set to STRICT_TRANS_TABLES,STRICT_ALL_TABLES,NO_ZERO_IN_DATE,NO_ZERO_DATE,ERROR_FOR_DIVISION_BY_ZERO,TRADITIONAL,NO_ENGINE_SUBSTITUTION {{(pid=98971) _check_effective_sql_mode /opt/stack/data/venv/lib/python3.12/site-packages/oslo_db/sqlalchemy/engines.py:325}}
Jul 20 14:32:04.774385 np0000005504 nova-conductor[98960]: DEBUG nova.service [None req-50a27bef-1e06-425e-8379-f17870edb977 None None] Join ServiceGroup membership for this service conductor {{(pid=98960) start /opt/stack/nova/nova/service.py:222}}
Jul 20 14:32:04.774578 np0000005504 nova-conductor[98960]: DEBUG nova.servicegroup.drivers.db [None req-50a27bef-1e06-425e-8379-f17870edb977 None None] DB_Driver: join new ServiceGroup member np0000005504 to the conductor group, service = {{(pid=98960) join /opt/stack/nova/nova/servicegroup/drivers/db.py:44}}
Jul 20 14:32:04.776436 np0000005504 nova-conductor[98965]: DEBUG dbcounter [-] [98965] Writer thread running {{(pid=98965) stat_writer /opt/stack/data/venv/lib/python3.12/site-packages/dbcounter.py:102}}
Jul 20 14:32:04.778562 np0000005504 nova-conductor[98971]: DEBUG dbcounter [-] [98971] Writer thread running {{(pid=98971) stat_writer /opt/stack/data/venv/lib/python3.12/site-packages/dbcounter.py:102}}
Jul 20 14:32:04.779142 np0000005504 nova-conductor[98965]: DEBUG nova.service [None req-15d12936-0d18-49b1-a187-d0bf704e2515 None None] Creating RPC server for service: nova-conductor on topic: conductor {{(pid=98965) start /opt/stack/nova/nova/service.py:196}}
Jul 20 14:32:04.781365 np0000005504 nova-conductor[98971]: DEBUG nova.service [None req-8716b2c4-57df-4210-99ba-89b00f56449a None None] Creating RPC server for service: nova-conductor on topic: conductor {{(pid=98971) start /opt/stack/nova/nova/service.py:196}}
Jul 20 14:32:04.782821 np0000005504 nova-conductor[98953]: DEBUG nova.service [None req-03701fbf-1ab0-4f81-adf2-cbb8119dff58 None None] Join ServiceGroup membership for this service conductor {{(pid=98953) start /opt/stack/nova/nova/service.py:222}}
Jul 20 14:32:04.783025 np0000005504 nova-conductor[98953]: DEBUG nova.servicegroup.drivers.db [None req-03701fbf-1ab0-4f81-adf2-cbb8119dff58 None None] DB_Driver: join new ServiceGroup member np0000005504 to the conductor group, service = {{(pid=98953) join /opt/stack/nova/nova/servicegroup/drivers/db.py:44}}
Jul 20 14:32:04.801534 np0000005504 nova-conductor[98971]: DEBUG nova.service [None req-8716b2c4-57df-4210-99ba-89b00f56449a None None] Join ServiceGroup membership for this service conductor {{(pid=98971) start /opt/stack/nova/nova/service.py:222}}
Jul 20 14:32:04.801652 np0000005504 nova-conductor[98965]: DEBUG nova.service [None req-15d12936-0d18-49b1-a187-d0bf704e2515 None None] Join ServiceGroup membership for this service conductor {{(pid=98965) start /opt/stack/nova/nova/service.py:222}}
Jul 20 14:32:04.801689 np0000005504 nova-conductor[98971]: DEBUG nova.servicegroup.drivers.db [None req-8716b2c4-57df-4210-99ba-89b00f56449a None None] DB_Driver: join new ServiceGroup member np0000005504 to the conductor group, service = {{(pid=98971) join /opt/stack/nova/nova/servicegroup/drivers/db.py:44}}
Jul 20 14:32:04.801885 np0000005504 nova-conductor[98965]: DEBUG nova.servicegroup.drivers.db [None req-15d12936-0d18-49b1-a187-d0bf704e2515 None None] DB_Driver: join new ServiceGroup member np0000005504 to the conductor group, service = {{(pid=98965) join /opt/stack/nova/nova/servicegroup/drivers/db.py:44}}
Jul 20 14:32:06.803651 np0000005504 nova-conductor[98971]: DEBUG oslo.service.backend._threading.loopingcall [None req-dc0c98e8-d346-4e16-84fa-eb40e16b0680 None None] Dynamic interval looping call 'nova.service.Service.periodic_tasks' sleeping for 60.00 seconds {{(pid=98971) _run_loop /opt/stack/data/venv/lib/python3.12/site-packages/oslo_service/backend/_threading/loopingcall.py:125}}
Jul 20 14:32:09.800474 np0000005504 nova-conductor[98953]: DEBUG oslo.service.backend._threading.loopingcall [-] Fixed interval looping call 'nova.servicegroup.drivers.db.DbDriver._report_state' sleeping for 119.99 seconds {{(pid=98953) _run_loop /opt/stack/data/venv/lib/python3.12/site-packages/oslo_service/backend/_threading/loopingcall.py:125}}
Jul 20 14:32:09.801955 np0000005504 nova-conductor[98960]: DEBUG oslo.service.backend._threading.loopingcall [-] Fixed interval looping call 'nova.servicegroup.drivers.db.DbDriver._report_state' sleeping for 119.98 seconds {{(pid=98960) _run_loop /opt/stack/data/venv/lib/python3.12/site-packages/oslo_service/backend/_threading/loopingcall.py:125}}
Jul 20 14:32:09.819769 np0000005504 nova-conductor[98971]: DEBUG oslo.service.backend._threading.loopingcall [-] Fixed interval looping call 'nova.servicegroup.drivers.db.DbDriver._report_state' sleeping for 119.98 seconds {{(pid=98971) _run_loop /opt/stack/data/venv/lib/python3.12/site-packages/oslo_service/backend/_threading/loopingcall.py:125}}
Jul 20 14:32:09.826028 np0000005504 nova-conductor[98965]: DEBUG oslo.service.backend._threading.loopingcall [-] Fixed interval looping call 'nova.servicegroup.drivers.db.DbDriver._report_state' sleeping for 119.98 seconds {{(pid=98965) _run_loop /opt/stack/data/venv/lib/python3.12/site-packages/oslo_service/backend/_threading/loopingcall.py:125}}
Jul 20 14:32:13.350562 np0000005504 nova-conductor[97402]: DEBUG dbcounter [-] [97402] Writing DB stats nova_api:SELECT=1 {{(pid=97402) stat_writer /opt/stack/data/venv/lib/python3.12/site-packages/dbcounter.py:115}}
Jul 20 14:32:13.481139 np0000005504 nova-conductor[97402]: DEBUG dbcounter [-] [97402] Writing DB stats nova_cell0:SELECT=1 {{(pid=97402) stat_writer /opt/stack/data/venv/lib/python3.12/site-packages/dbcounter.py:115}}
Jul 20 14:32:13.485159 np0000005504 nova-conductor[97402]: DEBUG dbcounter [-] [97402] Writing DB stats nova_cell1:SELECT=1 {{(pid=97402) stat_writer /opt/stack/data/venv/lib/python3.12/site-packages/dbcounter.py:115}}
Jul 20 14:32:13.785634 np0000005504 nova-conductor[98953]: DEBUG oslo.service.backend._threading.loopingcall [None req-1dc205d8-30bd-424c-a34c-fd0664f4fdfd None None] Dynamic interval looping call 'nova.service.Service.periodic_tasks' sleeping for 60.00 seconds {{(pid=98953) _run_loop /opt/stack/data/venv/lib/python3.12/site-packages/oslo_service/backend/_threading/loopingcall.py:125}}
Jul 20 14:32:19.793325 np0000005504 nova-conductor[98953]: DEBUG dbcounter [-] [98953] Writing DB stats nova_cell0:SELECT=4,nova_cell0:INSERT=1,nova_cell0:UPDATE=1 {{(pid=98953) stat_writer /opt/stack/data/venv/lib/python3.12/site-packages/dbcounter.py:115}}
Jul 20 14:32:19.794306 np0000005504 nova-conductor[98960]: DEBUG dbcounter [-] [98960] Writing DB stats nova_cell0:SELECT=4,nova_cell0:INSERT=1,nova_cell0:UPDATE=1 {{(pid=98960) stat_writer /opt/stack/data/venv/lib/python3.12/site-packages/dbcounter.py:115}}
Jul 20 14:32:19.815464 np0000005504 nova-conductor[98971]: DEBUG dbcounter [-] [98971] Writing DB stats nova_cell0:SELECT=3 {{(pid=98971) stat_writer /opt/stack/data/venv/lib/python3.12/site-packages/dbcounter.py:115}}
Jul 20 14:32:19.821074 np0000005504 nova-conductor[98965]: DEBUG dbcounter [-] [98965] Writing DB stats nova_cell0:SELECT=3 {{(pid=98965) stat_writer /opt/stack/data/venv/lib/python3.12/site-packages/dbcounter.py:115}}
Jul 20 14:32:31.776786 np0000005504 nova-conductor[98960]: DEBUG oslo.service.backend._threading.loopingcall [None req-0bf2b891-2f42-4943-8698-d1fd57da09a6 None None] Dynamic interval looping call 'nova.service.Service.periodic_tasks' sleeping for 60.00 seconds {{(pid=98960) _run_loop /opt/stack/data/venv/lib/python3.12/site-packages/oslo_service/backend/_threading/loopingcall.py:125}}
Jul 20 14:33:04.804006 np0000005504 nova-conductor[98965]: DEBUG oslo.service.backend._threading.loopingcall [None req-0fc6c06c-ec18-4bca-8fd6-c21f1caa4b0d None None] Dynamic interval looping call 'nova.service.Service.periodic_tasks' sleeping for 60.00 seconds {{(pid=98965) _run_loop /opt/stack/data/venv/lib/python3.12/site-packages/oslo_service/backend/_threading/loopingcall.py:125}}
Jul 20 14:33:06.804148 np0000005504 nova-conductor[98971]: DEBUG oslo.service.backend._threading.loopingcall [None req-dc0c98e8-d346-4e16-84fa-eb40e16b0680 None None] Dynamic interval looping call 'nova.service.Service.periodic_tasks' sleeping for 60.00 seconds {{(pid=98971) _run_loop /opt/stack/data/venv/lib/python3.12/site-packages/oslo_service/backend/_threading/loopingcall.py:125}}
Jul 20 14:33:13.786163 np0000005504 nova-conductor[98953]: DEBUG oslo.service.backend._threading.loopingcall [None req-1dc205d8-30bd-424c-a34c-fd0664f4fdfd None None] Dynamic interval looping call 'nova.service.Service.periodic_tasks' sleeping for 60.00 seconds {{(pid=98953) _run_loop /opt/stack/data/venv/lib/python3.12/site-packages/oslo_service/backend/_threading/loopingcall.py:125}}
Jul 20 14:33:31.777356 np0000005504 nova-conductor[98960]: DEBUG oslo.service.backend._threading.loopingcall [None req-0bf2b891-2f42-4943-8698-d1fd57da09a6 None None] Dynamic interval looping call 'nova.service.Service.periodic_tasks' sleeping for 60.00 seconds {{(pid=98960) _run_loop /opt/stack/data/venv/lib/python3.12/site-packages/oslo_service/backend/_threading/loopingcall.py:125}}
Jul 20 14:34:04.804749 np0000005504 nova-conductor[98965]: DEBUG oslo.service.backend._threading.loopingcall [None req-0fc6c06c-ec18-4bca-8fd6-c21f1caa4b0d None None] Dynamic interval looping call 'nova.service.Service.periodic_tasks' sleeping for 60.00 seconds {{(pid=98965) _run_loop /opt/stack/data/venv/lib/python3.12/site-packages/oslo_service/backend/_threading/loopingcall.py:125}}
Jul 20 14:34:06.804647 np0000005504 nova-conductor[98971]: DEBUG oslo.service.backend._threading.loopingcall [None req-dc0c98e8-d346-4e16-84fa-eb40e16b0680 None None] Dynamic interval looping call 'nova.service.Service.periodic_tasks' sleeping for 60.00 seconds {{(pid=98971) _run_loop /opt/stack/data/venv/lib/python3.12/site-packages/oslo_service/backend/_threading/loopingcall.py:125}}
Jul 20 14:34:09.790208 np0000005504 nova-conductor[98960]: DEBUG oslo.service.backend._threading.loopingcall [-] Fixed interval looping call 'nova.servicegroup.drivers.db.DbDriver._report_state' sleeping for 119.99 seconds {{(pid=98960) _run_loop /opt/stack/data/venv/lib/python3.12/site-packages/oslo_service/backend/_threading/loopingcall.py:125}}
Jul 20 14:34:09.796426 np0000005504 nova-conductor[98953]: DEBUG oslo.service.backend._threading.loopingcall [-] Fixed interval looping call 'nova.servicegroup.drivers.db.DbDriver._report_state' sleeping for 119.99 seconds {{(pid=98953) _run_loop /opt/stack/data/venv/lib/python3.12/site-packages/oslo_service/backend/_threading/loopingcall.py:125}}
Jul 20 14:34:09.805961 np0000005504 nova-conductor[98971]: DEBUG oslo.service.backend._threading.loopingcall [-] Fixed interval looping call 'nova.servicegroup.drivers.db.DbDriver._report_state' sleeping for 119.99 seconds {{(pid=98971) _run_loop /opt/stack/data/venv/lib/python3.12/site-packages/oslo_service/backend/_threading/loopingcall.py:125}}
Jul 20 14:34:09.812267 np0000005504 nova-conductor[98965]: DEBUG oslo.service.backend._threading.loopingcall [-] Fixed interval looping call 'nova.servicegroup.drivers.db.DbDriver._report_state' sleeping for 119.99 seconds {{(pid=98965) _run_loop /opt/stack/data/venv/lib/python3.12/site-packages/oslo_service/backend/_threading/loopingcall.py:125}}
Jul 20 14:34:13.786634 np0000005504 nova-conductor[98953]: DEBUG oslo.service.backend._threading.loopingcall [None req-1dc205d8-30bd-424c-a34c-fd0664f4fdfd None None] Dynamic interval looping call 'nova.service.Service.periodic_tasks' sleeping for 60.00 seconds {{(pid=98953) _run_loop /opt/stack/data/venv/lib/python3.12/site-packages/oslo_service/backend/_threading/loopingcall.py:125}}
Jul 20 14:34:19.785035 np0000005504 nova-conductor[98960]: DEBUG dbcounter [-] [98960] Writing DB stats nova_cell0:SELECT=1,nova_cell0:UPDATE=1 {{(pid=98960) stat_writer /opt/stack/data/venv/lib/python3.12/site-packages/dbcounter.py:115}}
Jul 20 14:34:19.793994 np0000005504 nova-conductor[98953]: DEBUG dbcounter [-] [98953] Writing DB stats nova_cell0:SELECT=1 {{(pid=98953) stat_writer /opt/stack/data/venv/lib/python3.12/site-packages/dbcounter.py:115}}
Jul 20 14:34:19.803199 np0000005504 nova-conductor[98971]: DEBUG dbcounter [-] [98971] Writing DB stats nova_cell0:SELECT=1 {{(pid=98971) stat_writer /opt/stack/data/venv/lib/python3.12/site-packages/dbcounter.py:115}}
Jul 20 14:34:19.809657 np0000005504 nova-conductor[98965]: DEBUG dbcounter [-] [98965] Writing DB stats nova_cell0:SELECT=1 {{(pid=98965) stat_writer /opt/stack/data/venv/lib/python3.12/site-packages/dbcounter.py:115}}
Jul 20 14:34:30.316446 np0000005504 nova-conductor[98960]: DEBUG oslo_db.sqlalchemy.engines [None req-3486332d-9ea5-43d9-b349-f0e8d05f4fb2 tempest-DeleteServersTestJSON-1414895880 tempest-DeleteServersTestJSON-1414895880-project-member] Parent process 97402 forked (98960) with an open database connection, which is being discarded and recreated. {{(pid=98960) checkout /opt/stack/data/venv/lib/python3.12/site-packages/oslo_db/sqlalchemy/engines.py:402}}
Jul 20 14:34:30.359043 np0000005504 nova-conductor[98960]: DEBUG dbcounter [-] [98960] Writer thread running {{(pid=98960) stat_writer /opt/stack/data/venv/lib/python3.12/site-packages/dbcounter.py:102}}
Jul 20 14:34:30.963603 np0000005504 nova-conductor[98953]: DEBUG dbcounter [-] [98953] Writer thread running {{(pid=98953) stat_writer /opt/stack/data/venv/lib/python3.12/site-packages/dbcounter.py:102}}
Jul 20 14:34:31.626732 np0000005504 nova-conductor[98960]: DEBUG nova.conductor.manager [None req-3486332d-9ea5-43d9-b349-f0e8d05f4fb2 tempest-DeleteServersTestJSON-1414895880 tempest-DeleteServersTestJSON-1414895880-project-member] Took 1.27 seconds to select destinations for 1 instance(s). {{(pid=98960) _schedule_instances /opt/stack/nova/nova/conductor/manager.py:968}}
Jul 20 14:34:31.666020 np0000005504 nova-conductor[98960]: DEBUG oslo_concurrency.lockutils [None req-3486332d-9ea5-43d9-b349-f0e8d05f4fb2 tempest-DeleteServersTestJSON-1414895880 tempest-DeleteServersTestJSON-1414895880-project-member] Acquiring lock "259bd0d4-5e98-4ca2-9db8-979eaf994189" by "nova.context.set_target_cell..get_or_set_cached_cell_and_set_connections" {{(pid=98960) inner /opt/stack/data/venv/lib/python3.12/site-packages/oslo_concurrency/lockutils.py:512}}
Jul 20 14:34:31.666288 np0000005504 nova-conductor[98960]: DEBUG oslo_concurrency.lockutils [None req-3486332d-9ea5-43d9-b349-f0e8d05f4fb2 tempest-DeleteServersTestJSON-1414895880 tempest-DeleteServersTestJSON-1414895880-project-member] Lock "259bd0d4-5e98-4ca2-9db8-979eaf994189" acquired by "nova.context.set_target_cell..get_or_set_cached_cell_and_set_connections" :: waited 0.000s {{(pid=98960) inner /opt/stack/data/venv/lib/python3.12/site-packages/oslo_concurrency/lockutils.py:525}}
Jul 20 14:34:31.667771 np0000005504 nova-conductor[98960]: DEBUG oslo_concurrency.lockutils [None req-3486332d-9ea5-43d9-b349-f0e8d05f4fb2 tempest-DeleteServersTestJSON-1414895880 tempest-DeleteServersTestJSON-1414895880-project-member] Lock "259bd0d4-5e98-4ca2-9db8-979eaf994189" "released" by "nova.context.set_target_cell..get_or_set_cached_cell_and_set_connections" :: held 0.001s {{(pid=98960) inner /opt/stack/data/venv/lib/python3.12/site-packages/oslo_concurrency/lockutils.py:544}}
Jul 20 14:34:31.669384 np0000005504 nova-conductor[98960]: INFO dbcounter [None req-3486332d-9ea5-43d9-b349-f0e8d05f4fb2 tempest-DeleteServersTestJSON-1414895880 tempest-DeleteServersTestJSON-1414895880-project-member] Registered counter for database nova_cell1
Jul 20 14:34:31.717288 np0000005504 nova-conductor[98960]: DEBUG oslo_db.sqlalchemy.engines [None req-3486332d-9ea5-43d9-b349-f0e8d05f4fb2 tempest-DeleteServersTestJSON-1414895880 tempest-DeleteServersTestJSON-1414895880-project-member] MySQL server mode set to STRICT_TRANS_TABLES,STRICT_ALL_TABLES,NO_ZERO_IN_DATE,NO_ZERO_DATE,ERROR_FOR_DIVISION_BY_ZERO,TRADITIONAL,NO_ENGINE_SUBSTITUTION {{(pid=98960) _check_effective_sql_mode /opt/stack/data/venv/lib/python3.12/site-packages/oslo_db/sqlalchemy/engines.py:325}}
Jul 20 14:34:31.724687 np0000005504 nova-conductor[98960]: DEBUG dbcounter [-] [98960] Writer thread running {{(pid=98960) stat_writer /opt/stack/data/venv/lib/python3.12/site-packages/dbcounter.py:102}}
Jul 20 14:34:31.777928 np0000005504 nova-conductor[98960]: DEBUG oslo.service.backend._threading.loopingcall [None req-0bf2b891-2f42-4943-8698-d1fd57da09a6 None None] Dynamic interval looping call 'nova.service.Service.periodic_tasks' sleeping for 60.00 seconds {{(pid=98960) _run_loop /opt/stack/data/venv/lib/python3.12/site-packages/oslo_service/backend/_threading/loopingcall.py:125}}
Jul 20 14:34:31.797422 np0000005504 nova-conductor[98960]: INFO nova.utils [None req-3486332d-9ea5-43d9-b349-f0e8d05f4fb2 tempest-DeleteServersTestJSON-1414895880 tempest-DeleteServersTestJSON-1414895880-project-member] The cell worker thread pool ForkProcess-2.cell_worker is initialized
Jul 20 14:34:31.797710 np0000005504 nova-conductor[98960]: DEBUG oslo_concurrency.lockutils [None req-3486332d-9ea5-43d9-b349-f0e8d05f4fb2 tempest-DeleteServersTestJSON-1414895880 tempest-DeleteServersTestJSON-1414895880-project-member] Acquiring lock "00000000-0000-0000-0000-000000000000" by "nova.context.set_target_cell..get_or_set_cached_cell_and_set_connections" {{(pid=98960) inner /opt/stack/data/venv/lib/python3.12/site-packages/oslo_concurrency/lockutils.py:512}}
Jul 20 14:34:31.797850 np0000005504 nova-conductor[98960]: DEBUG oslo_concurrency.lockutils [None req-3486332d-9ea5-43d9-b349-f0e8d05f4fb2 tempest-DeleteServersTestJSON-1414895880 tempest-DeleteServersTestJSON-1414895880-project-member] Lock "00000000-0000-0000-0000-000000000000" acquired by "nova.context.set_target_cell..get_or_set_cached_cell_and_set_connections" :: waited 0.000s {{(pid=98960) inner /opt/stack/data/venv/lib/python3.12/site-packages/oslo_concurrency/lockutils.py:525}}
Jul 20 14:34:31.798312 np0000005504 nova-conductor[98960]: DEBUG oslo_concurrency.lockutils [None req-3486332d-9ea5-43d9-b349-f0e8d05f4fb2 tempest-DeleteServersTestJSON-1414895880 tempest-DeleteServersTestJSON-1414895880-project-member] Lock "00000000-0000-0000-0000-000000000000" "released" by "nova.context.set_target_cell..get_or_set_cached_cell_and_set_connections" :: held 0.000s {{(pid=98960) inner /opt/stack/data/venv/lib/python3.12/site-packages/oslo_concurrency/lockutils.py:544}}
Jul 20 14:34:31.799184 np0000005504 nova-conductor[98960]: DEBUG oslo_concurrency.lockutils [None req-3486332d-9ea5-43d9-b349-f0e8d05f4fb2 tempest-DeleteServersTestJSON-1414895880 tempest-DeleteServersTestJSON-1414895880-project-member] Acquiring lock "259bd0d4-5e98-4ca2-9db8-979eaf994189" by "nova.context.set_target_cell..get_or_set_cached_cell_and_set_connections" {{(pid=98960) inner /opt/stack/data/venv/lib/python3.12/site-packages/oslo_concurrency/lockutils.py:512}}
