Jul 20 14:39:44.950304 np0000005504 devstack@placement-api.service[93081]: DEBUG placement.objects.allocation_candidate [req-8e51efc1-6b40-4fa9-a6ff-57b3e020cc07 req-cc511188-62aa-4942-93f0-5da623a199d2 service nova] Merging candidates yields 1 allocation requests and 1 provider summaries {{(pid=93081) _merge_candidates /opt/stack/placement/placement/objects/allocation_candidate.py:908}}
Jul 20 14:39:44.954361 np0000005504 devstack@placement-api.service[93081]: INFO placement.requestlog [req-8e51efc1-6b40-4fa9-a6ff-57b3e020cc07 req-cc511188-62aa-4942-93f0-5da623a199d2 service nova] 10.4.3.90 "GET /placement/allocation_candidates?limit=1000&resources=DISK_GB%3A1%2CMEMORY_MB%3A192%2CVCPU%3A1&root_required=%21COMPUTE_STATUS_DISABLED" status: 200 len: 2493 microversion: 1.36
Jul 20 14:39:44.954450 np0000005504 devstack@placement-api.service[93081]: [pid: 93081|app: 0|req: 290/1170] 10.4.3.90 () {68 vars in 1618 bytes} [Mon Jul 20 14:39:44 2026] GET /placement/allocation_candidates?limit=1000&resources=DISK_GB%3A1%2CMEMORY_MB%3A192%2CVCPU%3A1&root_required=%21COMPUTE_STATUS_DISABLED => generated 2493 bytes in 76 msecs (HTTP/1.1 200) 8 headers in 297 bytes (1 switches on core 0)
Jul 20 14:39:45.059627 np0000005504 devstack@placement-api.service[93083]: DEBUG placement.requestlog [req-8e51efc1-6b40-4fa9-a6ff-57b3e020cc07 req-8ab5de5f-6382-42a9-8111-7cfb6b7193dc None None] Starting request: 10.4.3.90 "GET /placement/allocations/a02165dc-59aa-4b56-83ce-2aa601f495f9" {{(pid=93083) __call__ /opt/stack/placement/placement/requestlog.py:55}}
Jul 20 14:39:45.077824 np0000005504 devstack@placement-api.service[93083]: INFO placement.requestlog [req-8e51efc1-6b40-4fa9-a6ff-57b3e020cc07 req-8ab5de5f-6382-42a9-8111-7cfb6b7193dc service nova] 10.4.3.90 "GET /placement/allocations/a02165dc-59aa-4b56-83ce-2aa601f495f9" status: 200 len: 19 microversion: 1.28
Jul 20 14:39:45.078304 np0000005504 devstack@placement-api.service[93083]: [pid: 93083|app: 0|req: 296/1171] 10.4.3.90 () {68 vars in 1494 bytes} [Mon Jul 20 14:39:45 2026] GET /placement/allocations/a02165dc-59aa-4b56-83ce-2aa601f495f9 => generated 19 bytes in 19 msecs (HTTP/1.1 200) 8 headers in 295 bytes (1 switches on core 0)
Jul 20 14:39:45.133184 np0000005504 devstack@placement-api.service[93082]: DEBUG placement.requestlog [req-8e51efc1-6b40-4fa9-a6ff-57b3e020cc07 req-32cf22ef-cbcb-460e-be2a-cecc8c7bb049 None None] Starting request: 10.4.3.90 "PUT /placement/allocations/a02165dc-59aa-4b56-83ce-2aa601f495f9" {{(pid=93082) __call__ /opt/stack/placement/placement/requestlog.py:55}}
Jul 20 14:39:45.248593 np0000005504 devstack@placement-api.service[93082]: DEBUG placement.handlers.allocation [req-8e51efc1-6b40-4fa9-a6ff-57b3e020cc07 req-32cf22ef-cbcb-460e-be2a-cecc8c7bb049 service nova] Successfully wrote allocations [, , ] {{(pid=93082) _update_consumers_and_create_allocations /opt/stack/placement/placement/handlers/allocation.py:462}}
Jul 20 14:39:45.261271 np0000005504 devstack@placement-api.service[93082]: INFO placement.requestlog [req-8e51efc1-6b40-4fa9-a6ff-57b3e020cc07 req-32cf22ef-cbcb-460e-be2a-cecc8c7bb049 service nova] 10.4.3.90 "PUT /placement/allocations/a02165dc-59aa-4b56-83ce-2aa601f495f9" status: 204 len: 0 microversion: 1.36
Jul 20 14:39:45.261271 np0000005504 devstack@placement-api.service[93082]: [pid: 93082|app: 0|req: 294/1172] 10.4.3.90 () {72 vars in 1547 bytes} [Mon Jul 20 14:39:45 2026] PUT /placement/allocations/a02165dc-59aa-4b56-83ce-2aa601f495f9 => generated 0 bytes in 127 msecs (HTTP/1.1 204) 5 headers in 199 bytes (1 switches on core 0)
Jul 20 14:39:45.592863 np0000005504 devstack@placement-api.service[93084]: DEBUG placement.requestlog [req-932592cb-ad28-4965-80f0-be531a08c674 req-e30b6574-d830-47f1-8a2a-56f0ee1b104b None None] Starting request: 10.4.3.90 "GET /placement/allocation_candidates?limit=1000&resources=MEMORY_MB%3A192%2CVCPU%3A1&root_required=%21COMPUTE_STATUS_DISABLED" {{(pid=93084) __call__ /opt/stack/placement/placement/requestlog.py:55}}
Jul 20 14:39:45.638458 np0000005504 devstack@placement-api.service[93084]: DEBUG placement.objects.research_context [req-932592cb-ad28-4965-80f0-be531a08c674 req-e30b6574-d830-47f1-8a2a-56f0ee1b104b service nova] getting providers with 192 MEMORY_MB {{(pid=93084) __init__ /opt/stack/placement/placement/objects/research_context.py:137}}
Jul 20 14:39:45.641885 np0000005504 devstack@placement-api.service[93084]: DEBUG placement.objects.research_context [req-932592cb-ad28-4965-80f0-be531a08c674 req-e30b6574-d830-47f1-8a2a-56f0ee1b104b service nova] getting providers with 1 VCPU {{(pid=93084) __init__ /opt/stack/placement/placement/objects/research_context.py:137}}
Jul 20 14:39:45.645445 np0000005504 devstack@placement-api.service[93084]: DEBUG placement.objects.research_context [req-932592cb-ad28-4965-80f0-be531a08c674 req-e30b6574-d830-47f1-8a2a-56f0ee1b104b service nova] found 1 providers with available 192 MEMORY_MB {{(pid=93084) get_provider_ids_matching /opt/stack/placement/placement/objects/research_context.py:563}}
Jul 20 14:39:45.645624 np0000005504 devstack@placement-api.service[93084]: DEBUG placement.objects.research_context [req-932592cb-ad28-4965-80f0-be531a08c674 req-e30b6574-d830-47f1-8a2a-56f0ee1b104b service nova] found 1 providers with available 1 VCPU {{(pid=93084) get_provider_ids_matching /opt/stack/placement/placement/objects/research_context.py:563}}
Jul 20 14:39:45.645624 np0000005504 devstack@placement-api.service[93084]: DEBUG placement.objects.research_context [req-932592cb-ad28-4965-80f0-be531a08c674 req-e30b6574-d830-47f1-8a2a-56f0ee1b104b service nova] found 1 providers after filtering by previous result {{(pid=93084) get_provider_ids_matching /opt/stack/placement/placement/objects/research_context.py:594}}
Jul 20 14:39:45.661360 np0000005504 devstack@placement-api.service[93081]: DEBUG placement.requestlog [req-8e51efc1-6b40-4fa9-a6ff-57b3e020cc07 req-afd519d2-0275-42b1-9ffc-bc9ee6c72c48 None None] Starting request: 10.4.3.90 "GET /placement/allocations/a02165dc-59aa-4b56-83ce-2aa601f495f9" {{(pid=93081) __call__ /opt/stack/placement/placement/requestlog.py:55}}
Jul 20 14:39:45.665215 np0000005504 devstack@placement-api.service[93084]: DEBUG placement.objects.allocation_candidate [req-932592cb-ad28-4965-80f0-be531a08c674 req-e30b6574-d830-47f1-8a2a-56f0ee1b104b service nova] RequestGroup(use_same_provider=False, resources={MEMORY_MB:192, VCPU:1}, traits=(), aggregates=[]) (suffix '') returned 1 matches {{(pid=93084) _get_by_requests /opt/stack/placement/placement/objects/allocation_candidate.py:158}}
Jul 20 14:39:45.665215 np0000005504 devstack@placement-api.service[93084]: DEBUG placement.objects.allocation_candidate [req-932592cb-ad28-4965-80f0-be531a08c674 req-e30b6574-d830-47f1-8a2a-56f0ee1b104b service nova] Merging candidates yields 1 allocation requests and 1 provider summaries {{(pid=93084) _merge_candidates /opt/stack/placement/placement/objects/allocation_candidate.py:908}}
Jul 20 14:39:45.665215 np0000005504 devstack@placement-api.service[93084]: INFO placement.requestlog [req-932592cb-ad28-4965-80f0-be531a08c674 req-e30b6574-d830-47f1-8a2a-56f0ee1b104b service nova] 10.4.3.90 "GET /placement/allocation_candidates?limit=1000&resources=MEMORY_MB%3A192%2CVCPU%3A1&root_required=%21COMPUTE_STATUS_DISABLED" status: 200 len: 2479 microversion: 1.36
Jul 20 14:39:45.665215 np0000005504 devstack@placement-api.service[93084]: [pid: 93084|app: 0|req: 293/1173] 10.4.3.90 () {68 vars in 1590 bytes} [Mon Jul 20 14:39:45 2026] GET /placement/allocation_candidates?limit=1000&resources=MEMORY_MB%3A192%2CVCPU%3A1&root_required=%21COMPUTE_STATUS_DISABLED => generated 2479 bytes in 71 msecs (HTTP/1.1 200) 8 headers in 297 bytes (1 switches on core 0)
Jul 20 14:39:45.674852 np0000005504 devstack@placement-api.service[93081]: INFO placement.requestlog [req-8e51efc1-6b40-4fa9-a6ff-57b3e020cc07 req-afd519d2-0275-42b1-9ffc-bc9ee6c72c48 service nova] 10.4.3.90 "GET /placement/allocations/a02165dc-59aa-4b56-83ce-2aa601f495f9" status: 200 len: 258 microversion: 1.28
Jul 20 14:39:45.675381 np0000005504 devstack@placement-api.service[93081]: [pid: 93081|app: 0|req: 291/1174] 10.4.3.90 () {68 vars in 1492 bytes} [Mon Jul 20 14:39:45 2026] GET /placement/allocations/a02165dc-59aa-4b56-83ce-2aa601f495f9 => generated 258 bytes in 15 msecs (HTTP/1.1 200) 8 headers in 296 bytes (1 switches on core 0)
Jul 20 14:39:45.721259 np0000005504 devstack@placement-api.service[93083]: DEBUG placement.requestlog [req-559747fd-aa1b-4cef-b1e2-51ac702eee06 req-6885bcc3-19e5-43c3-81a0-3bad7f265130 None None] Starting request: 10.4.3.90 "GET /placement/resource_providers/fadf364e-c539-4dfc-afd9-3fdc09e15a53/allocations" {{(pid=93083) __call__ /opt/stack/placement/placement/requestlog.py:55}}
Jul 20 14:39:45.750636 np0000005504 devstack@placement-api.service[93082]: DEBUG placement.requestlog [req-932592cb-ad28-4965-80f0-be531a08c674 req-eaa6a84e-f2c5-4e5d-b800-9acde987fb88 None None] Starting request: 10.4.3.90 "GET /placement/allocations/aa3f965d-1bcb-469e-b48f-815091935764" {{(pid=93082) __call__ /opt/stack/placement/placement/requestlog.py:55}}
Jul 20 14:39:45.752536 np0000005504 devstack@placement-api.service[93083]: INFO placement.requestlog [req-559747fd-aa1b-4cef-b1e2-51ac702eee06 req-6885bcc3-19e5-43c3-81a0-3bad7f265130 service nova] 10.4.3.90 "GET /placement/resource_providers/fadf364e-c539-4dfc-afd9-3fdc09e15a53/allocations" status: 200 len: 897 microversion: 1.0
Jul 20 14:39:45.752845 np0000005504 devstack@placement-api.service[93083]: [pid: 93083|app: 0|req: 297/1175] 10.4.3.90 () {66 vars in 1505 bytes} [Mon Jul 20 14:39:45 2026] GET /placement/resource_providers/fadf364e-c539-4dfc-afd9-3fdc09e15a53/allocations => generated 897 bytes in 32 msecs (HTTP/1.1 200) 6 headers in 224 bytes (2 switches on core 0)
Jul 20 14:39:45.760529 np0000005504 devstack@placement-api.service[93082]: INFO placement.requestlog [req-932592cb-ad28-4965-80f0-be531a08c674 req-eaa6a84e-f2c5-4e5d-b800-9acde987fb88 service nova] 10.4.3.90 "GET /placement/allocations/aa3f965d-1bcb-469e-b48f-815091935764" status: 200 len: 19 microversion: 1.28
Jul 20 14:39:45.760795 np0000005504 devstack@placement-api.service[93082]: [pid: 93082|app: 0|req: 295/1176] 10.4.3.90 () {68 vars in 1494 bytes} [Mon Jul 20 14:39:45 2026] GET /placement/allocations/aa3f965d-1bcb-469e-b48f-815091935764 => generated 19 bytes in 10 msecs (HTTP/1.1 200) 8 headers in 295 bytes (1 switches on core 0)
Jul 20 14:39:45.799827 np0000005504 devstack@placement-api.service[93084]: DEBUG placement.requestlog [req-559747fd-aa1b-4cef-b1e2-51ac702eee06 req-15d83aec-ec47-42e0-8d8e-943078a968e5 None None] Starting request: 10.4.3.90 "GET /placement/allocations/4ff97ed2-c47f-4f33-be3d-a9ba2a163fe7" {{(pid=93084) __call__ /opt/stack/placement/placement/requestlog.py:55}}
Jul 20 14:39:45.801543 np0000005504 devstack@placement-api.service[93081]: DEBUG placement.requestlog [req-932592cb-ad28-4965-80f0-be531a08c674 req-1726ccef-20e3-41d6-bd62-cb7df88106e1 None None] Starting request: 10.4.3.90 "PUT /placement/allocations/aa3f965d-1bcb-469e-b48f-815091935764" {{(pid=93081) __call__ /opt/stack/placement/placement/requestlog.py:55}}
Jul 20 14:39:45.810601 np0000005504 devstack@placement-api.service[93084]: INFO placement.requestlog [req-559747fd-aa1b-4cef-b1e2-51ac702eee06 req-15d83aec-ec47-42e0-8d8e-943078a968e5 service nova] 10.4.3.90 "GET /placement/allocations/4ff97ed2-c47f-4f33-be3d-a9ba2a163fe7" status: 200 len: 244 microversion: 1.28
Jul 20 14:39:45.810832 np0000005504 devstack@placement-api.service[93084]: [pid: 93084|app: 0|req: 294/1177] 10.4.3.90 () {68 vars in 1492 bytes} [Mon Jul 20 14:39:45 2026] GET /placement/allocations/4ff97ed2-c47f-4f33-be3d-a9ba2a163fe7 => generated 244 bytes in 11 msecs (HTTP/1.1 200) 8 headers in 296 bytes (1 switches on core 0)
Jul 20 14:39:45.845389 np0000005504 devstack@placement-api.service[93081]: DEBUG placement.handlers.allocation [req-932592cb-ad28-4965-80f0-be531a08c674 req-1726ccef-20e3-41d6-bd62-cb7df88106e1 service nova] Successfully wrote allocations [, ] {{(pid=93081) _update_consumers_and_create_allocations /opt/stack/placement/placement/handlers/allocation.py:462}}
Jul 20 14:39:45.847681 np0000005504 devstack@placement-api.service[93081]: INFO placement.requestlog [req-932592cb-ad28-4965-80f0-be531a08c674 req-1726ccef-20e3-41d6-bd62-cb7df88106e1 service nova] 10.4.3.90 "PUT /placement/allocations/aa3f965d-1bcb-469e-b48f-815091935764" status: 204 len: 0 microversion: 1.36
Jul 20 14:39:45.847963 np0000005504 devstack@placement-api.service[93081]: [pid: 93081|app: 0|req: 292/1178] 10.4.3.90 () {72 vars in 1547 bytes} [Mon Jul 20 14:39:45 2026] PUT /placement/allocations/aa3f965d-1bcb-469e-b48f-815091935764 => generated 0 bytes in 46 msecs (HTTP/1.1 204) 5 headers in 199 bytes (1 switches on core 0)
Jul 20 14:39:45.853155 np0000005504 devstack@placement-api.service[93083]: DEBUG placement.requestlog [req-559747fd-aa1b-4cef-b1e2-51ac702eee06 req-b436dd61-90a4-46ae-a7e1-9c4eaaefa93f None None] Starting request: 10.4.3.90 "GET /placement/allocations/a02165dc-59aa-4b56-83ce-2aa601f495f9" {{(pid=93083) __call__ /opt/stack/placement/placement/requestlog.py:55}}
Jul 20 14:39:45.862613 np0000005504 devstack@placement-api.service[93083]: INFO placement.requestlog [req-559747fd-aa1b-4cef-b1e2-51ac702eee06 req-b436dd61-90a4-46ae-a7e1-9c4eaaefa93f service nova] 10.4.3.90 "GET /placement/allocations/a02165dc-59aa-4b56-83ce-2aa601f495f9" status: 200 len: 258 microversion: 1.28
Jul 20 14:39:45.862888 np0000005504 devstack@placement-api.service[93083]: [pid: 93083|app: 0|req: 298/1179] 10.4.3.90 () {68 vars in 1492 bytes} [Mon Jul 20 14:39:45 2026] GET /placement/allocations/a02165dc-59aa-4b56-83ce-2aa601f495f9 => generated 258 bytes in 10 msecs (HTTP/1.1 200) 8 headers in 296 bytes (1 switches on core 0)
Jul 20 14:39:45.903932 np0000005504 devstack@placement-api.service[93082]: DEBUG placement.requestlog [req-559747fd-aa1b-4cef-b1e2-51ac702eee06 req-15891929-d2ea-4839-905c-b3832fc9d408 None None] Starting request: 10.4.3.90 "GET /placement/allocations/ede935de-9554-43df-9229-fa866b3a2563" {{(pid=93082) __call__ /opt/stack/placement/placement/requestlog.py:55}}
Jul 20 14:39:45.920028 np0000005504 devstack@placement-api.service[93082]: INFO placement.requestlog [req-559747fd-aa1b-4cef-b1e2-51ac702eee06 req-15891929-d2ea-4839-905c-b3832fc9d408 service nova] 10.4.3.90 "GET /placement/allocations/ede935de-9554-43df-9229-fa866b3a2563" status: 200 len: 258 microversion: 1.28
Jul 20 14:39:45.920356 np0000005504 devstack@placement-api.service[93082]: [pid: 93082|app: 0|req: 296/1180] 10.4.3.90 () {68 vars in 1492 bytes} [Mon Jul 20 14:39:45 2026] GET /placement/allocations/ede935de-9554-43df-9229-fa866b3a2563 => generated 258 bytes in 17 msecs (HTTP/1.1 200) 8 headers in 296 bytes (2 switches on core 0)
Jul 20 14:39:45.968684 np0000005504 devstack@placement-api.service[93084]: DEBUG placement.requestlog [req-559747fd-aa1b-4cef-b1e2-51ac702eee06 req-599814f2-3c2b-419b-a882-e009cd3bce08 None None] Starting request: 10.4.3.90 "GET /placement/allocations/007efaed-9de5-4015-807d-0ec310d32dec" {{(pid=93084) __call__ /opt/stack/placement/placement/requestlog.py:55}}
Jul 20 14:39:45.982250 np0000005504 devstack@placement-api.service[93084]: INFO placement.requestlog [req-559747fd-aa1b-4cef-b1e2-51ac702eee06 req-599814f2-3c2b-419b-a882-e009cd3bce08 service nova] 10.4.3.90 "GET /placement/allocations/007efaed-9de5-4015-807d-0ec310d32dec" status: 200 len: 244 microversion: 1.28
Jul 20 14:39:45.982425 np0000005504 devstack@placement-api.service[93084]: [pid: 93084|app: 0|req: 295/1181] 10.4.3.90 () {68 vars in 1492 bytes} [Mon Jul 20 14:39:45 2026] GET /placement/allocations/007efaed-9de5-4015-807d-0ec310d32dec => generated 244 bytes in 14 msecs (HTTP/1.1 200) 8 headers in 296 bytes (1 switches on core 0)
Jul 20 14:39:46.035333 np0000005504 devstack@placement-api.service[93081]: DEBUG placement.requestlog [req-559747fd-aa1b-4cef-b1e2-51ac702eee06 req-5e4c585c-0b14-42b0-942d-f124aba1e42b None None] Starting request: 10.4.3.90 "GET /placement/allocations/8f0dac5b-d3c8-4bb9-8eba-909eef89a50a" {{(pid=93081) __call__ /opt/stack/placement/placement/requestlog.py:55}}
Jul 20 14:39:46.053292 np0000005504 devstack@placement-api.service[93081]: INFO placement.requestlog [req-559747fd-aa1b-4cef-b1e2-51ac702eee06 req-5e4c585c-0b14-42b0-942d-f124aba1e42b service nova] 10.4.3.90 "GET /placement/allocations/8f0dac5b-d3c8-4bb9-8eba-909eef89a50a" status: 200 len: 244 microversion: 1.28
Jul 20 14:39:46.053599 np0000005504 devstack@placement-api.service[93081]: [pid: 93081|app: 0|req: 293/1182] 10.4.3.90 () {68 vars in 1492 bytes} [Mon Jul 20 14:39:46 2026] GET /placement/allocations/8f0dac5b-d3c8-4bb9-8eba-909eef89a50a => generated 244 bytes in 18 msecs (HTTP/1.1 200) 8 headers in 296 bytes (1 switches on core 0)
Jul 20 14:39:46.102536 np0000005504 devstack@placement-api.service[93083]: DEBUG placement.requestlog [req-559747fd-aa1b-4cef-b1e2-51ac702eee06 req-11635f64-64bf-4072-8503-afc7a8becc85 None None] Starting request: 10.4.3.90 "GET /placement/allocations/d3426c8f-6347-449b-a152-78fb5097cd4a" {{(pid=93083) __call__ /opt/stack/placement/placement/requestlog.py:55}}
Jul 20 14:39:46.122020 np0000005504 devstack@placement-api.service[93083]: INFO placement.requestlog [req-559747fd-aa1b-4cef-b1e2-51ac702eee06 req-11635f64-64bf-4072-8503-afc7a8becc85 service nova] 10.4.3.90 "GET /placement/allocations/d3426c8f-6347-449b-a152-78fb5097cd4a" status: 200 len: 258 microversion: 1.28
Jul 20 14:39:46.122340 np0000005504 devstack@placement-api.service[93083]: [pid: 93083|app: 0|req: 299/1183] 10.4.3.90 () {68 vars in 1492 bytes} [Mon Jul 20 14:39:46 2026] GET /placement/allocations/d3426c8f-6347-449b-a152-78fb5097cd4a => generated 258 bytes in 20 msecs (HTTP/1.1 200) 8 headers in 296 bytes (1 switches on core 0)
Jul 20 14:39:46.150024 np0000005504 devstack@placement-api.service[93082]: DEBUG placement.requestlog [req-932592cb-ad28-4965-80f0-be531a08c674 req-3350ebfe-72aa-44fc-a77f-df9becad2288 None None] Starting request: 10.4.3.90 "GET /placement/allocations/aa3f965d-1bcb-469e-b48f-815091935764" {{(pid=93082) __call__ /opt/stack/placement/placement/requestlog.py:55}}
Jul 20 14:39:46.166056 np0000005504 devstack@placement-api.service[93082]: INFO placement.requestlog [req-932592cb-ad28-4965-80f0-be531a08c674 req-3350ebfe-72aa-44fc-a77f-df9becad2288 service nova] 10.4.3.90 "GET /placement/allocations/aa3f965d-1bcb-469e-b48f-815091935764" status: 200 len: 244 microversion: 1.28
Jul 20 14:39:46.166574 np0000005504 devstack@placement-api.service[93082]: [pid: 93082|app: 0|req: 297/1184] 10.4.3.90 () {68 vars in 1492 bytes} [Mon Jul 20 14:39:46 2026] GET /placement/allocations/aa3f965d-1bcb-469e-b48f-815091935764 => generated 244 bytes in 17 msecs (HTTP/1.1 200) 8 headers in 296 bytes (1 switches on core 0)
Jul 20 14:39:46.177284 np0000005504 devstack@placement-api.service[93084]: DEBUG placement.requestlog [req-559747fd-aa1b-4cef-b1e2-51ac702eee06 req-1bb7b0ae-6d43-4c57-983c-33dc2e36a613 None None] Starting request: 10.4.3.90 "GET /placement/allocations/5ced134f-601f-4c60-ac96-039e732c11f7" {{(pid=93084) __call__ /opt/stack/placement/placement/requestlog.py:55}}
Jul 20 14:39:46.187895 np0000005504 devstack@placement-api.service[93084]: INFO placement.requestlog [req-559747fd-aa1b-4cef-b1e2-51ac702eee06 req-1bb7b0ae-6d43-4c57-983c-33dc2e36a613 service nova] 10.4.3.90 "GET /placement/allocations/5ced134f-601f-4c60-ac96-039e732c11f7" status: 200 len: 258 microversion: 1.28
Jul 20 14:39:46.188143 np0000005504 devstack@placement-api.service[93084]: [pid: 93084|app: 0|req: 296/1185] 10.4.3.90 () {68 vars in 1492 bytes} [Mon Jul 20 14:39:46 2026] GET /placement/allocations/5ced134f-601f-4c60-ac96-039e732c11f7 => generated 258 bytes in 11 msecs (HTTP/1.1 200) 8 headers in 296 bytes (1 switches on core 0)
Jul 20 14:39:46.242115 np0000005504 devstack@placement-api.service[93081]: DEBUG placement.requestlog [req-559747fd-aa1b-4cef-b1e2-51ac702eee06 req-f406bab2-948c-472b-82e1-47f21e2b6b6a None None] Starting request: 10.4.3.90 "GET /placement/allocations/364c4a4b-7a7b-4f1a-9910-5afe9d912d1f" {{(pid=93081) __call__ /opt/stack/placement/placement/requestlog.py:55}}
Jul 20 14:39:46.253185 np0000005504 devstack@placement-api.service[93081]: INFO placement.requestlog [req-559747fd-aa1b-4cef-b1e2-51ac702eee06 req-f406bab2-948c-472b-82e1-47f21e2b6b6a service nova] 10.4.3.90 "GET /placement/allocations/364c4a4b-7a7b-4f1a-9910-5afe9d912d1f" status: 200 len: 244 microversion: 1.28
Jul 20 14:39:46.253507 np0000005504 devstack@placement-api.service[93081]: [pid: 93081|app: 0|req: 294/1186] 10.4.3.90 () {68 vars in 1492 bytes} [Mon Jul 20 14:39:46 2026] GET /placement/allocations/364c4a4b-7a7b-4f1a-9910-5afe9d912d1f => generated 244 bytes in 12 msecs (HTTP/1.1 200) 8 headers in 296 bytes (1 switches on core 0)
Jul 20 14:39:46.298117 np0000005504 devstack@placement-api.service[93083]: DEBUG placement.requestlog [req-559747fd-aa1b-4cef-b1e2-51ac702eee06 req-2545d1ae-2b66-4782-8946-342d65da1b40 None None] Starting request: 10.4.3.90 "GET /placement/allocations/617f7bf6-f72a-4140-8d06-9c328458e38a" {{(pid=93083) __call__ /opt/stack/placement/placement/requestlog.py:55}}
Jul 20 14:39:46.306466 np0000005504 devstack@placement-api.service[93083]: INFO placement.requestlog [req-559747fd-aa1b-4cef-b1e2-51ac702eee06 req-2545d1ae-2b66-4782-8946-342d65da1b40 service nova] 10.4.3.90 "GET /placement/allocations/617f7bf6-f72a-4140-8d06-9c328458e38a" status: 200 len: 258 microversion: 1.28
Jul 20 14:39:46.306879 np0000005504 devstack@placement-api.service[93083]: [pid: 93083|app: 0|req: 300/1187] 10.4.3.90 () {68 vars in 1492 bytes} [Mon Jul 20 14:39:46 2026] GET /placement/allocations/617f7bf6-f72a-4140-8d06-9c328458e38a => generated 258 bytes in 9 msecs (HTTP/1.1 200) 8 headers in 296 bytes (1 switches on core 0)
Jul 20 14:39:46.397954 np0000005504 devstack@placement-api.service[93082]: DEBUG placement.requestlog [req-559747fd-aa1b-4cef-b1e2-51ac702eee06 req-848436f7-261f-414f-8a7b-549976a9c2d9 None None] Starting request: 10.4.3.90 "DELETE /placement/allocations/4ff97ed2-c47f-4f33-be3d-a9ba2a163fe7" {{(pid=93082) __call__ /opt/stack/placement/placement/requestlog.py:55}}
Jul 20 14:39:46.421138 np0000005504 devstack@placement-api.service[93082]: DEBUG placement.handlers.allocation [req-559747fd-aa1b-4cef-b1e2-51ac702eee06 req-848436f7-261f-414f-8a7b-549976a9c2d9 service nova] Successfully deleted allocations [, ] {{(pid=93082) delete_allocations /opt/stack/placement/placement/handlers/allocation.py:627}}
Jul 20 14:39:46.421474 np0000005504 devstack@placement-api.service[93082]: INFO placement.requestlog [req-559747fd-aa1b-4cef-b1e2-51ac702eee06 req-848436f7-261f-414f-8a7b-549976a9c2d9 service nova] 10.4.3.90 "DELETE /placement/allocations/4ff97ed2-c47f-4f33-be3d-a9ba2a163fe7" status: 204 len: 0 microversion: 1.0
Jul 20 14:39:46.421728 np0000005504 devstack@placement-api.service[93082]: [pid: 93082|app: 0|req: 298/1188] 10.4.3.90 () {68 vars in 1470 bytes} [Mon Jul 20 14:39:46 2026] DELETE /placement/allocations/4ff97ed2-c47f-4f33-be3d-a9ba2a163fe7 => generated 0 bytes in 24 msecs (HTTP/1.1 204) 5 headers in 198 bytes (1 switches on core 0)
Jul 20 14:39:46.481323 np0000005504 devstack@placement-api.service[93084]: DEBUG placement.requestlog [req-8e51efc1-6b40-4fa9-a6ff-57b3e020cc07 req-98c9409e-d24e-4eb8-aaaa-cb435b111fbb None None] Starting request: 10.4.3.90 "GET /placement/resource_providers/fadf364e-c539-4dfc-afd9-3fdc09e15a53/allocations" {{(pid=93084) __call__ /opt/stack/placement/placement/requestlog.py:55}}
Jul 20 14:39:46.493846 np0000005504 devstack@placement-api.service[93084]: INFO placement.requestlog [req-8e51efc1-6b40-4fa9-a6ff-57b3e020cc07 req-98c9409e-d24e-4eb8-aaaa-cb435b111fbb service nova] 10.4.3.90 "GET /placement/resource_providers/fadf364e-c539-4dfc-afd9-3fdc09e15a53/allocations" status: 200 len: 897 microversion: 1.0
Jul 20 14:39:46.494012 np0000005504 devstack@placement-api.service[93084]: [pid: 93084|app: 0|req: 297/1189] 10.4.3.90 () {66 vars in 1505 bytes} [Mon Jul 20 14:39:46 2026] GET /placement/resource_providers/fadf364e-c539-4dfc-afd9-3fdc09e15a53/allocations => generated 897 bytes in 13 msecs (HTTP/1.1 200) 6 headers in 224 bytes (1 switches on core 0)
Jul 20 14:39:46.529932 np0000005504 devstack@placement-api.service[93081]: DEBUG placement.requestlog [req-8e51efc1-6b40-4fa9-a6ff-57b3e020cc07 req-b469622b-cae6-40b4-ab4d-8ce2b1b15918 None None] Starting request: 10.4.3.90 "GET /placement/allocations/a02165dc-59aa-4b56-83ce-2aa601f495f9" {{(pid=93081) __call__ /opt/stack/placement/placement/requestlog.py:55}}
Jul 20 14:39:46.541913 np0000005504 devstack@placement-api.service[93081]: INFO placement.requestlog [req-8e51efc1-6b40-4fa9-a6ff-57b3e020cc07 req-b469622b-cae6-40b4-ab4d-8ce2b1b15918 service nova] 10.4.3.90 "GET /placement/allocations/a02165dc-59aa-4b56-83ce-2aa601f495f9" status: 200 len: 258 microversion: 1.28
Jul 20 14:39:46.542241 np0000005504 devstack@placement-api.service[93081]: [pid: 93081|app: 0|req: 295/1190] 10.4.3.90 () {68 vars in 1492 bytes} [Mon Jul 20 14:39:46 2026] GET /placement/allocations/a02165dc-59aa-4b56-83ce-2aa601f495f9 => generated 258 bytes in 13 msecs (HTTP/1.1 200) 8 headers in 296 bytes (1 switches on core 0)
Jul 20 14:39:46.582402 np0000005504 devstack@placement-api.service[93083]: DEBUG placement.requestlog [req-8e51efc1-6b40-4fa9-a6ff-57b3e020cc07 req-dc5fa01f-04c6-4743-b5a5-f67a8d0f7e80 None None] Starting request: 10.4.3.90 "GET /placement/allocations/ede935de-9554-43df-9229-fa866b3a2563" {{(pid=93083) __call__ /opt/stack/placement/placement/requestlog.py:55}}
Jul 20 14:39:46.597888 np0000005504 devstack@placement-api.service[93083]: INFO placement.requestlog [req-8e51efc1-6b40-4fa9-a6ff-57b3e020cc07 req-dc5fa01f-04c6-4743-b5a5-f67a8d0f7e80 service nova] 10.4.3.90 "GET /placement/allocations/ede935de-9554-43df-9229-fa866b3a2563" status: 200 len: 258 microversion: 1.28
Jul 20 14:39:46.598033 np0000005504 devstack@placement-api.service[93083]: [pid: 93083|app: 0|req: 301/1191] 10.4.3.90 () {68 vars in 1492 bytes} [Mon Jul 20 14:39:46 2026] GET /placement/allocations/ede935de-9554-43df-9229-fa866b3a2563 => generated 258 bytes in 16 msecs (HTTP/1.1 200) 8 headers in 296 bytes (1 switches on core 0)
Jul 20 14:39:46.634215 np0000005504 devstack@placement-api.service[93082]: DEBUG placement.requestlog [req-8e51efc1-6b40-4fa9-a6ff-57b3e020cc07 req-8f42d14f-408a-4f9b-bdf1-b4bd6a1c25b9 None None] Starting request: 10.4.3.90 "GET /placement/allocations/007efaed-9de5-4015-807d-0ec310d32dec" {{(pid=93082) __call__ /opt/stack/placement/placement/requestlog.py:55}}
Jul 20 14:39:46.648206 np0000005504 devstack@placement-api.service[93082]: INFO placement.requestlog [req-8e51efc1-6b40-4fa9-a6ff-57b3e020cc07 req-8f42d14f-408a-4f9b-bdf1-b4bd6a1c25b9 service nova] 10.4.3.90 "GET /placement/allocations/007efaed-9de5-4015-807d-0ec310d32dec" status: 200 len: 244 microversion: 1.28
Jul 20 14:39:46.648206 np0000005504 devstack@placement-api.service[93082]: [pid: 93082|app: 0|req: 299/1192] 10.4.3.90 () {68 vars in 1492 bytes} [Mon Jul 20 14:39:46 2026] GET /placement/allocations/007efaed-9de5-4015-807d-0ec310d32dec => generated 244 bytes in 11 msecs (HTTP/1.1 200) 8 headers in 296 bytes (1 switches on core 0)
Jul 20 14:39:46.696838 np0000005504 devstack@placement-api.service[93084]: DEBUG placement.requestlog [req-8e51efc1-6b40-4fa9-a6ff-57b3e020cc07 req-ced7f4d2-4cf7-420f-a371-d92413032619 None None] Starting request: 10.4.3.90 "GET /placement/allocations/8f0dac5b-d3c8-4bb9-8eba-909eef89a50a" {{(pid=93084) __call__ /opt/stack/placement/placement/requestlog.py:55}}
Jul 20 14:39:46.713000 np0000005504 devstack@placement-api.service[93084]: INFO placement.requestlog [req-8e51efc1-6b40-4fa9-a6ff-57b3e020cc07 req-ced7f4d2-4cf7-420f-a371-d92413032619 service nova] 10.4.3.90 "GET /placement/allocations/8f0dac5b-d3c8-4bb9-8eba-909eef89a50a" status: 200 len: 244 microversion: 1.28
Jul 20 14:39:46.713319 np0000005504 devstack@placement-api.service[93084]: [pid: 93084|app: 0|req: 298/1193] 10.4.3.90 () {68 vars in 1492 bytes} [Mon Jul 20 14:39:46 2026] GET /placement/allocations/8f0dac5b-d3c8-4bb9-8eba-909eef89a50a => generated 244 bytes in 16 msecs (HTTP/1.1 200) 8 headers in 296 bytes (1 switches on core 0)
Jul 20 14:39:46.753373 np0000005504 devstack@placement-api.service[93081]: DEBUG placement.requestlog [req-8e51efc1-6b40-4fa9-a6ff-57b3e020cc07 req-08c10088-e789-4263-9f04-197a26a9ba4e None None] Starting request: 10.4.3.90 "GET /placement/allocations/d3426c8f-6347-449b-a152-78fb5097cd4a" {{(pid=93081) __call__ /opt/stack/placement/placement/requestlog.py:55}}
Jul 20 14:39:46.764556 np0000005504 devstack@placement-api.service[93081]: INFO placement.requestlog [req-8e51efc1-6b40-4fa9-a6ff-57b3e020cc07 req-08c10088-e789-4263-9f04-197a26a9ba4e service nova] 10.4.3.90 "GET /placement/allocations/d3426c8f-6347-449b-a152-78fb5097cd4a" status: 200 len: 258 microversion: 1.28
Jul 20 14:39:46.764846 np0000005504 devstack@placement-api.service[93081]: [pid: 93081|app: 0|req: 296/1194] 10.4.3.90 () {68 vars in 1492 bytes} [Mon Jul 20 14:39:46 2026] GET /placement/allocations/d3426c8f-6347-449b-a152-78fb5097cd4a => generated 258 bytes in 12 msecs (HTTP/1.1 200) 8 headers in 296 bytes (1 switches on core 0)
Jul 20 14:39:46.818347 np0000005504 devstack@placement-api.service[93083]: DEBUG placement.requestlog [req-8e51efc1-6b40-4fa9-a6ff-57b3e020cc07 req-5403ff65-6f7e-432d-9b1e-64053cd48387 None None] Starting request: 10.4.3.90 "GET /placement/allocations/5ced134f-601f-4c60-ac96-039e732c11f7" {{(pid=93083) __call__ /opt/stack/placement/placement/requestlog.py:55}}
Jul 20 14:39:46.825428 np0000005504 devstack@placement-api.service[93083]: INFO placement.requestlog [req-8e51efc1-6b40-4fa9-a6ff-57b3e020cc07 req-5403ff65-6f7e-432d-9b1e-64053cd48387 service nova] 10.4.3.90 "GET /placement/allocations/5ced134f-601f-4c60-ac96-039e732c11f7" status: 200 len: 258 microversion: 1.28
Jul 20 14:39:46.825651 np0000005504 devstack@placement-api.service[93083]: [pid: 93083|app: 0|req: 302/1195] 10.4.3.90 () {68 vars in 1492 bytes} [Mon Jul 20 14:39:46 2026] GET /placement/allocations/5ced134f-601f-4c60-ac96-039e732c11f7 => generated 258 bytes in 9 msecs (HTTP/1.1 200) 8 headers in 296 bytes (1 switches on core 0)
Jul 20 14:39:46.872319 np0000005504 devstack@placement-api.service[93082]: DEBUG placement.requestlog [req-8e51efc1-6b40-4fa9-a6ff-57b3e020cc07 req-5087a63d-ea7c-4802-bfe7-903fe712c39f None None] Starting request: 10.4.3.90 "GET /placement/allocations/364c4a4b-7a7b-4f1a-9910-5afe9d912d1f" {{(pid=93082) __call__ /opt/stack/placement/placement/requestlog.py:55}}
Jul 20 14:39:46.890586 np0000005504 devstack@placement-api.service[93082]: INFO placement.requestlog [req-8e51efc1-6b40-4fa9-a6ff-57b3e020cc07 req-5087a63d-ea7c-4802-bfe7-903fe712c39f service nova] 10.4.3.90 "GET /placement/allocations/364c4a4b-7a7b-4f1a-9910-5afe9d912d1f" status: 200 len: 244 microversion: 1.28
Jul 20 14:39:46.890904 np0000005504 devstack@placement-api.service[93082]: [pid: 93082|app: 0|req: 300/1196] 10.4.3.90 () {68 vars in 1492 bytes} [Mon Jul 20 14:39:46 2026] GET /placement/allocations/364c4a4b-7a7b-4f1a-9910-5afe9d912d1f => generated 244 bytes in 19 msecs (HTTP/1.1 200) 8 headers in 296 bytes (1 switches on core 0)
Jul 20 14:39:46.933933 np0000005504 devstack@placement-api.service[93084]: DEBUG placement.requestlog [req-8e51efc1-6b40-4fa9-a6ff-57b3e020cc07 req-7fe23d25-3ea1-4952-a6b3-45091bddaae7 None None] Starting request: 10.4.3.90 "GET /placement/allocations/aa3f965d-1bcb-469e-b48f-815091935764" {{(pid=93084) __call__ /opt/stack/placement/placement/requestlog.py:55}}
Jul 20 14:39:46.944297 np0000005504 devstack@placement-api.service[93084]: INFO placement.requestlog [req-8e51efc1-6b40-4fa9-a6ff-57b3e020cc07 req-7fe23d25-3ea1-4952-a6b3-45091bddaae7 service nova] 10.4.3.90 "GET /placement/allocations/aa3f965d-1bcb-469e-b48f-815091935764" status: 200 len: 244 microversion: 1.28
Jul 20 14:39:46.944297 np0000005504 devstack@placement-api.service[93084]: [pid: 93084|app: 0|req: 299/1197] 10.4.3.90 () {68 vars in 1492 bytes} [Mon Jul 20 14:39:46 2026] GET /placement/allocations/aa3f965d-1bcb-469e-b48f-815091935764 => generated 244 bytes in 10 msecs (HTTP/1.1 200) 8 headers in 296 bytes (1 switches on core 0)
Jul 20 14:39:46.988288 np0000005504 devstack@placement-api.service[93081]: DEBUG placement.requestlog [req-8e51efc1-6b40-4fa9-a6ff-57b3e020cc07 req-0eae97d3-94b7-44e9-9c3a-f3e00e2bb331 None None] Starting request: 10.4.3.90 "GET /placement/allocations/617f7bf6-f72a-4140-8d06-9c328458e38a" {{(pid=93081) __call__ /opt/stack/placement/placement/requestlog.py:55}}
Jul 20 14:39:46.999595 np0000005504 devstack@placement-api.service[93081]: INFO placement.requestlog [req-8e51efc1-6b40-4fa9-a6ff-57b3e020cc07 req-0eae97d3-94b7-44e9-9c3a-f3e00e2bb331 service nova] 10.4.3.90 "GET /placement/allocations/617f7bf6-f72a-4140-8d06-9c328458e38a" status: 200 len: 258 microversion: 1.28
Jul 20 14:39:46.999820 np0000005504 devstack@placement-api.service[93081]: [pid: 93081|app: 0|req: 297/1198] 10.4.3.90 () {68 vars in 1492 bytes} [Mon Jul 20 14:39:46 2026] GET /placement/allocations/617f7bf6-f72a-4140-8d06-9c328458e38a => generated 258 bytes in 12 msecs (HTTP/1.1 200) 8 headers in 296 bytes (1 switches on core 0)
Jul 20 14:39:47.129192 np0000005504 devstack@placement-api.service[93083]: DEBUG placement.requestlog [req-64f32556-7fec-49e0-ab00-ac02c74bcdf7 req-4dc89351-f085-4e5e-a26a-20cf30abf642 None None] Starting request: 10.4.3.90 "GET /placement/resource_providers/fadf364e-c539-4dfc-afd9-3fdc09e15a53/allocations" {{(pid=93083) __call__ /opt/stack/placement/placement/requestlog.py:55}}
Jul 20 14:39:47.160924 np0000005504 devstack@placement-api.service[93083]: INFO placement.requestlog [req-64f32556-7fec-49e0-ab00-ac02c74bcdf7 req-4dc89351-f085-4e5e-a26a-20cf30abf642 service nova] 10.4.3.90 "GET /placement/resource_providers/fadf364e-c539-4dfc-afd9-3fdc09e15a53/allocations" status: 200 len: 897 microversion: 1.0
Jul 20 14:39:47.161847 np0000005504 devstack@placement-api.service[93083]: [pid: 93083|app: 0|req: 303/1199] 10.4.3.90 () {66 vars in 1505 bytes} [Mon Jul 20 14:39:47 2026] GET /placement/resource_providers/fadf364e-c539-4dfc-afd9-3fdc09e15a53/allocations => generated 897 bytes in 33 msecs (HTTP/1.1 200) 6 headers in 224 bytes (1 switches on core 0)
Jul 20 14:39:47.222403 np0000005504 devstack@placement-api.service[93082]: DEBUG placement.requestlog [req-64f32556-7fec-49e0-ab00-ac02c74bcdf7 req-524c267d-bd1a-4db2-89b2-7c9df92d6ec2 None None] Starting request: 10.4.3.90 "GET /placement/allocations/a02165dc-59aa-4b56-83ce-2aa601f495f9" {{(pid=93082) __call__ /opt/stack/placement/placement/requestlog.py:55}}
Jul 20 14:39:47.236541 np0000005504 devstack@placement-api.service[93082]: INFO placement.requestlog [req-64f32556-7fec-49e0-ab00-ac02c74bcdf7 req-524c267d-bd1a-4db2-89b2-7c9df92d6ec2 service nova] 10.4.3.90 "GET /placement/allocations/a02165dc-59aa-4b56-83ce-2aa601f495f9" status: 200 len: 258 microversion: 1.28
Jul 20 14:39:47.236853 np0000005504 devstack@placement-api.service[93082]: [pid: 93082|app: 0|req: 301/1200] 10.4.3.90 () {68 vars in 1492 bytes} [Mon Jul 20 14:39:47 2026] GET /placement/allocations/a02165dc-59aa-4b56-83ce-2aa601f495f9 => generated 258 bytes in 17 msecs (HTTP/1.1 200) 8 headers in 296 bytes (1 switches on core 0)
Jul 20 14:39:47.293213 np0000005504 devstack@placement-api.service[93084]: DEBUG placement.requestlog [req-64f32556-7fec-49e0-ab00-ac02c74bcdf7 req-20798c90-66a8-44cf-a983-0fa282b41237 None None] Starting request: 10.4.3.90 "GET /placement/allocations/ede935de-9554-43df-9229-fa866b3a2563" {{(pid=93084) __call__ /opt/stack/placement/placement/requestlog.py:55}}
Jul 20 14:39:47.314953 np0000005504 devstack@placement-api.service[93084]: INFO placement.requestlog [req-64f32556-7fec-49e0-ab00-ac02c74bcdf7 req-20798c90-66a8-44cf-a983-0fa282b41237 service nova] 10.4.3.90 "GET /placement/allocations/ede935de-9554-43df-9229-fa866b3a2563" status: 200 len: 258 microversion: 1.28
Jul 20 14:39:47.315281 np0000005504 devstack@placement-api.service[93084]: [pid: 93084|app: 0|req: 300/1201] 10.4.3.90 () {68 vars in 1492 bytes} [Mon Jul 20 14:39:47 2026] GET /placement/allocations/ede935de-9554-43df-9229-fa866b3a2563 => generated 258 bytes in 23 msecs (HTTP/1.1 200) 8 headers in 296 bytes (1 switches on core 0)
Jul 20 14:39:47.370248 np0000005504 devstack@placement-api.service[93081]: DEBUG placement.requestlog [req-64f32556-7fec-49e0-ab00-ac02c74bcdf7 req-a500e4ff-5cf6-4672-b61a-afed9faafe15 None None] Starting request: 10.4.3.90 "GET /placement/allocations/007efaed-9de5-4015-807d-0ec310d32dec" {{(pid=93081) __call__ /opt/stack/placement/placement/requestlog.py:55}}
Jul 20 14:39:47.381681 np0000005504 devstack@placement-api.service[93081]: INFO placement.requestlog [req-64f32556-7fec-49e0-ab00-ac02c74bcdf7 req-a500e4ff-5cf6-4672-b61a-afed9faafe15 service nova] 10.4.3.90 "GET /placement/allocations/007efaed-9de5-4015-807d-0ec310d32dec" status: 200 len: 244 microversion: 1.28
Jul 20 14:39:47.382460 np0000005504 devstack@placement-api.service[93081]: [pid: 93081|app: 0|req: 298/1202] 10.4.3.90 () {68 vars in 1492 bytes} [Mon Jul 20 14:39:47 2026] GET /placement/allocations/007efaed-9de5-4015-807d-0ec310d32dec => generated 244 bytes in 13 msecs (HTTP/1.1 200) 8 headers in 296 bytes (1 switches on core 0)
Jul 20 14:39:47.432820 np0000005504 devstack@placement-api.service[93083]: DEBUG placement.requestlog [req-64f32556-7fec-49e0-ab00-ac02c74bcdf7 req-456f3e30-0439-45e9-b211-413528c6b45a None None] Starting request: 10.4.3.90 "GET /placement/allocations/8f0dac5b-d3c8-4bb9-8eba-909eef89a50a" {{(pid=93083) __call__ /opt/stack/placement/placement/requestlog.py:55}}
Jul 20 14:39:47.445468 np0000005504 devstack@placement-api.service[93083]: INFO placement.requestlog [req-64f32556-7fec-49e0-ab00-ac02c74bcdf7 req-456f3e30-0439-45e9-b211-413528c6b45a service nova] 10.4.3.90 "GET /placement/allocations/8f0dac5b-d3c8-4bb9-8eba-909eef89a50a" status: 200 len: 244 microversion: 1.28
Jul 20 14:39:47.445665 np0000005504 devstack@placement-api.service[93083]: [pid: 93083|app: 0|req: 304/1203] 10.4.3.90 () {68 vars in 1492 bytes} [Mon Jul 20 14:39:47 2026] GET /placement/allocations/8f0dac5b-d3c8-4bb9-8eba-909eef89a50a => generated 244 bytes in 13 msecs (HTTP/1.1 200) 8 headers in 296 bytes (1 switches on core 0)
Jul 20 14:39:47.515352 np0000005504 devstack@placement-api.service[93082]: DEBUG placement.requestlog [req-64f32556-7fec-49e0-ab00-ac02c74bcdf7 req-e24a1db8-37a8-4292-a4ff-7e0b133b3010 None None] Starting request: 10.4.3.90 "GET /placement/allocations/d3426c8f-6347-449b-a152-78fb5097cd4a" {{(pid=93082) __call__ /opt/stack/placement/placement/requestlog.py:55}}
Jul 20 14:39:47.532005 np0000005504 devstack@placement-api.service[93082]: INFO placement.requestlog [req-64f32556-7fec-49e0-ab00-ac02c74bcdf7 req-e24a1db8-37a8-4292-a4ff-7e0b133b3010 service nova] 10.4.3.90 "GET /placement/allocations/d3426c8f-6347-449b-a152-78fb5097cd4a" status: 200 len: 258 microversion: 1.28
Jul 20 14:39:47.532545 np0000005504 devstack@placement-api.service[93082]: [pid: 93082|app: 0|req: 302/1204] 10.4.3.90 () {68 vars in 1492 bytes} [Mon Jul 20 14:39:47 2026] GET /placement/allocations/d3426c8f-6347-449b-a152-78fb5097cd4a => generated 258 bytes in 17 msecs (HTTP/1.1 200) 8 headers in 296 bytes (1 switches on core 0)
Jul 20 14:39:47.554155 np0000005504 devstack@placement-api.service[93084]: DEBUG placement.requestlog [req-af851c08-80fd-431b-842d-d7404b3c9ade req-ef0431e9-dfda-4dcf-93f1-34a0cca4efe8 None None] Starting request: 10.4.3.90 "GET /placement/allocation_candidates?limit=1000&resources=DISK_GB%3A1%2CMEMORY_MB%3A192%2CVCPU%3A1&root_required=%21COMPUTE_STATUS_DISABLED" {{(pid=93084) __call__ /opt/stack/placement/placement/requestlog.py:55}}
Jul 20 14:39:47.580862 np0000005504 devstack@placement-api.service[93084]: DEBUG placement.objects.research_context [req-af851c08-80fd-431b-842d-d7404b3c9ade req-ef0431e9-dfda-4dcf-93f1-34a0cca4efe8 service nova] getting providers with 1 DISK_GB {{(pid=93084) __init__ /opt/stack/placement/placement/objects/research_context.py:137}}
Jul 20 14:39:47.585226 np0000005504 devstack@placement-api.service[93084]: DEBUG placement.objects.research_context [req-af851c08-80fd-431b-842d-d7404b3c9ade req-ef0431e9-dfda-4dcf-93f1-34a0cca4efe8 service nova] getting providers with 192 MEMORY_MB {{(pid=93084) __init__ /opt/stack/placement/placement/objects/research_context.py:137}}
Jul 20 14:39:47.591203 np0000005504 devstack@placement-api.service[93084]: DEBUG placement.objects.research_context [req-af851c08-80fd-431b-842d-d7404b3c9ade req-ef0431e9-dfda-4dcf-93f1-34a0cca4efe8 service nova] getting providers with 1 VCPU {{(pid=93084) __init__ /opt/stack/placement/placement/objects/research_context.py:137}}
Jul 20 14:39:47.591339 np0000005504 devstack@placement-api.service[93084]: DEBUG placement.objects.research_context [req-af851c08-80fd-431b-842d-d7404b3c9ade req-ef0431e9-dfda-4dcf-93f1-34a0cca4efe8 service nova] found 1 providers with available 1 DISK_GB {{(pid=93084) get_provider_ids_matching /opt/stack/placement/placement/objects/research_context.py:563}}
Jul 20 14:39:47.591427 np0000005504 devstack@placement-api.service[93084]: DEBUG placement.objects.research_context [req-af851c08-80fd-431b-842d-d7404b3c9ade req-ef0431e9-dfda-4dcf-93f1-34a0cca4efe8 service nova] found 1 providers with available 192 MEMORY_MB {{(pid=93084) get_provider_ids_matching /opt/stack/placement/placement/objects/research_context.py:563}}
Jul 20 14:39:47.591713 np0000005504 devstack@placement-api.service[93084]: DEBUG placement.objects.research_context [req-af851c08-80fd-431b-842d-d7404b3c9ade req-ef0431e9-dfda-4dcf-93f1-34a0cca4efe8 service nova] found 1 providers after filtering by previous result {{(pid=93084) get_provider_ids_matching /opt/stack/placement/placement/objects/research_context.py:594}}
Jul 20 14:39:47.591713 np0000005504 devstack@placement-api.service[93084]: DEBUG placement.objects.research_context [req-af851c08-80fd-431b-842d-d7404b3c9ade req-ef0431e9-dfda-4dcf-93f1-34a0cca4efe8 service nova] found 1 providers with available 1 VCPU {{(pid=93084) get_provider_ids_matching /opt/stack/placement/placement/objects/research_context.py:563}}
Jul 20 14:39:47.591713 np0000005504 devstack@placement-api.service[93084]: DEBUG placement.objects.research_context [req-af851c08-80fd-431b-842d-d7404b3c9ade req-ef0431e9-dfda-4dcf-93f1-34a0cca4efe8 service nova] found 1 providers after filtering by previous result {{(pid=93084) get_provider_ids_matching /opt/stack/placement/placement/objects/research_context.py:594}}
Jul 20 14:39:47.600590 np0000005504 devstack@placement-api.service[93081]: DEBUG placement.requestlog [req-64f32556-7fec-49e0-ab00-ac02c74bcdf7 req-17e23656-10a3-4db7-a8b8-11ec7821faa2 None None] Starting request: 10.4.3.90 "GET /placement/allocations/5ced134f-601f-4c60-ac96-039e732c11f7" {{(pid=93081) __call__ /opt/stack/placement/placement/requestlog.py:55}}
Jul 20 14:39:47.600680 np0000005504 devstack@placement-api.service[93084]: DEBUG placement.objects.allocation_candidate [req-af851c08-80fd-431b-842d-d7404b3c9ade req-ef0431e9-dfda-4dcf-93f1-34a0cca4efe8 service nova] RequestGroup(use_same_provider=False, resources={DISK_GB:1, MEMORY_MB:192, VCPU:1}, traits=(), aggregates=[]) (suffix '') returned 1 matches {{(pid=93084) _get_by_requests /opt/stack/placement/placement/objects/allocation_candidate.py:158}}
Jul 20 14:39:47.600936 np0000005504 devstack@placement-api.service[93084]: DEBUG placement.objects.allocation_candidate [req-af851c08-80fd-431b-842d-d7404b3c9ade req-ef0431e9-dfda-4dcf-93f1-34a0cca4efe8 service nova] Merging candidates yields 1 allocation requests and 1 provider summaries {{(pid=93084) _merge_candidates /opt/stack/placement/placement/objects/allocation_candidate.py:908}}
Jul 20 14:39:47.602662 np0000005504 devstack@placement-api.service[93084]: INFO placement.requestlog [req-af851c08-80fd-431b-842d-d7404b3c9ade req-ef0431e9-dfda-4dcf-93f1-34a0cca4efe8 service nova] 10.4.3.90 "GET /placement/allocation_candidates?limit=1000&resources=DISK_GB%3A1%2CMEMORY_MB%3A192%2CVCPU%3A1&root_required=%21COMPUTE_STATUS_DISABLED" status: 200 len: 2493 microversion: 1.36
Jul 20 14:39:47.602662 np0000005504 devstack@placement-api.service[93084]: [pid: 93084|app: 0|req: 301/1205] 10.4.3.90 () {68 vars in 1618 bytes} [Mon Jul 20 14:39:47 2026] GET /placement/allocation_candidates?limit=1000&resources=DISK_GB%3A1%2CMEMORY_MB%3A192%2CVCPU%3A1&root_required=%21COMPUTE_STATUS_DISABLED => generated 2493 bytes in 49 msecs (HTTP/1.1 200) 8 headers in 297 bytes (1 switches on core 0)
Jul 20 14:39:47.613879 np0000005504 devstack@placement-api.service[93081]: INFO placement.requestlog [req-64f32556-7fec-49e0-ab00-ac02c74bcdf7 req-17e23656-10a3-4db7-a8b8-11ec7821faa2 service nova] 10.4.3.90 "GET /placement/allocations/5ced134f-601f-4c60-ac96-039e732c11f7" status: 200 len: 258 microversion: 1.28
Jul 20 14:39:47.614455 np0000005504 devstack@placement-api.service[93081]: [pid: 93081|app: 0|req: 299/1206] 10.4.3.90 () {68 vars in 1492 bytes} [Mon Jul 20 14:39:47 2026] GET /placement/allocations/5ced134f-601f-4c60-ac96-039e732c11f7 => generated 258 bytes in 14 msecs (HTTP/1.1 200) 8 headers in 296 bytes (1 switches on core 0)
Jul 20 14:39:47.673382 np0000005504 devstack@placement-api.service[93083]: DEBUG placement.requestlog [req-af851c08-80fd-431b-842d-d7404b3c9ade req-d34c2f6c-fbcf-4b82-b1ef-bd5f4251fd03 None None] Starting request: 10.4.3.90 "GET /placement/allocations/d7304e4b-9f0b-4d46-9e1f-a27e2c7de326" {{(pid=93083) __call__ /opt/stack/placement/placement/requestlog.py:55}}
Jul 20 14:39:47.683819 np0000005504 devstack@placement-api.service[93083]: INFO placement.requestlog [req-af851c08-80fd-431b-842d-d7404b3c9ade req-d34c2f6c-fbcf-4b82-b1ef-bd5f4251fd03 service nova] 10.4.3.90 "GET /placement/allocations/d7304e4b-9f0b-4d46-9e1f-a27e2c7de326" status: 200 len: 19 microversion: 1.28
Jul 20 14:39:47.685946 np0000005504 devstack@placement-api.service[93083]: [pid: 93083|app: 0|req: 305/1207] 10.4.3.90 () {68 vars in 1494 bytes} [Mon Jul 20 14:39:47 2026] GET /placement/allocations/d7304e4b-9f0b-4d46-9e1f-a27e2c7de326 => generated 19 bytes in 12 msecs (HTTP/1.1 200) 8 headers in 295 bytes (1 switches on core 0)
Jul 20 14:39:47.691415 np0000005504 devstack@placement-api.service[93082]: DEBUG placement.requestlog [req-64f32556-7fec-49e0-ab00-ac02c74bcdf7 req-4e3a4045-3594-45ff-997f-fd1e45a33025 None None] Starting request: 10.4.3.90 "GET /placement/allocations/364c4a4b-7a7b-4f1a-9910-5afe9d912d1f" {{(pid=93082) __call__ /opt/stack/placement/placement/requestlog.py:55}}
Jul 20 14:39:47.713367 np0000005504 devstack@placement-api.service[93082]: INFO placement.requestlog [req-64f32556-7fec-49e0-ab00-ac02c74bcdf7 req-4e3a4045-3594-45ff-997f-fd1e45a33025 service nova] 10.4.3.90 "GET /placement/allocations/364c4a4b-7a7b-4f1a-9910-5afe9d912d1f" status: 200 len: 244 microversion: 1.28
Jul 20 14:39:47.713683 np0000005504 devstack@placement-api.service[93082]: [pid: 93082|app: 0|req: 303/1208] 10.4.3.90 () {68 vars in 1492 bytes} [Mon Jul 20 14:39:47 2026] GET /placement/allocations/364c4a4b-7a7b-4f1a-9910-5afe9d912d1f => generated 244 bytes in 23 msecs (HTTP/1.1 200) 8 headers in 296 bytes (1 switches on core 0)
Jul 20 14:39:47.742970 np0000005504 devstack@placement-api.service[93084]: DEBUG placement.requestlog [req-af851c08-80fd-431b-842d-d7404b3c9ade req-eada6e05-d740-40e4-8dbb-e58a8ce4939f None None] Starting request: 10.4.3.90 "PUT /placement/allocations/d7304e4b-9f0b-4d46-9e1f-a27e2c7de326" {{(pid=93084) __call__ /opt/stack/placement/placement/requestlog.py:55}}
Jul 20 14:39:47.766058 np0000005504 devstack@placement-api.service[93081]: DEBUG placement.requestlog [req-64f32556-7fec-49e0-ab00-ac02c74bcdf7 req-6d6959d5-f9f5-45f3-9880-67a0cdc97c85 None None] Starting request: 10.4.3.90 "GET /placement/allocations/aa3f965d-1bcb-469e-b48f-815091935764" {{(pid=93081) __call__ /opt/stack/placement/placement/requestlog.py:55}}
Jul 20 14:39:47.787474 np0000005504 devstack@placement-api.service[93081]: INFO placement.requestlog [req-64f32556-7fec-49e0-ab00-ac02c74bcdf7 req-6d6959d5-f9f5-45f3-9880-67a0cdc97c85 service nova] 10.4.3.90 "GET /placement/allocations/aa3f965d-1bcb-469e-b48f-815091935764" status: 200 len: 244 microversion: 1.28
Jul 20 14:39:47.787474 np0000005504 devstack@placement-api.service[93081]: [pid: 93081|app: 0|req: 300/1209] 10.4.3.90 () {68 vars in 1492 bytes} [Mon Jul 20 14:39:47 2026] GET /placement/allocations/aa3f965d-1bcb-469e-b48f-815091935764 => generated 244 bytes in 20 msecs (HTTP/1.1 200) 8 headers in 296 bytes (1 switches on core 0)
Jul 20 14:39:47.830096 np0000005504 devstack@placement-api.service[93084]: DEBUG placement.handlers.allocation [req-af851c08-80fd-431b-842d-d7404b3c9ade req-eada6e05-d740-40e4-8dbb-e58a8ce4939f service nova] Successfully wrote allocations [, , ] {{(pid=93084) _update_consumers_and_create_allocations /opt/stack/placement/placement/handlers/allocation.py:462}}
Jul 20 14:39:47.837334 np0000005504 devstack@placement-api.service[93084]: INFO placement.requestlog [req-af851c08-80fd-431b-842d-d7404b3c9ade req-eada6e05-d740-40e4-8dbb-e58a8ce4939f service nova] 10.4.3.90 "PUT /placement/allocations/d7304e4b-9f0b-4d46-9e1f-a27e2c7de326" status: 204 len: 0 microversion: 1.36
Jul 20 14:39:47.837410 np0000005504 devstack@placement-api.service[93084]: [pid: 93084|app: 0|req: 302/1210] 10.4.3.90 () {72 vars in 1547 bytes} [Mon Jul 20 14:39:47 2026] PUT /placement/allocations/d7304e4b-9f0b-4d46-9e1f-a27e2c7de326 => generated 0 bytes in 95 msecs (HTTP/1.1 204) 5 headers in 199 bytes (1 switches on core 0)
