Jun 04 09:30:40.744528 np0000002120 devstack@g-api.service[102304]: WARNING glance.api.v2.images [None req-27d0d30c-103b-4375-a2b9-31dee8981dd3 tempest-ServerBootFromVolumeStableRescueTest-683824745 tempest-ServerBootFromVolumeStableRescueTest-683824745-project-member] After upload to backend, deletion of staged image data has failed because it cannot be found at /tmp/staging//9bafcb29-2b65-40c9-ba76-0e2a62224daa
Jun 04 09:30:40.745064 np0000002120 devstack@g-api.service[102304]: DEBUG glance_store.backend [None req-27d0d30c-103b-4375-a2b9-31dee8981dd3 tempest-ServerBootFromVolumeStableRescueTest-683824745 tempest-ServerBootFromVolumeStableRescueTest-683824745-project-member] Attempting to import store swift {{(pid=102304) _load_store /opt/stack/data/venv/lib/python3.12/site-packages/glance_store/backend.py:215}}
Jun 04 09:30:40.747576 np0000002120 devstack@g-api.service[102304]: DEBUG glance_store.capabilities [None req-27d0d30c-103b-4375-a2b9-31dee8981dd3 tempest-ServerBootFromVolumeStableRescueTest-683824745 tempest-ServerBootFromVolumeStableRescueTest-683824745-project-member] Store glance_store._drivers.swift.store.SingleTenantStore doesn't support updating dynamic storage capabilities. Please overwrite 'update_capabilities' method of the store to implement updating logics if needed. {{(pid=102304) update_capabilities /opt/stack/data/venv/lib/python3.12/site-packages/glance_store/capabilities.py:91}}
Jun 04 09:30:40.747706 np0000002120 devstack@g-api.service[102304]: DEBUG glance_store.driver [None req-27d0d30c-103b-4375-a2b9-31dee8981dd3 tempest-ServerBootFromVolumeStableRescueTest-683824745 tempest-ServerBootFromVolumeStableRescueTest-683824745-project-member] Late loading location class glance_store._drivers.swift.store.StoreLocation {{(pid=102304) get_store_location_class /opt/stack/data/venv/lib/python3.12/site-packages/glance_store/driver.py:134}}
Jun 04 09:30:40.747838 np0000002120 devstack@g-api.service[102304]: DEBUG glance_store.location [None req-27d0d30c-103b-4375-a2b9-31dee8981dd3 tempest-ServerBootFromVolumeStableRescueTest-683824745 tempest-ServerBootFromVolumeStableRescueTest-683824745-project-member] Registering scheme swift+https with {'store': , 'location_class': , 'store_entry': 'swift'} {{(pid=102304) register_scheme_map /opt/stack/data/venv/lib/python3.12/site-packages/glance_store/location.py:146}}
Jun 04 09:30:40.747974 np0000002120 devstack@g-api.service[102304]: DEBUG glance_store.location [None req-27d0d30c-103b-4375-a2b9-31dee8981dd3 tempest-ServerBootFromVolumeStableRescueTest-683824745 tempest-ServerBootFromVolumeStableRescueTest-683824745-project-member] Registering scheme swift+https with {'store': , 'location_class': , 'store_entry': 'swift'} {{(pid=102304) register_scheme_map /opt/stack/data/venv/lib/python3.12/site-packages/glance_store/location.py:146}}
Jun 04 09:30:40.748100 np0000002120 devstack@g-api.service[102304]: DEBUG glance_store.location [None req-27d0d30c-103b-4375-a2b9-31dee8981dd3 tempest-ServerBootFromVolumeStableRescueTest-683824745 tempest-ServerBootFromVolumeStableRescueTest-683824745-project-member] Registering scheme swift with {'store': , 'location_class': , 'store_entry': 'swift'} {{(pid=102304) register_scheme_map /opt/stack/data/venv/lib/python3.12/site-packages/glance_store/location.py:146}}
Jun 04 09:30:40.748232 np0000002120 devstack@g-api.service[102304]: DEBUG glance_store.location [None req-27d0d30c-103b-4375-a2b9-31dee8981dd3 tempest-ServerBootFromVolumeStableRescueTest-683824745 tempest-ServerBootFromVolumeStableRescueTest-683824745-project-member] Registering scheme swift+https with {'store': , 'location_class': , 'store_entry': 'swift'} {{(pid=102304) register_scheme_map /opt/stack/data/venv/lib/python3.12/site-packages/glance_store/location.py:146}}
Jun 04 09:30:40.748359 np0000002120 devstack@g-api.service[102304]: DEBUG glance_store.location [None req-27d0d30c-103b-4375-a2b9-31dee8981dd3 tempest-ServerBootFromVolumeStableRescueTest-683824745 tempest-ServerBootFromVolumeStableRescueTest-683824745-project-member] Registering scheme swift with {'store': , 'location_class': , 'store_entry': 'swift'} {{(pid=102304) register_scheme_map /opt/stack/data/venv/lib/python3.12/site-packages/glance_store/location.py:146}}
Jun 04 09:30:40.748470 np0000002120 devstack@g-api.service[102304]: DEBUG glance_store.location [None req-27d0d30c-103b-4375-a2b9-31dee8981dd3 tempest-ServerBootFromVolumeStableRescueTest-683824745 tempest-ServerBootFromVolumeStableRescueTest-683824745-project-member] Registering scheme swift+http with {'store': , 'location_class': , 'store_entry': 'swift'} {{(pid=102304) register_scheme_map /opt/stack/data/venv/lib/python3.12/site-packages/glance_store/location.py:146}}
Jun 04 09:30:40.748596 np0000002120 devstack@g-api.service[102304]: DEBUG glance_store.location [None req-27d0d30c-103b-4375-a2b9-31dee8981dd3 tempest-ServerBootFromVolumeStableRescueTest-683824745 tempest-ServerBootFromVolumeStableRescueTest-683824745-project-member] Registering scheme swift+https with {'store': , 'location_class': , 'store_entry': 'swift'} {{(pid=102304) register_scheme_map /opt/stack/data/venv/lib/python3.12/site-packages/glance_store/location.py:146}}
Jun 04 09:30:40.748720 np0000002120 devstack@g-api.service[102304]: DEBUG glance_store.location [None req-27d0d30c-103b-4375-a2b9-31dee8981dd3 tempest-ServerBootFromVolumeStableRescueTest-683824745 tempest-ServerBootFromVolumeStableRescueTest-683824745-project-member] Registering scheme swift with {'store': , 'location_class': , 'store_entry': 'swift'} {{(pid=102304) register_scheme_map /opt/stack/data/venv/lib/python3.12/site-packages/glance_store/location.py:146}}
Jun 04 09:30:40.748833 np0000002120 devstack@g-api.service[102304]: DEBUG glance_store.location [None req-27d0d30c-103b-4375-a2b9-31dee8981dd3 tempest-ServerBootFromVolumeStableRescueTest-683824745 tempest-ServerBootFromVolumeStableRescueTest-683824745-project-member] Registering scheme swift+http with {'store': , 'location_class': , 'store_entry': 'swift'} {{(pid=102304) register_scheme_map /opt/stack/data/venv/lib/python3.12/site-packages/glance_store/location.py:146}}
Jun 04 09:30:40.748959 np0000002120 devstack@g-api.service[102304]: DEBUG glance_store.location [None req-27d0d30c-103b-4375-a2b9-31dee8981dd3 tempest-ServerBootFromVolumeStableRescueTest-683824745 tempest-ServerBootFromVolumeStableRescueTest-683824745-project-member] Registering scheme swift+config with {'store': , 'location_class': , 'store_entry': 'swift'} {{(pid=102304) register_scheme_map /opt/stack/data/venv/lib/python3.12/site-packages/glance_store/location.py:146}}
Jun 04 09:30:40.750735 np0000002120 devstack@g-api.service[102304]: DEBUG keystoneclient.auth.identity.v3.base [None req-27d0d30c-103b-4375-a2b9-31dee8981dd3 tempest-ServerBootFromVolumeStableRescueTest-683824745 tempest-ServerBootFromVolumeStableRescueTest-683824745-project-member] Making authentication request to https://10.4.3.251/identity/v3/auth/tokens {{(pid=102304) get_auth_ref /opt/stack/data/venv/lib/python3.12/site-packages/keystoneclient/auth/identity/v3/base.py:185}}
Jun 04 09:30:40.849968 np0000002120 devstack@g-api.service[102304]: DEBUG keystoneclient.auth.identity.v3.base [None req-27d0d30c-103b-4375-a2b9-31dee8981dd3 tempest-ServerBootFromVolumeStableRescueTest-683824745 tempest-ServerBootFromVolumeStableRescueTest-683824745-project-member] {"token": {"methods": ["password"], "user": {"domain": {"id": "default", "name": "Default"}, "id": "687eac07842842688f2a2ca76a802a03", "name": "glance-swift", "password_expires_at": null}, "audit_ids": ["OMGnZI7cSAuMX_9mK00j-A"], "expires_at": "2026-06-04T10:30:40.000000Z", "issued_at": "2026-06-04T09:30:40.000000Z", "project": {"domain": {"id": "default", "name": "Default"}, "id": "bb05a785c83b46a4aebc9573bf3773fc", "name": "service"}, "is_domain": false, "roles": [{"id": "b46baada3ad545e1a27adc2eb4a3ff78", "name": "ResellerAdmin"}, {"id": "7ad971c706624b648d3dedf121bae193", "name": "service"}], "catalog": [{"endpoints": [{"id": "c582b1a1f3f445f1b47554e981d36dd8", "interface": "public", "region_id": "RegionOne", "url": "https://10.4.3.251/placement", "region": "RegionOne"}], "id": "20c8ef485dfd4e4f9e5bf32a6da3a629", "type": "placement", "name": "placement"}, {"endpoints": [{"id": "11075bfe32cd4126b3fd9a4ae56911a4", "interface": "public", "region_id": "RegionOne", "url": "https://10.4.3.251:8080/v1/AUTH_bb05a785c83b46a4aebc9573bf3773fc", "region": "RegionOne"}, {"id": "2e7897fb84724c4083084059bfde4b2b", "interface": "admin", "region_id": "RegionOne", "url": "https://10.4.3.251:8080", "region": "RegionOne"}], "id": "21966f5768a14293b66fb435414037b4", "type": "object-store", "name": "swift"}, {"endpoints": [{"id": "4136414bef62425da7f4d98177aad92b", "interface": "public", "region_id": "RegionOne", "url": "https://10.4.3.251/compute/v2/bb05a785c83b46a4aebc9573bf3773fc", "region": "RegionOne"}], "id": "40ed7132097e46e0b5e7a74a89d15c04", "type": "compute_legacy", "name": "nova_legacy"}, {"endpoints": [{"id": "22d6d26e2f324236bb98c5b25f68e833", "interface": "public", "region_id": "RegionOne", "url": "https://10.4.3.251/image", "region": "RegionOne"}], "id": "59b7d4702c304db99fde1a7958d69ddc", "type": "image", "name": "glance"}, {"endpoints": [{"id": "64f7415c8450416682d281dc0a429e9b", "interface": "public", "region_id": "RegionOne", "url": "https://10.4.3.251/networking", "region": "RegionOne"}], "id": "6e86228f82e94681bf102b22a5577da5", "type": "network", "name": "neutron"}, {"endpoints": [{"id": "9eacad4340ea468aa61dbfff39914758", "interface": "public", "region_id": "RegionOne", "url": "https://10.4.3.251/volume/v3", "region": "RegionOne"}], "id": "8399c4520ff348c2b0a615571a8aeda0", "type": "block-storage", "name": "cinder"}, {"endpoints": [{"id": "281f3e822d624ac3beea7c3753170de0", "interface": "public", "region_id": "RegionOne", "url": "https://10.4.3.251/compute/v2.1", "region": "RegionOne"}], "id": "cc46cf3e1b824a95a8c12db5b8fbc17c", "type": "compute", "name": "nova"}, {"endpoints": [{"id": "38c482c6684f45fb913fbfcec567e53c", "interface": "public", "region_id": "RegionOne", "url": "https://10.4.3.251/identity", "region": "RegionOne"}], "id": "cdbfaaf6a8704c11a21b6b989ee6d507", "type": "identity", "name": "keystone"}]}} {{(pid=102304) get_auth_ref /opt/stack/data/venv/lib/python3.12/site-packages/keystoneclient/auth/identity/v3/base.py:190}}
Jun 04 09:30:40.850288 np0000002120 devstack@g-api.service[102304]: DEBUG keystoneclient.httpclient [None req-27d0d30c-103b-4375-a2b9-31dee8981dd3 tempest-ServerBootFromVolumeStableRescueTest-683824745 tempest-ServerBootFromVolumeStableRescueTest-683824745-project-member] Failed to find endpoint for management url admin endpoint for identity service not found {{(pid=102304) _process_management_url /opt/stack/data/venv/lib/python3.12/site-packages/keystoneclient/httpclient.py:670}}
Jun 04 09:30:40.943018 np0000002120 devstack@g-api.service[102303]: DEBUG glance.api.middleware.version_negotiation [None req-66a3a9fd-9217-45f9-bee8-91e2bced76a1 tempest-VolumesGetTest-1252263021 tempest-VolumesGetTest-1252263021-project-member] Determining version of request: GET /versions Accept: */* {{(pid=102303) process_request /opt/stack/glance/glance/api/middleware/version_negotiation.py:44}}
Jun 04 09:30:40.943692 np0000002120 devstack@g-api.service[102303]: [pid: 102303|app: 0|req: 98/286] 127.0.0.1 () {44 vars in 1039 bytes} [Thu Jun 4 09:30:40 2026] GET /versions => generated 1407 bytes in 1 msecs (HTTP/1.1 200) 3 headers in 92 bytes (1 switches on core 0)
Jun 04 09:30:40.948470 np0000002120 devstack@g-api.service[102304]: DEBUG swiftclient [None req-27d0d30c-103b-4375-a2b9-31dee8981dd3 tempest-ServerBootFromVolumeStableRescueTest-683824745 tempest-ServerBootFromVolumeStableRescueTest-683824745-project-member] REQ: curl -i https://10.4.3.251:8080/v1/AUTH_bb05a785c83b46a4aebc9573bf3773fc/glance/9bafcb29-2b65-40c9-ba76-0e2a62224daa -I -H "X-Auth-Token: gAAAAABqIUXAn-P4..." {{(pid=102304) http_log /opt/stack/data/venv/lib/python3.12/site-packages/swiftclient/client.py:160}}
Jun 04 09:30:40.948609 np0000002120 devstack@g-api.service[102304]: DEBUG swiftclient [None req-27d0d30c-103b-4375-a2b9-31dee8981dd3 tempest-ServerBootFromVolumeStableRescueTest-683824745 tempest-ServerBootFromVolumeStableRescueTest-683824745-project-member] RESP STATUS: 200 OK {{(pid=102304) http_log /opt/stack/data/venv/lib/python3.12/site-packages/swiftclient/client.py:161}}
Jun 04 09:30:40.948809 np0000002120 devstack@g-api.service[102304]: DEBUG swiftclient [None req-27d0d30c-103b-4375-a2b9-31dee8981dd3 tempest-ServerBootFromVolumeStableRescueTest-683824745 tempest-ServerBootFromVolumeStableRescueTest-683824745-project-member] RESP HEADERS: {'Date': 'Thu, 04 Jun 2026 09:30:40 GMT', 'Server': 'Apache/2.4.58 (Ubuntu)', 'Content-Type': 'application/octet-stream', 'Content-Length': '23527424', 'X-Object-Manifest': 'glance/9bafcb29-2b65-40c9-ba76-0e2a62224daa-', 'Last-Modified': 'Thu, 04 Jun 2026 09:28:10 GMT', 'X-Timestamp': '1780565289.54331', 'Accept-Ranges': 'bytes', 'Etag': '"9c424351ecc3b84373f916fa8ecd34a2"', 'X-Trans-Id': 'tx08de9945a2f9437598002-006a2145c0', 'X-Openstack-Request-Id': 'tx08de9945a2f9437598002-006a2145c0', 'Connection': 'close'} {{(pid=102304) http_log /opt/stack/data/venv/lib/python3.12/site-packages/swiftclient/client.py:162}}
Jun 04 09:30:40.949466 np0000002120 devstack@g-api.service[102305]: DEBUG glance.api.middleware.version_negotiation [None req-66a3a9fd-9217-45f9-bee8-91e2bced76a1 tempest-VolumesGetTest-1252263021 tempest-VolumesGetTest-1252263021-project-member] Determining version of request: GET /v2/images/bb70d589-e72b-4ba2-9c1f-aca25d7a85b1/locations Accept: */* {{(pid=102305) process_request /opt/stack/glance/glance/api/middleware/version_negotiation.py:44}}
Jun 04 09:30:40.949595 np0000002120 devstack@g-api.service[102305]: DEBUG glance.api.middleware.version_negotiation [None req-66a3a9fd-9217-45f9-bee8-91e2bced76a1 tempest-VolumesGetTest-1252263021 tempest-VolumesGetTest-1252263021-project-member] Using url versioning {{(pid=102305) process_request /opt/stack/glance/glance/api/middleware/version_negotiation.py:57}}
Jun 04 09:30:40.949718 np0000002120 devstack@g-api.service[102305]: DEBUG glance.api.middleware.version_negotiation [None req-66a3a9fd-9217-45f9-bee8-91e2bced76a1 tempest-VolumesGetTest-1252263021 tempest-VolumesGetTest-1252263021-project-member] Matched version: v2 {{(pid=102305) process_request /opt/stack/glance/glance/api/middleware/version_negotiation.py:69}}
Jun 04 09:30:40.949804 np0000002120 devstack@g-api.service[102305]: DEBUG glance.api.middleware.version_negotiation [None req-66a3a9fd-9217-45f9-bee8-91e2bced76a1 tempest-VolumesGetTest-1252263021 tempest-VolumesGetTest-1252263021-project-member] new path /v2/images/bb70d589-e72b-4ba2-9c1f-aca25d7a85b1/locations {{(pid=102305) process_request /opt/stack/glance/glance/api/middleware/version_negotiation.py:70}}
Jun 04 09:30:40.965568 np0000002120 devstack@g-api.service[102304]: DEBUG swiftclient [None req-27d0d30c-103b-4375-a2b9-31dee8981dd3 tempest-ServerBootFromVolumeStableRescueTest-683824745 tempest-ServerBootFromVolumeStableRescueTest-683824745-project-member] REQ: curl -i https://10.4.3.251:8080/v1/AUTH_bb05a785c83b46a4aebc9573bf3773fc/glance?format=json&prefix=9bafcb29-2b65-40c9-ba76-0e2a62224daa- -X GET -H "X-Auth-Token: gAAAAABqIUXAn-P4..." -H "Accept-Encoding: gzip" {{(pid=102304) http_log /opt/stack/data/venv/lib/python3.12/site-packages/swiftclient/client.py:160}}
Jun 04 09:30:40.965719 np0000002120 devstack@g-api.service[102304]: DEBUG swiftclient [None req-27d0d30c-103b-4375-a2b9-31dee8981dd3 tempest-ServerBootFromVolumeStableRescueTest-683824745 tempest-ServerBootFromVolumeStableRescueTest-683824745-project-member] RESP STATUS: 200 OK {{(pid=102304) http_log /opt/stack/data/venv/lib/python3.12/site-packages/swiftclient/client.py:161}}
Jun 04 09:30:40.965896 np0000002120 devstack@g-api.service[102304]: DEBUG swiftclient [None req-27d0d30c-103b-4375-a2b9-31dee8981dd3 tempest-ServerBootFromVolumeStableRescueTest-683824745 tempest-ServerBootFromVolumeStableRescueTest-683824745-project-member] RESP HEADERS: {'Date': 'Thu, 04 Jun 2026 09:30:40 GMT', 'Server': 'Apache/2.4.58 (Ubuntu)', 'Content-Type': 'application/json; charset=utf-8', 'Content-Length': '210', 'X-Container-Object-Count': '5', 'X-Container-Bytes-Used': '87883776', 'X-Timestamp': '1780565073.78750', 'Last-Modified': 'Thu, 04 Jun 2026 09:24:34 GMT', 'Accept-Ranges': 'bytes', 'X-Storage-Policy': 'Policy-0', 'X-Container-Sharding': 'False', 'X-Trans-Id': 'txfdf1ba7c322644bc8cd47-006a2145c0', 'X-Openstack-Request-Id': 'txfdf1ba7c322644bc8cd47-006a2145c0', 'Connection': 'close'} {{(pid=102304) http_log /opt/stack/data/venv/lib/python3.12/site-packages/swiftclient/client.py:162}}
Jun 04 09:30:40.966082 np0000002120 devstack@g-api.service[102304]: DEBUG swiftclient [None req-27d0d30c-103b-4375-a2b9-31dee8981dd3 tempest-ServerBootFromVolumeStableRescueTest-683824745 tempest-ServerBootFromVolumeStableRescueTest-683824745-project-member] RESP BODY: b'[{"bytes": 23527424, "hash": "4fa343ee581d8d2e78533191fd1ac3e1", "name": "9bafcb29-2b65-40c9-ba76-0e2a62224daa-00001", "content_type": "application/octet-stream", "last_modified": "2026-06-04T09:28:09.282820"}]' {{(pid=102304) http_log /opt/stack/data/venv/lib/python3.12/site-packages/swiftclient/client.py:166}}
Jun 04 09:30:40.986125 np0000002120 devstack@g-api.service[102304]: DEBUG swiftclient [None req-27d0d30c-103b-4375-a2b9-31dee8981dd3 tempest-ServerBootFromVolumeStableRescueTest-683824745 tempest-ServerBootFromVolumeStableRescueTest-683824745-project-member] REQ: curl -i https://10.4.3.251:8080/v1/AUTH_bb05a785c83b46a4aebc9573bf3773fc/glance/9bafcb29-2b65-40c9-ba76-0e2a62224daa-00001 DELETE -H "X-Auth-Token: gAAAAABqIUXAn-P4..." {{(pid=102304) http_log /opt/stack/data/venv/lib/python3.12/site-packages/swiftclient/client.py:160}}
Jun 04 09:30:40.986295 np0000002120 devstack@g-api.service[102304]: DEBUG swiftclient [None req-27d0d30c-103b-4375-a2b9-31dee8981dd3 tempest-ServerBootFromVolumeStableRescueTest-683824745 tempest-ServerBootFromVolumeStableRescueTest-683824745-project-member] RESP STATUS: 204 No Content {{(pid=102304) http_log /opt/stack/data/venv/lib/python3.12/site-packages/swiftclient/client.py:161}}
Jun 04 09:30:40.986349 np0000002120 devstack@g-api.service[102304]: DEBUG swiftclient [None req-27d0d30c-103b-4375-a2b9-31dee8981dd3 tempest-ServerBootFromVolumeStableRescueTest-683824745 tempest-ServerBootFromVolumeStableRescueTest-683824745-project-member] RESP HEADERS: {'Date': 'Thu, 04 Jun 2026 09:30:40 GMT', 'Server': 'Apache/2.4.58 (Ubuntu)', 'Content-Type': 'text/html; charset=UTF-8', 'X-Trans-Id': 'tx34a88758e1d14b5ca64cc-006a2145c0', 'X-Openstack-Request-Id': 'tx34a88758e1d14b5ca64cc-006a2145c0', 'Connection': 'close'} {{(pid=102304) http_log /opt/stack/data/venv/lib/python3.12/site-packages/swiftclient/client.py:162}}
Jun 04 09:30:40.991651 np0000002120 devstack@g-api.service[102305]: [pid: 102305|app: 0|req: 98/287] 127.0.0.1 () {44 vars in 1135 bytes} [Thu Jun 4 09:30:40 2026] GET /v2/images/bb70d589-e72b-4ba2-9c1f-aca25d7a85b1/locations => generated 92 bytes in 42 msecs (HTTP/1.1 200) 4 headers in 156 bytes (1 switches on core 0)
Jun 04 09:30:40.999606 np0000002120 devstack@g-api.service[102303]: DEBUG glance.api.middleware.version_negotiation [None req-66a3a9fd-9217-45f9-bee8-91e2bced76a1 tempest-VolumesGetTest-1252263021 tempest-VolumesGetTest-1252263021-project-member] Determining version of request: GET /v2/images/bb70d589-e72b-4ba2-9c1f-aca25d7a85b1 Accept: */* {{(pid=102303) process_request /opt/stack/glance/glance/api/middleware/version_negotiation.py:44}}
Jun 04 09:30:41.000013 np0000002120 devstack@g-api.service[102303]: DEBUG glance.api.middleware.version_negotiation [None req-66a3a9fd-9217-45f9-bee8-91e2bced76a1 tempest-VolumesGetTest-1252263021 tempest-VolumesGetTest-1252263021-project-member] Using url versioning {{(pid=102303) process_request /opt/stack/glance/glance/api/middleware/version_negotiation.py:57}}
Jun 04 09:30:41.000013 np0000002120 devstack@g-api.service[102303]: DEBUG glance.api.middleware.version_negotiation [None req-66a3a9fd-9217-45f9-bee8-91e2bced76a1 tempest-VolumesGetTest-1252263021 tempest-VolumesGetTest-1252263021-project-member] Matched version: v2 {{(pid=102303) process_request /opt/stack/glance/glance/api/middleware/version_negotiation.py:69}}
Jun 04 09:30:41.000013 np0000002120 devstack@g-api.service[102303]: DEBUG glance.api.middleware.version_negotiation [None req-66a3a9fd-9217-45f9-bee8-91e2bced76a1 tempest-VolumesGetTest-1252263021 tempest-VolumesGetTest-1252263021-project-member] new path /v2/images/bb70d589-e72b-4ba2-9c1f-aca25d7a85b1 {{(pid=102303) process_request /opt/stack/glance/glance/api/middleware/version_negotiation.py:70}}
Jun 04 09:30:41.007103 np0000002120 devstack@g-api.service[102304]: DEBUG swiftclient [None req-27d0d30c-103b-4375-a2b9-31dee8981dd3 tempest-ServerBootFromVolumeStableRescueTest-683824745 tempest-ServerBootFromVolumeStableRescueTest-683824745-project-member] REQ: curl -i https://10.4.3.251:8080/v1/AUTH_bb05a785c83b46a4aebc9573bf3773fc/glance/9bafcb29-2b65-40c9-ba76-0e2a62224daa DELETE -H "X-Auth-Token: gAAAAABqIUXAn-P4..." {{(pid=102304) http_log /opt/stack/data/venv/lib/python3.12/site-packages/swiftclient/client.py:160}}
Jun 04 09:30:41.007237 np0000002120 devstack@g-api.service[102304]: DEBUG swiftclient [None req-27d0d30c-103b-4375-a2b9-31dee8981dd3 tempest-ServerBootFromVolumeStableRescueTest-683824745 tempest-ServerBootFromVolumeStableRescueTest-683824745-project-member] RESP STATUS: 204 No Content {{(pid=102304) http_log /opt/stack/data/venv/lib/python3.12/site-packages/swiftclient/client.py:161}}
Jun 04 09:30:41.007331 np0000002120 devstack@g-api.service[102304]: DEBUG swiftclient [None req-27d0d30c-103b-4375-a2b9-31dee8981dd3 tempest-ServerBootFromVolumeStableRescueTest-683824745 tempest-ServerBootFromVolumeStableRescueTest-683824745-project-member] RESP HEADERS: {'Date': 'Thu, 04 Jun 2026 09:30:41 GMT', 'Server': 'Apache/2.4.58 (Ubuntu)', 'Content-Type': 'text/html; charset=UTF-8', 'X-Trans-Id': 'txd00449670c6a49f28bf67-006a2145c0', 'X-Openstack-Request-Id': 'txd00449670c6a49f28bf67-006a2145c0', 'Connection': 'close'} {{(pid=102304) http_log /opt/stack/data/venv/lib/python3.12/site-packages/swiftclient/client.py:162}}
Jun 04 09:30:41.009422 np0000002120 devstack@g-api.service[102303]: [pid: 102303|app: 0|req: 99/288] 127.0.0.1 () {44 vars in 1115 bytes} [Thu Jun 4 09:30:40 2026] GET /v2/images/bb70d589-e72b-4ba2-9c1f-aca25d7a85b1 => generated 1044 bytes in 10 msecs (HTTP/1.1 200) 4 headers in 158 bytes (1 switches on core 0)
Jun 04 09:30:41.019400 np0000002120 devstack@g-api.service[102305]: DEBUG glance.api.middleware.version_negotiation [None req-66a3a9fd-9217-45f9-bee8-91e2bced76a1 service glance] Determining version of request: GET /v2/schemas/image Accept: */* {{(pid=102305) process_request /opt/stack/glance/glance/api/middleware/version_negotiation.py:44}}
Jun 04 09:30:41.019607 np0000002120 devstack@g-api.service[102305]: DEBUG glance.api.middleware.version_negotiation [None req-66a3a9fd-9217-45f9-bee8-91e2bced76a1 service glance] Using url versioning {{(pid=102305) process_request /opt/stack/glance/glance/api/middleware/version_negotiation.py:57}}
Jun 04 09:30:41.019746 np0000002120 devstack@g-api.service[102305]: DEBUG glance.api.middleware.version_negotiation [None req-66a3a9fd-9217-45f9-bee8-91e2bced76a1 service glance] Matched version: v2 {{(pid=102305) process_request /opt/stack/glance/glance/api/middleware/version_negotiation.py:69}}
Jun 04 09:30:41.019877 np0000002120 devstack@g-api.service[102305]: DEBUG glance.api.middleware.version_negotiation [None req-66a3a9fd-9217-45f9-bee8-91e2bced76a1 service glance] new path /v2/schemas/image {{(pid=102305) process_request /opt/stack/glance/glance/api/middleware/version_negotiation.py:70}}
Jun 04 09:30:41.022831 np0000002120 devstack@g-api.service[102305]: [pid: 102305|app: 0|req: 99/289] 127.0.0.1 () {44 vars in 1055 bytes} [Thu Jun 4 09:30:41 2026] GET /v2/schemas/image => generated 6083 bytes in 3 msecs (HTTP/1.1 200) 4 headers in 158 bytes (1 switches on core 0)
Jun 04 09:30:41.033291 np0000002120 devstack@g-api.service[102303]: DEBUG glance.api.middleware.version_negotiation [None req-66a3a9fd-9217-45f9-bee8-91e2bced76a1 tempest-VolumesGetTest-1252263021 tempest-VolumesGetTest-1252263021-project-member] Determining version of request: GET /v2/schemas/image Accept: */* {{(pid=102303) process_request /opt/stack/glance/glance/api/middleware/version_negotiation.py:44}}
Jun 04 09:30:41.033291 np0000002120 devstack@g-api.service[102303]: DEBUG glance.api.middleware.version_negotiation [None req-66a3a9fd-9217-45f9-bee8-91e2bced76a1 tempest-VolumesGetTest-1252263021 tempest-VolumesGetTest-1252263021-project-member] Using url versioning {{(pid=102303) process_request /opt/stack/glance/glance/api/middleware/version_negotiation.py:57}}
Jun 04 09:30:41.033610 np0000002120 devstack@g-api.service[102303]: DEBUG glance.api.middleware.version_negotiation [None req-66a3a9fd-9217-45f9-bee8-91e2bced76a1 tempest-VolumesGetTest-1252263021 tempest-VolumesGetTest-1252263021-project-member] Matched version: v2 {{(pid=102303) process_request /opt/stack/glance/glance/api/middleware/version_negotiation.py:69}}
Jun 04 09:30:41.033610 np0000002120 devstack@g-api.service[102303]: DEBUG glance.api.middleware.version_negotiation [None req-66a3a9fd-9217-45f9-bee8-91e2bced76a1 tempest-VolumesGetTest-1252263021 tempest-VolumesGetTest-1252263021-project-member] new path /v2/schemas/image {{(pid=102303) process_request /opt/stack/glance/glance/api/middleware/version_negotiation.py:70}}
Jun 04 09:30:41.035926 np0000002120 devstack@g-api.service[102303]: [pid: 102303|app: 0|req: 100/290] 127.0.0.1 () {44 vars in 1055 bytes} [Thu Jun 4 09:30:41 2026] GET /v2/schemas/image => generated 6083 bytes in 3 msecs (HTTP/1.1 200) 4 headers in 158 bytes (1 switches on core 0)
Jun 04 09:30:41.101021 np0000002120 devstack@g-api.service[102304]: DEBUG glance.api.middleware.cache [None req-27d0d30c-103b-4375-a2b9-31dee8981dd3 tempest-ServerBootFromVolumeStableRescueTest-683824745 tempest-ServerBootFromVolumeStableRescueTest-683824745-project-member] Removing image 9bafcb29-2b65-40c9-ba76-0e2a62224daa from cache {{(pid=102304) _process_DELETE_response /opt/stack/glance/glance/api/middleware/cache.py:264}}
Jun 04 09:30:41.101195 np0000002120 devstack@g-api.service[102304]: DEBUG glance.image_cache.drivers.centralized_db [None req-27d0d30c-103b-4375-a2b9-31dee8981dd3 tempest-ServerBootFromVolumeStableRescueTest-683824745 tempest-ServerBootFromVolumeStableRescueTest-683824745-project-member] Deleting image cache file '/opt/stack/data/glance/cache/9bafcb29-2b65-40c9-ba76-0e2a62224daa' {{(pid=102304) delete_cached_file /opt/stack/glance/glance/image_cache/drivers/centralized_db.py:395}}
Jun 04 09:30:41.113296 np0000002120 devstack@g-api.service[102304]: [pid: 102304|app: 0|req: 92/291] 127.0.0.1 () {40 vars in 841 bytes} [Thu Jun 4 09:30:40 2026] DELETE /v2/images/9bafcb29-2b65-40c9-ba76-0e2a62224daa => generated 0 bytes in 392 msecs (HTTP/1.1 204) 4 headers in 171 bytes (1 switches on core 0)
Jun 04 09:30:50.987930 np0000002120 devstack@g-api.service[102305]: DEBUG dbcounter [-] [102305] Writing DB stats glance:SELECT=12 {{(pid=102305) stat_writer /opt/stack/data/venv/lib/python3.12/site-packages/dbcounter.py:115}}
Jun 04 09:30:51.006891 np0000002120 devstack@g-api.service[102303]: DEBUG dbcounter [-] [102303] Writing DB stats glance:SELECT=10 {{(pid=102303) stat_writer /opt/stack/data/venv/lib/python3.12/site-packages/dbcounter.py:115}}
Jun 04 09:30:51.111006 np0000002120 devstack@g-api.service[102304]: DEBUG dbcounter [-] [102304] Writing DB stats glance:SELECT=36,glance:UPDATE=27,glance:DELETE=1 {{(pid=102304) stat_writer /opt/stack/data/venv/lib/python3.12/site-packages/dbcounter.py:115}}
Jun 04 09:30:54.151320 np0000002120 devstack@g-api.service[102305]: DEBUG glance.api.middleware.version_negotiation [None req-66a3a9fd-9217-45f9-bee8-91e2bced76a1 tempest-VolumesGetTest-1252263021 tempest-VolumesGetTest-1252263021-project-member] Determining version of request: GET /v2/images/a3a1e5c5-c3ae-453f-911f-ef772a05ec54 Accept: */* {{(pid=102305) process_request /opt/stack/glance/glance/api/middleware/version_negotiation.py:44}}
Jun 04 09:30:54.152304 np0000002120 devstack@g-api.service[102305]: DEBUG glance.api.middleware.version_negotiation [None req-66a3a9fd-9217-45f9-bee8-91e2bced76a1 tempest-VolumesGetTest-1252263021 tempest-VolumesGetTest-1252263021-project-member] Using url versioning {{(pid=102305) process_request /opt/stack/glance/glance/api/middleware/version_negotiation.py:57}}
Jun 04 09:30:54.152304 np0000002120 devstack@g-api.service[102305]: DEBUG glance.api.middleware.version_negotiation [None req-66a3a9fd-9217-45f9-bee8-91e2bced76a1 tempest-VolumesGetTest-1252263021 tempest-VolumesGetTest-1252263021-project-member] Matched version: v2 {{(pid=102305) process_request /opt/stack/glance/glance/api/middleware/version_negotiation.py:69}}
Jun 04 09:30:54.152304 np0000002120 devstack@g-api.service[102305]: DEBUG glance.api.middleware.version_negotiation [None req-66a3a9fd-9217-45f9-bee8-91e2bced76a1 tempest-VolumesGetTest-1252263021 tempest-VolumesGetTest-1252263021-project-member] new path /v2/images/a3a1e5c5-c3ae-453f-911f-ef772a05ec54 {{(pid=102305) process_request /opt/stack/glance/glance/api/middleware/version_negotiation.py:70}}
Jun 04 09:30:54.164027 np0000002120 devstack@g-api.service[102305]: [pid: 102305|app: 0|req: 100/292] 127.0.0.1 () {44 vars in 1115 bytes} [Thu Jun 4 09:30:54 2026] GET /v2/images/a3a1e5c5-c3ae-453f-911f-ef772a05ec54 => generated 1044 bytes in 13 msecs (HTTP/1.1 200) 4 headers in 158 bytes (1 switches on core 0)
Jun 04 09:30:54.201445 np0000002120 devstack@g-api.service[102303]: DEBUG glance.api.middleware.version_negotiation [None req-66a3a9fd-9217-45f9-bee8-91e2bced76a1 tempest-VolumesGetTest-1252263021 tempest-VolumesGetTest-1252263021-project-member] Determining version of request: GET /v2/schemas/image Accept: */* {{(pid=102303) process_request /opt/stack/glance/glance/api/middleware/version_negotiation.py:44}}
Jun 04 09:30:54.201775 np0000002120 devstack@g-api.service[102303]: DEBUG glance.api.middleware.version_negotiation [None req-66a3a9fd-9217-45f9-bee8-91e2bced76a1 tempest-VolumesGetTest-1252263021 tempest-VolumesGetTest-1252263021-project-member] Using url versioning {{(pid=102303) process_request /opt/stack/glance/glance/api/middleware/version_negotiation.py:57}}
Jun 04 09:30:54.201775 np0000002120 devstack@g-api.service[102303]: DEBUG glance.api.middleware.version_negotiation [None req-66a3a9fd-9217-45f9-bee8-91e2bced76a1 tempest-VolumesGetTest-1252263021 tempest-VolumesGetTest-1252263021-project-member] Matched version: v2 {{(pid=102303) process_request /opt/stack/glance/glance/api/middleware/version_negotiation.py:69}}
Jun 04 09:30:54.201775 np0000002120 devstack@g-api.service[102303]: DEBUG glance.api.middleware.version_negotiation [None req-66a3a9fd-9217-45f9-bee8-91e2bced76a1 tempest-VolumesGetTest-1252263021 tempest-VolumesGetTest-1252263021-project-member] new path /v2/schemas/image {{(pid=102303) process_request /opt/stack/glance/glance/api/middleware/version_negotiation.py:70}}
Jun 04 09:30:54.204219 np0000002120 devstack@g-api.service[102303]: [pid: 102303|app: 0|req: 101/293] 127.0.0.1 () {44 vars in 1055 bytes} [Thu Jun 4 09:30:54 2026] GET /v2/schemas/image => generated 6083 bytes in 3 msecs (HTTP/1.1 200) 4 headers in 158 bytes (1 switches on core 0)
Jun 04 09:30:54.590639 np0000002120 devstack@g-api.service[102304]: DEBUG glance.api.middleware.version_negotiation [None req-27d0d30c-103b-4375-a2b9-31dee8981dd3 tempest-ServerBootFromVolumeStableRescueTest-683824745 tempest-ServerBootFromVolumeStableRescueTest-683824745-project-member] Determining version of request: GET /v2/images/a3a1e5c5-c3ae-453f-911f-ef772a05ec54 Accept: */* {{(pid=102304) process_request /opt/stack/glance/glance/api/middleware/version_negotiation.py:44}}
Jun 04 09:30:54.590639 np0000002120 devstack@g-api.service[102304]: DEBUG glance.api.middleware.version_negotiation [None req-27d0d30c-103b-4375-a2b9-31dee8981dd3 tempest-ServerBootFromVolumeStableRescueTest-683824745 tempest-ServerBootFromVolumeStableRescueTest-683824745-project-member] Using url versioning {{(pid=102304) process_request /opt/stack/glance/glance/api/middleware/version_negotiation.py:57}}
Jun 04 09:30:54.590639 np0000002120 devstack@g-api.service[102304]: DEBUG glance.api.middleware.version_negotiation [None req-27d0d30c-103b-4375-a2b9-31dee8981dd3 tempest-ServerBootFromVolumeStableRescueTest-683824745 tempest-ServerBootFromVolumeStableRescueTest-683824745-project-member] Matched version: v2 {{(pid=102304) process_request /opt/stack/glance/glance/api/middleware/version_negotiation.py:69}}
Jun 04 09:30:54.590639 np0000002120 devstack@g-api.service[102304]: DEBUG glance.api.middleware.version_negotiation [None req-27d0d30c-103b-4375-a2b9-31dee8981dd3 tempest-ServerBootFromVolumeStableRescueTest-683824745 tempest-ServerBootFromVolumeStableRescueTest-683824745-project-member] new path /v2/images/a3a1e5c5-c3ae-453f-911f-ef772a05ec54 {{(pid=102304) process_request /opt/stack/glance/glance/api/middleware/version_negotiation.py:70}}
Jun 04 09:30:54.611367 np0000002120 devstack@g-api.service[102304]: [pid: 102304|app: 0|req: 93/294] 127.0.0.1 () {44 vars in 1115 bytes} [Thu Jun 4 09:30:54 2026] GET /v2/images/a3a1e5c5-c3ae-453f-911f-ef772a05ec54 => generated 1044 bytes in 21 msecs (HTTP/1.1 200) 4 headers in 158 bytes (1 switches on core 0)
Jun 04 09:30:54.654636 np0000002120 devstack@g-api.service[102305]: DEBUG glance.api.middleware.version_negotiation [None req-f41c5720-79b8-400d-9dd7-c751345d9520 tempest-ServerActionsTestOtherA-619402502 tempest-ServerActionsTestOtherA-619402502-project-member] Determining version of request: GET /v2/schemas/image Accept: */* {{(pid=102305) process_request /opt/stack/glance/glance/api/middleware/version_negotiation.py:44}}
Jun 04 09:30:54.654826 np0000002120 devstack@g-api.service[102305]: DEBUG glance.api.middleware.version_negotiation [None req-f41c5720-79b8-400d-9dd7-c751345d9520 tempest-ServerActionsTestOtherA-619402502 tempest-ServerActionsTestOtherA-619402502-project-member] Using url versioning {{(pid=102305) process_request /opt/stack/glance/glance/api/middleware/version_negotiation.py:57}}
Jun 04 09:30:54.654991 np0000002120 devstack@g-api.service[102305]: DEBUG glance.api.middleware.version_negotiation [None req-f41c5720-79b8-400d-9dd7-c751345d9520 tempest-ServerActionsTestOtherA-619402502 tempest-ServerActionsTestOtherA-619402502-project-member] Matched version: v2 {{(pid=102305) process_request /opt/stack/glance/glance/api/middleware/version_negotiation.py:69}}
Jun 04 09:30:54.655117 np0000002120 devstack@g-api.service[102305]: DEBUG glance.api.middleware.version_negotiation [None req-f41c5720-79b8-400d-9dd7-c751345d9520 tempest-ServerActionsTestOtherA-619402502 tempest-ServerActionsTestOtherA-619402502-project-member] new path /v2/schemas/image {{(pid=102305) process_request /opt/stack/glance/glance/api/middleware/version_negotiation.py:70}}
Jun 04 09:30:54.658408 np0000002120 devstack@g-api.service[102305]: [pid: 102305|app: 0|req: 101/295] 127.0.0.1 () {44 vars in 1055 bytes} [Thu Jun 4 09:30:54 2026] GET /v2/schemas/image => generated 6083 bytes in 4 msecs (HTTP/1.1 200) 4 headers in 158 bytes (1 switches on core 0)
Jun 04 09:30:55.761821 np0000002120 devstack@g-api.service[102303]: DEBUG glance.api.middleware.version_negotiation [None req-f41c5720-79b8-400d-9dd7-c751345d9520 tempest-ServerActionsTestOtherA-619402502 tempest-ServerActionsTestOtherA-619402502-project-member] Determining version of request: GET /v2/images/a3a1e5c5-c3ae-453f-911f-ef772a05ec54 Accept: */* {{(pid=102303) process_request /opt/stack/glance/glance/api/middleware/version_negotiation.py:44}}
Jun 04 09:30:55.762141 np0000002120 devstack@g-api.service[102303]: DEBUG glance.api.middleware.version_negotiation [None req-f41c5720-79b8-400d-9dd7-c751345d9520 tempest-ServerActionsTestOtherA-619402502 tempest-ServerActionsTestOtherA-619402502-project-member] Using url versioning {{(pid=102303) process_request /opt/stack/glance/glance/api/middleware/version_negotiation.py:57}}
Jun 04 09:30:55.762141 np0000002120 devstack@g-api.service[102303]: DEBUG glance.api.middleware.version_negotiation [None req-f41c5720-79b8-400d-9dd7-c751345d9520 tempest-ServerActionsTestOtherA-619402502 tempest-ServerActionsTestOtherA-619402502-project-member] Matched version: v2 {{(pid=102303) process_request /opt/stack/glance/glance/api/middleware/version_negotiation.py:69}}
Jun 04 09:30:55.762240 np0000002120 devstack@g-api.service[102303]: DEBUG glance.api.middleware.version_negotiation [None req-f41c5720-79b8-400d-9dd7-c751345d9520 tempest-ServerActionsTestOtherA-619402502 tempest-ServerActionsTestOtherA-619402502-project-member] new path /v2/images/a3a1e5c5-c3ae-453f-911f-ef772a05ec54 {{(pid=102303) process_request /opt/stack/glance/glance/api/middleware/version_negotiation.py:70}}
Jun 04 09:30:55.780240 np0000002120 devstack@g-api.service[102303]: [pid: 102303|app: 0|req: 102/296] 127.0.0.1 () {44 vars in 1115 bytes} [Thu Jun 4 09:30:55 2026] GET /v2/images/a3a1e5c5-c3ae-453f-911f-ef772a05ec54 => generated 1044 bytes in 15 msecs (HTTP/1.1 200) 4 headers in 158 bytes (1 switches on core 0)
Jun 04 09:30:55.817064 np0000002120 devstack@g-api.service[102304]: DEBUG glance.api.middleware.version_negotiation [None req-f41c5720-79b8-400d-9dd7-c751345d9520 tempest-ServerActionsTestOtherA-619402502 tempest-ServerActionsTestOtherA-619402502-project-member] Determining version of request: GET /v2/schemas/image Accept: */* {{(pid=102304) process_request /opt/stack/glance/glance/api/middleware/version_negotiation.py:44}}
Jun 04 09:30:55.817420 np0000002120 devstack@g-api.service[102304]: DEBUG glance.api.middleware.version_negotiation [None req-f41c5720-79b8-400d-9dd7-c751345d9520 tempest-ServerActionsTestOtherA-619402502 tempest-ServerActionsTestOtherA-619402502-project-member] Using url versioning {{(pid=102304) process_request /opt/stack/glance/glance/api/middleware/version_negotiation.py:57}}
Jun 04 09:30:55.817420 np0000002120 devstack@g-api.service[102304]: DEBUG glance.api.middleware.version_negotiation [None req-f41c5720-79b8-400d-9dd7-c751345d9520 tempest-ServerActionsTestOtherA-619402502 tempest-ServerActionsTestOtherA-619402502-project-member] Matched version: v2 {{(pid=102304) process_request /opt/stack/glance/glance/api/middleware/version_negotiation.py:69}}
Jun 04 09:30:55.817514 np0000002120 devstack@g-api.service[102304]: DEBUG glance.api.middleware.version_negotiation [None req-f41c5720-79b8-400d-9dd7-c751345d9520 tempest-ServerActionsTestOtherA-619402502 tempest-ServerActionsTestOtherA-619402502-project-member] new path /v2/schemas/image {{(pid=102304) process_request /opt/stack/glance/glance/api/middleware/version_negotiation.py:70}}
Jun 04 09:30:55.819977 np0000002120 devstack@g-api.service[102304]: [pid: 102304|app: 0|req: 94/297] 127.0.0.1 () {44 vars in 1055 bytes} [Thu Jun 4 09:30:55 2026] GET /v2/schemas/image => generated 6083 bytes in 3 msecs (HTTP/1.1 200) 4 headers in 158 bytes (1 switches on core 0)
Jun 04 09:31:01.052281 np0000002120 devstack@g-api.service[102305]: DEBUG glance.api.middleware.version_negotiation [None req-f41c5720-79b8-400d-9dd7-c751345d9520 tempest-ServerActionsTestOtherA-619402502 tempest-ServerActionsTestOtherA-619402502-project-member] Determining version of request: GET /v2/images/bb70d589-e72b-4ba2-9c1f-aca25d7a85b1 Accept: */* {{(pid=102305) process_request /opt/stack/glance/glance/api/middleware/version_negotiation.py:44}}
Jun 04 09:31:01.052281 np0000002120 devstack@g-api.service[102305]: DEBUG glance.api.middleware.version_negotiation [None req-f41c5720-79b8-400d-9dd7-c751345d9520 tempest-ServerActionsTestOtherA-619402502 tempest-ServerActionsTestOtherA-619402502-project-member] Using url versioning {{(pid=102305) process_request /opt/stack/glance/glance/api/middleware/version_negotiation.py:57}}
Jun 04 09:31:01.052281 np0000002120 devstack@g-api.service[102305]: DEBUG glance.api.middleware.version_negotiation [None req-f41c5720-79b8-400d-9dd7-c751345d9520 tempest-ServerActionsTestOtherA-619402502 tempest-ServerActionsTestOtherA-619402502-project-member] Matched version: v2 {{(pid=102305) process_request /opt/stack/glance/glance/api/middleware/version_negotiation.py:69}}
Jun 04 09:31:01.052281 np0000002120 devstack@g-api.service[102305]: DEBUG glance.api.middleware.version_negotiation [None req-f41c5720-79b8-400d-9dd7-c751345d9520 tempest-ServerActionsTestOtherA-619402502 tempest-ServerActionsTestOtherA-619402502-project-member] new path /v2/images/bb70d589-e72b-4ba2-9c1f-aca25d7a85b1 {{(pid=102305) process_request /opt/stack/glance/glance/api/middleware/version_negotiation.py:70}}
Jun 04 09:31:01.059283 np0000002120 devstack@g-api.service[102303]: DEBUG glance.api.middleware.version_negotiation [None req-f41c5720-79b8-400d-9dd7-c751345d9520 tempest-ServerActionsTestOtherA-619402502 tempest-ServerActionsTestOtherA-619402502-project-member] Determining version of request: GET /v2/images/bb70d589-e72b-4ba2-9c1f-aca25d7a85b1 Accept: */* {{(pid=102303) process_request /opt/stack/glance/glance/api/middleware/version_negotiation.py:44}}
Jun 04 09:31:01.059283 np0000002120 devstack@g-api.service[102303]: DEBUG glance.api.middleware.version_negotiation [None req-f41c5720-79b8-400d-9dd7-c751345d9520 tempest-ServerActionsTestOtherA-619402502 tempest-ServerActionsTestOtherA-619402502-project-member] Using url versioning {{(pid=102303) process_request /opt/stack/glance/glance/api/middleware/version_negotiation.py:57}}
Jun 04 09:31:01.059283 np0000002120 devstack@g-api.service[102303]: DEBUG glance.api.middleware.version_negotiation [None req-f41c5720-79b8-400d-9dd7-c751345d9520 tempest-ServerActionsTestOtherA-619402502 tempest-ServerActionsTestOtherA-619402502-project-member] Matched version: v2 {{(pid=102303) process_request /opt/stack/glance/glance/api/middleware/version_negotiation.py:69}}
Jun 04 09:31:01.059283 np0000002120 devstack@g-api.service[102303]: DEBUG glance.api.middleware.version_negotiation [None req-f41c5720-79b8-400d-9dd7-c751345d9520 tempest-ServerActionsTestOtherA-619402502 tempest-ServerActionsTestOtherA-619402502-project-member] new path /v2/images/bb70d589-e72b-4ba2-9c1f-aca25d7a85b1 {{(pid=102303) process_request /opt/stack/glance/glance/api/middleware/version_negotiation.py:70}}
Jun 04 09:31:01.066199 np0000002120 devstack@g-api.service[102305]: [pid: 102305|app: 0|req: 102/298] 127.0.0.1 () {44 vars in 1115 bytes} [Thu Jun 4 09:31:01 2026] GET /v2/images/bb70d589-e72b-4ba2-9c1f-aca25d7a85b1 => generated 1044 bytes in 16 msecs (HTTP/1.1 200) 4 headers in 158 bytes (1 switches on core 0)
Jun 04 09:31:01.070936 np0000002120 devstack@g-api.service[102303]: [pid: 102303|app: 0|req: 103/299] 127.0.0.1 () {44 vars in 1115 bytes} [Thu Jun 4 09:31:01 2026] GET /v2/images/bb70d589-e72b-4ba2-9c1f-aca25d7a85b1 => generated 1044 bytes in 12 msecs (HTTP/1.1 200) 4 headers in 158 bytes (1 switches on core 0)
Jun 04 09:31:01.103656 np0000002120 devstack@g-api.service[102304]: DEBUG glance.api.middleware.version_negotiation [None req-f41c5720-79b8-400d-9dd7-c751345d9520 tempest-ServerActionsTestOtherA-619402502 tempest-ServerActionsTestOtherA-619402502-project-member] Determining version of request: GET /v2/schemas/image Accept: */* {{(pid=102304) process_request /opt/stack/glance/glance/api/middleware/version_negotiation.py:44}}
Jun 04 09:31:01.104109 np0000002120 devstack@g-api.service[102304]: DEBUG glance.api.middleware.version_negotiation [None req-f41c5720-79b8-400d-9dd7-c751345d9520 tempest-ServerActionsTestOtherA-619402502 tempest-ServerActionsTestOtherA-619402502-project-member] Using url versioning {{(pid=102304) process_request /opt/stack/glance/glance/api/middleware/version_negotiation.py:57}}
Jun 04 09:31:01.104109 np0000002120 devstack@g-api.service[102304]: DEBUG glance.api.middleware.version_negotiation [None req-f41c5720-79b8-400d-9dd7-c751345d9520 tempest-ServerActionsTestOtherA-619402502 tempest-ServerActionsTestOtherA-619402502-project-member] Matched version: v2 {{(pid=102304) process_request /opt/stack/glance/glance/api/middleware/version_negotiation.py:69}}
Jun 04 09:31:01.104109 np0000002120 devstack@g-api.service[102304]: DEBUG glance.api.middleware.version_negotiation [None req-f41c5720-79b8-400d-9dd7-c751345d9520 tempest-ServerActionsTestOtherA-619402502 tempest-ServerActionsTestOtherA-619402502-project-member] new path /v2/schemas/image {{(pid=102304) process_request /opt/stack/glance/glance/api/middleware/version_negotiation.py:70}}
Jun 04 09:31:01.106401 np0000002120 devstack@g-api.service[102304]: [pid: 102304|app: 0|req: 95/300] 127.0.0.1 () {44 vars in 1055 bytes} [Thu Jun 4 09:31:01 2026] GET /v2/schemas/image => generated 6083 bytes in 3 msecs (HTTP/1.1 200) 4 headers in 158 bytes (1 switches on core 0)
Jun 04 09:31:01.112130 np0000002120 devstack@g-api.service[102305]: DEBUG glance.api.middleware.version_negotiation [None req-f1555a6e-9720-4cf8-93d4-5f7bf53fb878 tempest-TestEncryptedCinderVolumes-1298098625 tempest-TestEncryptedCinderVolumes-1298098625-project-member] Determining version of request: GET /v2/schemas/image Accept: */* {{(pid=102305) process_request /opt/stack/glance/glance/api/middleware/version_negotiation.py:44}}
Jun 04 09:31:01.112339 np0000002120 devstack@g-api.service[102305]: DEBUG glance.api.middleware.version_negotiation [None req-f1555a6e-9720-4cf8-93d4-5f7bf53fb878 tempest-TestEncryptedCinderVolumes-1298098625 tempest-TestEncryptedCinderVolumes-1298098625-project-member] Using url versioning {{(pid=102305) process_request /opt/stack/glance/glance/api/middleware/version_negotiation.py:57}}
Jun 04 09:31:01.112514 np0000002120 devstack@g-api.service[102305]: DEBUG glance.api.middleware.version_negotiation [None req-f1555a6e-9720-4cf8-93d4-5f7bf53fb878 tempest-TestEncryptedCinderVolumes-1298098625 tempest-TestEncryptedCinderVolumes-1298098625-project-member] Matched version: v2 {{(pid=102305) process_request /opt/stack/glance/glance/api/middleware/version_negotiation.py:69}}
Jun 04 09:31:01.112652 np0000002120 devstack@g-api.service[102305]: DEBUG glance.api.middleware.version_negotiation [None req-f1555a6e-9720-4cf8-93d4-5f7bf53fb878 tempest-TestEncryptedCinderVolumes-1298098625 tempest-TestEncryptedCinderVolumes-1298098625-project-member] new path /v2/schemas/image {{(pid=102305) process_request /opt/stack/glance/glance/api/middleware/version_negotiation.py:70}}
Jun 04 09:31:01.115469 np0000002120 devstack@g-api.service[102305]: [pid: 102305|app: 0|req: 103/301] 127.0.0.1 () {44 vars in 1055 bytes} [Thu Jun 4 09:31:01 2026] GET /v2/schemas/image => generated 6083 bytes in 3 msecs (HTTP/1.1 200) 4 headers in 158 bytes (1 switches on core 0)
Jun 04 09:31:03.097912 np0000002120 devstack@g-api.service[102303]: DEBUG glance.api.middleware.version_negotiation [None req-d45ea5bd-2187-4da8-ba08-391b76d519c3 tempest-ServerStableDeviceRescueTest-1287784691 tempest-ServerStableDeviceRescueTest-1287784691-project-member] Determining version of request: GET /v2/images/bb70d589-e72b-4ba2-9c1f-aca25d7a85b1 Accept: */* {{(pid=102303) process_request /opt/stack/glance/glance/api/middleware/version_negotiation.py:44}}
Jun 04 09:31:03.098357 np0000002120 devstack@g-api.service[102303]: DEBUG glance.api.middleware.version_negotiation [None req-d45ea5bd-2187-4da8-ba08-391b76d519c3 tempest-ServerStableDeviceRescueTest-1287784691 tempest-ServerStableDeviceRescueTest-1287784691-project-member] Using url versioning {{(pid=102303) process_request /opt/stack/glance/glance/api/middleware/version_negotiation.py:57}}
Jun 04 09:31:03.098357 np0000002120 devstack@g-api.service[102303]: DEBUG glance.api.middleware.version_negotiation [None req-d45ea5bd-2187-4da8-ba08-391b76d519c3 tempest-ServerStableDeviceRescueTest-1287784691 tempest-ServerStableDeviceRescueTest-1287784691-project-member] Matched version: v2 {{(pid=102303) process_request /opt/stack/glance/glance/api/middleware/version_negotiation.py:69}}
Jun 04 09:31:03.098444 np0000002120 devstack@g-api.service[102303]: DEBUG glance.api.middleware.version_negotiation [None req-d45ea5bd-2187-4da8-ba08-391b76d519c3 tempest-ServerStableDeviceRescueTest-1287784691 tempest-ServerStableDeviceRescueTest-1287784691-project-member] new path /v2/images/bb70d589-e72b-4ba2-9c1f-aca25d7a85b1 {{(pid=102303) process_request /opt/stack/glance/glance/api/middleware/version_negotiation.py:70}}
Jun 04 09:31:03.108835 np0000002120 devstack@g-api.service[102303]: [pid: 102303|app: 0|req: 104/302] 127.0.0.1 () {44 vars in 1115 bytes} [Thu Jun 4 09:31:03 2026] GET /v2/images/bb70d589-e72b-4ba2-9c1f-aca25d7a85b1 => generated 1044 bytes in 11 msecs (HTTP/1.1 200) 4 headers in 158 bytes (1 switches on core 0)
Jun 04 09:31:03.146811 np0000002120 devstack@g-api.service[102304]: DEBUG glance.api.middleware.version_negotiation [None req-f1555a6e-9720-4cf8-93d4-5f7bf53fb878 tempest-TestEncryptedCinderVolumes-1298098625 tempest-TestEncryptedCinderVolumes-1298098625-project-member] Determining version of request: GET /v2/schemas/image Accept: */* {{(pid=102304) process_request /opt/stack/glance/glance/api/middleware/version_negotiation.py:44}}
Jun 04 09:31:03.147096 np0000002120 devstack@g-api.service[102304]: DEBUG glance.api.middleware.version_negotiation [None req-f1555a6e-9720-4cf8-93d4-5f7bf53fb878 tempest-TestEncryptedCinderVolumes-1298098625 tempest-TestEncryptedCinderVolumes-1298098625-project-member] Using url versioning {{(pid=102304) process_request /opt/stack/glance/glance/api/middleware/version_negotiation.py:57}}
