Jun 04 09:28:07.251618 np0000002120 devstack@g-api.service[102303]: DEBUG glance.api.middleware.version_negotiation [None req-5658eae7-b845-4fb9-bd5d-8f228167a052 tempest-ServerBootFromVolumeStableRescueTest-683824745 tempest-ServerBootFromVolumeStableRescueTest-683824745-project-member] Matched version: v2 {{(pid=102303) process_request /opt/stack/glance/glance/api/middleware/version_negotiation.py:69}}
Jun 04 09:28:07.251618 np0000002120 devstack@g-api.service[102303]: DEBUG glance.api.middleware.version_negotiation [None req-5658eae7-b845-4fb9-bd5d-8f228167a052 tempest-ServerBootFromVolumeStableRescueTest-683824745 tempest-ServerBootFromVolumeStableRescueTest-683824745-project-member] new path /v2/images/9bafcb29-2b65-40c9-ba76-0e2a62224daa {{(pid=102303) process_request /opt/stack/glance/glance/api/middleware/version_negotiation.py:70}}
Jun 04 09:28:07.264842 np0000002120 devstack@g-api.service[102303]: [pid: 102303|app: 0|req: 28/81] 127.0.0.1 () {44 vars in 1115 bytes} [Thu Jun 4 09:28:07 2026] GET /v2/images/9bafcb29-2b65-40c9-ba76-0e2a62224daa => generated 1468 bytes in 14 msecs (HTTP/1.1 200) 4 headers in 158 bytes (1 switches on core 0)
Jun 04 09:28:07.311165 np0000002120 devstack@g-api.service[102304]: DEBUG glance.api.middleware.version_negotiation [None req-5658eae7-b845-4fb9-bd5d-8f228167a052 tempest-ServerBootFromVolumeStableRescueTest-683824745 tempest-ServerBootFromVolumeStableRescueTest-683824745-project-member] Determining version of request: PUT /v2/images/9bafcb29-2b65-40c9-ba76-0e2a62224daa/file Accept: */* {{(pid=102304) process_request /opt/stack/glance/glance/api/middleware/version_negotiation.py:44}}
Jun 04 09:28:07.312210 np0000002120 devstack@g-api.service[102304]: DEBUG glance.api.middleware.version_negotiation [None req-5658eae7-b845-4fb9-bd5d-8f228167a052 tempest-ServerBootFromVolumeStableRescueTest-683824745 tempest-ServerBootFromVolumeStableRescueTest-683824745-project-member] Using url versioning {{(pid=102304) process_request /opt/stack/glance/glance/api/middleware/version_negotiation.py:57}}
Jun 04 09:28:07.312210 np0000002120 devstack@g-api.service[102304]: DEBUG glance.api.middleware.version_negotiation [None req-5658eae7-b845-4fb9-bd5d-8f228167a052 tempest-ServerBootFromVolumeStableRescueTest-683824745 tempest-ServerBootFromVolumeStableRescueTest-683824745-project-member] Matched version: v2 {{(pid=102304) process_request /opt/stack/glance/glance/api/middleware/version_negotiation.py:69}}
Jun 04 09:28:07.312210 np0000002120 devstack@g-api.service[102304]: DEBUG glance.api.middleware.version_negotiation [None req-5658eae7-b845-4fb9-bd5d-8f228167a052 tempest-ServerBootFromVolumeStableRescueTest-683824745 tempest-ServerBootFromVolumeStableRescueTest-683824745-project-member] new path /v2/images/9bafcb29-2b65-40c9-ba76-0e2a62224daa/file {{(pid=102304) process_request /opt/stack/glance/glance/api/middleware/version_negotiation.py:70}}
Jun 04 09:28:07.405697 np0000002120 devstack@g-api.service[102305]: DEBUG glance.api.middleware.version_negotiation [None req-5658eae7-b845-4fb9-bd5d-8f228167a052 tempest-ServerBootFromVolumeStableRescueTest-683824745 tempest-ServerBootFromVolumeStableRescueTest-683824745-project-member] Determining version of request: GET /versions Accept: */* {{(pid=102305) process_request /opt/stack/glance/glance/api/middleware/version_negotiation.py:44}}
Jun 04 09:28:07.406721 np0000002120 devstack@g-api.service[102305]: [pid: 102305|app: 0|req: 27/82] 127.0.0.1 () {44 vars in 1039 bytes} [Thu Jun 4 09:28:07 2026] GET /versions => generated 1407 bytes in 1 msecs (HTTP/1.1 200) 3 headers in 92 bytes (1 switches on core 0)
Jun 04 09:28:07.416579 np0000002120 devstack@g-api.service[102303]: DEBUG glance.api.middleware.version_negotiation [None req-5658eae7-b845-4fb9-bd5d-8f228167a052 tempest-ServerBootFromVolumeStableRescueTest-683824745 tempest-ServerBootFromVolumeStableRescueTest-683824745-project-member] Determining version of request: GET /v2/images/bb70d589-e72b-4ba2-9c1f-aca25d7a85b1/locations Accept: */* {{(pid=102303) process_request /opt/stack/glance/glance/api/middleware/version_negotiation.py:44}}
Jun 04 09:28:07.416579 np0000002120 devstack@g-api.service[102303]: DEBUG glance.api.middleware.version_negotiation [None req-5658eae7-b845-4fb9-bd5d-8f228167a052 tempest-ServerBootFromVolumeStableRescueTest-683824745 tempest-ServerBootFromVolumeStableRescueTest-683824745-project-member] Using url versioning {{(pid=102303) process_request /opt/stack/glance/glance/api/middleware/version_negotiation.py:57}}
Jun 04 09:28:07.416579 np0000002120 devstack@g-api.service[102303]: DEBUG glance.api.middleware.version_negotiation [None req-5658eae7-b845-4fb9-bd5d-8f228167a052 tempest-ServerBootFromVolumeStableRescueTest-683824745 tempest-ServerBootFromVolumeStableRescueTest-683824745-project-member] Matched version: v2 {{(pid=102303) process_request /opt/stack/glance/glance/api/middleware/version_negotiation.py:69}}
Jun 04 09:28:07.416708 np0000002120 devstack@g-api.service[102303]: DEBUG glance.api.middleware.version_negotiation [None req-5658eae7-b845-4fb9-bd5d-8f228167a052 tempest-ServerBootFromVolumeStableRescueTest-683824745 tempest-ServerBootFromVolumeStableRescueTest-683824745-project-member] new path /v2/images/bb70d589-e72b-4ba2-9c1f-aca25d7a85b1/locations {{(pid=102303) process_request /opt/stack/glance/glance/api/middleware/version_negotiation.py:70}}
Jun 04 09:28:07.455583 np0000002120 devstack@g-api.service[102305]: DEBUG glance.api.middleware.version_negotiation [None req-5658eae7-b845-4fb9-bd5d-8f228167a052 tempest-ServerBootFromVolumeStableRescueTest-683824745 tempest-ServerBootFromVolumeStableRescueTest-683824745-project-member] Determining version of request: GET /v2/images/9bafcb29-2b65-40c9-ba76-0e2a62224daa Accept: application/json {{(pid=102305) process_request /opt/stack/glance/glance/api/middleware/version_negotiation.py:44}}
Jun 04 09:28:07.455723 np0000002120 devstack@g-api.service[102305]: DEBUG glance.api.middleware.version_negotiation [None req-5658eae7-b845-4fb9-bd5d-8f228167a052 tempest-ServerBootFromVolumeStableRescueTest-683824745 tempest-ServerBootFromVolumeStableRescueTest-683824745-project-member] Using url versioning {{(pid=102305) process_request /opt/stack/glance/glance/api/middleware/version_negotiation.py:57}}
Jun 04 09:28:07.455723 np0000002120 devstack@g-api.service[102305]: DEBUG glance.api.middleware.version_negotiation [None req-5658eae7-b845-4fb9-bd5d-8f228167a052 tempest-ServerBootFromVolumeStableRescueTest-683824745 tempest-ServerBootFromVolumeStableRescueTest-683824745-project-member] Matched version: v2 {{(pid=102305) process_request /opt/stack/glance/glance/api/middleware/version_negotiation.py:69}}
Jun 04 09:28:07.455834 np0000002120 devstack@g-api.service[102305]: DEBUG glance.api.middleware.version_negotiation [None req-5658eae7-b845-4fb9-bd5d-8f228167a052 tempest-ServerBootFromVolumeStableRescueTest-683824745 tempest-ServerBootFromVolumeStableRescueTest-683824745-project-member] new path /v2/images/9bafcb29-2b65-40c9-ba76-0e2a62224daa {{(pid=102305) process_request /opt/stack/glance/glance/api/middleware/version_negotiation.py:70}}
Jun 04 09:28:07.464444 np0000002120 devstack@g-api.service[102305]: [pid: 102305|app: 0|req: 28/83] 127.0.0.1 () {40 vars in 838 bytes} [Thu Jun 4 09:28:07 2026] GET /v2/images/9bafcb29-2b65-40c9-ba76-0e2a62224daa => generated 1468 bytes in 9 msecs (HTTP/1.1 200) 4 headers in 158 bytes (1 switches on core 0)
Jun 04 09:28:07.857426 np0000002120 devstack@g-api.service[102303]: [pid: 102303|app: 0|req: 29/84] 127.0.0.1 () {44 vars in 1135 bytes} [Thu Jun 4 09:28:07 2026] GET /v2/images/bb70d589-e72b-4ba2-9c1f-aca25d7a85b1/locations => generated 92 bytes in 441 msecs (HTTP/1.1 200) 4 headers in 156 bytes (1 switches on core 0)
Jun 04 09:28:07.864606 np0000002120 devstack@g-api.service[102305]: DEBUG glance.api.middleware.version_negotiation [None req-4f355121-6f68-4eea-bb8b-a043b38eb733 tempest-ServerBootFromVolumeStableRescueTest-683824745 tempest-ServerBootFromVolumeStableRescueTest-683824745-project-member] Determining version of request: GET /v2/images/bb70d589-e72b-4ba2-9c1f-aca25d7a85b1 Accept: */* {{(pid=102305) process_request /opt/stack/glance/glance/api/middleware/version_negotiation.py:44}}
Jun 04 09:28:07.864774 np0000002120 devstack@g-api.service[102305]: DEBUG glance.api.middleware.version_negotiation [None req-4f355121-6f68-4eea-bb8b-a043b38eb733 tempest-ServerBootFromVolumeStableRescueTest-683824745 tempest-ServerBootFromVolumeStableRescueTest-683824745-project-member] Using url versioning {{(pid=102305) process_request /opt/stack/glance/glance/api/middleware/version_negotiation.py:57}}
Jun 04 09:28:07.864938 np0000002120 devstack@g-api.service[102305]: DEBUG glance.api.middleware.version_negotiation [None req-4f355121-6f68-4eea-bb8b-a043b38eb733 tempest-ServerBootFromVolumeStableRescueTest-683824745 tempest-ServerBootFromVolumeStableRescueTest-683824745-project-member] Matched version: v2 {{(pid=102305) process_request /opt/stack/glance/glance/api/middleware/version_negotiation.py:69}}
Jun 04 09:28:07.865063 np0000002120 devstack@g-api.service[102305]: DEBUG glance.api.middleware.version_negotiation [None req-4f355121-6f68-4eea-bb8b-a043b38eb733 tempest-ServerBootFromVolumeStableRescueTest-683824745 tempest-ServerBootFromVolumeStableRescueTest-683824745-project-member] new path /v2/images/bb70d589-e72b-4ba2-9c1f-aca25d7a85b1 {{(pid=102305) process_request /opt/stack/glance/glance/api/middleware/version_negotiation.py:70}}
Jun 04 09:28:07.876471 np0000002120 devstack@g-api.service[102305]: [pid: 102305|app: 0|req: 29/85] 127.0.0.1 () {44 vars in 1115 bytes} [Thu Jun 4 09:28:07 2026] GET /v2/images/bb70d589-e72b-4ba2-9c1f-aca25d7a85b1 => generated 1044 bytes in 12 msecs (HTTP/1.1 200) 4 headers in 158 bytes (1 switches on core 0)
Jun 04 09:28:07.890208 np0000002120 devstack@g-api.service[102303]: DEBUG glance.api.middleware.version_negotiation [None req-3b5c0286-2ffa-4a91-a18c-08409cbcab43 service glance] Determining version of request: GET /v2/schemas/image Accept: */* {{(pid=102303) process_request /opt/stack/glance/glance/api/middleware/version_negotiation.py:44}}
Jun 04 09:28:07.890208 np0000002120 devstack@g-api.service[102303]: DEBUG glance.api.middleware.version_negotiation [None req-3b5c0286-2ffa-4a91-a18c-08409cbcab43 service glance] Using url versioning {{(pid=102303) process_request /opt/stack/glance/glance/api/middleware/version_negotiation.py:57}}
Jun 04 09:28:07.890208 np0000002120 devstack@g-api.service[102303]: DEBUG glance.api.middleware.version_negotiation [None req-3b5c0286-2ffa-4a91-a18c-08409cbcab43 service glance] Matched version: v2 {{(pid=102303) process_request /opt/stack/glance/glance/api/middleware/version_negotiation.py:69}}
Jun 04 09:28:07.890208 np0000002120 devstack@g-api.service[102303]: DEBUG glance.api.middleware.version_negotiation [None req-3b5c0286-2ffa-4a91-a18c-08409cbcab43 service glance] new path /v2/schemas/image {{(pid=102303) process_request /opt/stack/glance/glance/api/middleware/version_negotiation.py:70}}
Jun 04 09:28:07.891221 np0000002120 devstack@g-api.service[102303]: [pid: 102303|app: 0|req: 30/86] 127.0.0.1 () {44 vars in 1055 bytes} [Thu Jun 4 09:28:07 2026] GET /v2/schemas/image => generated 6083 bytes in 3 msecs (HTTP/1.1 200) 4 headers in 158 bytes (1 switches on core 0)
Jun 04 09:28:07.899052 np0000002120 devstack@g-api.service[102305]: DEBUG glance.api.middleware.version_negotiation [None req-3b5c0286-2ffa-4a91-a18c-08409cbcab43 tempest-VolumesSnapshotTestJSON-1518942079 tempest-VolumesSnapshotTestJSON-1518942079-project-member] Determining version of request: GET /v2/schemas/image Accept: */* {{(pid=102305) process_request /opt/stack/glance/glance/api/middleware/version_negotiation.py:44}}
Jun 04 09:28:07.899199 np0000002120 devstack@g-api.service[102305]: DEBUG glance.api.middleware.version_negotiation [None req-3b5c0286-2ffa-4a91-a18c-08409cbcab43 tempest-VolumesSnapshotTestJSON-1518942079 tempest-VolumesSnapshotTestJSON-1518942079-project-member] Using url versioning {{(pid=102305) process_request /opt/stack/glance/glance/api/middleware/version_negotiation.py:57}}
Jun 04 09:28:07.899297 np0000002120 devstack@g-api.service[102305]: DEBUG glance.api.middleware.version_negotiation [None req-3b5c0286-2ffa-4a91-a18c-08409cbcab43 tempest-VolumesSnapshotTestJSON-1518942079 tempest-VolumesSnapshotTestJSON-1518942079-project-member] Matched version: v2 {{(pid=102305) process_request /opt/stack/glance/glance/api/middleware/version_negotiation.py:69}}
Jun 04 09:28:07.899490 np0000002120 devstack@g-api.service[102305]: DEBUG glance.api.middleware.version_negotiation [None req-3b5c0286-2ffa-4a91-a18c-08409cbcab43 tempest-VolumesSnapshotTestJSON-1518942079 tempest-VolumesSnapshotTestJSON-1518942079-project-member] new path /v2/schemas/image {{(pid=102305) process_request /opt/stack/glance/glance/api/middleware/version_negotiation.py:70}}
Jun 04 09:28:07.902009 np0000002120 devstack@g-api.service[102305]: [pid: 102305|app: 0|req: 30/87] 127.0.0.1 () {44 vars in 1055 bytes} [Thu Jun 4 09:28:07 2026] GET /v2/schemas/image => generated 6083 bytes in 3 msecs (HTTP/1.1 200) 4 headers in 158 bytes (1 switches on core 0)
Jun 04 09:28:07.942977 np0000002120 devstack@g-api.service[102303]: DEBUG glance.api.middleware.version_negotiation [None req-3b5c0286-2ffa-4a91-a18c-08409cbcab43 tempest-VolumesSnapshotTestJSON-1518942079 tempest-VolumesSnapshotTestJSON-1518942079-project-member] Determining version of request: GET /v2/images/bb70d589-e72b-4ba2-9c1f-aca25d7a85b1 Accept: */* {{(pid=102303) process_request /opt/stack/glance/glance/api/middleware/version_negotiation.py:44}}
Jun 04 09:28:07.943096 np0000002120 devstack@g-api.service[102303]: DEBUG glance.api.middleware.version_negotiation [None req-3b5c0286-2ffa-4a91-a18c-08409cbcab43 tempest-VolumesSnapshotTestJSON-1518942079 tempest-VolumesSnapshotTestJSON-1518942079-project-member] Using url versioning {{(pid=102303) process_request /opt/stack/glance/glance/api/middleware/version_negotiation.py:57}}
Jun 04 09:28:07.943221 np0000002120 devstack@g-api.service[102303]: DEBUG glance.api.middleware.version_negotiation [None req-3b5c0286-2ffa-4a91-a18c-08409cbcab43 tempest-VolumesSnapshotTestJSON-1518942079 tempest-VolumesSnapshotTestJSON-1518942079-project-member] Matched version: v2 {{(pid=102303) process_request /opt/stack/glance/glance/api/middleware/version_negotiation.py:69}}
Jun 04 09:28:07.943311 np0000002120 devstack@g-api.service[102303]: DEBUG glance.api.middleware.version_negotiation [None req-3b5c0286-2ffa-4a91-a18c-08409cbcab43 tempest-VolumesSnapshotTestJSON-1518942079 tempest-VolumesSnapshotTestJSON-1518942079-project-member] new path /v2/images/bb70d589-e72b-4ba2-9c1f-aca25d7a85b1 {{(pid=102303) process_request /opt/stack/glance/glance/api/middleware/version_negotiation.py:70}}
Jun 04 09:28:07.951888 np0000002120 devstack@g-api.service[102303]: [pid: 102303|app: 0|req: 31/88] 127.0.0.1 () {44 vars in 1115 bytes} [Thu Jun 4 09:28:07 2026] GET /v2/images/bb70d589-e72b-4ba2-9c1f-aca25d7a85b1 => generated 1044 bytes in 9 msecs (HTTP/1.1 200) 4 headers in 158 bytes (1 switches on core 0)
Jun 04 09:28:07.960767 np0000002120 devstack@g-api.service[102305]: DEBUG glance.api.middleware.version_negotiation [None req-3b5c0286-2ffa-4a91-a18c-08409cbcab43 tempest-VolumesSnapshotTestJSON-1518942079 tempest-VolumesSnapshotTestJSON-1518942079-project-member] Determining version of request: GET /v2/images/bb70d589-e72b-4ba2-9c1f-aca25d7a85b1/file Accept: */* {{(pid=102305) process_request /opt/stack/glance/glance/api/middleware/version_negotiation.py:44}}
Jun 04 09:28:07.960963 np0000002120 devstack@g-api.service[102305]: DEBUG glance.api.middleware.version_negotiation [None req-3b5c0286-2ffa-4a91-a18c-08409cbcab43 tempest-VolumesSnapshotTestJSON-1518942079 tempest-VolumesSnapshotTestJSON-1518942079-project-member] Using url versioning {{(pid=102305) process_request /opt/stack/glance/glance/api/middleware/version_negotiation.py:57}}
Jun 04 09:28:07.961374 np0000002120 devstack@g-api.service[102305]: DEBUG glance.api.middleware.version_negotiation [None req-3b5c0286-2ffa-4a91-a18c-08409cbcab43 tempest-VolumesSnapshotTestJSON-1518942079 tempest-VolumesSnapshotTestJSON-1518942079-project-member] Matched version: v2 {{(pid=102305) process_request /opt/stack/glance/glance/api/middleware/version_negotiation.py:69}}
Jun 04 09:28:07.961374 np0000002120 devstack@g-api.service[102305]: DEBUG glance.api.middleware.version_negotiation [None req-3b5c0286-2ffa-4a91-a18c-08409cbcab43 tempest-VolumesSnapshotTestJSON-1518942079 tempest-VolumesSnapshotTestJSON-1518942079-project-member] new path /v2/images/bb70d589-e72b-4ba2-9c1f-aca25d7a85b1/file {{(pid=102305) process_request /opt/stack/glance/glance/api/middleware/version_negotiation.py:70}}
Jun 04 09:28:07.972607 np0000002120 devstack@g-api.service[102305]: DEBUG glance.api.middleware.cache [None req-3b5c0286-2ffa-4a91-a18c-08409cbcab43 tempest-VolumesSnapshotTestJSON-1518942079 tempest-VolumesSnapshotTestJSON-1518942079-project-member] Cache hit for image 'bb70d589-e72b-4ba2-9c1f-aca25d7a85b1' {{(pid=102305) process_request /opt/stack/glance/glance/api/middleware/cache.py:160}}
Jun 04 09:28:08.046310 np0000002120 devstack@g-api.service[102305]: [pid: 102305|app: 0|req: 31/89] 127.0.0.1 () {44 vars in 1125 bytes} [Thu Jun 4 09:28:07 2026] GET /v2/images/bb70d589-e72b-4ba2-9c1f-aca25d7a85b1/file => generated 21692416 bytes in 86 msecs (HTTP/1.1 200) 5 headers in 217 bytes (340 switches on core 0)
Jun 04 09:28:08.067248 np0000002120 devstack@g-api.service[102304]: INFO glance.api.v2.image_data [None req-5658eae7-b845-4fb9-bd5d-8f228167a052 tempest-ServerBootFromVolumeStableRescueTest-683824745 tempest-ServerBootFromVolumeStableRescueTest-683824745-project-member] Unable to create trust: no such option collect_timing in group [keystone_authtoken] Use the existing user token.
Jun 04 09:28:08.150921 np0000002120 devstack@g-api.service[102303]: DEBUG glance.api.middleware.version_negotiation [None req-3b5c0286-2ffa-4a91-a18c-08409cbcab43 tempest-VolumesSnapshotTestJSON-1518942079 tempest-VolumesSnapshotTestJSON-1518942079-project-member] Determining version of request: GET /v2/images/bb70d589-e72b-4ba2-9c1f-aca25d7a85b1 Accept: */* {{(pid=102303) process_request /opt/stack/glance/glance/api/middleware/version_negotiation.py:44}}
Jun 04 09:28:08.151067 np0000002120 devstack@g-api.service[102303]: DEBUG glance.api.middleware.version_negotiation [None req-3b5c0286-2ffa-4a91-a18c-08409cbcab43 tempest-VolumesSnapshotTestJSON-1518942079 tempest-VolumesSnapshotTestJSON-1518942079-project-member] Using url versioning {{(pid=102303) process_request /opt/stack/glance/glance/api/middleware/version_negotiation.py:57}}
Jun 04 09:28:08.151204 np0000002120 devstack@g-api.service[102303]: DEBUG glance.api.middleware.version_negotiation [None req-3b5c0286-2ffa-4a91-a18c-08409cbcab43 tempest-VolumesSnapshotTestJSON-1518942079 tempest-VolumesSnapshotTestJSON-1518942079-project-member] Matched version: v2 {{(pid=102303) process_request /opt/stack/glance/glance/api/middleware/version_negotiation.py:69}}
Jun 04 09:28:08.151299 np0000002120 devstack@g-api.service[102303]: DEBUG glance.api.middleware.version_negotiation [None req-3b5c0286-2ffa-4a91-a18c-08409cbcab43 tempest-VolumesSnapshotTestJSON-1518942079 tempest-VolumesSnapshotTestJSON-1518942079-project-member] new path /v2/images/bb70d589-e72b-4ba2-9c1f-aca25d7a85b1 {{(pid=102303) process_request /opt/stack/glance/glance/api/middleware/version_negotiation.py:70}}
Jun 04 09:28:08.171205 np0000002120 devstack@g-api.service[102303]: [pid: 102303|app: 0|req: 32/90] 127.0.0.1 () {44 vars in 1115 bytes} [Thu Jun 4 09:28:08 2026] GET /v2/images/bb70d589-e72b-4ba2-9c1f-aca25d7a85b1 => generated 1044 bytes in 20 msecs (HTTP/1.1 200) 4 headers in 158 bytes (1 switches on core 0)
Jun 04 09:28:08.179316 np0000002120 devstack@g-api.service[102305]: DEBUG glance.api.middleware.version_negotiation [None req-3b5c0286-2ffa-4a91-a18c-08409cbcab43 tempest-VolumesSnapshotTestJSON-1518942079 tempest-VolumesSnapshotTestJSON-1518942079-project-member] Determining version of request: GET /v2/schemas/image Accept: */* {{(pid=102305) process_request /opt/stack/glance/glance/api/middleware/version_negotiation.py:44}}
Jun 04 09:28:08.179437 np0000002120 devstack@g-api.service[102305]: DEBUG glance.api.middleware.version_negotiation [None req-3b5c0286-2ffa-4a91-a18c-08409cbcab43 tempest-VolumesSnapshotTestJSON-1518942079 tempest-VolumesSnapshotTestJSON-1518942079-project-member] Using url versioning {{(pid=102305) process_request /opt/stack/glance/glance/api/middleware/version_negotiation.py:57}}
Jun 04 09:28:08.179545 np0000002120 devstack@g-api.service[102305]: DEBUG glance.api.middleware.version_negotiation [None req-3b5c0286-2ffa-4a91-a18c-08409cbcab43 tempest-VolumesSnapshotTestJSON-1518942079 tempest-VolumesSnapshotTestJSON-1518942079-project-member] Matched version: v2 {{(pid=102305) process_request /opt/stack/glance/glance/api/middleware/version_negotiation.py:69}}
Jun 04 09:28:08.179628 np0000002120 devstack@g-api.service[102305]: DEBUG glance.api.middleware.version_negotiation [None req-3b5c0286-2ffa-4a91-a18c-08409cbcab43 tempest-VolumesSnapshotTestJSON-1518942079 tempest-VolumesSnapshotTestJSON-1518942079-project-member] new path /v2/schemas/image {{(pid=102305) process_request /opt/stack/glance/glance/api/middleware/version_negotiation.py:70}}
Jun 04 09:28:08.183688 np0000002120 devstack@g-api.service[102305]: [pid: 102305|app: 0|req: 32/91] 127.0.0.1 () {44 vars in 1055 bytes} [Thu Jun 4 09:28:08 2026] GET /v2/schemas/image => generated 6083 bytes in 5 msecs (HTTP/1.1 200) 4 headers in 158 bytes (1 switches on core 0)
Jun 04 09:28:08.474208 np0000002120 devstack@g-api.service[102303]: DEBUG glance.api.middleware.version_negotiation [None req-3b5c0286-2ffa-4a91-a18c-08409cbcab43 tempest-VolumesSnapshotTestJSON-1518942079 tempest-VolumesSnapshotTestJSON-1518942079-project-member] Determining version of request: GET /v2/images/9bafcb29-2b65-40c9-ba76-0e2a62224daa Accept: application/json {{(pid=102303) process_request /opt/stack/glance/glance/api/middleware/version_negotiation.py:44}}
Jun 04 09:28:08.474570 np0000002120 devstack@g-api.service[102303]: DEBUG glance.api.middleware.version_negotiation [None req-3b5c0286-2ffa-4a91-a18c-08409cbcab43 tempest-VolumesSnapshotTestJSON-1518942079 tempest-VolumesSnapshotTestJSON-1518942079-project-member] Using url versioning {{(pid=102303) process_request /opt/stack/glance/glance/api/middleware/version_negotiation.py:57}}
Jun 04 09:28:08.474570 np0000002120 devstack@g-api.service[102303]: DEBUG glance.api.middleware.version_negotiation [None req-3b5c0286-2ffa-4a91-a18c-08409cbcab43 tempest-VolumesSnapshotTestJSON-1518942079 tempest-VolumesSnapshotTestJSON-1518942079-project-member] Matched version: v2 {{(pid=102303) process_request /opt/stack/glance/glance/api/middleware/version_negotiation.py:69}}
Jun 04 09:28:08.474682 np0000002120 devstack@g-api.service[102303]: DEBUG glance.api.middleware.version_negotiation [None req-3b5c0286-2ffa-4a91-a18c-08409cbcab43 tempest-VolumesSnapshotTestJSON-1518942079 tempest-VolumesSnapshotTestJSON-1518942079-project-member] new path /v2/images/9bafcb29-2b65-40c9-ba76-0e2a62224daa {{(pid=102303) process_request /opt/stack/glance/glance/api/middleware/version_negotiation.py:70}}
Jun 04 09:28:08.489195 np0000002120 devstack@g-api.service[102303]: [pid: 102303|app: 0|req: 33/92] 127.0.0.1 () {40 vars in 838 bytes} [Thu Jun 4 09:28:08 2026] GET /v2/images/9bafcb29-2b65-40c9-ba76-0e2a62224daa => generated 1468 bytes in 12 msecs (HTTP/1.1 200) 4 headers in 158 bytes (1 switches on core 0)
Jun 04 09:28:08.776357 np0000002120 devstack@g-api.service[102304]: DEBUG glance.location [None req-5658eae7-b845-4fb9-bd5d-8f228167a052 tempest-ServerBootFromVolumeStableRescueTest-683824745 tempest-ServerBootFromVolumeStableRescueTest-683824745-project-member] Enabling in-flight format inspection for qcow2 {{(pid=102304) set_data /opt/stack/glance/glance/location.py:616}}
Jun 04 09:28:08.777336 np0000002120 devstack@g-api.service[102304]: DEBUG glance_store.backend [None req-5658eae7-b845-4fb9-bd5d-8f228167a052 tempest-ServerBootFromVolumeStableRescueTest-683824745 tempest-ServerBootFromVolumeStableRescueTest-683824745-project-member] Attempting to import store swift {{(pid=102304) _load_store /opt/stack/data/venv/lib/python3.12/site-packages/glance_store/backend.py:215}}
Jun 04 09:28:08.779100 np0000002120 devstack@g-api.service[102304]: DEBUG glance_store.capabilities [None req-5658eae7-b845-4fb9-bd5d-8f228167a052 tempest-ServerBootFromVolumeStableRescueTest-683824745 tempest-ServerBootFromVolumeStableRescueTest-683824745-project-member] Store glance_store._drivers.swift.store.SingleTenantStore doesn't support updating dynamic storage capabilities. Please overwrite 'update_capabilities' method of the store to implement updating logics if needed. {{(pid=102304) update_capabilities /opt/stack/data/venv/lib/python3.12/site-packages/glance_store/capabilities.py:91}}
Jun 04 09:28:08.779100 np0000002120 devstack@g-api.service[102304]: DEBUG glance_store.driver [None req-5658eae7-b845-4fb9-bd5d-8f228167a052 tempest-ServerBootFromVolumeStableRescueTest-683824745 tempest-ServerBootFromVolumeStableRescueTest-683824745-project-member] Late loading location class glance_store._drivers.swift.store.StoreLocation {{(pid=102304) get_store_location_class /opt/stack/data/venv/lib/python3.12/site-packages/glance_store/driver.py:134}}
Jun 04 09:28:08.779100 np0000002120 devstack@g-api.service[102304]: DEBUG glance_store.location [None req-5658eae7-b845-4fb9-bd5d-8f228167a052 tempest-ServerBootFromVolumeStableRescueTest-683824745 tempest-ServerBootFromVolumeStableRescueTest-683824745-project-member] Registering scheme swift+https with {'store': , 'location_class': , 'store_entry': 'swift'} {{(pid=102304) register_scheme_map /opt/stack/data/venv/lib/python3.12/site-packages/glance_store/location.py:146}}
Jun 04 09:28:08.779366 np0000002120 devstack@g-api.service[102304]: DEBUG glance_store.location [None req-5658eae7-b845-4fb9-bd5d-8f228167a052 tempest-ServerBootFromVolumeStableRescueTest-683824745 tempest-ServerBootFromVolumeStableRescueTest-683824745-project-member] Registering scheme swift+https with {'store': , 'location_class': , 'store_entry': 'swift'} {{(pid=102304) register_scheme_map /opt/stack/data/venv/lib/python3.12/site-packages/glance_store/location.py:146}}
Jun 04 09:28:08.779366 np0000002120 devstack@g-api.service[102304]: DEBUG glance_store.location [None req-5658eae7-b845-4fb9-bd5d-8f228167a052 tempest-ServerBootFromVolumeStableRescueTest-683824745 tempest-ServerBootFromVolumeStableRescueTest-683824745-project-member] Registering scheme swift with {'store': , 'location_class': , 'store_entry': 'swift'} {{(pid=102304) register_scheme_map /opt/stack/data/venv/lib/python3.12/site-packages/glance_store/location.py:146}}
Jun 04 09:28:08.779366 np0000002120 devstack@g-api.service[102304]: DEBUG glance_store.location [None req-5658eae7-b845-4fb9-bd5d-8f228167a052 tempest-ServerBootFromVolumeStableRescueTest-683824745 tempest-ServerBootFromVolumeStableRescueTest-683824745-project-member] Registering scheme swift+https with {'store': , 'location_class': , 'store_entry': 'swift'} {{(pid=102304) register_scheme_map /opt/stack/data/venv/lib/python3.12/site-packages/glance_store/location.py:146}}
Jun 04 09:28:08.779531 np0000002120 devstack@g-api.service[102304]: DEBUG glance_store.location [None req-5658eae7-b845-4fb9-bd5d-8f228167a052 tempest-ServerBootFromVolumeStableRescueTest-683824745 tempest-ServerBootFromVolumeStableRescueTest-683824745-project-member] Registering scheme swift with {'store': , 'location_class': , 'store_entry': 'swift'} {{(pid=102304) register_scheme_map /opt/stack/data/venv/lib/python3.12/site-packages/glance_store/location.py:146}}
Jun 04 09:28:08.779531 np0000002120 devstack@g-api.service[102304]: DEBUG glance_store.location [None req-5658eae7-b845-4fb9-bd5d-8f228167a052 tempest-ServerBootFromVolumeStableRescueTest-683824745 tempest-ServerBootFromVolumeStableRescueTest-683824745-project-member] Registering scheme swift+http with {'store': , 'location_class': , 'store_entry': 'swift'} {{(pid=102304) register_scheme_map /opt/stack/data/venv/lib/python3.12/site-packages/glance_store/location.py:146}}
Jun 04 09:28:08.779531 np0000002120 devstack@g-api.service[102304]: DEBUG glance_store.location [None req-5658eae7-b845-4fb9-bd5d-8f228167a052 tempest-ServerBootFromVolumeStableRescueTest-683824745 tempest-ServerBootFromVolumeStableRescueTest-683824745-project-member] Registering scheme swift+https with {'store': , 'location_class': , 'store_entry': 'swift'} {{(pid=102304) register_scheme_map /opt/stack/data/venv/lib/python3.12/site-packages/glance_store/location.py:146}}
Jun 04 09:28:08.779666 np0000002120 devstack@g-api.service[102304]: DEBUG glance_store.location [None req-5658eae7-b845-4fb9-bd5d-8f228167a052 tempest-ServerBootFromVolumeStableRescueTest-683824745 tempest-ServerBootFromVolumeStableRescueTest-683824745-project-member] Registering scheme swift with {'store': , 'location_class': , 'store_entry': 'swift'} {{(pid=102304) register_scheme_map /opt/stack/data/venv/lib/python3.12/site-packages/glance_store/location.py:146}}
Jun 04 09:28:08.779666 np0000002120 devstack@g-api.service[102304]: DEBUG glance_store.location [None req-5658eae7-b845-4fb9-bd5d-8f228167a052 tempest-ServerBootFromVolumeStableRescueTest-683824745 tempest-ServerBootFromVolumeStableRescueTest-683824745-project-member] Registering scheme swift+http with {'store': , 'location_class': , 'store_entry': 'swift'} {{(pid=102304) register_scheme_map /opt/stack/data/venv/lib/python3.12/site-packages/glance_store/location.py:146}}
Jun 04 09:28:08.779666 np0000002120 devstack@g-api.service[102304]: DEBUG glance_store.location [None req-5658eae7-b845-4fb9-bd5d-8f228167a052 tempest-ServerBootFromVolumeStableRescueTest-683824745 tempest-ServerBootFromVolumeStableRescueTest-683824745-project-member] Registering scheme swift+config with {'store': , 'location_class': , 'store_entry': 'swift'} {{(pid=102304) register_scheme_map /opt/stack/data/venv/lib/python3.12/site-packages/glance_store/location.py:146}}
Jun 04 09:28:09.271467 np0000002120 devstack@g-api.service[102304]: DEBUG swiftclient [None req-5658eae7-b845-4fb9-bd5d-8f228167a052 tempest-ServerBootFromVolumeStableRescueTest-683824745 tempest-ServerBootFromVolumeStableRescueTest-683824745-project-member] REQ: curl -i https://10.4.3.251:8080/v1/AUTH_bb05a785c83b46a4aebc9573bf3773fc/glance -I -H "X-Auth-Token: gAAAAABqIUUog7bh..." {{(pid=102304) http_log /opt/stack/data/venv/lib/python3.12/site-packages/swiftclient/client.py:160}}
Jun 04 09:28:09.271467 np0000002120 devstack@g-api.service[102304]: DEBUG swiftclient [None req-5658eae7-b845-4fb9-bd5d-8f228167a052 tempest-ServerBootFromVolumeStableRescueTest-683824745 tempest-ServerBootFromVolumeStableRescueTest-683824745-project-member] RESP STATUS: 204 No Content {{(pid=102304) http_log /opt/stack/data/venv/lib/python3.12/site-packages/swiftclient/client.py:161}}
Jun 04 09:28:09.271467 np0000002120 devstack@g-api.service[102304]: DEBUG swiftclient [None req-5658eae7-b845-4fb9-bd5d-8f228167a052 tempest-ServerBootFromVolumeStableRescueTest-683824745 tempest-ServerBootFromVolumeStableRescueTest-683824745-project-member] RESP HEADERS: {'Date': 'Thu, 04 Jun 2026 09:28:09 GMT', 'Server': 'Apache/2.4.58 (Ubuntu)', 'Content-Type': 'text/plain; charset=utf-8', 'X-Container-Object-Count': '5', 'X-Container-Bytes-Used': '86048768', 'X-Timestamp': '1780565073.78750', 'Last-Modified': 'Thu, 04 Jun 2026 09:24:34 GMT', 'Accept-Ranges': 'bytes', 'X-Storage-Policy': 'Policy-0', 'X-Container-Sharding': 'False', 'Vary': 'Accept', 'X-Trans-Id': 'txeccf2e1072724438b2cd2-006a214528', 'X-Openstack-Request-Id': 'txeccf2e1072724438b2cd2-006a214528', 'Connection': 'close'} {{(pid=102304) http_log /opt/stack/data/venv/lib/python3.12/site-packages/swiftclient/client.py:162}}
Jun 04 09:28:09.272229 np0000002120 devstack@g-api.service[102304]: DEBUG glance_store._drivers.swift.store [None req-5658eae7-b845-4fb9-bd5d-8f228167a052 tempest-ServerBootFromVolumeStableRescueTest-683824745 tempest-ServerBootFromVolumeStableRescueTest-683824745-project-member] Adding image object '9bafcb29-2b65-40c9-ba76-0e2a62224daa' to Swift {{(pid=102304) add /opt/stack/data/venv/lib/python3.12/site-packages/glance_store/_drivers/swift/store.py:970}}
Jun 04 09:28:09.272229 np0000002120 devstack@g-api.service[102304]: DEBUG glance_store._drivers.swift.store [None req-5658eae7-b845-4fb9-bd5d-8f228167a052 tempest-ServerBootFromVolumeStableRescueTest-683824745 tempest-ServerBootFromVolumeStableRescueTest-683824745-project-member] Cannot determine image size because it is either not provided in the request or chunked-transfer encoding is used. Adding image as a segmented object to Swift. {{(pid=102304) add /opt/stack/data/venv/lib/python3.12/site-packages/glance_store/_drivers/swift/store.py:994}}
Jun 04 09:28:09.278313 np0000002120 devstack@g-api.service[102304]: DEBUG oslo_utils.imageutils.format_inspector [None req-5658eae7-b845-4fb9-bd5d-8f228167a052 tempest-ServerBootFromVolumeStableRescueTest-683824745 tempest-ServerBootFromVolumeStableRescueTest-683824745-project-member] Format inspector for vmdk does not match, excluding from consideration (Signature KDMV not found: b'QFI\xfb') {{(pid=102304) _process_chunk /opt/stack/data/venv/lib/python3.12/site-packages/oslo_utils/imageutils/format_inspector.py:1758}}
Jun 04 09:28:09.283296 np0000002120 devstack@g-api.service[102304]: DEBUG oslo_utils.imageutils.format_inspector [None req-5658eae7-b845-4fb9-bd5d-8f228167a052 tempest-ServerBootFromVolumeStableRescueTest-683824745 tempest-ServerBootFromVolumeStableRescueTest-683824745-project-member] Format inspector for vhdx does not match, excluding from consideration (Region signature not found at 30000) {{(pid=102304) _process_chunk /opt/stack/data/venv/lib/python3.12/site-packages/oslo_utils/imageutils/format_inspector.py:1758}}
Jun 04 09:28:09.496832 np0000002120 devstack@g-api.service[102305]: DEBUG glance.api.middleware.version_negotiation [None req-3b5c0286-2ffa-4a91-a18c-08409cbcab43 tempest-VolumesSnapshotTestJSON-1518942079 tempest-VolumesSnapshotTestJSON-1518942079-project-member] Determining version of request: GET /v2/images/9bafcb29-2b65-40c9-ba76-0e2a62224daa Accept: application/json {{(pid=102305) process_request /opt/stack/glance/glance/api/middleware/version_negotiation.py:44}}
Jun 04 09:28:09.497230 np0000002120 devstack@g-api.service[102305]: DEBUG glance.api.middleware.version_negotiation [None req-3b5c0286-2ffa-4a91-a18c-08409cbcab43 tempest-VolumesSnapshotTestJSON-1518942079 tempest-VolumesSnapshotTestJSON-1518942079-project-member] Using url versioning {{(pid=102305) process_request /opt/stack/glance/glance/api/middleware/version_negotiation.py:57}}
Jun 04 09:28:09.497230 np0000002120 devstack@g-api.service[102305]: DEBUG glance.api.middleware.version_negotiation [None req-3b5c0286-2ffa-4a91-a18c-08409cbcab43 tempest-VolumesSnapshotTestJSON-1518942079 tempest-VolumesSnapshotTestJSON-1518942079-project-member] Matched version: v2 {{(pid=102305) process_request /opt/stack/glance/glance/api/middleware/version_negotiation.py:69}}
Jun 04 09:28:09.497230 np0000002120 devstack@g-api.service[102305]: DEBUG glance.api.middleware.version_negotiation [None req-3b5c0286-2ffa-4a91-a18c-08409cbcab43 tempest-VolumesSnapshotTestJSON-1518942079 tempest-VolumesSnapshotTestJSON-1518942079-project-member] new path /v2/images/9bafcb29-2b65-40c9-ba76-0e2a62224daa {{(pid=102305) process_request /opt/stack/glance/glance/api/middleware/version_negotiation.py:70}}
Jun 04 09:28:09.507717 np0000002120 devstack@g-api.service[102305]: [pid: 102305|app: 0|req: 33/93] 127.0.0.1 () {40 vars in 838 bytes} [Thu Jun 4 09:28:09 2026] GET /v2/images/9bafcb29-2b65-40c9-ba76-0e2a62224daa => generated 1468 bytes in 11 msecs (HTTP/1.1 200) 4 headers in 158 bytes (1 switches on core 0)
Jun 04 09:28:09.534753 np0000002120 devstack@g-api.service[102304]: DEBUG swiftclient [None req-5658eae7-b845-4fb9-bd5d-8f228167a052 tempest-ServerBootFromVolumeStableRescueTest-683824745 tempest-ServerBootFromVolumeStableRescueTest-683824745-project-member] REQ: curl -i https://10.4.3.251:8080/v1/AUTH_bb05a785c83b46a4aebc9573bf3773fc/glance/9bafcb29-2b65-40c9-ba76-0e2a62224daa-00001 -X PUT -H "X-Auth-Token: gAAAAABqIUUog7bh..." {{(pid=102304) http_log /opt/stack/data/venv/lib/python3.12/site-packages/swiftclient/client.py:160}}
Jun 04 09:28:09.534992 np0000002120 devstack@g-api.service[102304]: DEBUG swiftclient [None req-5658eae7-b845-4fb9-bd5d-8f228167a052 tempest-ServerBootFromVolumeStableRescueTest-683824745 tempest-ServerBootFromVolumeStableRescueTest-683824745-project-member] RESP STATUS: 201 Created {{(pid=102304) http_log /opt/stack/data/venv/lib/python3.12/site-packages/swiftclient/client.py:161}}
Jun 04 09:28:09.535144 np0000002120 devstack@g-api.service[102304]: DEBUG swiftclient [None req-5658eae7-b845-4fb9-bd5d-8f228167a052 tempest-ServerBootFromVolumeStableRescueTest-683824745 tempest-ServerBootFromVolumeStableRescueTest-683824745-project-member] RESP HEADERS: {'Date': 'Thu, 04 Jun 2026 09:28:09 GMT', 'Server': 'Apache/2.4.58 (Ubuntu)', 'Content-Type': 'text/html; charset=UTF-8', 'Content-Length': '0', 'Etag': '4fa343ee581d8d2e78533191fd1ac3e1', 'Last-Modified': 'Thu, 04 Jun 2026 09:28:10 GMT', 'X-Trans-Id': 'tx38336b947669480ea4ff1-006a214529', 'X-Openstack-Request-Id': 'tx38336b947669480ea4ff1-006a214529', 'Connection': 'close'} {{(pid=102304) http_log /opt/stack/data/venv/lib/python3.12/site-packages/swiftclient/client.py:162}}
Jun 04 09:28:09.535356 np0000002120 devstack@g-api.service[102304]: DEBUG glance_store._drivers.swift.store [None req-5658eae7-b845-4fb9-bd5d-8f228167a052 tempest-ServerBootFromVolumeStableRescueTest-683824745 tempest-ServerBootFromVolumeStableRescueTest-683824745-project-member] Wrote chunk 9bafcb29-2b65-40c9-ba76-0e2a62224daa-00001 (1/?) of length 23527424 to Swift returning MD5 of content: 4fa343ee581d8d2e78533191fd1ac3e1 {{(pid=102304) add /opt/stack/data/venv/lib/python3.12/site-packages/glance_store/_drivers/swift/store.py:1059}}
Jun 04 09:28:09.535551 np0000002120 devstack@g-api.service[102304]: DEBUG glance_store._drivers.swift.store [None req-5658eae7-b845-4fb9-bd5d-8f228167a052 tempest-ServerBootFromVolumeStableRescueTest-683824745 tempest-ServerBootFromVolumeStableRescueTest-683824745-project-member] Not writing zero-length chunk. {{(pid=102304) add /opt/stack/data/venv/lib/python3.12/site-packages/glance_store/_drivers/swift/store.py:1028}}
Jun 04 09:28:09.563430 np0000002120 devstack@g-api.service[102304]: DEBUG swiftclient [None req-5658eae7-b845-4fb9-bd5d-8f228167a052 tempest-ServerBootFromVolumeStableRescueTest-683824745 tempest-ServerBootFromVolumeStableRescueTest-683824745-project-member] REQ: curl -i https://10.4.3.251:8080/v1/AUTH_bb05a785c83b46a4aebc9573bf3773fc/glance/9bafcb29-2b65-40c9-ba76-0e2a62224daa -X PUT -H "X-Object-Manifest: glance/9bafcb29-2b65-40c9-ba76-0e2a62224daa-" -H "X-Auth-Token: gAAAAABqIUUog7bh..." -H "Content-Length: 0" {{(pid=102304) http_log /opt/stack/data/venv/lib/python3.12/site-packages/swiftclient/client.py:160}}
Jun 04 09:28:09.563577 np0000002120 devstack@g-api.service[102304]: DEBUG swiftclient [None req-5658eae7-b845-4fb9-bd5d-8f228167a052 tempest-ServerBootFromVolumeStableRescueTest-683824745 tempest-ServerBootFromVolumeStableRescueTest-683824745-project-member] RESP STATUS: 201 Created {{(pid=102304) http_log /opt/stack/data/venv/lib/python3.12/site-packages/swiftclient/client.py:161}}
Jun 04 09:28:09.563758 np0000002120 devstack@g-api.service[102304]: DEBUG swiftclient [None req-5658eae7-b845-4fb9-bd5d-8f228167a052 tempest-ServerBootFromVolumeStableRescueTest-683824745 tempest-ServerBootFromVolumeStableRescueTest-683824745-project-member] RESP HEADERS: {'Date': 'Thu, 04 Jun 2026 09:28:09 GMT', 'Server': 'Apache/2.4.58 (Ubuntu)', 'Content-Type': 'text/html; charset=UTF-8', 'Content-Length': '0', 'Etag': 'd41d8cd98f00b204e9800998ecf8427e', 'Last-Modified': 'Thu, 04 Jun 2026 09:28:10 GMT', 'X-Trans-Id': 'tx3ed3ba8abb8d4b7288e4e-006a214529', 'X-Openstack-Request-Id': 'tx3ed3ba8abb8d4b7288e4e-006a214529', 'Connection': 'close'} {{(pid=102304) http_log /opt/stack/data/venv/lib/python3.12/site-packages/swiftclient/client.py:162}}
Jun 04 09:28:09.564325 np0000002120 devstack@g-api.service[102304]: INFO glance.location [None req-5658eae7-b845-4fb9-bd5d-8f228167a052 tempest-ServerBootFromVolumeStableRescueTest-683824745 tempest-ServerBootFromVolumeStableRescueTest-683824745-project-member] Image format matched and virtual size computed: 1073741824
Jun 04 09:28:09.608160 np0000002120 devstack@g-api.service[102303]: DEBUG glance.api.middleware.version_negotiation [None req-efe78d0e-1988-4ea2-829c-097bdfcd334c tempest-ServerBootFromVolumeStableRescueTest-683824745 tempest-ServerBootFromVolumeStableRescueTest-683824745-project-member] Determining version of request: GET /v2/images/bb70d589-e72b-4ba2-9c1f-aca25d7a85b1 Accept: */* {{(pid=102303) process_request /opt/stack/glance/glance/api/middleware/version_negotiation.py:44}}
Jun 04 09:28:09.608565 np0000002120 devstack@g-api.service[102303]: DEBUG glance.api.middleware.version_negotiation [None req-efe78d0e-1988-4ea2-829c-097bdfcd334c tempest-ServerBootFromVolumeStableRescueTest-683824745 tempest-ServerBootFromVolumeStableRescueTest-683824745-project-member] Using url versioning {{(pid=102303) process_request /opt/stack/glance/glance/api/middleware/version_negotiation.py:57}}
Jun 04 09:28:09.608565 np0000002120 devstack@g-api.service[102303]: DEBUG glance.api.middleware.version_negotiation [None req-efe78d0e-1988-4ea2-829c-097bdfcd334c tempest-ServerBootFromVolumeStableRescueTest-683824745 tempest-ServerBootFromVolumeStableRescueTest-683824745-project-member] Matched version: v2 {{(pid=102303) process_request /opt/stack/glance/glance/api/middleware/version_negotiation.py:69}}
Jun 04 09:28:09.608565 np0000002120 devstack@g-api.service[102303]: DEBUG glance.api.middleware.version_negotiation [None req-efe78d0e-1988-4ea2-829c-097bdfcd334c tempest-ServerBootFromVolumeStableRescueTest-683824745 tempest-ServerBootFromVolumeStableRescueTest-683824745-project-member] new path /v2/images/bb70d589-e72b-4ba2-9c1f-aca25d7a85b1 {{(pid=102303) process_request /opt/stack/glance/glance/api/middleware/version_negotiation.py:70}}
Jun 04 09:28:09.610928 np0000002120 devstack@g-api.service[102304]: DEBUG glance_store.backend [None req-5658eae7-b845-4fb9-bd5d-8f228167a052 tempest-ServerBootFromVolumeStableRescueTest-683824745 tempest-ServerBootFromVolumeStableRescueTest-683824745-project-member] Attempting to import store swift {{(pid=102304) _load_store /opt/stack/data/venv/lib/python3.12/site-packages/glance_store/backend.py:215}}
Jun 04 09:28:09.612415 np0000002120 devstack@g-api.service[102304]: DEBUG glance_store.capabilities [None req-5658eae7-b845-4fb9-bd5d-8f228167a052 tempest-ServerBootFromVolumeStableRescueTest-683824745 tempest-ServerBootFromVolumeStableRescueTest-683824745-project-member] Store glance_store._drivers.swift.store.SingleTenantStore doesn't support updating dynamic storage capabilities. Please overwrite 'update_capabilities' method of the store to implement updating logics if needed. {{(pid=102304) update_capabilities /opt/stack/data/venv/lib/python3.12/site-packages/glance_store/capabilities.py:91}}
Jun 04 09:28:09.612520 np0000002120 devstack@g-api.service[102304]: DEBUG glance_store.driver [None req-5658eae7-b845-4fb9-bd5d-8f228167a052 tempest-ServerBootFromVolumeStableRescueTest-683824745 tempest-ServerBootFromVolumeStableRescueTest-683824745-project-member] Late loading location class glance_store._drivers.swift.store.StoreLocation {{(pid=102304) get_store_location_class /opt/stack/data/venv/lib/python3.12/site-packages/glance_store/driver.py:134}}
Jun 04 09:28:09.612648 np0000002120 devstack@g-api.service[102304]: DEBUG glance_store.location [None req-5658eae7-b845-4fb9-bd5d-8f228167a052 tempest-ServerBootFromVolumeStableRescueTest-683824745 tempest-ServerBootFromVolumeStableRescueTest-683824745-project-member] Registering scheme swift+https with {'store': , 'location_class': , 'store_entry': 'swift'} {{(pid=102304) register_scheme_map /opt/stack/data/venv/lib/python3.12/site-packages/glance_store/location.py:146}}
Jun 04 09:28:09.612772 np0000002120 devstack@g-api.service[102304]: DEBUG glance_store.location [None req-5658eae7-b845-4fb9-bd5d-8f228167a052 tempest-ServerBootFromVolumeStableRescueTest-683824745 tempest-ServerBootFromVolumeStableRescueTest-683824745-project-member] Registering scheme swift+https with {'store': , 'location_class': , 'store_entry': 'swift'} {{(pid=102304) register_scheme_map /opt/stack/data/venv/lib/python3.12/site-packages/glance_store/location.py:146}}
Jun 04 09:28:09.612906 np0000002120 devstack@g-api.service[102304]: DEBUG glance_store.location [None req-5658eae7-b845-4fb9-bd5d-8f228167a052 tempest-ServerBootFromVolumeStableRescueTest-683824745 tempest-ServerBootFromVolumeStableRescueTest-683824745-project-member] Registering scheme swift with {'store': , 'location_class': , 'store_entry': 'swift'} {{(pid=102304) register_scheme_map /opt/stack/data/venv/lib/python3.12/site-packages/glance_store/location.py:146}}
Jun 04 09:28:09.613020 np0000002120 devstack@g-api.service[102304]: DEBUG glance_store.location [None req-5658eae7-b845-4fb9-bd5d-8f228167a052 tempest-ServerBootFromVolumeStableRescueTest-683824745 tempest-ServerBootFromVolumeStableRescueTest-683824745-project-member] Registering scheme swift+https with {'store': , 'location_class': , 'store_entry': 'swift'} {{(pid=102304) register_scheme_map /opt/stack/data/venv/lib/python3.12/site-packages/glance_store/location.py:146}}
Jun 04 09:28:09.613136 np0000002120 devstack@g-api.service[102304]: DEBUG glance_store.location [None req-5658eae7-b845-4fb9-bd5d-8f228167a052 tempest-ServerBootFromVolumeStableRescueTest-683824745 tempest-ServerBootFromVolumeStableRescueTest-683824745-project-member] Registering scheme swift with {'store': , 'location_class': , 'store_entry': 'swift'} {{(pid=102304) register_scheme_map /opt/stack/data/venv/lib/python3.12/site-packages/glance_store/location.py:146}}
Jun 04 09:28:09.613260 np0000002120 devstack@g-api.service[102304]: DEBUG glance_store.location [None req-5658eae7-b845-4fb9-bd5d-8f228167a052 tempest-ServerBootFromVolumeStableRescueTest-683824745 tempest-ServerBootFromVolumeStableRescueTest-683824745-project-member] Registering scheme swift+http with {'store': , 'location_class': , 'store_entry': 'swift'} {{(pid=102304) register_scheme_map /opt/stack/data/venv/lib/python3.12/site-packages/glance_store/location.py:146}}
Jun 04 09:28:09.613377 np0000002120 devstack@g-api.service[102304]: DEBUG glance_store.location [None req-5658eae7-b845-4fb9-bd5d-8f228167a052 tempest-ServerBootFromVolumeStableRescueTest-683824745 tempest-ServerBootFromVolumeStableRescueTest-683824745-project-member] Registering scheme swift+https with {'store': , 'location_class': , 'store_entry': 'swift'} {{(pid=102304) register_scheme_map /opt/stack/data/venv/lib/python3.12/site-packages/glance_store/location.py:146}}
Jun 04 09:28:09.613475 np0000002120 devstack@g-api.service[102304]: DEBUG glance_store.location [None req-5658eae7-b845-4fb9-bd5d-8f228167a052 tempest-ServerBootFromVolumeStableRescueTest-683824745 tempest-ServerBootFromVolumeStableRescueTest-683824745-project-member] Registering scheme swift with {'store': , 'location_class': , 'store_entry': 'swift'} {{(pid=102304) register_scheme_map /opt/stack/data/venv/lib/python3.12/site-packages/glance_store/location.py:146}}
Jun 04 09:28:09.613576 np0000002120 devstack@g-api.service[102304]: DEBUG glance_store.location [None req-5658eae7-b845-4fb9-bd5d-8f228167a052 tempest-ServerBootFromVolumeStableRescueTest-683824745 tempest-ServerBootFromVolumeStableRescueTest-683824745-project-member] Registering scheme swift+http with {'store': , 'location_class': , 'store_entry': 'swift'} {{(pid=102304) register_scheme_map /opt/stack/data/venv/lib/python3.12/site-packages/glance_store/location.py:146}}
Jun 04 09:28:09.613689 np0000002120 devstack@g-api.service[102304]: DEBUG glance_store.location [None req-5658eae7-b845-4fb9-bd5d-8f228167a052 tempest-ServerBootFromVolumeStableRescueTest-683824745 tempest-ServerBootFromVolumeStableRescueTest-683824745-project-member] Registering scheme swift+config with {'store': , 'location_class': , 'store_entry': 'swift'} {{(pid=102304) register_scheme_map /opt/stack/data/venv/lib/python3.12/site-packages/glance_store/location.py:146}}
Jun 04 09:28:09.613809 np0000002120 devstack@g-api.service[102304]: DEBUG glance_store.backend [None req-5658eae7-b845-4fb9-bd5d-8f228167a052 tempest-ServerBootFromVolumeStableRescueTest-683824745 tempest-ServerBootFromVolumeStableRescueTest-683824745-project-member] Skipping store.set_acls... not implemented. {{(pid=102304) set_acls /opt/stack/data/venv/lib/python3.12/site-packages/glance_store/backend.py:507}}
Jun 04 09:28:09.615894 np0000002120 devstack@g-api.service[102304]: [pid: 102304|app: 0|req: 28/94] 127.0.0.1 () {46 vars in 1158 bytes} [Thu Jun 4 09:28:07 2026] PUT /v2/images/9bafcb29-2b65-40c9-ba76-0e2a62224daa/file => generated 0 bytes in 2305 msecs (HTTP/1.1 204) 4 headers in 171 bytes (1 switches on core 0)
Jun 04 09:28:09.629813 np0000002120 devstack@g-api.service[102303]: [pid: 102303|app: 0|req: 34/95] 127.0.0.1 () {44 vars in 1115 bytes} [Thu Jun 4 09:28:09 2026] GET /v2/images/bb70d589-e72b-4ba2-9c1f-aca25d7a85b1 => generated 1044 bytes in 22 msecs (HTTP/1.1 200) 4 headers in 158 bytes (1 switches on core 0)
