Aug 13 15:02:49.604112 np0000007220 devstack@g-api.service[99785]: DEBUG glance.location [None req-84c574e1-62dd-42bd-9188-11bc96f02d74 tempest-ImageDependencyTests-1106880063 tempest-ImageDependencyTests-1106880063-project-member] Enabling in-flight format inspection for raw {{(pid=99785) set_data /opt/stack/glance/glance/location.py:596}}
Aug 13 15:02:49.604569 np0000007220 devstack@g-api.service[99785]: DEBUG glance_store.backend [None req-84c574e1-62dd-42bd-9188-11bc96f02d74 tempest-ImageDependencyTests-1106880063 tempest-ImageDependencyTests-1106880063-project-member] Attempting to import store swift {{(pid=99785) _load_store /opt/stack/data/venv/lib/python3.12/site-packages/glance_store/backend.py:215}}
Aug 13 15:02:49.606506 np0000007220 devstack@g-api.service[99785]: DEBUG glance_store.capabilities [None req-84c574e1-62dd-42bd-9188-11bc96f02d74 tempest-ImageDependencyTests-1106880063 tempest-ImageDependencyTests-1106880063-project-member] Store glance_store._drivers.swift.store.SingleTenantStore doesn't support updating dynamic storage capabilities. Please overwrite 'update_capabilities' method of the store to implement updating logics if needed. {{(pid=99785) update_capabilities /opt/stack/data/venv/lib/python3.12/site-packages/glance_store/capabilities.py:91}}
Aug 13 15:02:49.606706 np0000007220 devstack@g-api.service[99785]: DEBUG glance_store.driver [None req-84c574e1-62dd-42bd-9188-11bc96f02d74 tempest-ImageDependencyTests-1106880063 tempest-ImageDependencyTests-1106880063-project-member] Late loading location class glance_store._drivers.swift.store.StoreLocation {{(pid=99785) get_store_location_class /opt/stack/data/venv/lib/python3.12/site-packages/glance_store/driver.py:134}}
Aug 13 15:02:49.606808 np0000007220 devstack@g-api.service[99785]: DEBUG glance_store.location [None req-84c574e1-62dd-42bd-9188-11bc96f02d74 tempest-ImageDependencyTests-1106880063 tempest-ImageDependencyTests-1106880063-project-member] Registering scheme swift+https with {'store': , 'location_class': , 'store_entry': 'swift'} {{(pid=99785) register_scheme_map /opt/stack/data/venv/lib/python3.12/site-packages/glance_store/location.py:146}}
Aug 13 15:02:49.606900 np0000007220 devstack@g-api.service[99785]: DEBUG glance_store.location [None req-84c574e1-62dd-42bd-9188-11bc96f02d74 tempest-ImageDependencyTests-1106880063 tempest-ImageDependencyTests-1106880063-project-member] Registering scheme swift+https with {'store': , 'location_class': , 'store_entry': 'swift'} {{(pid=99785) register_scheme_map /opt/stack/data/venv/lib/python3.12/site-packages/glance_store/location.py:146}}
Aug 13 15:02:49.607017 np0000007220 devstack@g-api.service[99785]: DEBUG glance_store.location [None req-84c574e1-62dd-42bd-9188-11bc96f02d74 tempest-ImageDependencyTests-1106880063 tempest-ImageDependencyTests-1106880063-project-member] Registering scheme swift with {'store': , 'location_class': , 'store_entry': 'swift'} {{(pid=99785) register_scheme_map /opt/stack/data/venv/lib/python3.12/site-packages/glance_store/location.py:146}}
Aug 13 15:02:49.607095 np0000007220 devstack@g-api.service[99785]: DEBUG glance_store.location [None req-84c574e1-62dd-42bd-9188-11bc96f02d74 tempest-ImageDependencyTests-1106880063 tempest-ImageDependencyTests-1106880063-project-member] Registering scheme swift+https with {'store': , 'location_class': , 'store_entry': 'swift'} {{(pid=99785) register_scheme_map /opt/stack/data/venv/lib/python3.12/site-packages/glance_store/location.py:146}}
Aug 13 15:02:49.607182 np0000007220 devstack@g-api.service[99785]: DEBUG glance_store.location [None req-84c574e1-62dd-42bd-9188-11bc96f02d74 tempest-ImageDependencyTests-1106880063 tempest-ImageDependencyTests-1106880063-project-member] Registering scheme swift with {'store': , 'location_class': , 'store_entry': 'swift'} {{(pid=99785) register_scheme_map /opt/stack/data/venv/lib/python3.12/site-packages/glance_store/location.py:146}}
Aug 13 15:02:49.607275 np0000007220 devstack@g-api.service[99785]: DEBUG glance_store.location [None req-84c574e1-62dd-42bd-9188-11bc96f02d74 tempest-ImageDependencyTests-1106880063 tempest-ImageDependencyTests-1106880063-project-member] Registering scheme swift+http with {'store': , 'location_class': , 'store_entry': 'swift'} {{(pid=99785) register_scheme_map /opt/stack/data/venv/lib/python3.12/site-packages/glance_store/location.py:146}}
Aug 13 15:02:49.607367 np0000007220 devstack@g-api.service[99785]: DEBUG glance_store.location [None req-84c574e1-62dd-42bd-9188-11bc96f02d74 tempest-ImageDependencyTests-1106880063 tempest-ImageDependencyTests-1106880063-project-member] Registering scheme swift+https with {'store': , 'location_class': , 'store_entry': 'swift'} {{(pid=99785) register_scheme_map /opt/stack/data/venv/lib/python3.12/site-packages/glance_store/location.py:146}}
Aug 13 15:02:49.607455 np0000007220 devstack@g-api.service[99785]: DEBUG glance_store.location [None req-84c574e1-62dd-42bd-9188-11bc96f02d74 tempest-ImageDependencyTests-1106880063 tempest-ImageDependencyTests-1106880063-project-member] Registering scheme swift with {'store': , 'location_class': , 'store_entry': 'swift'} {{(pid=99785) register_scheme_map /opt/stack/data/venv/lib/python3.12/site-packages/glance_store/location.py:146}}
Aug 13 15:02:49.607541 np0000007220 devstack@g-api.service[99785]: DEBUG glance_store.location [None req-84c574e1-62dd-42bd-9188-11bc96f02d74 tempest-ImageDependencyTests-1106880063 tempest-ImageDependencyTests-1106880063-project-member] Registering scheme swift+http with {'store': , 'location_class': , 'store_entry': 'swift'} {{(pid=99785) register_scheme_map /opt/stack/data/venv/lib/python3.12/site-packages/glance_store/location.py:146}}
Aug 13 15:02:49.607649 np0000007220 devstack@g-api.service[99785]: DEBUG glance_store.location [None req-84c574e1-62dd-42bd-9188-11bc96f02d74 tempest-ImageDependencyTests-1106880063 tempest-ImageDependencyTests-1106880063-project-member] Registering scheme swift+config with {'store': , 'location_class': , 'store_entry': 'swift'} {{(pid=99785) register_scheme_map /opt/stack/data/venv/lib/python3.12/site-packages/glance_store/location.py:146}}
Aug 13 15:02:50.058861 np0000007220 devstack@g-api.service[99785]: DEBUG swiftclient [None req-84c574e1-62dd-42bd-9188-11bc96f02d74 tempest-ImageDependencyTests-1106880063 tempest-ImageDependencyTests-1106880063-project-member] REQ: curl -i https://10.4.3.213:8080/v1/AUTH_94e4c27c9db34007a5b825efeec62e1a/glance -I -H "X-Auth-Token: gAAAAABqfdyZ6SBF..." {{(pid=99785) http_log /opt/stack/data/venv/lib/python3.12/site-packages/swiftclient/client.py:160}}
Aug 13 15:02:50.058980 np0000007220 devstack@g-api.service[99785]: DEBUG swiftclient [None req-84c574e1-62dd-42bd-9188-11bc96f02d74 tempest-ImageDependencyTests-1106880063 tempest-ImageDependencyTests-1106880063-project-member] RESP STATUS: 204 No Content {{(pid=99785) http_log /opt/stack/data/venv/lib/python3.12/site-packages/swiftclient/client.py:161}}
Aug 13 15:02:50.059177 np0000007220 devstack@g-api.service[99785]: DEBUG swiftclient [None req-84c574e1-62dd-42bd-9188-11bc96f02d74 tempest-ImageDependencyTests-1106880063 tempest-ImageDependencyTests-1106880063-project-member] RESP HEADERS: {'Date': 'Thu, 13 Aug 2026 15:02:50 GMT', 'Server': 'Apache/2.4.58 (Ubuntu)', 'Content-Type': 'text/plain; charset=utf-8', 'X-Container-Object-Count': '5', 'X-Container-Bytes-Used': '86048768', 'X-Timestamp': '1786633205.38702', 'Last-Modified': 'Thu, 13 Aug 2026 15:00:06 GMT', 'Accept-Ranges': 'bytes', 'X-Storage-Policy': 'Policy-0', 'X-Container-Sharding': 'False', 'Vary': 'Accept', 'X-Trans-Id': 'tx0d042ff8c1f14e4691204-006a7ddc99', 'X-Openstack-Request-Id': 'tx0d042ff8c1f14e4691204-006a7ddc99', 'Connection': 'close'} {{(pid=99785) http_log /opt/stack/data/venv/lib/python3.12/site-packages/swiftclient/client.py:162}}
Aug 13 15:02:50.059353 np0000007220 devstack@g-api.service[99785]: DEBUG glance_store._drivers.swift.store [None req-84c574e1-62dd-42bd-9188-11bc96f02d74 tempest-ImageDependencyTests-1106880063 tempest-ImageDependencyTests-1106880063-project-member] Adding image object '9f17bee5-cbe5-4d0b-9c88-c0235caec011' to Swift {{(pid=99785) add /opt/stack/data/venv/lib/python3.12/site-packages/glance_store/_drivers/swift/store.py:970}}
Aug 13 15:02:50.064583 np0000007220 devstack@g-api.service[99785]: DEBUG oslo_utils.imageutils.format_inspector [None req-84c574e1-62dd-42bd-9188-11bc96f02d74 tempest-ImageDependencyTests-1106880063 tempest-ImageDependencyTests-1106880063-project-member] Format inspector for vmdk does not match, excluding from consideration (Signature KDMV not found: b'"Pi\xe5') {{(pid=99785) _process_chunk /opt/stack/data/venv/lib/python3.12/site-packages/oslo_utils/imageutils/format_inspector.py:1758}}
Aug 13 15:02:50.078819 np0000007220 devstack@g-api.service[99784]: DEBUG glance.api.middleware.version_negotiation [None req-ac13fec2-e06d-4778-86d1-66a6f1d1eab0 tempest-TaggedBootDevicesTest_v242-560184180 tempest-TaggedBootDevicesTest_v242-560184180-project-member] Determining version of request: GET /versions Accept: */* {{(pid=99784) process_request /opt/stack/glance/glance/api/middleware/version_negotiation.py:44}}
Aug 13 15:02:50.079534 np0000007220 devstack@g-api.service[99784]: [pid: 99784|app: 0|req: 22/62] 127.0.0.1 () {44 vars in 1039 bytes} [Thu Aug 13 15:02:50 2026] GET /versions => generated 1515 bytes in 1 msecs (HTTP/1.1 200) 3 headers in 92 bytes (1 switches on core 0)
Aug 13 15:02:50.084188 np0000007220 devstack@g-api.service[99785]: DEBUG swiftclient [None req-84c574e1-62dd-42bd-9188-11bc96f02d74 tempest-ImageDependencyTests-1106880063 tempest-ImageDependencyTests-1106880063-project-member] REQ: curl -i https://10.4.3.213:8080/v1/AUTH_94e4c27c9db34007a5b825efeec62e1a/glance/9f17bee5-cbe5-4d0b-9c88-c0235caec011 -X PUT -H "X-Auth-Token: gAAAAABqfdyZ6SBF..." -H "Content-Length: 1024" {{(pid=99785) http_log /opt/stack/data/venv/lib/python3.12/site-packages/swiftclient/client.py:160}}
Aug 13 15:02:50.084291 np0000007220 devstack@g-api.service[99785]: DEBUG swiftclient [None req-84c574e1-62dd-42bd-9188-11bc96f02d74 tempest-ImageDependencyTests-1106880063 tempest-ImageDependencyTests-1106880063-project-member] RESP STATUS: 201 Created {{(pid=99785) http_log /opt/stack/data/venv/lib/python3.12/site-packages/swiftclient/client.py:161}}
Aug 13 15:02:50.084436 np0000007220 devstack@g-api.service[99785]: DEBUG swiftclient [None req-84c574e1-62dd-42bd-9188-11bc96f02d74 tempest-ImageDependencyTests-1106880063 tempest-ImageDependencyTests-1106880063-project-member] RESP HEADERS: {'Date': 'Thu, 13 Aug 2026 15:02:50 GMT', 'Server': 'Apache/2.4.58 (Ubuntu)', 'Content-Type': 'text/html; charset=UTF-8', 'Content-Length': '0', 'Etag': 'c6841a1373866e03d944d9a74b3a3367', 'Last-Modified': 'Thu, 13 Aug 2026 15:02:51 GMT', 'X-Trans-Id': 'txa5f41146038f4546901fc-006a7ddc9a', 'X-Openstack-Request-Id': 'txa5f41146038f4546901fc-006a7ddc9a', 'Connection': 'close'} {{(pid=99785) http_log /opt/stack/data/venv/lib/python3.12/site-packages/swiftclient/client.py:162}}
Aug 13 15:02:50.084880 np0000007220 devstack@g-api.service[99785]: INFO glance.location [None req-84c574e1-62dd-42bd-9188-11bc96f02d74 tempest-ImageDependencyTests-1106880063 tempest-ImageDependencyTests-1106880063-project-member] Image format matched and virtual size computed: 1024
Aug 13 15:02:50.089084 np0000007220 devstack@g-api.service[99783]: DEBUG glance.api.middleware.version_negotiation [None req-ac13fec2-e06d-4778-86d1-66a6f1d1eab0 tempest-TaggedBootDevicesTest_v242-560184180 tempest-TaggedBootDevicesTest_v242-560184180-project-member] Determining version of request: GET /v2/images/fdcf9c1b-7a9c-47f4-a053-45b50f361559/locations Accept: */* {{(pid=99783) process_request /opt/stack/glance/glance/api/middleware/version_negotiation.py:44}}
Aug 13 15:02:50.089525 np0000007220 devstack@g-api.service[99783]: DEBUG glance.api.middleware.version_negotiation [None req-ac13fec2-e06d-4778-86d1-66a6f1d1eab0 tempest-TaggedBootDevicesTest_v242-560184180 tempest-TaggedBootDevicesTest_v242-560184180-project-member] Using url versioning {{(pid=99783) process_request /opt/stack/glance/glance/api/middleware/version_negotiation.py:57}}
Aug 13 15:02:50.089525 np0000007220 devstack@g-api.service[99783]: DEBUG glance.api.middleware.version_negotiation [None req-ac13fec2-e06d-4778-86d1-66a6f1d1eab0 tempest-TaggedBootDevicesTest_v242-560184180 tempest-TaggedBootDevicesTest_v242-560184180-project-member] Matched version: v2 {{(pid=99783) process_request /opt/stack/glance/glance/api/middleware/version_negotiation.py:69}}
Aug 13 15:02:50.089525 np0000007220 devstack@g-api.service[99783]: DEBUG glance.api.middleware.version_negotiation [None req-ac13fec2-e06d-4778-86d1-66a6f1d1eab0 tempest-TaggedBootDevicesTest_v242-560184180 tempest-TaggedBootDevicesTest_v242-560184180-project-member] new path /v2/images/fdcf9c1b-7a9c-47f4-a053-45b50f361559/locations {{(pid=99783) process_request /opt/stack/glance/glance/api/middleware/version_negotiation.py:70}}
Aug 13 15:02:50.109827 np0000007220 devstack@g-api.service[99785]: DEBUG glance_store.backend [None req-84c574e1-62dd-42bd-9188-11bc96f02d74 tempest-ImageDependencyTests-1106880063 tempest-ImageDependencyTests-1106880063-project-member] Attempting to import store swift {{(pid=99785) _load_store /opt/stack/data/venv/lib/python3.12/site-packages/glance_store/backend.py:215}}
Aug 13 15:02:50.111306 np0000007220 devstack@g-api.service[99785]: DEBUG glance_store.capabilities [None req-84c574e1-62dd-42bd-9188-11bc96f02d74 tempest-ImageDependencyTests-1106880063 tempest-ImageDependencyTests-1106880063-project-member] Store glance_store._drivers.swift.store.SingleTenantStore doesn't support updating dynamic storage capabilities. Please overwrite 'update_capabilities' method of the store to implement updating logics if needed. {{(pid=99785) update_capabilities /opt/stack/data/venv/lib/python3.12/site-packages/glance_store/capabilities.py:91}}
Aug 13 15:02:50.111410 np0000007220 devstack@g-api.service[99785]: DEBUG glance_store.driver [None req-84c574e1-62dd-42bd-9188-11bc96f02d74 tempest-ImageDependencyTests-1106880063 tempest-ImageDependencyTests-1106880063-project-member] Late loading location class glance_store._drivers.swift.store.StoreLocation {{(pid=99785) get_store_location_class /opt/stack/data/venv/lib/python3.12/site-packages/glance_store/driver.py:134}}
Aug 13 15:02:50.111477 np0000007220 devstack@g-api.service[99785]: DEBUG glance_store.location [None req-84c574e1-62dd-42bd-9188-11bc96f02d74 tempest-ImageDependencyTests-1106880063 tempest-ImageDependencyTests-1106880063-project-member] Registering scheme swift+https with {'store': , 'location_class': , 'store_entry': 'swift'} {{(pid=99785) register_scheme_map /opt/stack/data/venv/lib/python3.12/site-packages/glance_store/location.py:146}}
Aug 13 15:02:50.111560 np0000007220 devstack@g-api.service[99785]: DEBUG glance_store.location [None req-84c574e1-62dd-42bd-9188-11bc96f02d74 tempest-ImageDependencyTests-1106880063 tempest-ImageDependencyTests-1106880063-project-member] Registering scheme swift+https with {'store': , 'location_class': , 'store_entry': 'swift'} {{(pid=99785) register_scheme_map /opt/stack/data/venv/lib/python3.12/site-packages/glance_store/location.py:146}}
Aug 13 15:02:50.111703 np0000007220 devstack@g-api.service[99785]: DEBUG glance_store.location [None req-84c574e1-62dd-42bd-9188-11bc96f02d74 tempest-ImageDependencyTests-1106880063 tempest-ImageDependencyTests-1106880063-project-member] Registering scheme swift with {'store': , 'location_class': , 'store_entry': 'swift'} {{(pid=99785) register_scheme_map /opt/stack/data/venv/lib/python3.12/site-packages/glance_store/location.py:146}}
Aug 13 15:02:50.111781 np0000007220 devstack@g-api.service[99785]: DEBUG glance_store.location [None req-84c574e1-62dd-42bd-9188-11bc96f02d74 tempest-ImageDependencyTests-1106880063 tempest-ImageDependencyTests-1106880063-project-member] Registering scheme swift+https with {'store': , 'location_class': , 'store_entry': 'swift'} {{(pid=99785) register_scheme_map /opt/stack/data/venv/lib/python3.12/site-packages/glance_store/location.py:146}}
Aug 13 15:02:50.111923 np0000007220 devstack@g-api.service[99785]: DEBUG glance_store.location [None req-84c574e1-62dd-42bd-9188-11bc96f02d74 tempest-ImageDependencyTests-1106880063 tempest-ImageDependencyTests-1106880063-project-member] Registering scheme swift with {'store': , 'location_class': , 'store_entry': 'swift'} {{(pid=99785) register_scheme_map /opt/stack/data/venv/lib/python3.12/site-packages/glance_store/location.py:146}}
Aug 13 15:02:50.111973 np0000007220 devstack@g-api.service[99785]: DEBUG glance_store.location [None req-84c574e1-62dd-42bd-9188-11bc96f02d74 tempest-ImageDependencyTests-1106880063 tempest-ImageDependencyTests-1106880063-project-member] Registering scheme swift+http with {'store': , 'location_class': , 'store_entry': 'swift'} {{(pid=99785) register_scheme_map /opt/stack/data/venv/lib/python3.12/site-packages/glance_store/location.py:146}}
Aug 13 15:02:50.112033 np0000007220 devstack@g-api.service[99785]: DEBUG glance_store.location [None req-84c574e1-62dd-42bd-9188-11bc96f02d74 tempest-ImageDependencyTests-1106880063 tempest-ImageDependencyTests-1106880063-project-member] Registering scheme swift+https with {'store': , 'location_class': , 'store_entry': 'swift'} {{(pid=99785) register_scheme_map /opt/stack/data/venv/lib/python3.12/site-packages/glance_store/location.py:146}}
Aug 13 15:02:50.112067 np0000007220 devstack@g-api.service[99785]: DEBUG glance_store.location [None req-84c574e1-62dd-42bd-9188-11bc96f02d74 tempest-ImageDependencyTests-1106880063 tempest-ImageDependencyTests-1106880063-project-member] Registering scheme swift with {'store': , 'location_class': , 'store_entry': 'swift'} {{(pid=99785) register_scheme_map /opt/stack/data/venv/lib/python3.12/site-packages/glance_store/location.py:146}}
Aug 13 15:02:50.112223 np0000007220 devstack@g-api.service[99785]: DEBUG glance_store.location [None req-84c574e1-62dd-42bd-9188-11bc96f02d74 tempest-ImageDependencyTests-1106880063 tempest-ImageDependencyTests-1106880063-project-member] Registering scheme swift+http with {'store': , 'location_class': , 'store_entry': 'swift'} {{(pid=99785) register_scheme_map /opt/stack/data/venv/lib/python3.12/site-packages/glance_store/location.py:146}}
Aug 13 15:02:50.112223 np0000007220 devstack@g-api.service[99785]: DEBUG glance_store.location [None req-84c574e1-62dd-42bd-9188-11bc96f02d74 tempest-ImageDependencyTests-1106880063 tempest-ImageDependencyTests-1106880063-project-member] Registering scheme swift+config with {'store': , 'location_class': , 'store_entry': 'swift'} {{(pid=99785) register_scheme_map /opt/stack/data/venv/lib/python3.12/site-packages/glance_store/location.py:146}}
Aug 13 15:02:50.112315 np0000007220 devstack@g-api.service[99785]: DEBUG glance_store.backend [None req-84c574e1-62dd-42bd-9188-11bc96f02d74 tempest-ImageDependencyTests-1106880063 tempest-ImageDependencyTests-1106880063-project-member] Skipping store.set_acls... not implemented. {{(pid=99785) set_acls /opt/stack/data/venv/lib/python3.12/site-packages/glance_store/backend.py:507}}
Aug 13 15:02:50.114185 np0000007220 devstack@g-api.service[99785]: [pid: 99785|app: 0|req: 19/63] 127.0.0.1 () {40 vars in 847 bytes} [Thu Aug 13 15:02:48 2026] PUT /v2/images/9f17bee5-cbe5-4d0b-9c88-c0235caec011/file => generated 0 bytes in 1666 msecs (HTTP/1.1 204) 4 headers in 171 bytes (1 switches on core 0)
Aug 13 15:02:50.121105 np0000007220 devstack@g-api.service[99784]: DEBUG glance.api.middleware.version_negotiation [None req-ac13fec2-e06d-4778-86d1-66a6f1d1eab0 tempest-TaggedBootDevicesTest_v242-560184180 tempest-TaggedBootDevicesTest_v242-560184180-project-member] Determining version of request: GET /v2/images/9f17bee5-cbe5-4d0b-9c88-c0235caec011 Accept: application/json {{(pid=99784) process_request /opt/stack/glance/glance/api/middleware/version_negotiation.py:44}}
Aug 13 15:02:50.121259 np0000007220 devstack@g-api.service[99784]: DEBUG glance.api.middleware.version_negotiation [None req-ac13fec2-e06d-4778-86d1-66a6f1d1eab0 tempest-TaggedBootDevicesTest_v242-560184180 tempest-TaggedBootDevicesTest_v242-560184180-project-member] Using url versioning {{(pid=99784) process_request /opt/stack/glance/glance/api/middleware/version_negotiation.py:57}}
Aug 13 15:02:50.121399 np0000007220 devstack@g-api.service[99784]: DEBUG glance.api.middleware.version_negotiation [None req-ac13fec2-e06d-4778-86d1-66a6f1d1eab0 tempest-TaggedBootDevicesTest_v242-560184180 tempest-TaggedBootDevicesTest_v242-560184180-project-member] Matched version: v2 {{(pid=99784) process_request /opt/stack/glance/glance/api/middleware/version_negotiation.py:69}}
Aug 13 15:02:50.121515 np0000007220 devstack@g-api.service[99784]: DEBUG glance.api.middleware.version_negotiation [None req-ac13fec2-e06d-4778-86d1-66a6f1d1eab0 tempest-TaggedBootDevicesTest_v242-560184180 tempest-TaggedBootDevicesTest_v242-560184180-project-member] new path /v2/images/9f17bee5-cbe5-4d0b-9c88-c0235caec011 {{(pid=99784) process_request /opt/stack/glance/glance/api/middleware/version_negotiation.py:70}}
Aug 13 15:02:50.129572 np0000007220 devstack@g-api.service[99784]: [pid: 99784|app: 0|req: 23/64] 127.0.0.1 () {40 vars in 838 bytes} [Thu Aug 13 15:02:50 2026] GET /v2/images/9f17bee5-cbe5-4d0b-9c88-c0235caec011 => generated 807 bytes in 8 msecs (HTTP/1.1 200) 4 headers in 157 bytes (1 switches on core 0)
Aug 13 15:02:50.458525 np0000007220 devstack@g-api.service[99785]: DEBUG glance.api.middleware.version_negotiation [None req-84c574e1-62dd-42bd-9188-11bc96f02d74 tempest-ImageDependencyTests-1106880063 tempest-ImageDependencyTests-1106880063-project-member] Determining version of request: GET /v2/images/9f17bee5-cbe5-4d0b-9c88-c0235caec011 Accept: */* {{(pid=99785) process_request /opt/stack/glance/glance/api/middleware/version_negotiation.py:44}}
Aug 13 15:02:50.458736 np0000007220 devstack@g-api.service[99785]: DEBUG glance.api.middleware.version_negotiation [None req-84c574e1-62dd-42bd-9188-11bc96f02d74 tempest-ImageDependencyTests-1106880063 tempest-ImageDependencyTests-1106880063-project-member] Using url versioning {{(pid=99785) process_request /opt/stack/glance/glance/api/middleware/version_negotiation.py:57}}
Aug 13 15:02:50.458924 np0000007220 devstack@g-api.service[99785]: DEBUG glance.api.middleware.version_negotiation [None req-84c574e1-62dd-42bd-9188-11bc96f02d74 tempest-ImageDependencyTests-1106880063 tempest-ImageDependencyTests-1106880063-project-member] Matched version: v2 {{(pid=99785) process_request /opt/stack/glance/glance/api/middleware/version_negotiation.py:69}}
Aug 13 15:02:50.459089 np0000007220 devstack@g-api.service[99785]: DEBUG glance.api.middleware.version_negotiation [None req-84c574e1-62dd-42bd-9188-11bc96f02d74 tempest-ImageDependencyTests-1106880063 tempest-ImageDependencyTests-1106880063-project-member] new path /v2/images/9f17bee5-cbe5-4d0b-9c88-c0235caec011 {{(pid=99785) process_request /opt/stack/glance/glance/api/middleware/version_negotiation.py:70}}
Aug 13 15:02:50.511891 np0000007220 devstack@g-api.service[99783]: [pid: 99783|app: 0|req: 23/65] 127.0.0.1 () {44 vars in 1135 bytes} [Thu Aug 13 15:02:50 2026] GET /v2/images/fdcf9c1b-7a9c-47f4-a053-45b50f361559/locations => generated 92 bytes in 423 msecs (HTTP/1.1 200) 4 headers in 156 bytes (1 switches on core 0)
Aug 13 15:02:50.521044 np0000007220 devstack@g-api.service[99784]: DEBUG glance.api.middleware.version_negotiation [None req-8ea89ee2-26a7-4900-880c-33556eac1e69 tempest-ImageDependencyTests-1106880063 tempest-ImageDependencyTests-1106880063-project-member] Determining version of request: GET /v2/images/fdcf9c1b-7a9c-47f4-a053-45b50f361559 Accept: */* {{(pid=99784) process_request /opt/stack/glance/glance/api/middleware/version_negotiation.py:44}}
Aug 13 15:02:50.521460 np0000007220 devstack@g-api.service[99784]: DEBUG glance.api.middleware.version_negotiation [None req-8ea89ee2-26a7-4900-880c-33556eac1e69 tempest-ImageDependencyTests-1106880063 tempest-ImageDependencyTests-1106880063-project-member] Using url versioning {{(pid=99784) process_request /opt/stack/glance/glance/api/middleware/version_negotiation.py:57}}
Aug 13 15:02:50.521460 np0000007220 devstack@g-api.service[99784]: DEBUG glance.api.middleware.version_negotiation [None req-8ea89ee2-26a7-4900-880c-33556eac1e69 tempest-ImageDependencyTests-1106880063 tempest-ImageDependencyTests-1106880063-project-member] Matched version: v2 {{(pid=99784) process_request /opt/stack/glance/glance/api/middleware/version_negotiation.py:69}}
Aug 13 15:02:50.521515 np0000007220 devstack@g-api.service[99784]: DEBUG glance.api.middleware.version_negotiation [None req-8ea89ee2-26a7-4900-880c-33556eac1e69 tempest-ImageDependencyTests-1106880063 tempest-ImageDependencyTests-1106880063-project-member] new path /v2/images/fdcf9c1b-7a9c-47f4-a053-45b50f361559 {{(pid=99784) process_request /opt/stack/glance/glance/api/middleware/version_negotiation.py:70}}
Aug 13 15:02:50.533147 np0000007220 devstack@g-api.service[99784]: [pid: 99784|app: 0|req: 24/66] 127.0.0.1 () {44 vars in 1115 bytes} [Thu Aug 13 15:02:50 2026] GET /v2/images/fdcf9c1b-7a9c-47f4-a053-45b50f361559 => generated 1044 bytes in 12 msecs (HTTP/1.1 200) 4 headers in 158 bytes (1 switches on core 0)
Aug 13 15:02:50.542880 np0000007220 devstack@g-api.service[99783]: DEBUG glance.api.middleware.version_negotiation [None req-ac13fec2-e06d-4778-86d1-66a6f1d1eab0 service glance] Determining version of request: GET /v2/schemas/image Accept: */* {{(pid=99783) process_request /opt/stack/glance/glance/api/middleware/version_negotiation.py:44}}
Aug 13 15:02:50.543089 np0000007220 devstack@g-api.service[99783]: DEBUG glance.api.middleware.version_negotiation [None req-ac13fec2-e06d-4778-86d1-66a6f1d1eab0 service glance] Using url versioning {{(pid=99783) process_request /opt/stack/glance/glance/api/middleware/version_negotiation.py:57}}
Aug 13 15:02:50.543258 np0000007220 devstack@g-api.service[99783]: DEBUG glance.api.middleware.version_negotiation [None req-ac13fec2-e06d-4778-86d1-66a6f1d1eab0 service glance] Matched version: v2 {{(pid=99783) process_request /opt/stack/glance/glance/api/middleware/version_negotiation.py:69}}
Aug 13 15:02:50.543358 np0000007220 devstack@g-api.service[99783]: DEBUG glance.api.middleware.version_negotiation [None req-ac13fec2-e06d-4778-86d1-66a6f1d1eab0 service glance] new path /v2/schemas/image {{(pid=99783) process_request /opt/stack/glance/glance/api/middleware/version_negotiation.py:70}}
Aug 13 15:02:50.546419 np0000007220 devstack@g-api.service[99783]: [pid: 99783|app: 0|req: 24/67] 127.0.0.1 () {44 vars in 1055 bytes} [Thu Aug 13 15:02:50 2026] GET /v2/schemas/image => generated 6083 bytes in 4 msecs (HTTP/1.1 200) 4 headers in 158 bytes (1 switches on core 0)
Aug 13 15:02:50.555035 np0000007220 devstack@g-api.service[99784]: DEBUG glance.api.middleware.version_negotiation [None req-ac13fec2-e06d-4778-86d1-66a6f1d1eab0 tempest-TaggedBootDevicesTest_v242-560184180 tempest-TaggedBootDevicesTest_v242-560184180-project-member] Determining version of request: GET /v2/schemas/image Accept: */* {{(pid=99784) process_request /opt/stack/glance/glance/api/middleware/version_negotiation.py:44}}
Aug 13 15:02:50.555174 np0000007220 devstack@g-api.service[99784]: DEBUG glance.api.middleware.version_negotiation [None req-ac13fec2-e06d-4778-86d1-66a6f1d1eab0 tempest-TaggedBootDevicesTest_v242-560184180 tempest-TaggedBootDevicesTest_v242-560184180-project-member] Using url versioning {{(pid=99784) process_request /opt/stack/glance/glance/api/middleware/version_negotiation.py:57}}
Aug 13 15:02:50.555292 np0000007220 devstack@g-api.service[99784]: DEBUG glance.api.middleware.version_negotiation [None req-ac13fec2-e06d-4778-86d1-66a6f1d1eab0 tempest-TaggedBootDevicesTest_v242-560184180 tempest-TaggedBootDevicesTest_v242-560184180-project-member] Matched version: v2 {{(pid=99784) process_request /opt/stack/glance/glance/api/middleware/version_negotiation.py:69}}
Aug 13 15:02:50.555382 np0000007220 devstack@g-api.service[99784]: DEBUG glance.api.middleware.version_negotiation [None req-ac13fec2-e06d-4778-86d1-66a6f1d1eab0 tempest-TaggedBootDevicesTest_v242-560184180 tempest-TaggedBootDevicesTest_v242-560184180-project-member] new path /v2/schemas/image {{(pid=99784) process_request /opt/stack/glance/glance/api/middleware/version_negotiation.py:70}}
Aug 13 15:02:50.557346 np0000007220 devstack@g-api.service[99784]: [pid: 99784|app: 0|req: 25/68] 127.0.0.1 () {44 vars in 1055 bytes} [Thu Aug 13 15:02:50 2026] GET /v2/schemas/image => generated 6083 bytes in 2 msecs (HTTP/1.1 200) 4 headers in 158 bytes (1 switches on core 0)
Aug 13 15:02:50.584198 np0000007220 devstack@g-api.service[99783]: DEBUG glance.api.middleware.version_negotiation [None req-ac13fec2-e06d-4778-86d1-66a6f1d1eab0 tempest-TaggedBootDevicesTest_v242-560184180 tempest-TaggedBootDevicesTest_v242-560184180-project-member] Determining version of request: GET /v2/images/fdcf9c1b-7a9c-47f4-a053-45b50f361559 Accept: */* {{(pid=99783) process_request /opt/stack/glance/glance/api/middleware/version_negotiation.py:44}}
Aug 13 15:02:50.584366 np0000007220 devstack@g-api.service[99783]: DEBUG glance.api.middleware.version_negotiation [None req-ac13fec2-e06d-4778-86d1-66a6f1d1eab0 tempest-TaggedBootDevicesTest_v242-560184180 tempest-TaggedBootDevicesTest_v242-560184180-project-member] Using url versioning {{(pid=99783) process_request /opt/stack/glance/glance/api/middleware/version_negotiation.py:57}}
Aug 13 15:02:50.584710 np0000007220 devstack@g-api.service[99783]: DEBUG glance.api.middleware.version_negotiation [None req-ac13fec2-e06d-4778-86d1-66a6f1d1eab0 tempest-TaggedBootDevicesTest_v242-560184180 tempest-TaggedBootDevicesTest_v242-560184180-project-member] Matched version: v2 {{(pid=99783) process_request /opt/stack/glance/glance/api/middleware/version_negotiation.py:69}}
Aug 13 15:02:50.584809 np0000007220 devstack@g-api.service[99783]: DEBUG glance.api.middleware.version_negotiation [None req-ac13fec2-e06d-4778-86d1-66a6f1d1eab0 tempest-TaggedBootDevicesTest_v242-560184180 tempest-TaggedBootDevicesTest_v242-560184180-project-member] new path /v2/images/fdcf9c1b-7a9c-47f4-a053-45b50f361559 {{(pid=99783) process_request /opt/stack/glance/glance/api/middleware/version_negotiation.py:70}}
Aug 13 15:02:50.596851 np0000007220 devstack@g-api.service[99783]: [pid: 99783|app: 0|req: 25/69] 127.0.0.1 () {44 vars in 1115 bytes} [Thu Aug 13 15:02:50 2026] GET /v2/images/fdcf9c1b-7a9c-47f4-a053-45b50f361559 => generated 1044 bytes in 13 msecs (HTTP/1.1 200) 4 headers in 158 bytes (1 switches on core 0)
Aug 13 15:02:50.612390 np0000007220 devstack@g-api.service[99784]: DEBUG glance.api.middleware.version_negotiation [None req-ac13fec2-e06d-4778-86d1-66a6f1d1eab0 tempest-TaggedBootDevicesTest_v242-560184180 tempest-TaggedBootDevicesTest_v242-560184180-project-member] Determining version of request: GET /v2/images/fdcf9c1b-7a9c-47f4-a053-45b50f361559/file Accept: */* {{(pid=99784) process_request /opt/stack/glance/glance/api/middleware/version_negotiation.py:44}}
Aug 13 15:02:50.612555 np0000007220 devstack@g-api.service[99784]: DEBUG glance.api.middleware.version_negotiation [None req-ac13fec2-e06d-4778-86d1-66a6f1d1eab0 tempest-TaggedBootDevicesTest_v242-560184180 tempest-TaggedBootDevicesTest_v242-560184180-project-member] Using url versioning {{(pid=99784) process_request /opt/stack/glance/glance/api/middleware/version_negotiation.py:57}}
Aug 13 15:02:50.612731 np0000007220 devstack@g-api.service[99784]: DEBUG glance.api.middleware.version_negotiation [None req-ac13fec2-e06d-4778-86d1-66a6f1d1eab0 tempest-TaggedBootDevicesTest_v242-560184180 tempest-TaggedBootDevicesTest_v242-560184180-project-member] Matched version: v2 {{(pid=99784) process_request /opt/stack/glance/glance/api/middleware/version_negotiation.py:69}}
Aug 13 15:02:50.612857 np0000007220 devstack@g-api.service[99784]: DEBUG glance.api.middleware.version_negotiation [None req-ac13fec2-e06d-4778-86d1-66a6f1d1eab0 tempest-TaggedBootDevicesTest_v242-560184180 tempest-TaggedBootDevicesTest_v242-560184180-project-member] new path /v2/images/fdcf9c1b-7a9c-47f4-a053-45b50f361559/file {{(pid=99784) process_request /opt/stack/glance/glance/api/middleware/version_negotiation.py:70}}
Aug 13 15:02:50.623836 np0000007220 devstack@g-api.service[99784]: DEBUG glance.api.middleware.cache [None req-ac13fec2-e06d-4778-86d1-66a6f1d1eab0 tempest-TaggedBootDevicesTest_v242-560184180 tempest-TaggedBootDevicesTest_v242-560184180-project-member] Cache hit for image 'fdcf9c1b-7a9c-47f4-a053-45b50f361559' {{(pid=99784) process_request /opt/stack/glance/glance/api/middleware/cache.py:160}}
Aug 13 15:02:50.709305 np0000007220 devstack@g-api.service[99784]: [pid: 99784|app: 0|req: 26/70] 127.0.0.1 () {44 vars in 1125 bytes} [Thu Aug 13 15:02:50 2026] GET /v2/images/fdcf9c1b-7a9c-47f4-a053-45b50f361559/file => generated 21692416 bytes in 97 msecs (HTTP/1.1 200) 5 headers in 217 bytes (338 switches on core 0)
Aug 13 15:02:50.819932 np0000007220 devstack@g-api.service[99783]: DEBUG glance.api.middleware.version_negotiation [None req-ac13fec2-e06d-4778-86d1-66a6f1d1eab0 tempest-TaggedBootDevicesTest_v242-560184180 tempest-TaggedBootDevicesTest_v242-560184180-project-member] Determining version of request: GET /v2/images/fdcf9c1b-7a9c-47f4-a053-45b50f361559 Accept: */* {{(pid=99783) process_request /opt/stack/glance/glance/api/middleware/version_negotiation.py:44}}
Aug 13 15:02:50.820088 np0000007220 devstack@g-api.service[99783]: DEBUG glance.api.middleware.version_negotiation [None req-ac13fec2-e06d-4778-86d1-66a6f1d1eab0 tempest-TaggedBootDevicesTest_v242-560184180 tempest-TaggedBootDevicesTest_v242-560184180-project-member] Using url versioning {{(pid=99783) process_request /opt/stack/glance/glance/api/middleware/version_negotiation.py:57}}
Aug 13 15:02:50.820199 np0000007220 devstack@g-api.service[99783]: DEBUG glance.api.middleware.version_negotiation [None req-ac13fec2-e06d-4778-86d1-66a6f1d1eab0 tempest-TaggedBootDevicesTest_v242-560184180 tempest-TaggedBootDevicesTest_v242-560184180-project-member] Matched version: v2 {{(pid=99783) process_request /opt/stack/glance/glance/api/middleware/version_negotiation.py:69}}
Aug 13 15:02:50.820297 np0000007220 devstack@g-api.service[99783]: DEBUG glance.api.middleware.version_negotiation [None req-ac13fec2-e06d-4778-86d1-66a6f1d1eab0 tempest-TaggedBootDevicesTest_v242-560184180 tempest-TaggedBootDevicesTest_v242-560184180-project-member] new path /v2/images/fdcf9c1b-7a9c-47f4-a053-45b50f361559 {{(pid=99783) process_request /opt/stack/glance/glance/api/middleware/version_negotiation.py:70}}
Aug 13 15:02:50.829109 np0000007220 devstack@g-api.service[99783]: [pid: 99783|app: 0|req: 26/71] 127.0.0.1 () {44 vars in 1115 bytes} [Thu Aug 13 15:02:50 2026] GET /v2/images/fdcf9c1b-7a9c-47f4-a053-45b50f361559 => generated 1044 bytes in 9 msecs (HTTP/1.1 200) 4 headers in 158 bytes (1 switches on core 0)
Aug 13 15:02:50.838076 np0000007220 devstack@g-api.service[99784]: DEBUG glance.api.middleware.version_negotiation [None req-ac13fec2-e06d-4778-86d1-66a6f1d1eab0 tempest-TaggedBootDevicesTest_v242-560184180 tempest-TaggedBootDevicesTest_v242-560184180-project-member] Determining version of request: GET /v2/schemas/image Accept: */* {{(pid=99784) process_request /opt/stack/glance/glance/api/middleware/version_negotiation.py:44}}
Aug 13 15:02:50.838304 np0000007220 devstack@g-api.service[99784]: DEBUG glance.api.middleware.version_negotiation [None req-ac13fec2-e06d-4778-86d1-66a6f1d1eab0 tempest-TaggedBootDevicesTest_v242-560184180 tempest-TaggedBootDevicesTest_v242-560184180-project-member] Using url versioning {{(pid=99784) process_request /opt/stack/glance/glance/api/middleware/version_negotiation.py:57}}
Aug 13 15:02:50.838499 np0000007220 devstack@g-api.service[99784]: DEBUG glance.api.middleware.version_negotiation [None req-ac13fec2-e06d-4778-86d1-66a6f1d1eab0 tempest-TaggedBootDevicesTest_v242-560184180 tempest-TaggedBootDevicesTest_v242-560184180-project-member] Matched version: v2 {{(pid=99784) process_request /opt/stack/glance/glance/api/middleware/version_negotiation.py:69}}
Aug 13 15:02:50.838692 np0000007220 devstack@g-api.service[99784]: DEBUG glance.api.middleware.version_negotiation [None req-ac13fec2-e06d-4778-86d1-66a6f1d1eab0 tempest-TaggedBootDevicesTest_v242-560184180 tempest-TaggedBootDevicesTest_v242-560184180-project-member] new path /v2/schemas/image {{(pid=99784) process_request /opt/stack/glance/glance/api/middleware/version_negotiation.py:70}}
Aug 13 15:02:50.842421 np0000007220 devstack@g-api.service[99784]: [pid: 99784|app: 0|req: 27/72] 127.0.0.1 () {44 vars in 1055 bytes} [Thu Aug 13 15:02:50 2026] GET /v2/schemas/image => generated 6083 bytes in 5 msecs (HTTP/1.1 200) 4 headers in 158 bytes (1 switches on core 0)
Aug 13 15:02:50.923054 np0000007220 devstack@g-api.service[99785]: [pid: 99785|app: 0|req: 20/73] 127.0.0.1 () {44 vars in 1115 bytes} [Thu Aug 13 15:02:50 2026] GET /v2/images/9f17bee5-cbe5-4d0b-9c88-c0235caec011 => generated 807 bytes in 464 msecs (HTTP/1.1 200) 4 headers in 157 bytes (1 switches on core 0)
Aug 13 15:02:50.931992 np0000007220 devstack@g-api.service[99783]: DEBUG glance.api.middleware.version_negotiation [None req-ac13fec2-e06d-4778-86d1-66a6f1d1eab0 tempest-TaggedBootDevicesTest_v242-560184180 tempest-TaggedBootDevicesTest_v242-560184180-project-member] Determining version of request: GET /v2/schemas/image Accept: */* {{(pid=99783) process_request /opt/stack/glance/glance/api/middleware/version_negotiation.py:44}}
Aug 13 15:02:50.932163 np0000007220 devstack@g-api.service[99783]: DEBUG glance.api.middleware.version_negotiation [None req-ac13fec2-e06d-4778-86d1-66a6f1d1eab0 tempest-TaggedBootDevicesTest_v242-560184180 tempest-TaggedBootDevicesTest_v242-560184180-project-member] Using url versioning {{(pid=99783) process_request /opt/stack/glance/glance/api/middleware/version_negotiation.py:57}}
Aug 13 15:02:50.932354 np0000007220 devstack@g-api.service[99783]: DEBUG glance.api.middleware.version_negotiation [None req-ac13fec2-e06d-4778-86d1-66a6f1d1eab0 tempest-TaggedBootDevicesTest_v242-560184180 tempest-TaggedBootDevicesTest_v242-560184180-project-member] Matched version: v2 {{(pid=99783) process_request /opt/stack/glance/glance/api/middleware/version_negotiation.py:69}}
Aug 13 15:02:50.932498 np0000007220 devstack@g-api.service[99783]: DEBUG glance.api.middleware.version_negotiation [None req-ac13fec2-e06d-4778-86d1-66a6f1d1eab0 tempest-TaggedBootDevicesTest_v242-560184180 tempest-TaggedBootDevicesTest_v242-560184180-project-member] new path /v2/schemas/image {{(pid=99783) process_request /opt/stack/glance/glance/api/middleware/version_negotiation.py:70}}
Aug 13 15:02:50.935213 np0000007220 devstack@g-api.service[99783]: [pid: 99783|app: 0|req: 27/74] 127.0.0.1 () {44 vars in 1055 bytes} [Thu Aug 13 15:02:50 2026] GET /v2/schemas/image => generated 6083 bytes in 4 msecs (HTTP/1.1 200) 4 headers in 158 bytes (1 switches on core 0)
Aug 13 15:02:50.944422 np0000007220 devstack@g-api.service[99784]: DEBUG glance.api.middleware.version_negotiation [None req-ac13fec2-e06d-4778-86d1-66a6f1d1eab0 tempest-TaggedBootDevicesTest_v242-560184180 tempest-TaggedBootDevicesTest_v242-560184180-project-member] Determining version of request: GET /v2/schemas/image Accept: */* {{(pid=99784) process_request /opt/stack/glance/glance/api/middleware/version_negotiation.py:44}}
Aug 13 15:02:50.944593 np0000007220 devstack@g-api.service[99784]: DEBUG glance.api.middleware.version_negotiation [None req-ac13fec2-e06d-4778-86d1-66a6f1d1eab0 tempest-TaggedBootDevicesTest_v242-560184180 tempest-TaggedBootDevicesTest_v242-560184180-project-member] Using url versioning {{(pid=99784) process_request /opt/stack/glance/glance/api/middleware/version_negotiation.py:57}}
Aug 13 15:02:50.944760 np0000007220 devstack@g-api.service[99784]: DEBUG glance.api.middleware.version_negotiation [None req-ac13fec2-e06d-4778-86d1-66a6f1d1eab0 tempest-TaggedBootDevicesTest_v242-560184180 tempest-TaggedBootDevicesTest_v242-560184180-project-member] Matched version: v2 {{(pid=99784) process_request /opt/stack/glance/glance/api/middleware/version_negotiation.py:69}}
Aug 13 15:02:50.944856 np0000007220 devstack@g-api.service[99784]: DEBUG glance.api.middleware.version_negotiation [None req-ac13fec2-e06d-4778-86d1-66a6f1d1eab0 tempest-TaggedBootDevicesTest_v242-560184180 tempest-TaggedBootDevicesTest_v242-560184180-project-member] new path /v2/schemas/image {{(pid=99784) process_request /opt/stack/glance/glance/api/middleware/version_negotiation.py:70}}
Aug 13 15:02:50.948125 np0000007220 devstack@g-api.service[99784]: [pid: 99784|app: 0|req: 28/75] 127.0.0.1 () {44 vars in 1055 bytes} [Thu Aug 13 15:02:50 2026] GET /v2/schemas/image => generated 6083 bytes in 3 msecs (HTTP/1.1 200) 4 headers in 158 bytes (1 switches on core 0)
Aug 13 15:02:50.958899 np0000007220 devstack@g-api.service[99785]: DEBUG glance.api.middleware.version_negotiation [None req-2fc5e5aa-a04a-449a-970e-56dee5febeee tempest-ImageDependencyTests-1106880063 tempest-ImageDependencyTests-1106880063-project-member] Determining version of request: GET /v2/images/9f17bee5-cbe5-4d0b-9c88-c0235caec011 Accept: */* {{(pid=99785) process_request /opt/stack/glance/glance/api/middleware/version_negotiation.py:44}}
Aug 13 15:02:50.959100 np0000007220 devstack@g-api.service[99785]: DEBUG glance.api.middleware.version_negotiation [None req-2fc5e5aa-a04a-449a-970e-56dee5febeee tempest-ImageDependencyTests-1106880063 tempest-ImageDependencyTests-1106880063-project-member] Using url versioning {{(pid=99785) process_request /opt/stack/glance/glance/api/middleware/version_negotiation.py:57}}
Aug 13 15:02:50.959239 np0000007220 devstack@g-api.service[99785]: DEBUG glance.api.middleware.version_negotiation [None req-2fc5e5aa-a04a-449a-970e-56dee5febeee tempest-ImageDependencyTests-1106880063 tempest-ImageDependencyTests-1106880063-project-member] Matched version: v2 {{(pid=99785) process_request /opt/stack/glance/glance/api/middleware/version_negotiation.py:69}}
Aug 13 15:02:50.959605 np0000007220 devstack@g-api.service[99785]: DEBUG glance.api.middleware.version_negotiation [None req-2fc5e5aa-a04a-449a-970e-56dee5febeee tempest-ImageDependencyTests-1106880063 tempest-ImageDependencyTests-1106880063-project-member] new path /v2/images/9f17bee5-cbe5-4d0b-9c88-c0235caec011 {{(pid=99785) process_request /opt/stack/glance/glance/api/middleware/version_negotiation.py:70}}
Aug 13 15:02:50.967941 np0000007220 devstack@g-api.service[99785]: [pid: 99785|app: 0|req: 21/76] 127.0.0.1 () {44 vars in 1115 bytes} [Thu Aug 13 15:02:50 2026] GET /v2/images/9f17bee5-cbe5-4d0b-9c88-c0235caec011 => generated 807 bytes in 9 msecs (HTTP/1.1 200) 4 headers in 157 bytes (1 switches on core 0)
Aug 13 15:02:50.977159 np0000007220 devstack@g-api.service[99783]: DEBUG glance.api.middleware.version_negotiation [None req-2fc5e5aa-a04a-449a-970e-56dee5febeee tempest-ImageDependencyTests-1106880063 tempest-ImageDependencyTests-1106880063-project-member] Determining version of request: GET /v2/schemas/image Accept: */* {{(pid=99783) process_request /opt/stack/glance/glance/api/middleware/version_negotiation.py:44}}
Aug 13 15:02:50.977351 np0000007220 devstack@g-api.service[99783]: DEBUG glance.api.middleware.version_negotiation [None req-2fc5e5aa-a04a-449a-970e-56dee5febeee tempest-ImageDependencyTests-1106880063 tempest-ImageDependencyTests-1106880063-project-member] Using url versioning {{(pid=99783) process_request /opt/stack/glance/glance/api/middleware/version_negotiation.py:57}}
Aug 13 15:02:50.977488 np0000007220 devstack@g-api.service[99783]: DEBUG glance.api.middleware.version_negotiation [None req-2fc5e5aa-a04a-449a-970e-56dee5febeee tempest-ImageDependencyTests-1106880063 tempest-ImageDependencyTests-1106880063-project-member] Matched version: v2 {{(pid=99783) process_request /opt/stack/glance/glance/api/middleware/version_negotiation.py:69}}
Aug 13 15:02:50.977651 np0000007220 devstack@g-api.service[99783]: DEBUG glance.api.middleware.version_negotiation [None req-2fc5e5aa-a04a-449a-970e-56dee5febeee tempest-ImageDependencyTests-1106880063 tempest-ImageDependencyTests-1106880063-project-member] new path /v2/schemas/image {{(pid=99783) process_request /opt/stack/glance/glance/api/middleware/version_negotiation.py:70}}
Aug 13 15:02:50.980658 np0000007220 devstack@g-api.service[99783]: [pid: 99783|app: 0|req: 28/77] 127.0.0.1 () {44 vars in 1055 bytes} [Thu Aug 13 15:02:50 2026] GET /v2/schemas/image => generated 6083 bytes in 3 msecs (HTTP/1.1 200) 4 headers in 158 bytes (1 switches on core 0)
Aug 13 15:02:50.993198 np0000007220 devstack@g-api.service[99784]: DEBUG glance.api.middleware.version_negotiation [None req-2fc5e5aa-a04a-449a-970e-56dee5febeee tempest-ImageDependencyTests-1106880063 tempest-ImageDependencyTests-1106880063-project-member] Determining version of request: GET /v2/schemas/image Accept: */* {{(pid=99784) process_request /opt/stack/glance/glance/api/middleware/version_negotiation.py:44}}
Aug 13 15:02:50.993346 np0000007220 devstack@g-api.service[99784]: DEBUG glance.api.middleware.version_negotiation [None req-2fc5e5aa-a04a-449a-970e-56dee5febeee tempest-ImageDependencyTests-1106880063 tempest-ImageDependencyTests-1106880063-project-member] Using url versioning {{(pid=99784) process_request /opt/stack/glance/glance/api/middleware/version_negotiation.py:57}}
Aug 13 15:02:50.993477 np0000007220 devstack@g-api.service[99784]: DEBUG glance.api.middleware.version_negotiation [None req-2fc5e5aa-a04a-449a-970e-56dee5febeee tempest-ImageDependencyTests-1106880063 tempest-ImageDependencyTests-1106880063-project-member] Matched version: v2 {{(pid=99784) process_request /opt/stack/glance/glance/api/middleware/version_negotiation.py:69}}
Aug 13 15:02:50.993577 np0000007220 devstack@g-api.service[99784]: DEBUG glance.api.middleware.version_negotiation [None req-2fc5e5aa-a04a-449a-970e-56dee5febeee tempest-ImageDependencyTests-1106880063 tempest-ImageDependencyTests-1106880063-project-member] new path /v2/schemas/image {{(pid=99784) process_request /opt/stack/glance/glance/api/middleware/version_negotiation.py:70}}
Aug 13 15:02:50.997211 np0000007220 devstack@g-api.service[99784]: [pid: 99784|app: 0|req: 29/78] 127.0.0.1 () {44 vars in 1055 bytes} [Thu Aug 13 15:02:50 2026] GET /v2/schemas/image => generated 6083 bytes in 4 msecs (HTTP/1.1 200) 4 headers in 158 bytes (1 switches on core 0)
Aug 13 15:02:51.031579 np0000007220 devstack@g-api.service[99785]: DEBUG glance.api.middleware.version_negotiation [None req-2fc5e5aa-a04a-449a-970e-56dee5febeee tempest-ImageDependencyTests-1106880063 tempest-ImageDependencyTests-1106880063-project-member] Determining version of request: GET /v2/images/9f17bee5-cbe5-4d0b-9c88-c0235caec011 Accept: */* {{(pid=99785) process_request /opt/stack/glance/glance/api/middleware/version_negotiation.py:44}}
Aug 13 15:02:51.031817 np0000007220 devstack@g-api.service[99785]: DEBUG glance.api.middleware.version_negotiation [None req-2fc5e5aa-a04a-449a-970e-56dee5febeee tempest-ImageDependencyTests-1106880063 tempest-ImageDependencyTests-1106880063-project-member] Using url versioning {{(pid=99785) process_request /opt/stack/glance/glance/api/middleware/version_negotiation.py:57}}
Aug 13 15:02:51.032087 np0000007220 devstack@g-api.service[99785]: DEBUG glance.api.middleware.version_negotiation [None req-2fc5e5aa-a04a-449a-970e-56dee5febeee tempest-ImageDependencyTests-1106880063 tempest-ImageDependencyTests-1106880063-project-member] Matched version: v2 {{(pid=99785) process_request /opt/stack/glance/glance/api/middleware/version_negotiation.py:69}}
Aug 13 15:02:51.032170 np0000007220 devstack@g-api.service[99785]: DEBUG glance.api.middleware.version_negotiation [None req-2fc5e5aa-a04a-449a-970e-56dee5febeee tempest-ImageDependencyTests-1106880063 tempest-ImageDependencyTests-1106880063-project-member] new path /v2/images/9f17bee5-cbe5-4d0b-9c88-c0235caec011 {{(pid=99785) process_request /opt/stack/glance/glance/api/middleware/version_negotiation.py:70}}
Aug 13 15:02:51.044594 np0000007220 devstack@g-api.service[99785]: [pid: 99785|app: 0|req: 22/79] 127.0.0.1 () {44 vars in 1115 bytes} [Thu Aug 13 15:02:51 2026] GET /v2/images/9f17bee5-cbe5-4d0b-9c88-c0235caec011 => generated 807 bytes in 13 msecs (HTTP/1.1 200) 4 headers in 157 bytes (1 switches on core 0)
Aug 13 15:02:51.057912 np0000007220 devstack@g-api.service[99783]: DEBUG glance.api.middleware.version_negotiation [None req-2fc5e5aa-a04a-449a-970e-56dee5febeee tempest-ImageDependencyTests-1106880063 tempest-ImageDependencyTests-1106880063-project-member] Determining version of request: GET /v2/schemas/image Accept: */* {{(pid=99783) process_request /opt/stack/glance/glance/api/middleware/version_negotiation.py:44}}
Aug 13 15:02:51.057912 np0000007220 devstack@g-api.service[99783]: DEBUG glance.api.middleware.version_negotiation [None req-2fc5e5aa-a04a-449a-970e-56dee5febeee tempest-ImageDependencyTests-1106880063 tempest-ImageDependencyTests-1106880063-project-member] Using url versioning {{(pid=99783) process_request /opt/stack/glance/glance/api/middleware/version_negotiation.py:57}}
Aug 13 15:02:51.057912 np0000007220 devstack@g-api.service[99783]: DEBUG glance.api.middleware.version_negotiation [None req-2fc5e5aa-a04a-449a-970e-56dee5febeee tempest-ImageDependencyTests-1106880063 tempest-ImageDependencyTests-1106880063-project-member] Matched version: v2 {{(pid=99783) process_request /opt/stack/glance/glance/api/middleware/version_negotiation.py:69}}
