Aug 13 15:05:54.696132 np0000007220 devstack@g-api.service[99784]: DEBUG glance_store._drivers.swift.store [None req-7c4dce78-930c-4425-a92f-d66f3077d401 tempest-VolumesActionsTest-381484168 tempest-VolumesActionsTest-381484168-project-member] Cannot determine image size because it is either not provided in the request or chunked-transfer encoding is used. Adding image as a segmented object to Swift. {{(pid=99784) add /opt/stack/data/venv/lib/python3.12/site-packages/glance_store/_drivers/swift/store.py:994}}
Aug 13 15:05:54.701669 np0000007220 devstack@g-api.service[99784]: DEBUG oslo_utils.imageutils.format_inspector [None req-7c4dce78-930c-4425-a92f-d66f3077d401 tempest-VolumesActionsTest-381484168 tempest-VolumesActionsTest-381484168-project-member] Format inspector for vmdk does not match, excluding from consideration (Signature KDMV not found: b'\x00\x00\x00\x00') {{(pid=99784) _process_chunk /opt/stack/data/venv/lib/python3.12/site-packages/oslo_utils/imageutils/format_inspector.py:1758}}
Aug 13 15:05:54.704808 np0000007220 devstack@g-api.service[99784]: DEBUG oslo_utils.imageutils.format_inspector [None req-7c4dce78-930c-4425-a92f-d66f3077d401 tempest-VolumesActionsTest-381484168 tempest-VolumesActionsTest-381484168-project-member] Format inspector for vhdx does not match, excluding from consideration (Region signature not found at 30000) {{(pid=99784) _process_chunk /opt/stack/data/venv/lib/python3.12/site-packages/oslo_utils/imageutils/format_inspector.py:1758}}
Aug 13 15:05:54.971450 np0000007220 devstack@g-api.service[99783]: DEBUG glance.api.middleware.version_negotiation [None req-e70630c8-af53-4ffa-a06d-934fe6c513a2 tempest-ServerRescueNegativeTestJSON-877665390 tempest-ServerRescueNegativeTestJSON-877665390-project-member] Determining version of request: GET /v2/images/fdcf9c1b-7a9c-47f4-a053-45b50f361559 Accept: */* {{(pid=99783) process_request /opt/stack/glance/glance/api/middleware/version_negotiation.py:44}}
Aug 13 15:05:54.971878 np0000007220 devstack@g-api.service[99783]: DEBUG glance.api.middleware.version_negotiation [None req-e70630c8-af53-4ffa-a06d-934fe6c513a2 tempest-ServerRescueNegativeTestJSON-877665390 tempest-ServerRescueNegativeTestJSON-877665390-project-member] Using url versioning {{(pid=99783) process_request /opt/stack/glance/glance/api/middleware/version_negotiation.py:57}}
Aug 13 15:05:54.972243 np0000007220 devstack@g-api.service[99783]: DEBUG glance.api.middleware.version_negotiation [None req-e70630c8-af53-4ffa-a06d-934fe6c513a2 tempest-ServerRescueNegativeTestJSON-877665390 tempest-ServerRescueNegativeTestJSON-877665390-project-member] Matched version: v2 {{(pid=99783) process_request /opt/stack/glance/glance/api/middleware/version_negotiation.py:69}}
Aug 13 15:05:54.972342 np0000007220 devstack@g-api.service[99783]: DEBUG glance.api.middleware.version_negotiation [None req-e70630c8-af53-4ffa-a06d-934fe6c513a2 tempest-ServerRescueNegativeTestJSON-877665390 tempest-ServerRescueNegativeTestJSON-877665390-project-member] new path /v2/images/fdcf9c1b-7a9c-47f4-a053-45b50f361559 {{(pid=99783) process_request /opt/stack/glance/glance/api/middleware/version_negotiation.py:70}}
Aug 13 15:05:54.989969 np0000007220 devstack@g-api.service[99783]: [pid: 99783|app: 0|req: 136/377] 127.0.0.1 () {44 vars in 1115 bytes} [Thu Aug 13 15:05:54 2026] GET /v2/images/fdcf9c1b-7a9c-47f4-a053-45b50f361559 => generated 1044 bytes in 18 msecs (HTTP/1.1 200) 4 headers in 158 bytes (1 switches on core 0)
Aug 13 15:05:54.999428 np0000007220 devstack@g-api.service[99785]: DEBUG glance.api.middleware.version_negotiation [None req-0f8b15e3-ae81-4cf1-9b69-9dde1ec42238 tempest-VolumesActionsTest-381484168 tempest-VolumesActionsTest-381484168-project-member] Determining version of request: GET /v2/schemas/image Accept: */* {{(pid=99785) process_request /opt/stack/glance/glance/api/middleware/version_negotiation.py:44}}
Aug 13 15:05:54.999795 np0000007220 devstack@g-api.service[99785]: DEBUG glance.api.middleware.version_negotiation [None req-0f8b15e3-ae81-4cf1-9b69-9dde1ec42238 tempest-VolumesActionsTest-381484168 tempest-VolumesActionsTest-381484168-project-member] Using url versioning {{(pid=99785) process_request /opt/stack/glance/glance/api/middleware/version_negotiation.py:57}}
Aug 13 15:05:55.000027 np0000007220 devstack@g-api.service[99785]: DEBUG glance.api.middleware.version_negotiation [None req-0f8b15e3-ae81-4cf1-9b69-9dde1ec42238 tempest-VolumesActionsTest-381484168 tempest-VolumesActionsTest-381484168-project-member] Matched version: v2 {{(pid=99785) process_request /opt/stack/glance/glance/api/middleware/version_negotiation.py:69}}
Aug 13 15:05:55.000332 np0000007220 devstack@g-api.service[99785]: DEBUG glance.api.middleware.version_negotiation [None req-0f8b15e3-ae81-4cf1-9b69-9dde1ec42238 tempest-VolumesActionsTest-381484168 tempest-VolumesActionsTest-381484168-project-member] new path /v2/schemas/image {{(pid=99785) process_request /opt/stack/glance/glance/api/middleware/version_negotiation.py:70}}
Aug 13 15:05:55.003722 np0000007220 devstack@g-api.service[99785]: [pid: 99785|app: 0|req: 122/378] 127.0.0.1 () {44 vars in 1055 bytes} [Thu Aug 13 15:05:54 2026] GET /v2/schemas/image => generated 6083 bytes in 4 msecs (HTTP/1.1 200) 4 headers in 158 bytes (1 switches on core 0)
Aug 13 15:05:55.017487 np0000007220 devstack@g-api.service[99783]: DEBUG glance.api.middleware.version_negotiation [None req-389ab732-1717-4527-a83f-a6374aac3c42 tempest-ServerActionsTestOtherA-290069208 tempest-ServerActionsTestOtherA-290069208-project-member] Determining version of request: GET /v2/schemas/image Accept: */* {{(pid=99783) process_request /opt/stack/glance/glance/api/middleware/version_negotiation.py:44}}
Aug 13 15:05:55.017659 np0000007220 devstack@g-api.service[99783]: DEBUG glance.api.middleware.version_negotiation [None req-389ab732-1717-4527-a83f-a6374aac3c42 tempest-ServerActionsTestOtherA-290069208 tempest-ServerActionsTestOtherA-290069208-project-member] Using url versioning {{(pid=99783) process_request /opt/stack/glance/glance/api/middleware/version_negotiation.py:57}}
Aug 13 15:05:55.017843 np0000007220 devstack@g-api.service[99783]: DEBUG glance.api.middleware.version_negotiation [None req-389ab732-1717-4527-a83f-a6374aac3c42 tempest-ServerActionsTestOtherA-290069208 tempest-ServerActionsTestOtherA-290069208-project-member] Matched version: v2 {{(pid=99783) process_request /opt/stack/glance/glance/api/middleware/version_negotiation.py:69}}
Aug 13 15:05:55.017970 np0000007220 devstack@g-api.service[99783]: DEBUG glance.api.middleware.version_negotiation [None req-389ab732-1717-4527-a83f-a6374aac3c42 tempest-ServerActionsTestOtherA-290069208 tempest-ServerActionsTestOtherA-290069208-project-member] new path /v2/schemas/image {{(pid=99783) process_request /opt/stack/glance/glance/api/middleware/version_negotiation.py:70}}
Aug 13 15:05:55.025647 np0000007220 devstack@g-api.service[99783]: [pid: 99783|app: 0|req: 137/379] 127.0.0.1 () {44 vars in 1055 bytes} [Thu Aug 13 15:05:55 2026] GET /v2/schemas/image => generated 6083 bytes in 7 msecs (HTTP/1.1 200) 4 headers in 158 bytes (1 switches on core 0)
Aug 13 15:05:55.038957 np0000007220 devstack@g-api.service[99785]: DEBUG glance.api.middleware.version_negotiation [None req-389ab732-1717-4527-a83f-a6374aac3c42 tempest-ServerActionsTestOtherA-290069208 tempest-ServerActionsTestOtherA-290069208-project-member] Determining version of request: GET /v2/images/fdcf9c1b-7a9c-47f4-a053-45b50f361559 Accept: */* {{(pid=99785) process_request /opt/stack/glance/glance/api/middleware/version_negotiation.py:44}}
Aug 13 15:05:55.039232 np0000007220 devstack@g-api.service[99785]: DEBUG glance.api.middleware.version_negotiation [None req-389ab732-1717-4527-a83f-a6374aac3c42 tempest-ServerActionsTestOtherA-290069208 tempest-ServerActionsTestOtherA-290069208-project-member] Using url versioning {{(pid=99785) process_request /opt/stack/glance/glance/api/middleware/version_negotiation.py:57}}
Aug 13 15:05:55.039549 np0000007220 devstack@g-api.service[99785]: DEBUG glance.api.middleware.version_negotiation [None req-389ab732-1717-4527-a83f-a6374aac3c42 tempest-ServerActionsTestOtherA-290069208 tempest-ServerActionsTestOtherA-290069208-project-member] Matched version: v2 {{(pid=99785) process_request /opt/stack/glance/glance/api/middleware/version_negotiation.py:69}}
Aug 13 15:05:55.039746 np0000007220 devstack@g-api.service[99785]: DEBUG glance.api.middleware.version_negotiation [None req-389ab732-1717-4527-a83f-a6374aac3c42 tempest-ServerActionsTestOtherA-290069208 tempest-ServerActionsTestOtherA-290069208-project-member] new path /v2/images/fdcf9c1b-7a9c-47f4-a053-45b50f361559 {{(pid=99785) process_request /opt/stack/glance/glance/api/middleware/version_negotiation.py:70}}
Aug 13 15:05:55.050417 np0000007220 devstack@g-api.service[99785]: [pid: 99785|app: 0|req: 123/380] 127.0.0.1 () {44 vars in 1115 bytes} [Thu Aug 13 15:05:55 2026] GET /v2/images/fdcf9c1b-7a9c-47f4-a053-45b50f361559 => generated 1044 bytes in 12 msecs (HTTP/1.1 200) 4 headers in 158 bytes (1 switches on core 0)
Aug 13 15:05:55.060069 np0000007220 devstack@g-api.service[99783]: DEBUG glance.api.middleware.version_negotiation [None req-389ab732-1717-4527-a83f-a6374aac3c42 tempest-ServerActionsTestOtherA-290069208 tempest-ServerActionsTestOtherA-290069208-project-member] Determining version of request: GET /v2/schemas/image Accept: */* {{(pid=99783) process_request /opt/stack/glance/glance/api/middleware/version_negotiation.py:44}}
Aug 13 15:05:55.060235 np0000007220 devstack@g-api.service[99783]: DEBUG glance.api.middleware.version_negotiation [None req-389ab732-1717-4527-a83f-a6374aac3c42 tempest-ServerActionsTestOtherA-290069208 tempest-ServerActionsTestOtherA-290069208-project-member] Using url versioning {{(pid=99783) process_request /opt/stack/glance/glance/api/middleware/version_negotiation.py:57}}
Aug 13 15:05:55.060669 np0000007220 devstack@g-api.service[99783]: DEBUG glance.api.middleware.version_negotiation [None req-389ab732-1717-4527-a83f-a6374aac3c42 tempest-ServerActionsTestOtherA-290069208 tempest-ServerActionsTestOtherA-290069208-project-member] Matched version: v2 {{(pid=99783) process_request /opt/stack/glance/glance/api/middleware/version_negotiation.py:69}}
Aug 13 15:05:55.060754 np0000007220 devstack@g-api.service[99783]: DEBUG glance.api.middleware.version_negotiation [None req-389ab732-1717-4527-a83f-a6374aac3c42 tempest-ServerActionsTestOtherA-290069208 tempest-ServerActionsTestOtherA-290069208-project-member] new path /v2/schemas/image {{(pid=99783) process_request /opt/stack/glance/glance/api/middleware/version_negotiation.py:70}}
Aug 13 15:05:55.066445 np0000007220 devstack@g-api.service[99783]: [pid: 99783|app: 0|req: 138/381] 127.0.0.1 () {44 vars in 1055 bytes} [Thu Aug 13 15:05:55 2026] GET /v2/schemas/image => generated 6083 bytes in 6 msecs (HTTP/1.1 200) 4 headers in 158 bytes (1 switches on core 0)
Aug 13 15:05:55.074834 np0000007220 devstack@g-api.service[99785]: DEBUG glance.api.middleware.version_negotiation [None req-389ab732-1717-4527-a83f-a6374aac3c42 tempest-ServerActionsTestOtherA-290069208 tempest-ServerActionsTestOtherA-290069208-project-member] Determining version of request: DELETE /v2/images/fc8dac41-cbbe-43e5-b9bf-9302249790ee Accept: application/json {{(pid=99785) process_request /opt/stack/glance/glance/api/middleware/version_negotiation.py:44}}
Aug 13 15:05:55.074999 np0000007220 devstack@g-api.service[99785]: DEBUG glance.api.middleware.version_negotiation [None req-389ab732-1717-4527-a83f-a6374aac3c42 tempest-ServerActionsTestOtherA-290069208 tempest-ServerActionsTestOtherA-290069208-project-member] Using url versioning {{(pid=99785) process_request /opt/stack/glance/glance/api/middleware/version_negotiation.py:57}}
Aug 13 15:05:55.076919 np0000007220 devstack@g-api.service[99783]: DEBUG glance.api.middleware.version_negotiation [None req-389ab732-1717-4527-a83f-a6374aac3c42 tempest-ServerActionsTestOtherA-290069208 tempest-ServerActionsTestOtherA-290069208-project-member] Determining version of request: GET /v2/schemas/image Accept: */* {{(pid=99783) process_request /opt/stack/glance/glance/api/middleware/version_negotiation.py:44}}
Aug 13 15:05:55.077077 np0000007220 devstack@g-api.service[99783]: DEBUG glance.api.middleware.version_negotiation [None req-389ab732-1717-4527-a83f-a6374aac3c42 tempest-ServerActionsTestOtherA-290069208 tempest-ServerActionsTestOtherA-290069208-project-member] Using url versioning {{(pid=99783) process_request /opt/stack/glance/glance/api/middleware/version_negotiation.py:57}}
Aug 13 15:05:55.077214 np0000007220 devstack@g-api.service[99783]: DEBUG glance.api.middleware.version_negotiation [None req-389ab732-1717-4527-a83f-a6374aac3c42 tempest-ServerActionsTestOtherA-290069208 tempest-ServerActionsTestOtherA-290069208-project-member] Matched version: v2 {{(pid=99783) process_request /opt/stack/glance/glance/api/middleware/version_negotiation.py:69}}
Aug 13 15:05:55.077328 np0000007220 devstack@g-api.service[99783]: DEBUG glance.api.middleware.version_negotiation [None req-389ab732-1717-4527-a83f-a6374aac3c42 tempest-ServerActionsTestOtherA-290069208 tempest-ServerActionsTestOtherA-290069208-project-member] new path /v2/schemas/image {{(pid=99783) process_request /opt/stack/glance/glance/api/middleware/version_negotiation.py:70}}
Aug 13 15:05:55.079252 np0000007220 devstack@g-api.service[99785]: DEBUG glance.api.middleware.version_negotiation [None req-389ab732-1717-4527-a83f-a6374aac3c42 tempest-ServerActionsTestOtherA-290069208 tempest-ServerActionsTestOtherA-290069208-project-member] Matched version: v2 {{(pid=99785) process_request /opt/stack/glance/glance/api/middleware/version_negotiation.py:69}}
Aug 13 15:05:55.079252 np0000007220 devstack@g-api.service[99785]: DEBUG glance.api.middleware.version_negotiation [None req-389ab732-1717-4527-a83f-a6374aac3c42 tempest-ServerActionsTestOtherA-290069208 tempest-ServerActionsTestOtherA-290069208-project-member] new path /v2/images/fc8dac41-cbbe-43e5-b9bf-9302249790ee {{(pid=99785) process_request /opt/stack/glance/glance/api/middleware/version_negotiation.py:70}}
Aug 13 15:05:55.079422 np0000007220 devstack@g-api.service[99783]: [pid: 99783|app: 0|req: 139/382] 127.0.0.1 () {44 vars in 1055 bytes} [Thu Aug 13 15:05:55 2026] GET /v2/schemas/image => generated 6083 bytes in 2 msecs (HTTP/1.1 200) 4 headers in 158 bytes (1 switches on core 0)
Aug 13 15:05:55.103669 np0000007220 devstack@g-api.service[99785]: WARNING glance.api.v2.images [None req-a3f9c2bd-1c59-44ff-bd14-1d1bc45588e9 tempest-ServerBootFromVolumeStableRescueTest-210290970 tempest-ServerBootFromVolumeStableRescueTest-210290970-project-member] After upload to backend, deletion of staged image data has failed because it cannot be found at /tmp/staging//fc8dac41-cbbe-43e5-b9bf-9302249790ee
Aug 13 15:05:55.103669 np0000007220 devstack@g-api.service[99785]: DEBUG glance_store.backend [None req-a3f9c2bd-1c59-44ff-bd14-1d1bc45588e9 tempest-ServerBootFromVolumeStableRescueTest-210290970 tempest-ServerBootFromVolumeStableRescueTest-210290970-project-member] Attempting to import store swift {{(pid=99785) _load_store /opt/stack/data/venv/lib/python3.12/site-packages/glance_store/backend.py:215}}
Aug 13 15:05:55.103925 np0000007220 devstack@g-api.service[99783]: DEBUG glance.api.middleware.version_negotiation [None req-389ab732-1717-4527-a83f-a6374aac3c42 tempest-ServerActionsTestOtherA-290069208 tempest-ServerActionsTestOtherA-290069208-project-member] Determining version of request: GET /v2/images/fdcf9c1b-7a9c-47f4-a053-45b50f361559 Accept: */* {{(pid=99783) process_request /opt/stack/glance/glance/api/middleware/version_negotiation.py:44}}
Aug 13 15:05:55.103925 np0000007220 devstack@g-api.service[99783]: DEBUG glance.api.middleware.version_negotiation [None req-389ab732-1717-4527-a83f-a6374aac3c42 tempest-ServerActionsTestOtherA-290069208 tempest-ServerActionsTestOtherA-290069208-project-member] Using url versioning {{(pid=99783) process_request /opt/stack/glance/glance/api/middleware/version_negotiation.py:57}}
Aug 13 15:05:55.103925 np0000007220 devstack@g-api.service[99783]: DEBUG glance.api.middleware.version_negotiation [None req-389ab732-1717-4527-a83f-a6374aac3c42 tempest-ServerActionsTestOtherA-290069208 tempest-ServerActionsTestOtherA-290069208-project-member] Matched version: v2 {{(pid=99783) process_request /opt/stack/glance/glance/api/middleware/version_negotiation.py:69}}
Aug 13 15:05:55.103925 np0000007220 devstack@g-api.service[99783]: DEBUG glance.api.middleware.version_negotiation [None req-389ab732-1717-4527-a83f-a6374aac3c42 tempest-ServerActionsTestOtherA-290069208 tempest-ServerActionsTestOtherA-290069208-project-member] new path /v2/images/fdcf9c1b-7a9c-47f4-a053-45b50f361559 {{(pid=99783) process_request /opt/stack/glance/glance/api/middleware/version_negotiation.py:70}}
Aug 13 15:05:55.108153 np0000007220 devstack@g-api.service[99785]: DEBUG glance_store.capabilities [None req-a3f9c2bd-1c59-44ff-bd14-1d1bc45588e9 tempest-ServerBootFromVolumeStableRescueTest-210290970 tempest-ServerBootFromVolumeStableRescueTest-210290970-project-member] Store glance_store._drivers.swift.store.SingleTenantStore doesn't support updating dynamic storage capabilities. Please overwrite 'update_capabilities' method of the store to implement updating logics if needed. {{(pid=99785) update_capabilities /opt/stack/data/venv/lib/python3.12/site-packages/glance_store/capabilities.py:91}}
Aug 13 15:05:55.108600 np0000007220 devstack@g-api.service[99785]: DEBUG glance_store.driver [None req-a3f9c2bd-1c59-44ff-bd14-1d1bc45588e9 tempest-ServerBootFromVolumeStableRescueTest-210290970 tempest-ServerBootFromVolumeStableRescueTest-210290970-project-member] Late loading location class glance_store._drivers.swift.store.StoreLocation {{(pid=99785) get_store_location_class /opt/stack/data/venv/lib/python3.12/site-packages/glance_store/driver.py:134}}
Aug 13 15:05:55.108838 np0000007220 devstack@g-api.service[99785]: DEBUG glance_store.location [None req-a3f9c2bd-1c59-44ff-bd14-1d1bc45588e9 tempest-ServerBootFromVolumeStableRescueTest-210290970 tempest-ServerBootFromVolumeStableRescueTest-210290970-project-member] Registering scheme swift+https with {'store': , 'location_class': , 'store_entry': 'swift'} {{(pid=99785) register_scheme_map /opt/stack/data/venv/lib/python3.12/site-packages/glance_store/location.py:146}}
Aug 13 15:05:55.110016 np0000007220 devstack@g-api.service[99785]: DEBUG glance_store.location [None req-a3f9c2bd-1c59-44ff-bd14-1d1bc45588e9 tempest-ServerBootFromVolumeStableRescueTest-210290970 tempest-ServerBootFromVolumeStableRescueTest-210290970-project-member] Registering scheme swift+https with {'store': , 'location_class': , 'store_entry': 'swift'} {{(pid=99785) register_scheme_map /opt/stack/data/venv/lib/python3.12/site-packages/glance_store/location.py:146}}
Aug 13 15:05:55.110016 np0000007220 devstack@g-api.service[99785]: DEBUG glance_store.location [None req-a3f9c2bd-1c59-44ff-bd14-1d1bc45588e9 tempest-ServerBootFromVolumeStableRescueTest-210290970 tempest-ServerBootFromVolumeStableRescueTest-210290970-project-member] Registering scheme swift with {'store': , 'location_class': , 'store_entry': 'swift'} {{(pid=99785) register_scheme_map /opt/stack/data/venv/lib/python3.12/site-packages/glance_store/location.py:146}}
Aug 13 15:05:55.110016 np0000007220 devstack@g-api.service[99785]: DEBUG glance_store.location [None req-a3f9c2bd-1c59-44ff-bd14-1d1bc45588e9 tempest-ServerBootFromVolumeStableRescueTest-210290970 tempest-ServerBootFromVolumeStableRescueTest-210290970-project-member] Registering scheme swift+https with {'store': , 'location_class': , 'store_entry': 'swift'} {{(pid=99785) register_scheme_map /opt/stack/data/venv/lib/python3.12/site-packages/glance_store/location.py:146}}
Aug 13 15:05:55.110016 np0000007220 devstack@g-api.service[99785]: DEBUG glance_store.location [None req-a3f9c2bd-1c59-44ff-bd14-1d1bc45588e9 tempest-ServerBootFromVolumeStableRescueTest-210290970 tempest-ServerBootFromVolumeStableRescueTest-210290970-project-member] Registering scheme swift with {'store': , 'location_class': , 'store_entry': 'swift'} {{(pid=99785) register_scheme_map /opt/stack/data/venv/lib/python3.12/site-packages/glance_store/location.py:146}}
Aug 13 15:05:55.110016 np0000007220 devstack@g-api.service[99785]: DEBUG glance_store.location [None req-a3f9c2bd-1c59-44ff-bd14-1d1bc45588e9 tempest-ServerBootFromVolumeStableRescueTest-210290970 tempest-ServerBootFromVolumeStableRescueTest-210290970-project-member] Registering scheme swift+http with {'store': , 'location_class': , 'store_entry': 'swift'} {{(pid=99785) register_scheme_map /opt/stack/data/venv/lib/python3.12/site-packages/glance_store/location.py:146}}
Aug 13 15:05:55.110458 np0000007220 devstack@g-api.service[99785]: DEBUG glance_store.location [None req-a3f9c2bd-1c59-44ff-bd14-1d1bc45588e9 tempest-ServerBootFromVolumeStableRescueTest-210290970 tempest-ServerBootFromVolumeStableRescueTest-210290970-project-member] Registering scheme swift+https with {'store': , 'location_class': , 'store_entry': 'swift'} {{(pid=99785) register_scheme_map /opt/stack/data/venv/lib/python3.12/site-packages/glance_store/location.py:146}}
Aug 13 15:05:55.110458 np0000007220 devstack@g-api.service[99785]: DEBUG glance_store.location [None req-a3f9c2bd-1c59-44ff-bd14-1d1bc45588e9 tempest-ServerBootFromVolumeStableRescueTest-210290970 tempest-ServerBootFromVolumeStableRescueTest-210290970-project-member] Registering scheme swift with {'store': , 'location_class': , 'store_entry': 'swift'} {{(pid=99785) register_scheme_map /opt/stack/data/venv/lib/python3.12/site-packages/glance_store/location.py:146}}
Aug 13 15:05:55.110458 np0000007220 devstack@g-api.service[99785]: DEBUG glance_store.location [None req-a3f9c2bd-1c59-44ff-bd14-1d1bc45588e9 tempest-ServerBootFromVolumeStableRescueTest-210290970 tempest-ServerBootFromVolumeStableRescueTest-210290970-project-member] Registering scheme swift+http with {'store': , 'location_class': , 'store_entry': 'swift'} {{(pid=99785) register_scheme_map /opt/stack/data/venv/lib/python3.12/site-packages/glance_store/location.py:146}}
Aug 13 15:05:55.110810 np0000007220 devstack@g-api.service[99785]: DEBUG glance_store.location [None req-a3f9c2bd-1c59-44ff-bd14-1d1bc45588e9 tempest-ServerBootFromVolumeStableRescueTest-210290970 tempest-ServerBootFromVolumeStableRescueTest-210290970-project-member] Registering scheme swift+config with {'store': , 'location_class': , 'store_entry': 'swift'} {{(pid=99785) register_scheme_map /opt/stack/data/venv/lib/python3.12/site-packages/glance_store/location.py:146}}
Aug 13 15:05:55.111869 np0000007220 devstack@g-api.service[99785]: DEBUG keystoneclient.auth.identity.v3.base [None req-a3f9c2bd-1c59-44ff-bd14-1d1bc45588e9 tempest-ServerBootFromVolumeStableRescueTest-210290970 tempest-ServerBootFromVolumeStableRescueTest-210290970-project-member] Making authentication request to https://10.4.3.213/identity/v3/auth/tokens {{(pid=99785) get_auth_ref /opt/stack/data/venv/lib/python3.12/site-packages/keystoneclient/auth/identity/v3/base.py:185}}
Aug 13 15:05:55.120197 np0000007220 devstack@g-api.service[99783]: [pid: 99783|app: 0|req: 140/383] 127.0.0.1 () {44 vars in 1115 bytes} [Thu Aug 13 15:05:55 2026] GET /v2/images/fdcf9c1b-7a9c-47f4-a053-45b50f361559 => generated 1044 bytes in 17 msecs (HTTP/1.1 200) 4 headers in 158 bytes (1 switches on core 0)
Aug 13 15:05:55.128469 np0000007220 devstack@g-api.service[99783]: DEBUG glance.api.middleware.version_negotiation [None req-389ab732-1717-4527-a83f-a6374aac3c42 tempest-ServerActionsTestOtherA-290069208 tempest-ServerActionsTestOtherA-290069208-project-member] Determining version of request: GET /v2/schemas/image Accept: */* {{(pid=99783) process_request /opt/stack/glance/glance/api/middleware/version_negotiation.py:44}}
Aug 13 15:05:55.128600 np0000007220 devstack@g-api.service[99783]: DEBUG glance.api.middleware.version_negotiation [None req-389ab732-1717-4527-a83f-a6374aac3c42 tempest-ServerActionsTestOtherA-290069208 tempest-ServerActionsTestOtherA-290069208-project-member] Using url versioning {{(pid=99783) process_request /opt/stack/glance/glance/api/middleware/version_negotiation.py:57}}
Aug 13 15:05:55.128833 np0000007220 devstack@g-api.service[99783]: DEBUG glance.api.middleware.version_negotiation [None req-389ab732-1717-4527-a83f-a6374aac3c42 tempest-ServerActionsTestOtherA-290069208 tempest-ServerActionsTestOtherA-290069208-project-member] Matched version: v2 {{(pid=99783) process_request /opt/stack/glance/glance/api/middleware/version_negotiation.py:69}}
Aug 13 15:05:55.129143 np0000007220 devstack@g-api.service[99783]: DEBUG glance.api.middleware.version_negotiation [None req-389ab732-1717-4527-a83f-a6374aac3c42 tempest-ServerActionsTestOtherA-290069208 tempest-ServerActionsTestOtherA-290069208-project-member] new path /v2/schemas/image {{(pid=99783) process_request /opt/stack/glance/glance/api/middleware/version_negotiation.py:70}}
Aug 13 15:05:55.135618 np0000007220 devstack@g-api.service[99783]: [pid: 99783|app: 0|req: 141/384] 127.0.0.1 () {44 vars in 1055 bytes} [Thu Aug 13 15:05:55 2026] GET /v2/schemas/image => generated 6083 bytes in 7 msecs (HTTP/1.1 200) 4 headers in 158 bytes (1 switches on core 0)
Aug 13 15:05:55.167159 np0000007220 devstack@g-api.service[99785]: DEBUG keystoneclient.auth.identity.v3.base [None req-a3f9c2bd-1c59-44ff-bd14-1d1bc45588e9 tempest-ServerBootFromVolumeStableRescueTest-210290970 tempest-ServerBootFromVolumeStableRescueTest-210290970-project-member] {"token": {"methods": ["password"], "user": {"domain": {"id": "default", "name": "Default"}, "id": "0b2ddcde68e145b3b3a314d7b095750c", "name": "glance-swift", "password_expires_at": null}, "audit_ids": ["CTnrGYToS467EdDbDiHs8g"], "expires_at": "2026-08-13T16:05:55.000000Z", "issued_at": "2026-08-13T15:05:55.000000Z", "project": {"domain": {"id": "default", "name": "Default"}, "id": "94e4c27c9db34007a5b825efeec62e1a", "name": "service"}, "is_domain": false, "roles": [{"id": "d3b276a725294ca692daf434d1b7b1b7", "name": "ResellerAdmin"}, {"id": "06bc82a211f047fe8c41db4698e749b1", "name": "service"}], "catalog": [{"endpoints": [{"id": "f05103f4619a46ebadbefbf7ce4b398d", "interface": "public", "region_id": "RegionOne", "url": "https://10.4.3.213/identity", "region": "RegionOne"}], "id": "00c091662497419eab4fca7755f216fe", "type": "identity", "name": "keystone"}, {"endpoints": [{"id": "39d903bb9d4a4390a8e922574bdfbe51", "interface": "public", "region_id": "RegionOne", "url": "https://10.4.3.213/placement", "region": "RegionOne"}], "id": "32ff15e90fe248688a394b2c3c729632", "type": "placement", "name": "placement"}, {"endpoints": [{"id": "d2ff58003b444ce98973c747bb74c189", "interface": "public", "region_id": "RegionOne", "url": "https://10.4.3.213/compute/v2/94e4c27c9db34007a5b825efeec62e1a", "region": "RegionOne"}], "id": "44878cbb85cf477f94a01febbc877827", "type": "compute_legacy", "name": "nova_legacy"}, {"endpoints": [{"id": "104478092b4948b8bcf91ff34b3daa21", "interface": "admin", "region_id": "RegionOne", "url": "https://10.4.3.213:8080", "region": "RegionOne"}, {"id": "569c1403c39340959b75906104fa8a48", "interface": "public", "region_id": "RegionOne", "url": "https://10.4.3.213:8080/v1/AUTH_94e4c27c9db34007a5b825efeec62e1a", "region": "RegionOne"}], "id": "88e4e8c43906442687d0b52c3def38e8", "type": "object-store", "name": "swift"}, {"endpoints": [{"id": "6feb4088cc304d31b206340352c3e35c", "interface": "public", "region_id": "RegionOne", "url": "https://10.4.3.213/networking", "region": "RegionOne"}], "id": "966067fe94394813962bec647c3b05f6", "type": "network", "name": "neutron"}, {"endpoints": [{"id": "99d645776dce437c963e7267355d81e7", "interface": "public", "region_id": "RegionOne", "url": "https://10.4.3.213/image", "region": "RegionOne"}], "id": "98094c10f6e048f4820a79d871c402de", "type": "image", "name": "glance"}, {"endpoints": [{"id": "6336e0f1fad24ffa9eae25442680c3c5", "interface": "public", "region_id": "RegionOne", "url": "https://10.4.3.213/volume/v3", "region": "RegionOne"}], "id": "a9af625f29574685b573d60a12ba578e", "type": "block-storage", "name": "cinder"}, {"endpoints": [{"id": "af5ffcecbdcb4f679d344fc28883ab2c", "interface": "public", "region_id": "RegionOne", "url": "https://10.4.3.213/compute/v2.1", "region": "RegionOne"}], "id": "fb8e5aa6dc604baaa1f97b77a260eabd", "type": "compute", "name": "nova"}]}} {{(pid=99785) get_auth_ref /opt/stack/data/venv/lib/python3.12/site-packages/keystoneclient/auth/identity/v3/base.py:190}}
Aug 13 15:05:55.167599 np0000007220 devstack@g-api.service[99785]: DEBUG keystoneclient.httpclient [None req-a3f9c2bd-1c59-44ff-bd14-1d1bc45588e9 tempest-ServerBootFromVolumeStableRescueTest-210290970 tempest-ServerBootFromVolumeStableRescueTest-210290970-project-member] Failed to find endpoint for management url admin endpoint for identity service not found {{(pid=99785) _process_management_url /opt/stack/data/venv/lib/python3.12/site-packages/keystoneclient/httpclient.py:670}}
Aug 13 15:05:55.254127 np0000007220 devstack@g-api.service[99785]: DEBUG swiftclient [None req-a3f9c2bd-1c59-44ff-bd14-1d1bc45588e9 tempest-ServerBootFromVolumeStableRescueTest-210290970 tempest-ServerBootFromVolumeStableRescueTest-210290970-project-member] REQ: curl -i https://10.4.3.213:8080/v1/AUTH_94e4c27c9db34007a5b825efeec62e1a/glance/fc8dac41-cbbe-43e5-b9bf-9302249790ee -I -H "X-Auth-Token: gAAAAABqfd1TAH4W..." {{(pid=99785) http_log /opt/stack/data/venv/lib/python3.12/site-packages/swiftclient/client.py:160}}
Aug 13 15:05:55.254264 np0000007220 devstack@g-api.service[99785]: DEBUG swiftclient [None req-a3f9c2bd-1c59-44ff-bd14-1d1bc45588e9 tempest-ServerBootFromVolumeStableRescueTest-210290970 tempest-ServerBootFromVolumeStableRescueTest-210290970-project-member] RESP STATUS: 200 OK {{(pid=99785) http_log /opt/stack/data/venv/lib/python3.12/site-packages/swiftclient/client.py:161}}
Aug 13 15:05:55.254504 np0000007220 devstack@g-api.service[99785]: DEBUG swiftclient [None req-a3f9c2bd-1c59-44ff-bd14-1d1bc45588e9 tempest-ServerBootFromVolumeStableRescueTest-210290970 tempest-ServerBootFromVolumeStableRescueTest-210290970-project-member] RESP HEADERS: {'Date': 'Thu, 13 Aug 2026 15:05:55 GMT', 'Server': 'Apache/2.4.58 (Ubuntu)', 'Content-Type': 'application/octet-stream', 'Content-Length': '23527424', 'X-Object-Manifest': 'glance/fc8dac41-cbbe-43e5-b9bf-9302249790ee-', 'Last-Modified': 'Thu, 13 Aug 2026 15:05:31 GMT', 'X-Timestamp': '1786633530.66117', 'Accept-Ranges': 'bytes', 'Etag': '"9c424351ecc3b84373f916fa8ecd34a2"', 'X-Trans-Id': 'tx3a7fbb79a12b4086a09c2-006a7ddd53', 'X-Openstack-Request-Id': 'tx3a7fbb79a12b4086a09c2-006a7ddd53', 'Connection': 'close'} {{(pid=99785) http_log /opt/stack/data/venv/lib/python3.12/site-packages/swiftclient/client.py:162}}
Aug 13 15:05:55.276206 np0000007220 devstack@g-api.service[99785]: DEBUG swiftclient [None req-a3f9c2bd-1c59-44ff-bd14-1d1bc45588e9 tempest-ServerBootFromVolumeStableRescueTest-210290970 tempest-ServerBootFromVolumeStableRescueTest-210290970-project-member] REQ: curl -i https://10.4.3.213:8080/v1/AUTH_94e4c27c9db34007a5b825efeec62e1a/glance?format=json&prefix=fc8dac41-cbbe-43e5-b9bf-9302249790ee- -X GET -H "X-Auth-Token: gAAAAABqfd1TAH4W..." -H "Accept-Encoding: gzip" {{(pid=99785) http_log /opt/stack/data/venv/lib/python3.12/site-packages/swiftclient/client.py:160}}
Aug 13 15:05:55.276781 np0000007220 devstack@g-api.service[99785]: DEBUG swiftclient [None req-a3f9c2bd-1c59-44ff-bd14-1d1bc45588e9 tempest-ServerBootFromVolumeStableRescueTest-210290970 tempest-ServerBootFromVolumeStableRescueTest-210290970-project-member] RESP STATUS: 200 OK {{(pid=99785) http_log /opt/stack/data/venv/lib/python3.12/site-packages/swiftclient/client.py:161}}
Aug 13 15:05:55.276781 np0000007220 devstack@g-api.service[99785]: DEBUG swiftclient [None req-a3f9c2bd-1c59-44ff-bd14-1d1bc45588e9 tempest-ServerBootFromVolumeStableRescueTest-210290970 tempest-ServerBootFromVolumeStableRescueTest-210290970-project-member] RESP HEADERS: {'Date': 'Thu, 13 Aug 2026 15:05:55 GMT', 'Server': 'Apache/2.4.58 (Ubuntu)', 'Content-Type': 'application/json; charset=utf-8', 'Content-Length': '210', 'X-Container-Object-Count': '9', 'X-Container-Bytes-Used': '133103616', 'X-Timestamp': '1786633205.38702', 'Last-Modified': 'Thu, 13 Aug 2026 15:00:06 GMT', 'Accept-Ranges': 'bytes', 'X-Storage-Policy': 'Policy-0', 'X-Container-Sharding': 'False', 'X-Trans-Id': 'tx5b127b19a98743e599a23-006a7ddd53', 'X-Openstack-Request-Id': 'tx5b127b19a98743e599a23-006a7ddd53', 'Connection': 'close'} {{(pid=99785) http_log /opt/stack/data/venv/lib/python3.12/site-packages/swiftclient/client.py:162}}
Aug 13 15:05:55.277146 np0000007220 devstack@g-api.service[99785]: DEBUG swiftclient [None req-a3f9c2bd-1c59-44ff-bd14-1d1bc45588e9 tempest-ServerBootFromVolumeStableRescueTest-210290970 tempest-ServerBootFromVolumeStableRescueTest-210290970-project-member] RESP BODY: b'[{"bytes": 23527424, "hash": "4fa343ee581d8d2e78533191fd1ac3e1", "name": "fc8dac41-cbbe-43e5-b9bf-9302249790ee-00001", "content_type": "application/octet-stream", "last_modified": "2026-08-13T15:05:30.376900"}]' {{(pid=99785) http_log /opt/stack/data/venv/lib/python3.12/site-packages/swiftclient/client.py:166}}
Aug 13 15:05:55.286429 np0000007220 devstack@g-api.service[99783]: DEBUG glance.api.middleware.version_negotiation [None req-389ab732-1717-4527-a83f-a6374aac3c42 tempest-ServerActionsTestOtherA-290069208 tempest-ServerActionsTestOtherA-290069208-project-member] Determining version of request: GET /v2/images/36dea65e-8858-4dce-9c25-7007608d7991 Accept: application/json {{(pid=99783) process_request /opt/stack/glance/glance/api/middleware/version_negotiation.py:44}}
Aug 13 15:05:55.288028 np0000007220 devstack@g-api.service[99783]: DEBUG glance.api.middleware.version_negotiation [None req-389ab732-1717-4527-a83f-a6374aac3c42 tempest-ServerActionsTestOtherA-290069208 tempest-ServerActionsTestOtherA-290069208-project-member] Using url versioning {{(pid=99783) process_request /opt/stack/glance/glance/api/middleware/version_negotiation.py:57}}
Aug 13 15:05:55.288265 np0000007220 devstack@g-api.service[99783]: DEBUG glance.api.middleware.version_negotiation [None req-389ab732-1717-4527-a83f-a6374aac3c42 tempest-ServerActionsTestOtherA-290069208 tempest-ServerActionsTestOtherA-290069208-project-member] Matched version: v2 {{(pid=99783) process_request /opt/stack/glance/glance/api/middleware/version_negotiation.py:69}}
Aug 13 15:05:55.288557 np0000007220 devstack@g-api.service[99783]: DEBUG glance.api.middleware.version_negotiation [None req-389ab732-1717-4527-a83f-a6374aac3c42 tempest-ServerActionsTestOtherA-290069208 tempest-ServerActionsTestOtherA-290069208-project-member] new path /v2/images/36dea65e-8858-4dce-9c25-7007608d7991 {{(pid=99783) process_request /opt/stack/glance/glance/api/middleware/version_negotiation.py:70}}
Aug 13 15:05:55.309241 np0000007220 devstack@g-api.service[99783]: [pid: 99783|app: 0|req: 142/385] 127.0.0.1 () {40 vars in 838 bytes} [Thu Aug 13 15:05:55 2026] GET /v2/images/36dea65e-8858-4dce-9c25-7007608d7991 => generated 650 bytes in 19 msecs (HTTP/1.1 200) 4 headers in 157 bytes (1 switches on core 0)
Aug 13 15:05:55.319364 np0000007220 devstack@g-api.service[99785]: DEBUG swiftclient [None req-a3f9c2bd-1c59-44ff-bd14-1d1bc45588e9 tempest-ServerBootFromVolumeStableRescueTest-210290970 tempest-ServerBootFromVolumeStableRescueTest-210290970-project-member] REQ: curl -i https://10.4.3.213:8080/v1/AUTH_94e4c27c9db34007a5b825efeec62e1a/glance/fc8dac41-cbbe-43e5-b9bf-9302249790ee-00001 DELETE -H "X-Auth-Token: gAAAAABqfd1TAH4W..." {{(pid=99785) http_log /opt/stack/data/venv/lib/python3.12/site-packages/swiftclient/client.py:160}}
Aug 13 15:05:55.319529 np0000007220 devstack@g-api.service[99785]: DEBUG swiftclient [None req-a3f9c2bd-1c59-44ff-bd14-1d1bc45588e9 tempest-ServerBootFromVolumeStableRescueTest-210290970 tempest-ServerBootFromVolumeStableRescueTest-210290970-project-member] RESP STATUS: 204 No Content {{(pid=99785) http_log /opt/stack/data/venv/lib/python3.12/site-packages/swiftclient/client.py:161}}
Aug 13 15:05:55.319889 np0000007220 devstack@g-api.service[99785]: DEBUG swiftclient [None req-a3f9c2bd-1c59-44ff-bd14-1d1bc45588e9 tempest-ServerBootFromVolumeStableRescueTest-210290970 tempest-ServerBootFromVolumeStableRescueTest-210290970-project-member] RESP HEADERS: {'Date': 'Thu, 13 Aug 2026 15:05:55 GMT', 'Server': 'Apache/2.4.58 (Ubuntu)', 'Content-Type': 'text/html; charset=UTF-8', 'X-Trans-Id': 'txa382dabc09d244509ed58-006a7ddd53', 'X-Openstack-Request-Id': 'txa382dabc09d244509ed58-006a7ddd53', 'Connection': 'close'} {{(pid=99785) http_log /opt/stack/data/venv/lib/python3.12/site-packages/swiftclient/client.py:162}}
Aug 13 15:05:55.360693 np0000007220 devstack@g-api.service[99785]: DEBUG swiftclient [None req-a3f9c2bd-1c59-44ff-bd14-1d1bc45588e9 tempest-ServerBootFromVolumeStableRescueTest-210290970 tempest-ServerBootFromVolumeStableRescueTest-210290970-project-member] REQ: curl -i https://10.4.3.213:8080/v1/AUTH_94e4c27c9db34007a5b825efeec62e1a/glance/fc8dac41-cbbe-43e5-b9bf-9302249790ee DELETE -H "X-Auth-Token: gAAAAABqfd1TAH4W..." {{(pid=99785) http_log /opt/stack/data/venv/lib/python3.12/site-packages/swiftclient/client.py:160}}
Aug 13 15:05:55.360955 np0000007220 devstack@g-api.service[99785]: DEBUG swiftclient [None req-a3f9c2bd-1c59-44ff-bd14-1d1bc45588e9 tempest-ServerBootFromVolumeStableRescueTest-210290970 tempest-ServerBootFromVolumeStableRescueTest-210290970-project-member] RESP STATUS: 204 No Content {{(pid=99785) http_log /opt/stack/data/venv/lib/python3.12/site-packages/swiftclient/client.py:161}}
Aug 13 15:05:55.361026 np0000007220 devstack@g-api.service[99785]: DEBUG swiftclient [None req-a3f9c2bd-1c59-44ff-bd14-1d1bc45588e9 tempest-ServerBootFromVolumeStableRescueTest-210290970 tempest-ServerBootFromVolumeStableRescueTest-210290970-project-member] RESP HEADERS: {'Date': 'Thu, 13 Aug 2026 15:05:55 GMT', 'Server': 'Apache/2.4.58 (Ubuntu)', 'Content-Type': 'text/html; charset=UTF-8', 'X-Trans-Id': 'tx395ee9dd1c36478bbd15e-006a7ddd53', 'X-Openstack-Request-Id': 'tx395ee9dd1c36478bbd15e-006a7ddd53', 'Connection': 'close'} {{(pid=99785) http_log /opt/stack/data/venv/lib/python3.12/site-packages/swiftclient/client.py:162}}
Aug 13 15:05:55.512410 np0000007220 devstack@g-api.service[99785]: DEBUG glance.api.middleware.cache [None req-a3f9c2bd-1c59-44ff-bd14-1d1bc45588e9 tempest-ServerBootFromVolumeStableRescueTest-210290970 tempest-ServerBootFromVolumeStableRescueTest-210290970-project-member] Removing image fc8dac41-cbbe-43e5-b9bf-9302249790ee from cache {{(pid=99785) _process_DELETE_response /opt/stack/glance/glance/api/middleware/cache.py:264}}
Aug 13 15:05:55.512410 np0000007220 devstack@g-api.service[99785]: DEBUG glance.image_cache.drivers.centralized_db [None req-a3f9c2bd-1c59-44ff-bd14-1d1bc45588e9 tempest-ServerBootFromVolumeStableRescueTest-210290970 tempest-ServerBootFromVolumeStableRescueTest-210290970-project-member] Deleting image cache file '/opt/stack/data/glance/cache/fc8dac41-cbbe-43e5-b9bf-9302249790ee' {{(pid=99785) delete_cached_file /opt/stack/glance/glance/image_cache/drivers/centralized_db.py:400}}
Aug 13 15:05:55.527344 np0000007220 devstack@g-api.service[99785]: [pid: 99785|app: 0|req: 124/386] 127.0.0.1 () {40 vars in 841 bytes} [Thu Aug 13 15:05:55 2026] DELETE /v2/images/fc8dac41-cbbe-43e5-b9bf-9302249790ee => generated 0 bytes in 453 msecs (HTTP/1.1 204) 4 headers in 171 bytes (1 switches on core 0)
Aug 13 15:05:55.604836 np0000007220 devstack@g-api.service[99783]: DEBUG glance.api.middleware.version_negotiation [None req-556dc919-adaf-4f85-83f6-fe70bd3a6564 tempest-VolumesActionsTest-381484168 tempest-VolumesActionsTest-381484168-project-member] Determining version of request: GET /versions Accept: */* {{(pid=99783) process_request /opt/stack/glance/glance/api/middleware/version_negotiation.py:44}}
Aug 13 15:05:55.605966 np0000007220 devstack@g-api.service[99783]: [pid: 99783|app: 0|req: 143/387] 127.0.0.1 () {44 vars in 1039 bytes} [Thu Aug 13 15:05:55 2026] GET /versions => generated 1515 bytes in 3 msecs (HTTP/1.1 200) 3 headers in 92 bytes (1 switches on core 0)
Aug 13 15:05:55.616359 np0000007220 devstack@g-api.service[99785]: DEBUG glance.api.middleware.version_negotiation [None req-a3f9c2bd-1c59-44ff-bd14-1d1bc45588e9 tempest-ServerBootFromVolumeStableRescueTest-210290970 tempest-ServerBootFromVolumeStableRescueTest-210290970-project-member] Determining version of request: GET /v2/images/fdcf9c1b-7a9c-47f4-a053-45b50f361559/locations Accept: */* {{(pid=99785) process_request /opt/stack/glance/glance/api/middleware/version_negotiation.py:44}}
Aug 13 15:05:55.617001 np0000007220 devstack@g-api.service[99785]: DEBUG glance.api.middleware.version_negotiation [None req-a3f9c2bd-1c59-44ff-bd14-1d1bc45588e9 tempest-ServerBootFromVolumeStableRescueTest-210290970 tempest-ServerBootFromVolumeStableRescueTest-210290970-project-member] Using url versioning {{(pid=99785) process_request /opt/stack/glance/glance/api/middleware/version_negotiation.py:57}}
Aug 13 15:05:55.617729 np0000007220 devstack@g-api.service[99785]: DEBUG glance.api.middleware.version_negotiation [None req-a3f9c2bd-1c59-44ff-bd14-1d1bc45588e9 tempest-ServerBootFromVolumeStableRescueTest-210290970 tempest-ServerBootFromVolumeStableRescueTest-210290970-project-member] Matched version: v2 {{(pid=99785) process_request /opt/stack/glance/glance/api/middleware/version_negotiation.py:69}}
Aug 13 15:05:55.617729 np0000007220 devstack@g-api.service[99785]: DEBUG glance.api.middleware.version_negotiation [None req-a3f9c2bd-1c59-44ff-bd14-1d1bc45588e9 tempest-ServerBootFromVolumeStableRescueTest-210290970 tempest-ServerBootFromVolumeStableRescueTest-210290970-project-member] new path /v2/images/fdcf9c1b-7a9c-47f4-a053-45b50f361559/locations {{(pid=99785) process_request /opt/stack/glance/glance/api/middleware/version_negotiation.py:70}}
Aug 13 15:05:55.681131 np0000007220 devstack@g-api.service[99785]: [pid: 99785|app: 0|req: 125/388] 127.0.0.1 () {44 vars in 1135 bytes} [Thu Aug 13 15:05:55 2026] GET /v2/images/fdcf9c1b-7a9c-47f4-a053-45b50f361559/locations => generated 92 bytes in 66 msecs (HTTP/1.1 200) 4 headers in 156 bytes (1 switches on core 0)
Aug 13 15:05:55.693395 np0000007220 devstack@g-api.service[99783]: DEBUG glance.api.middleware.version_negotiation [None req-556dc919-adaf-4f85-83f6-fe70bd3a6564 tempest-VolumesActionsTest-381484168 tempest-VolumesActionsTest-381484168-project-member] Determining version of request: GET /v2/images/fdcf9c1b-7a9c-47f4-a053-45b50f361559 Accept: */* {{(pid=99783) process_request /opt/stack/glance/glance/api/middleware/version_negotiation.py:44}}
Aug 13 15:05:55.693395 np0000007220 devstack@g-api.service[99783]: DEBUG glance.api.middleware.version_negotiation [None req-556dc919-adaf-4f85-83f6-fe70bd3a6564 tempest-VolumesActionsTest-381484168 tempest-VolumesActionsTest-381484168-project-member] Using url versioning {{(pid=99783) process_request /opt/stack/glance/glance/api/middleware/version_negotiation.py:57}}
Aug 13 15:05:55.693538 np0000007220 devstack@g-api.service[99783]: DEBUG glance.api.middleware.version_negotiation [None req-556dc919-adaf-4f85-83f6-fe70bd3a6564 tempest-VolumesActionsTest-381484168 tempest-VolumesActionsTest-381484168-project-member] Matched version: v2 {{(pid=99783) process_request /opt/stack/glance/glance/api/middleware/version_negotiation.py:69}}
Aug 13 15:05:55.694213 np0000007220 devstack@g-api.service[99783]: DEBUG glance.api.middleware.version_negotiation [None req-556dc919-adaf-4f85-83f6-fe70bd3a6564 tempest-VolumesActionsTest-381484168 tempest-VolumesActionsTest-381484168-project-member] new path /v2/images/fdcf9c1b-7a9c-47f4-a053-45b50f361559 {{(pid=99783) process_request /opt/stack/glance/glance/api/middleware/version_negotiation.py:70}}
Aug 13 15:05:55.706468 np0000007220 devstack@g-api.service[99783]: [pid: 99783|app: 0|req: 144/389] 127.0.0.1 () {44 vars in 1115 bytes} [Thu Aug 13 15:05:55 2026] GET /v2/images/fdcf9c1b-7a9c-47f4-a053-45b50f361559 => generated 1044 bytes in 13 msecs (HTTP/1.1 200) 4 headers in 158 bytes (1 switches on core 0)
Aug 13 15:05:55.718321 np0000007220 devstack@g-api.service[99785]: DEBUG glance.api.middleware.version_negotiation [None req-389ab732-1717-4527-a83f-a6374aac3c42 service glance] Determining version of request: GET /v2/schemas/image Accept: */* {{(pid=99785) process_request /opt/stack/glance/glance/api/middleware/version_negotiation.py:44}}
Aug 13 15:05:55.718480 np0000007220 devstack@g-api.service[99785]: DEBUG glance.api.middleware.version_negotiation [None req-389ab732-1717-4527-a83f-a6374aac3c42 service glance] Using url versioning {{(pid=99785) process_request /opt/stack/glance/glance/api/middleware/version_negotiation.py:57}}
Aug 13 15:05:55.718589 np0000007220 devstack@g-api.service[99785]: DEBUG glance.api.middleware.version_negotiation [None req-389ab732-1717-4527-a83f-a6374aac3c42 service glance] Matched version: v2 {{(pid=99785) process_request /opt/stack/glance/glance/api/middleware/version_negotiation.py:69}}
Aug 13 15:05:55.718798 np0000007220 devstack@g-api.service[99785]: DEBUG glance.api.middleware.version_negotiation [None req-389ab732-1717-4527-a83f-a6374aac3c42 service glance] new path /v2/schemas/image {{(pid=99785) process_request /opt/stack/glance/glance/api/middleware/version_negotiation.py:70}}
Aug 13 15:05:55.737192 np0000007220 devstack@g-api.service[99785]: [pid: 99785|app: 0|req: 126/390] 127.0.0.1 () {44 vars in 1055 bytes} [Thu Aug 13 15:05:55 2026] GET /v2/schemas/image => generated 6083 bytes in 19 msecs (HTTP/1.1 200) 4 headers in 158 bytes (1 switches on core 0)
Aug 13 15:05:55.760073 np0000007220 devstack@g-api.service[99783]: DEBUG glance.api.middleware.version_negotiation [None req-389ab732-1717-4527-a83f-a6374aac3c42 tempest-ServerActionsTestOtherA-290069208 tempest-ServerActionsTestOtherA-290069208-project-member] Determining version of request: GET /v2/schemas/image Accept: */* {{(pid=99783) process_request /opt/stack/glance/glance/api/middleware/version_negotiation.py:44}}
Aug 13 15:05:55.760248 np0000007220 devstack@g-api.service[99783]: DEBUG glance.api.middleware.version_negotiation [None req-389ab732-1717-4527-a83f-a6374aac3c42 tempest-ServerActionsTestOtherA-290069208 tempest-ServerActionsTestOtherA-290069208-project-member] Using url versioning {{(pid=99783) process_request /opt/stack/glance/glance/api/middleware/version_negotiation.py:57}}
Aug 13 15:05:55.760660 np0000007220 devstack@g-api.service[99783]: DEBUG glance.api.middleware.version_negotiation [None req-389ab732-1717-4527-a83f-a6374aac3c42 tempest-ServerActionsTestOtherA-290069208 tempest-ServerActionsTestOtherA-290069208-project-member] Matched version: v2 {{(pid=99783) process_request /opt/stack/glance/glance/api/middleware/version_negotiation.py:69}}
Aug 13 15:05:55.760660 np0000007220 devstack@g-api.service[99783]: DEBUG glance.api.middleware.version_negotiation [None req-389ab732-1717-4527-a83f-a6374aac3c42 tempest-ServerActionsTestOtherA-290069208 tempest-ServerActionsTestOtherA-290069208-project-member] new path /v2/schemas/image {{(pid=99783) process_request /opt/stack/glance/glance/api/middleware/version_negotiation.py:70}}
Aug 13 15:05:55.763748 np0000007220 devstack@g-api.service[99783]: [pid: 99783|app: 0|req: 145/391] 127.0.0.1 () {44 vars in 1055 bytes} [Thu Aug 13 15:05:55 2026] GET /v2/schemas/image => generated 6083 bytes in 4 msecs (HTTP/1.1 200) 4 headers in 158 bytes (1 switches on core 0)
Aug 13 15:05:56.318962 np0000007220 devstack@g-api.service[99785]: DEBUG glance.api.middleware.version_negotiation [None req-389ab732-1717-4527-a83f-a6374aac3c42 tempest-ServerActionsTestOtherA-290069208 tempest-ServerActionsTestOtherA-290069208-project-member] Determining version of request: GET /v2/images/36dea65e-8858-4dce-9c25-7007608d7991 Accept: application/json {{(pid=99785) process_request /opt/stack/glance/glance/api/middleware/version_negotiation.py:44}}
Aug 13 15:05:56.319306 np0000007220 devstack@g-api.service[99785]: DEBUG glance.api.middleware.version_negotiation [None req-389ab732-1717-4527-a83f-a6374aac3c42 tempest-ServerActionsTestOtherA-290069208 tempest-ServerActionsTestOtherA-290069208-project-member] Using url versioning {{(pid=99785) process_request /opt/stack/glance/glance/api/middleware/version_negotiation.py:57}}
Aug 13 15:05:56.319427 np0000007220 devstack@g-api.service[99785]: DEBUG glance.api.middleware.version_negotiation [None req-389ab732-1717-4527-a83f-a6374aac3c42 tempest-ServerActionsTestOtherA-290069208 tempest-ServerActionsTestOtherA-290069208-project-member] Matched version: v2 {{(pid=99785) process_request /opt/stack/glance/glance/api/middleware/version_negotiation.py:69}}
Aug 13 15:05:56.319564 np0000007220 devstack@g-api.service[99785]: DEBUG glance.api.middleware.version_negotiation [None req-389ab732-1717-4527-a83f-a6374aac3c42 tempest-ServerActionsTestOtherA-290069208 tempest-ServerActionsTestOtherA-290069208-project-member] new path /v2/images/36dea65e-8858-4dce-9c25-7007608d7991 {{(pid=99785) process_request /opt/stack/glance/glance/api/middleware/version_negotiation.py:70}}
Aug 13 15:05:56.336036 np0000007220 devstack@g-api.service[99785]: [pid: 99785|app: 0|req: 127/392] 127.0.0.1 () {40 vars in 838 bytes} [Thu Aug 13 15:05:56 2026] GET /v2/images/36dea65e-8858-4dce-9c25-7007608d7991 => generated 650 bytes in 17 msecs (HTTP/1.1 200) 4 headers in 157 bytes (1 switches on core 0)
