Jun 19 04:03:26.711694 np0000003233 devstack@g-api.service[98909]: DEBUG swiftclient [None req-c6e1b40d-769f-49a2-9726-aeb4818a74cb tempest-AttachVolumeShelveTestJSON-1602944506 tempest-AttachVolumeShelveTestJSON-1602944506-project-member] REQ: curl -i https://10.4.3.238:8080/v1/AUTH_fc05e6feb16a427bb1819bb7c6eb0ce4/glance -I -H "X-Auth-Token: gAAAAABqNL-O14nN..." {{(pid=98909) http_log /opt/stack/data/venv/lib/python3.12/site-packages/swiftclient/client.py:160}}
Jun 19 04:03:26.712190 np0000003233 devstack@g-api.service[98909]: DEBUG swiftclient [None req-c6e1b40d-769f-49a2-9726-aeb4818a74cb tempest-AttachVolumeShelveTestJSON-1602944506 tempest-AttachVolumeShelveTestJSON-1602944506-project-member] RESP STATUS: 204 No Content {{(pid=98909) http_log /opt/stack/data/venv/lib/python3.12/site-packages/swiftclient/client.py:161}}
Jun 19 04:03:26.712190 np0000003233 devstack@g-api.service[98909]: DEBUG swiftclient [None req-c6e1b40d-769f-49a2-9726-aeb4818a74cb tempest-AttachVolumeShelveTestJSON-1602944506 tempest-AttachVolumeShelveTestJSON-1602944506-project-member] RESP HEADERS: {'Date': 'Fri, 19 Jun 2026 04:03:26 GMT', 'Server': 'Apache/2.4.58 (Ubuntu)', 'Content-Type': 'text/plain; charset=utf-8', 'X-Container-Object-Count': '7', 'X-Container-Bytes-Used': '111411200', 'X-Timestamp': '1781841423.99469', 'Last-Modified': 'Fri, 19 Jun 2026 03:57:04 GMT', 'Accept-Ranges': 'bytes', 'X-Storage-Policy': 'Policy-0', 'X-Container-Sharding': 'False', 'Vary': 'Accept', 'X-Trans-Id': 'txfee79573059d443e90ce2-006a34bf8e', 'X-Openstack-Request-Id': 'txfee79573059d443e90ce2-006a34bf8e', 'Connection': 'close'} {{(pid=98909) http_log /opt/stack/data/venv/lib/python3.12/site-packages/swiftclient/client.py:162}}
Jun 19 04:03:26.713657 np0000003233 devstack@g-api.service[98909]: DEBUG glance_store._drivers.swift.store [None req-c6e1b40d-769f-49a2-9726-aeb4818a74cb tempest-AttachVolumeShelveTestJSON-1602944506 tempest-AttachVolumeShelveTestJSON-1602944506-project-member] Adding image object '6d89a273-77bb-4912-9fb0-f5bb024ef835' to Swift {{(pid=98909) add /opt/stack/data/venv/lib/python3.12/site-packages/glance_store/_drivers/swift/store.py:970}}
Jun 19 04:03:26.713657 np0000003233 devstack@g-api.service[98909]: DEBUG glance_store._drivers.swift.store [None req-c6e1b40d-769f-49a2-9726-aeb4818a74cb tempest-AttachVolumeShelveTestJSON-1602944506 tempest-AttachVolumeShelveTestJSON-1602944506-project-member] Cannot determine image size because it is either not provided in the request or chunked-transfer encoding is used. Adding image as a segmented object to Swift. {{(pid=98909) add /opt/stack/data/venv/lib/python3.12/site-packages/glance_store/_drivers/swift/store.py:994}}
Jun 19 04:03:26.719250 np0000003233 devstack@g-api.service[98909]: DEBUG oslo_utils.imageutils.format_inspector [None req-c6e1b40d-769f-49a2-9726-aeb4818a74cb tempest-AttachVolumeShelveTestJSON-1602944506 tempest-AttachVolumeShelveTestJSON-1602944506-project-member] Format inspector for vmdk does not match, excluding from consideration (Signature KDMV not found: b'QFI\xfb') {{(pid=98909) _process_chunk /opt/stack/data/venv/lib/python3.12/site-packages/oslo_utils/imageutils/format_inspector.py:1758}}
Jun 19 04:03:26.719666 np0000003233 devstack@g-api.service[98908]: [pid: 98908|app: 0|req: 137/267] 127.0.0.1 () {44 vars in 1115 bytes} [Fri Jun 19 04:03:26 2026] GET /v2/images/a6488315-37bf-47e1-b54f-5320ec56cff2 => generated 1044 bytes in 18 msecs (HTTP/1.1 200) 4 headers in 158 bytes (1 switches on core 0)
Jun 19 04:03:26.727325 np0000003233 devstack@g-api.service[98909]: DEBUG oslo_utils.imageutils.format_inspector [None req-c6e1b40d-769f-49a2-9726-aeb4818a74cb tempest-AttachVolumeShelveTestJSON-1602944506 tempest-AttachVolumeShelveTestJSON-1602944506-project-member] Format inspector for vhdx does not match, excluding from consideration (Region signature not found at 30000) {{(pid=98909) _process_chunk /opt/stack/data/venv/lib/python3.12/site-packages/oslo_utils/imageutils/format_inspector.py:1758}}
Jun 19 04:03:26.811092 np0000003233 devstack@g-api.service[98908]: DEBUG glance.api.middleware.version_negotiation [None req-1e3993a1-e98a-49e8-92a0-a75e7f40a3d0 tempest-ServerRescueNegativeTestJSON-1731357061 tempest-ServerRescueNegativeTestJSON-1731357061-project-member] Determining version of request: GET /v2/schemas/image Accept: */* {{(pid=98908) process_request /opt/stack/glance/glance/api/middleware/version_negotiation.py:44}}
Jun 19 04:03:26.811315 np0000003233 devstack@g-api.service[98908]: DEBUG glance.api.middleware.version_negotiation [None req-1e3993a1-e98a-49e8-92a0-a75e7f40a3d0 tempest-ServerRescueNegativeTestJSON-1731357061 tempest-ServerRescueNegativeTestJSON-1731357061-project-member] Using url versioning {{(pid=98908) process_request /opt/stack/glance/glance/api/middleware/version_negotiation.py:57}}
Jun 19 04:03:26.812064 np0000003233 devstack@g-api.service[98908]: DEBUG glance.api.middleware.version_negotiation [None req-1e3993a1-e98a-49e8-92a0-a75e7f40a3d0 tempest-ServerRescueNegativeTestJSON-1731357061 tempest-ServerRescueNegativeTestJSON-1731357061-project-member] Matched version: v2 {{(pid=98908) process_request /opt/stack/glance/glance/api/middleware/version_negotiation.py:69}}
Jun 19 04:03:26.812064 np0000003233 devstack@g-api.service[98908]: DEBUG glance.api.middleware.version_negotiation [None req-1e3993a1-e98a-49e8-92a0-a75e7f40a3d0 tempest-ServerRescueNegativeTestJSON-1731357061 tempest-ServerRescueNegativeTestJSON-1731357061-project-member] new path /v2/schemas/image {{(pid=98908) process_request /opt/stack/glance/glance/api/middleware/version_negotiation.py:70}}
Jun 19 04:03:26.820210 np0000003233 devstack@g-api.service[98908]: [pid: 98908|app: 0|req: 138/268] 127.0.0.1 () {44 vars in 1055 bytes} [Fri Jun 19 04:03:26 2026] GET /v2/schemas/image => generated 6083 bytes in 10 msecs (HTTP/1.1 200) 4 headers in 158 bytes (1 switches on core 0)
Jun 19 04:03:27.554542 np0000003233 devstack@g-api.service[98909]: DEBUG swiftclient [None req-c6e1b40d-769f-49a2-9726-aeb4818a74cb tempest-AttachVolumeShelveTestJSON-1602944506 tempest-AttachVolumeShelveTestJSON-1602944506-project-member] REQ: curl -i https://10.4.3.238:8080/v1/AUTH_fc05e6feb16a427bb1819bb7c6eb0ce4/glance/6d89a273-77bb-4912-9fb0-f5bb024ef835-00001 -X PUT -H "X-Auth-Token: gAAAAABqNL-O14nN..." {{(pid=98909) http_log /opt/stack/data/venv/lib/python3.12/site-packages/swiftclient/client.py:160}}
Jun 19 04:03:27.554664 np0000003233 devstack@g-api.service[98909]: DEBUG swiftclient [None req-c6e1b40d-769f-49a2-9726-aeb4818a74cb tempest-AttachVolumeShelveTestJSON-1602944506 tempest-AttachVolumeShelveTestJSON-1602944506-project-member] RESP STATUS: 201 Created {{(pid=98909) http_log /opt/stack/data/venv/lib/python3.12/site-packages/swiftclient/client.py:161}}
Jun 19 04:03:27.554861 np0000003233 devstack@g-api.service[98909]: DEBUG swiftclient [None req-c6e1b40d-769f-49a2-9726-aeb4818a74cb tempest-AttachVolumeShelveTestJSON-1602944506 tempest-AttachVolumeShelveTestJSON-1602944506-project-member] RESP HEADERS: {'Date': 'Fri, 19 Jun 2026 04:03:27 GMT', 'Server': 'Apache/2.4.58 (Ubuntu)', 'Content-Type': 'text/html; charset=UTF-8', 'Content-Length': '0', 'Etag': '2308f9eaafa5fce4998f5912b3a9efff', 'Last-Modified': 'Fri, 19 Jun 2026 04:03:27 GMT', 'X-Trans-Id': 'tx0a12471ea86b43a9a8312-006a34bf8e', 'X-Openstack-Request-Id': 'tx0a12471ea86b43a9a8312-006a34bf8e', 'Connection': 'close'} {{(pid=98909) http_log /opt/stack/data/venv/lib/python3.12/site-packages/swiftclient/client.py:162}}
Jun 19 04:03:27.555030 np0000003233 devstack@g-api.service[98909]: DEBUG glance_store._drivers.swift.store [None req-c6e1b40d-769f-49a2-9726-aeb4818a74cb tempest-AttachVolumeShelveTestJSON-1602944506 tempest-AttachVolumeShelveTestJSON-1602944506-project-member] Wrote chunk 6d89a273-77bb-4912-9fb0-f5bb024ef835-00001 (1/?) of length 53608448 to Swift returning MD5 of content: 2308f9eaafa5fce4998f5912b3a9efff {{(pid=98909) add /opt/stack/data/venv/lib/python3.12/site-packages/glance_store/_drivers/swift/store.py:1059}}
Jun 19 04:03:27.558637 np0000003233 devstack@g-api.service[98909]: DEBUG glance_store._drivers.swift.store [None req-c6e1b40d-769f-49a2-9726-aeb4818a74cb tempest-AttachVolumeShelveTestJSON-1602944506 tempest-AttachVolumeShelveTestJSON-1602944506-project-member] Not writing zero-length chunk. {{(pid=98909) add /opt/stack/data/venv/lib/python3.12/site-packages/glance_store/_drivers/swift/store.py:1028}}
Jun 19 04:03:27.564685 np0000003233 devstack@g-api.service[98908]: DEBUG glance.api.middleware.version_negotiation [None req-1e3993a1-e98a-49e8-92a0-a75e7f40a3d0 tempest-ServerRescueNegativeTestJSON-1731357061 tempest-ServerRescueNegativeTestJSON-1731357061-project-member] Determining version of request: GET /v2/images/a6488315-37bf-47e1-b54f-5320ec56cff2 Accept: */* {{(pid=98908) process_request /opt/stack/glance/glance/api/middleware/version_negotiation.py:44}}
Jun 19 04:03:27.564999 np0000003233 devstack@g-api.service[98908]: DEBUG glance.api.middleware.version_negotiation [None req-1e3993a1-e98a-49e8-92a0-a75e7f40a3d0 tempest-ServerRescueNegativeTestJSON-1731357061 tempest-ServerRescueNegativeTestJSON-1731357061-project-member] Using url versioning {{(pid=98908) process_request /opt/stack/glance/glance/api/middleware/version_negotiation.py:57}}
Jun 19 04:03:27.565280 np0000003233 devstack@g-api.service[98908]: DEBUG glance.api.middleware.version_negotiation [None req-1e3993a1-e98a-49e8-92a0-a75e7f40a3d0 tempest-ServerRescueNegativeTestJSON-1731357061 tempest-ServerRescueNegativeTestJSON-1731357061-project-member] Matched version: v2 {{(pid=98908) process_request /opt/stack/glance/glance/api/middleware/version_negotiation.py:69}}
Jun 19 04:03:27.565846 np0000003233 devstack@g-api.service[98908]: DEBUG glance.api.middleware.version_negotiation [None req-1e3993a1-e98a-49e8-92a0-a75e7f40a3d0 tempest-ServerRescueNegativeTestJSON-1731357061 tempest-ServerRescueNegativeTestJSON-1731357061-project-member] new path /v2/images/a6488315-37bf-47e1-b54f-5320ec56cff2 {{(pid=98908) process_request /opt/stack/glance/glance/api/middleware/version_negotiation.py:70}}
Jun 19 04:03:27.584293 np0000003233 devstack@g-api.service[98908]: [pid: 98908|app: 0|req: 139/269] 127.0.0.1 () {44 vars in 1115 bytes} [Fri Jun 19 04:03:27 2026] GET /v2/images/a6488315-37bf-47e1-b54f-5320ec56cff2 => generated 1044 bytes in 19 msecs (HTTP/1.1 200) 4 headers in 158 bytes (1 switches on core 0)
Jun 19 04:03:27.595536 np0000003233 devstack@g-api.service[98908]: DEBUG glance.api.middleware.version_negotiation [None req-28b9994a-42fa-480c-93bd-9108299dc4f6 tempest-ServerBootFromVolumeStableRescueTest-639869313 tempest-ServerBootFromVolumeStableRescueTest-639869313-project-member] Determining version of request: GET /v2/schemas/image Accept: */* {{(pid=98908) process_request /opt/stack/glance/glance/api/middleware/version_negotiation.py:44}}
Jun 19 04:03:27.595884 np0000003233 devstack@g-api.service[98908]: DEBUG glance.api.middleware.version_negotiation [None req-28b9994a-42fa-480c-93bd-9108299dc4f6 tempest-ServerBootFromVolumeStableRescueTest-639869313 tempest-ServerBootFromVolumeStableRescueTest-639869313-project-member] Using url versioning {{(pid=98908) process_request /opt/stack/glance/glance/api/middleware/version_negotiation.py:57}}
Jun 19 04:03:27.595969 np0000003233 devstack@g-api.service[98908]: DEBUG glance.api.middleware.version_negotiation [None req-28b9994a-42fa-480c-93bd-9108299dc4f6 tempest-ServerBootFromVolumeStableRescueTest-639869313 tempest-ServerBootFromVolumeStableRescueTest-639869313-project-member] Matched version: v2 {{(pid=98908) process_request /opt/stack/glance/glance/api/middleware/version_negotiation.py:69}}
Jun 19 04:03:27.596226 np0000003233 devstack@g-api.service[98908]: DEBUG glance.api.middleware.version_negotiation [None req-28b9994a-42fa-480c-93bd-9108299dc4f6 tempest-ServerBootFromVolumeStableRescueTest-639869313 tempest-ServerBootFromVolumeStableRescueTest-639869313-project-member] new path /v2/schemas/image {{(pid=98908) process_request /opt/stack/glance/glance/api/middleware/version_negotiation.py:70}}
Jun 19 04:03:27.598782 np0000003233 devstack@g-api.service[98908]: [pid: 98908|app: 0|req: 140/270] 127.0.0.1 () {44 vars in 1055 bytes} [Fri Jun 19 04:03:27 2026] GET /v2/schemas/image => generated 6083 bytes in 3 msecs (HTTP/1.1 200) 4 headers in 158 bytes (1 switches on core 0)
Jun 19 04:03:27.605839 np0000003233 devstack@g-api.service[98909]: DEBUG swiftclient [None req-c6e1b40d-769f-49a2-9726-aeb4818a74cb tempest-AttachVolumeShelveTestJSON-1602944506 tempest-AttachVolumeShelveTestJSON-1602944506-project-member] REQ: curl -i https://10.4.3.238:8080/v1/AUTH_fc05e6feb16a427bb1819bb7c6eb0ce4/glance/6d89a273-77bb-4912-9fb0-f5bb024ef835 -X PUT -H "X-Object-Manifest: glance/6d89a273-77bb-4912-9fb0-f5bb024ef835-" -H "X-Auth-Token: gAAAAABqNL-O14nN..." -H "Content-Length: 0" {{(pid=98909) http_log /opt/stack/data/venv/lib/python3.12/site-packages/swiftclient/client.py:160}}
Jun 19 04:03:27.606254 np0000003233 devstack@g-api.service[98909]: DEBUG swiftclient [None req-c6e1b40d-769f-49a2-9726-aeb4818a74cb tempest-AttachVolumeShelveTestJSON-1602944506 tempest-AttachVolumeShelveTestJSON-1602944506-project-member] RESP STATUS: 201 Created {{(pid=98909) http_log /opt/stack/data/venv/lib/python3.12/site-packages/swiftclient/client.py:161}}
Jun 19 04:03:27.606254 np0000003233 devstack@g-api.service[98909]: DEBUG swiftclient [None req-c6e1b40d-769f-49a2-9726-aeb4818a74cb tempest-AttachVolumeShelveTestJSON-1602944506 tempest-AttachVolumeShelveTestJSON-1602944506-project-member] RESP HEADERS: {'Date': 'Fri, 19 Jun 2026 04:03:27 GMT', 'Server': 'Apache/2.4.58 (Ubuntu)', 'Content-Type': 'text/html; charset=UTF-8', 'Content-Length': '0', 'Etag': 'd41d8cd98f00b204e9800998ecf8427e', 'Last-Modified': 'Fri, 19 Jun 2026 04:03:28 GMT', 'X-Trans-Id': 'tx95359a49c33a41f6b6914-006a34bf8f', 'X-Openstack-Request-Id': 'tx95359a49c33a41f6b6914-006a34bf8f', 'Connection': 'close'} {{(pid=98909) http_log /opt/stack/data/venv/lib/python3.12/site-packages/swiftclient/client.py:162}}
Jun 19 04:03:27.606759 np0000003233 devstack@g-api.service[98909]: INFO glance.location [None req-c6e1b40d-769f-49a2-9726-aeb4818a74cb tempest-AttachVolumeShelveTestJSON-1602944506 tempest-AttachVolumeShelveTestJSON-1602944506-project-member] Image format matched and virtual size computed: 1073741824
Jun 19 04:03:27.616357 np0000003233 devstack@g-api.service[98908]: DEBUG glance.api.middleware.version_negotiation [None req-28b9994a-42fa-480c-93bd-9108299dc4f6 tempest-ServerBootFromVolumeStableRescueTest-639869313 tempest-ServerBootFromVolumeStableRescueTest-639869313-project-member] Determining version of request: GET /v2/schemas/image Accept: */* {{(pid=98908) process_request /opt/stack/glance/glance/api/middleware/version_negotiation.py:44}}
Jun 19 04:03:27.616555 np0000003233 devstack@g-api.service[98908]: DEBUG glance.api.middleware.version_negotiation [None req-28b9994a-42fa-480c-93bd-9108299dc4f6 tempest-ServerBootFromVolumeStableRescueTest-639869313 tempest-ServerBootFromVolumeStableRescueTest-639869313-project-member] Using url versioning {{(pid=98908) process_request /opt/stack/glance/glance/api/middleware/version_negotiation.py:57}}
Jun 19 04:03:27.616707 np0000003233 devstack@g-api.service[98908]: DEBUG glance.api.middleware.version_negotiation [None req-28b9994a-42fa-480c-93bd-9108299dc4f6 tempest-ServerBootFromVolumeStableRescueTest-639869313 tempest-ServerBootFromVolumeStableRescueTest-639869313-project-member] Matched version: v2 {{(pid=98908) process_request /opt/stack/glance/glance/api/middleware/version_negotiation.py:69}}
Jun 19 04:03:27.616786 np0000003233 devstack@g-api.service[98908]: DEBUG glance.api.middleware.version_negotiation [None req-28b9994a-42fa-480c-93bd-9108299dc4f6 tempest-ServerBootFromVolumeStableRescueTest-639869313 tempest-ServerBootFromVolumeStableRescueTest-639869313-project-member] new path /v2/schemas/image {{(pid=98908) process_request /opt/stack/glance/glance/api/middleware/version_negotiation.py:70}}
Jun 19 04:03:27.623702 np0000003233 devstack@g-api.service[98908]: [pid: 98908|app: 0|req: 141/271] 127.0.0.1 () {44 vars in 1055 bytes} [Fri Jun 19 04:03:27 2026] GET /v2/schemas/image => generated 6083 bytes in 7 msecs (HTTP/1.1 200) 4 headers in 158 bytes (1 switches on core 0)
Jun 19 04:03:27.638959 np0000003233 devstack@g-api.service[98908]: DEBUG glance.api.middleware.version_negotiation [None req-28b9994a-42fa-480c-93bd-9108299dc4f6 tempest-ServerBootFromVolumeStableRescueTest-639869313 tempest-ServerBootFromVolumeStableRescueTest-639869313-project-member] Determining version of request: GET /v2/images/a6488315-37bf-47e1-b54f-5320ec56cff2 Accept: */* {{(pid=98908) process_request /opt/stack/glance/glance/api/middleware/version_negotiation.py:44}}
Jun 19 04:03:27.639173 np0000003233 devstack@g-api.service[98908]: DEBUG glance.api.middleware.version_negotiation [None req-28b9994a-42fa-480c-93bd-9108299dc4f6 tempest-ServerBootFromVolumeStableRescueTest-639869313 tempest-ServerBootFromVolumeStableRescueTest-639869313-project-member] Using url versioning {{(pid=98908) process_request /opt/stack/glance/glance/api/middleware/version_negotiation.py:57}}
Jun 19 04:03:27.639363 np0000003233 devstack@g-api.service[98908]: DEBUG glance.api.middleware.version_negotiation [None req-28b9994a-42fa-480c-93bd-9108299dc4f6 tempest-ServerBootFromVolumeStableRescueTest-639869313 tempest-ServerBootFromVolumeStableRescueTest-639869313-project-member] Matched version: v2 {{(pid=98908) process_request /opt/stack/glance/glance/api/middleware/version_negotiation.py:69}}
Jun 19 04:03:27.639460 np0000003233 devstack@g-api.service[98908]: DEBUG glance.api.middleware.version_negotiation [None req-28b9994a-42fa-480c-93bd-9108299dc4f6 tempest-ServerBootFromVolumeStableRescueTest-639869313 tempest-ServerBootFromVolumeStableRescueTest-639869313-project-member] new path /v2/images/a6488315-37bf-47e1-b54f-5320ec56cff2 {{(pid=98908) process_request /opt/stack/glance/glance/api/middleware/version_negotiation.py:70}}
Jun 19 04:03:27.653563 np0000003233 devstack@g-api.service[98908]: [pid: 98908|app: 0|req: 142/272] 127.0.0.1 () {44 vars in 1115 bytes} [Fri Jun 19 04:03:27 2026] GET /v2/images/a6488315-37bf-47e1-b54f-5320ec56cff2 => generated 1044 bytes in 15 msecs (HTTP/1.1 200) 4 headers in 158 bytes (1 switches on core 0)
Jun 19 04:03:27.667477 np0000003233 devstack@g-api.service[98909]: DEBUG glance_store.backend [None req-c6e1b40d-769f-49a2-9726-aeb4818a74cb tempest-AttachVolumeShelveTestJSON-1602944506 tempest-AttachVolumeShelveTestJSON-1602944506-project-member] Attempting to import store swift {{(pid=98909) _load_store /opt/stack/data/venv/lib/python3.12/site-packages/glance_store/backend.py:215}}
Jun 19 04:03:27.667650 np0000003233 devstack@g-api.service[98908]: DEBUG glance.api.middleware.version_negotiation [None req-28b9994a-42fa-480c-93bd-9108299dc4f6 tempest-ServerBootFromVolumeStableRescueTest-639869313 tempest-ServerBootFromVolumeStableRescueTest-639869313-project-member] Determining version of request: GET /v2/schemas/image Accept: */* {{(pid=98908) process_request /opt/stack/glance/glance/api/middleware/version_negotiation.py:44}}
Jun 19 04:03:27.667650 np0000003233 devstack@g-api.service[98908]: DEBUG glance.api.middleware.version_negotiation [None req-28b9994a-42fa-480c-93bd-9108299dc4f6 tempest-ServerBootFromVolumeStableRescueTest-639869313 tempest-ServerBootFromVolumeStableRescueTest-639869313-project-member] Using url versioning {{(pid=98908) process_request /opt/stack/glance/glance/api/middleware/version_negotiation.py:57}}
Jun 19 04:03:27.667650 np0000003233 devstack@g-api.service[98908]: DEBUG glance.api.middleware.version_negotiation [None req-28b9994a-42fa-480c-93bd-9108299dc4f6 tempest-ServerBootFromVolumeStableRescueTest-639869313 tempest-ServerBootFromVolumeStableRescueTest-639869313-project-member] Matched version: v2 {{(pid=98908) process_request /opt/stack/glance/glance/api/middleware/version_negotiation.py:69}}
Jun 19 04:03:27.667650 np0000003233 devstack@g-api.service[98908]: DEBUG glance.api.middleware.version_negotiation [None req-28b9994a-42fa-480c-93bd-9108299dc4f6 tempest-ServerBootFromVolumeStableRescueTest-639869313 tempest-ServerBootFromVolumeStableRescueTest-639869313-project-member] new path /v2/schemas/image {{(pid=98908) process_request /opt/stack/glance/glance/api/middleware/version_negotiation.py:70}}
Jun 19 04:03:27.667821 np0000003233 devstack@g-api.service[98909]: DEBUG glance_store.capabilities [None req-c6e1b40d-769f-49a2-9726-aeb4818a74cb tempest-AttachVolumeShelveTestJSON-1602944506 tempest-AttachVolumeShelveTestJSON-1602944506-project-member] Store glance_store._drivers.swift.store.SingleTenantStore doesn't support updating dynamic storage capabilities. Please overwrite 'update_capabilities' method of the store to implement updating logics if needed. {{(pid=98909) update_capabilities /opt/stack/data/venv/lib/python3.12/site-packages/glance_store/capabilities.py:91}}
Jun 19 04:03:27.667821 np0000003233 devstack@g-api.service[98909]: DEBUG glance_store.driver [None req-c6e1b40d-769f-49a2-9726-aeb4818a74cb tempest-AttachVolumeShelveTestJSON-1602944506 tempest-AttachVolumeShelveTestJSON-1602944506-project-member] Late loading location class glance_store._drivers.swift.store.StoreLocation {{(pid=98909) get_store_location_class /opt/stack/data/venv/lib/python3.12/site-packages/glance_store/driver.py:134}}
Jun 19 04:03:27.667821 np0000003233 devstack@g-api.service[98909]: DEBUG glance_store.location [None req-c6e1b40d-769f-49a2-9726-aeb4818a74cb tempest-AttachVolumeShelveTestJSON-1602944506 tempest-AttachVolumeShelveTestJSON-1602944506-project-member] Registering scheme swift+https with {'store': , 'location_class': , 'store_entry': 'swift'} {{(pid=98909) register_scheme_map /opt/stack/data/venv/lib/python3.12/site-packages/glance_store/location.py:146}}
Jun 19 04:03:27.667821 np0000003233 devstack@g-api.service[98909]: DEBUG glance_store.location [None req-c6e1b40d-769f-49a2-9726-aeb4818a74cb tempest-AttachVolumeShelveTestJSON-1602944506 tempest-AttachVolumeShelveTestJSON-1602944506-project-member] Registering scheme swift+https with {'store': , 'location_class': , 'store_entry': 'swift'} {{(pid=98909) register_scheme_map /opt/stack/data/venv/lib/python3.12/site-packages/glance_store/location.py:146}}
Jun 19 04:03:27.667821 np0000003233 devstack@g-api.service[98909]: DEBUG glance_store.location [None req-c6e1b40d-769f-49a2-9726-aeb4818a74cb tempest-AttachVolumeShelveTestJSON-1602944506 tempest-AttachVolumeShelveTestJSON-1602944506-project-member] Registering scheme swift with {'store': , 'location_class': , 'store_entry': 'swift'} {{(pid=98909) register_scheme_map /opt/stack/data/venv/lib/python3.12/site-packages/glance_store/location.py:146}}
Jun 19 04:03:27.667821 np0000003233 devstack@g-api.service[98909]: DEBUG glance_store.location [None req-c6e1b40d-769f-49a2-9726-aeb4818a74cb tempest-AttachVolumeShelveTestJSON-1602944506 tempest-AttachVolumeShelveTestJSON-1602944506-project-member] Registering scheme swift+https with {'store': , 'location_class': , 'store_entry': 'swift'} {{(pid=98909) register_scheme_map /opt/stack/data/venv/lib/python3.12/site-packages/glance_store/location.py:146}}
Jun 19 04:03:27.667821 np0000003233 devstack@g-api.service[98909]: DEBUG glance_store.location [None req-c6e1b40d-769f-49a2-9726-aeb4818a74cb tempest-AttachVolumeShelveTestJSON-1602944506 tempest-AttachVolumeShelveTestJSON-1602944506-project-member] Registering scheme swift with {'store': , 'location_class': , 'store_entry': 'swift'} {{(pid=98909) register_scheme_map /opt/stack/data/venv/lib/python3.12/site-packages/glance_store/location.py:146}}
Jun 19 04:03:27.667821 np0000003233 devstack@g-api.service[98909]: DEBUG glance_store.location [None req-c6e1b40d-769f-49a2-9726-aeb4818a74cb tempest-AttachVolumeShelveTestJSON-1602944506 tempest-AttachVolumeShelveTestJSON-1602944506-project-member] Registering scheme swift+http with {'store': , 'location_class': , 'store_entry': 'swift'} {{(pid=98909) register_scheme_map /opt/stack/data/venv/lib/python3.12/site-packages/glance_store/location.py:146}}
Jun 19 04:03:27.667821 np0000003233 devstack@g-api.service[98909]: DEBUG glance_store.location [None req-c6e1b40d-769f-49a2-9726-aeb4818a74cb tempest-AttachVolumeShelveTestJSON-1602944506 tempest-AttachVolumeShelveTestJSON-1602944506-project-member] Registering scheme swift+https with {'store': , 'location_class': , 'store_entry': 'swift'} {{(pid=98909) register_scheme_map /opt/stack/data/venv/lib/python3.12/site-packages/glance_store/location.py:146}}
Jun 19 04:03:27.668315 np0000003233 devstack@g-api.service[98909]: DEBUG glance_store.location [None req-c6e1b40d-769f-49a2-9726-aeb4818a74cb tempest-AttachVolumeShelveTestJSON-1602944506 tempest-AttachVolumeShelveTestJSON-1602944506-project-member] Registering scheme swift with {'store': , 'location_class': , 'store_entry': 'swift'} {{(pid=98909) register_scheme_map /opt/stack/data/venv/lib/python3.12/site-packages/glance_store/location.py:146}}
Jun 19 04:03:27.668315 np0000003233 devstack@g-api.service[98909]: DEBUG glance_store.location [None req-c6e1b40d-769f-49a2-9726-aeb4818a74cb tempest-AttachVolumeShelveTestJSON-1602944506 tempest-AttachVolumeShelveTestJSON-1602944506-project-member] Registering scheme swift+http with {'store': , 'location_class': , 'store_entry': 'swift'} {{(pid=98909) register_scheme_map /opt/stack/data/venv/lib/python3.12/site-packages/glance_store/location.py:146}}
Jun 19 04:03:27.668315 np0000003233 devstack@g-api.service[98909]: DEBUG glance_store.location [None req-c6e1b40d-769f-49a2-9726-aeb4818a74cb tempest-AttachVolumeShelveTestJSON-1602944506 tempest-AttachVolumeShelveTestJSON-1602944506-project-member] Registering scheme swift+config with {'store': , 'location_class': , 'store_entry': 'swift'} {{(pid=98909) register_scheme_map /opt/stack/data/venv/lib/python3.12/site-packages/glance_store/location.py:146}}
Jun 19 04:03:27.668315 np0000003233 devstack@g-api.service[98909]: DEBUG glance_store.backend [None req-c6e1b40d-769f-49a2-9726-aeb4818a74cb tempest-AttachVolumeShelveTestJSON-1602944506 tempest-AttachVolumeShelveTestJSON-1602944506-project-member] Skipping store.set_acls... not implemented. {{(pid=98909) set_acls /opt/stack/data/venv/lib/python3.12/site-packages/glance_store/backend.py:507}}
Jun 19 04:03:27.669448 np0000003233 devstack@g-api.service[98908]: [pid: 98908|app: 0|req: 143/273] 127.0.0.1 () {44 vars in 1055 bytes} [Fri Jun 19 04:03:27 2026] GET /v2/schemas/image => generated 6083 bytes in 3 msecs (HTTP/1.1 200) 4 headers in 158 bytes (1 switches on core 0)
Jun 19 04:03:27.670900 np0000003233 devstack@g-api.service[98909]: [pid: 98909|app: 0|req: 131/274] 127.0.0.1 () {46 vars in 1158 bytes} [Fri Jun 19 04:03:24 2026] PUT /v2/images/6d89a273-77bb-4912-9fb0-f5bb024ef835/file => generated 0 bytes in 2897 msecs (HTTP/1.1 204) 4 headers in 171 bytes (1 switches on core 0)
Jun 19 04:03:27.686317 np0000003233 devstack@g-api.service[98908]: DEBUG glance.api.middleware.version_negotiation [None req-28b9994a-42fa-480c-93bd-9108299dc4f6 tempest-ServerBootFromVolumeStableRescueTest-639869313 tempest-ServerBootFromVolumeStableRescueTest-639869313-project-member] Determining version of request: GET /v2/schemas/image Accept: */* {{(pid=98908) process_request /opt/stack/glance/glance/api/middleware/version_negotiation.py:44}}
Jun 19 04:03:27.686690 np0000003233 devstack@g-api.service[98908]: DEBUG glance.api.middleware.version_negotiation [None req-28b9994a-42fa-480c-93bd-9108299dc4f6 tempest-ServerBootFromVolumeStableRescueTest-639869313 tempest-ServerBootFromVolumeStableRescueTest-639869313-project-member] Using url versioning {{(pid=98908) process_request /opt/stack/glance/glance/api/middleware/version_negotiation.py:57}}
Jun 19 04:03:27.686912 np0000003233 devstack@g-api.service[98908]: DEBUG glance.api.middleware.version_negotiation [None req-28b9994a-42fa-480c-93bd-9108299dc4f6 tempest-ServerBootFromVolumeStableRescueTest-639869313 tempest-ServerBootFromVolumeStableRescueTest-639869313-project-member] Matched version: v2 {{(pid=98908) process_request /opt/stack/glance/glance/api/middleware/version_negotiation.py:69}}
Jun 19 04:03:27.687051 np0000003233 devstack@g-api.service[98908]: DEBUG glance.api.middleware.version_negotiation [None req-28b9994a-42fa-480c-93bd-9108299dc4f6 tempest-ServerBootFromVolumeStableRescueTest-639869313 tempest-ServerBootFromVolumeStableRescueTest-639869313-project-member] new path /v2/schemas/image {{(pid=98908) process_request /opt/stack/glance/glance/api/middleware/version_negotiation.py:70}}
Jun 19 04:03:27.692235 np0000003233 devstack@g-api.service[98908]: [pid: 98908|app: 0|req: 144/275] 127.0.0.1 () {44 vars in 1055 bytes} [Fri Jun 19 04:03:27 2026] GET /v2/schemas/image => generated 6083 bytes in 6 msecs (HTTP/1.1 200) 4 headers in 158 bytes (1 switches on core 0)
Jun 19 04:03:27.724979 np0000003233 devstack@g-api.service[98909]: DEBUG glance.api.middleware.version_negotiation [None req-c6e1b40d-769f-49a2-9726-aeb4818a74cb tempest-AttachVolumeShelveTestJSON-1602944506 tempest-AttachVolumeShelveTestJSON-1602944506-project-member] Determining version of request: GET /v2/images/a6488315-37bf-47e1-b54f-5320ec56cff2 Accept: */* {{(pid=98909) process_request /opt/stack/glance/glance/api/middleware/version_negotiation.py:44}}
Jun 19 04:03:27.725507 np0000003233 devstack@g-api.service[98909]: DEBUG glance.api.middleware.version_negotiation [None req-c6e1b40d-769f-49a2-9726-aeb4818a74cb tempest-AttachVolumeShelveTestJSON-1602944506 tempest-AttachVolumeShelveTestJSON-1602944506-project-member] Using url versioning {{(pid=98909) process_request /opt/stack/glance/glance/api/middleware/version_negotiation.py:57}}
Jun 19 04:03:27.725507 np0000003233 devstack@g-api.service[98909]: DEBUG glance.api.middleware.version_negotiation [None req-c6e1b40d-769f-49a2-9726-aeb4818a74cb tempest-AttachVolumeShelveTestJSON-1602944506 tempest-AttachVolumeShelveTestJSON-1602944506-project-member] Matched version: v2 {{(pid=98909) process_request /opt/stack/glance/glance/api/middleware/version_negotiation.py:69}}
Jun 19 04:03:27.725507 np0000003233 devstack@g-api.service[98909]: DEBUG glance.api.middleware.version_negotiation [None req-c6e1b40d-769f-49a2-9726-aeb4818a74cb tempest-AttachVolumeShelveTestJSON-1602944506 tempest-AttachVolumeShelveTestJSON-1602944506-project-member] new path /v2/images/a6488315-37bf-47e1-b54f-5320ec56cff2 {{(pid=98909) process_request /opt/stack/glance/glance/api/middleware/version_negotiation.py:70}}
Jun 19 04:03:27.733137 np0000003233 devstack@g-api.service[98908]: DEBUG glance.api.middleware.version_negotiation [None req-28b9994a-42fa-480c-93bd-9108299dc4f6 tempest-ServerBootFromVolumeStableRescueTest-639869313 tempest-ServerBootFromVolumeStableRescueTest-639869313-project-member] Determining version of request: GET /v2/images/6d89a273-77bb-4912-9fb0-f5bb024ef835 Accept: */* {{(pid=98908) process_request /opt/stack/glance/glance/api/middleware/version_negotiation.py:44}}
Jun 19 04:03:27.733638 np0000003233 devstack@g-api.service[98908]: DEBUG glance.api.middleware.version_negotiation [None req-28b9994a-42fa-480c-93bd-9108299dc4f6 tempest-ServerBootFromVolumeStableRescueTest-639869313 tempest-ServerBootFromVolumeStableRescueTest-639869313-project-member] Using url versioning {{(pid=98908) process_request /opt/stack/glance/glance/api/middleware/version_negotiation.py:57}}
Jun 19 04:03:27.733638 np0000003233 devstack@g-api.service[98908]: DEBUG glance.api.middleware.version_negotiation [None req-28b9994a-42fa-480c-93bd-9108299dc4f6 tempest-ServerBootFromVolumeStableRescueTest-639869313 tempest-ServerBootFromVolumeStableRescueTest-639869313-project-member] Matched version: v2 {{(pid=98908) process_request /opt/stack/glance/glance/api/middleware/version_negotiation.py:69}}
Jun 19 04:03:27.733718 np0000003233 devstack@g-api.service[98908]: DEBUG glance.api.middleware.version_negotiation [None req-28b9994a-42fa-480c-93bd-9108299dc4f6 tempest-ServerBootFromVolumeStableRescueTest-639869313 tempest-ServerBootFromVolumeStableRescueTest-639869313-project-member] new path /v2/images/6d89a273-77bb-4912-9fb0-f5bb024ef835 {{(pid=98908) process_request /opt/stack/glance/glance/api/middleware/version_negotiation.py:70}}
Jun 19 04:03:27.741357 np0000003233 devstack@g-api.service[98909]: [pid: 98909|app: 0|req: 132/276] 127.0.0.1 () {44 vars in 1115 bytes} [Fri Jun 19 04:03:27 2026] GET /v2/images/a6488315-37bf-47e1-b54f-5320ec56cff2 => generated 1044 bytes in 16 msecs (HTTP/1.1 200) 4 headers in 158 bytes (1 switches on core 0)
Jun 19 04:03:27.750096 np0000003233 devstack@g-api.service[98908]: [pid: 98908|app: 0|req: 145/277] 127.0.0.1 () {44 vars in 1115 bytes} [Fri Jun 19 04:03:27 2026] GET /v2/images/6d89a273-77bb-4912-9fb0-f5bb024ef835 => generated 1620 bytes in 16 msecs (HTTP/1.1 200) 4 headers in 158 bytes (1 switches on core 0)
Jun 19 04:03:27.755607 np0000003233 devstack@g-api.service[98909]: DEBUG glance.api.middleware.version_negotiation [None req-28b9994a-42fa-480c-93bd-9108299dc4f6 tempest-ServerBootFromVolumeStableRescueTest-639869313 tempest-ServerBootFromVolumeStableRescueTest-639869313-project-member] Determining version of request: GET /v2/schemas/image Accept: */* {{(pid=98909) process_request /opt/stack/glance/glance/api/middleware/version_negotiation.py:44}}
Jun 19 04:03:27.755744 np0000003233 devstack@g-api.service[98909]: DEBUG glance.api.middleware.version_negotiation [None req-28b9994a-42fa-480c-93bd-9108299dc4f6 tempest-ServerBootFromVolumeStableRescueTest-639869313 tempest-ServerBootFromVolumeStableRescueTest-639869313-project-member] Using url versioning {{(pid=98909) process_request /opt/stack/glance/glance/api/middleware/version_negotiation.py:57}}
Jun 19 04:03:27.755894 np0000003233 devstack@g-api.service[98909]: DEBUG glance.api.middleware.version_negotiation [None req-28b9994a-42fa-480c-93bd-9108299dc4f6 tempest-ServerBootFromVolumeStableRescueTest-639869313 tempest-ServerBootFromVolumeStableRescueTest-639869313-project-member] Matched version: v2 {{(pid=98909) process_request /opt/stack/glance/glance/api/middleware/version_negotiation.py:69}}
Jun 19 04:03:27.756009 np0000003233 devstack@g-api.service[98909]: DEBUG glance.api.middleware.version_negotiation [None req-28b9994a-42fa-480c-93bd-9108299dc4f6 tempest-ServerBootFromVolumeStableRescueTest-639869313 tempest-ServerBootFromVolumeStableRescueTest-639869313-project-member] new path /v2/schemas/image {{(pid=98909) process_request /opt/stack/glance/glance/api/middleware/version_negotiation.py:70}}
Jun 19 04:03:27.763859 np0000003233 devstack@g-api.service[98909]: [pid: 98909|app: 0|req: 133/278] 127.0.0.1 () {44 vars in 1055 bytes} [Fri Jun 19 04:03:27 2026] GET /v2/schemas/image => generated 6083 bytes in 8 msecs (HTTP/1.1 200) 4 headers in 158 bytes (1 switches on core 0)
Jun 19 04:03:27.836435 np0000003233 devstack@g-api.service[98908]: DEBUG glance.api.middleware.version_negotiation [None req-c6e1b40d-769f-49a2-9726-aeb4818a74cb tempest-AttachVolumeShelveTestJSON-1602944506 tempest-AttachVolumeShelveTestJSON-1602944506-project-member] Determining version of request: GET /v2/schemas/image Accept: */* {{(pid=98908) process_request /opt/stack/glance/glance/api/middleware/version_negotiation.py:44}}
Jun 19 04:03:27.836702 np0000003233 devstack@g-api.service[98908]: DEBUG glance.api.middleware.version_negotiation [None req-c6e1b40d-769f-49a2-9726-aeb4818a74cb tempest-AttachVolumeShelveTestJSON-1602944506 tempest-AttachVolumeShelveTestJSON-1602944506-project-member] Using url versioning {{(pid=98908) process_request /opt/stack/glance/glance/api/middleware/version_negotiation.py:57}}
Jun 19 04:03:27.836809 np0000003233 devstack@g-api.service[98908]: DEBUG glance.api.middleware.version_negotiation [None req-c6e1b40d-769f-49a2-9726-aeb4818a74cb tempest-AttachVolumeShelveTestJSON-1602944506 tempest-AttachVolumeShelveTestJSON-1602944506-project-member] Matched version: v2 {{(pid=98908) process_request /opt/stack/glance/glance/api/middleware/version_negotiation.py:69}}
Jun 19 04:03:27.836957 np0000003233 devstack@g-api.service[98908]: DEBUG glance.api.middleware.version_negotiation [None req-c6e1b40d-769f-49a2-9726-aeb4818a74cb tempest-AttachVolumeShelveTestJSON-1602944506 tempest-AttachVolumeShelveTestJSON-1602944506-project-member] new path /v2/schemas/image {{(pid=98908) process_request /opt/stack/glance/glance/api/middleware/version_negotiation.py:70}}
Jun 19 04:03:27.839972 np0000003233 devstack@g-api.service[98908]: [pid: 98908|app: 0|req: 146/279] 127.0.0.1 () {44 vars in 1055 bytes} [Fri Jun 19 04:03:27 2026] GET /v2/schemas/image => generated 6083 bytes in 4 msecs (HTTP/1.1 200) 4 headers in 158 bytes (1 switches on core 0)
Jun 19 04:03:28.415662 np0000003233 devstack@g-api.service[98909]: DEBUG glance.api.middleware.version_negotiation [None req-28b9994a-42fa-480c-93bd-9108299dc4f6 tempest-ServerBootFromVolumeStableRescueTest-639869313 tempest-ServerBootFromVolumeStableRescueTest-639869313-project-member] Determining version of request: GET /versions Accept: */* {{(pid=98909) process_request /opt/stack/glance/glance/api/middleware/version_negotiation.py:44}}
Jun 19 04:03:28.416385 np0000003233 devstack@g-api.service[98909]: [pid: 98909|app: 0|req: 134/280] 127.0.0.1 () {44 vars in 1039 bytes} [Fri Jun 19 04:03:28 2026] GET /versions => generated 1407 bytes in 1 msecs (HTTP/1.1 200) 3 headers in 92 bytes (1 switches on core 0)
Jun 19 04:03:28.433418 np0000003233 devstack@g-api.service[98908]: DEBUG glance.api.middleware.version_negotiation [None req-c6e1b40d-769f-49a2-9726-aeb4818a74cb tempest-AttachVolumeShelveTestJSON-1602944506 tempest-AttachVolumeShelveTestJSON-1602944506-project-member] Determining version of request: GET /v2/images/a6488315-37bf-47e1-b54f-5320ec56cff2/locations Accept: */* {{(pid=98908) process_request /opt/stack/glance/glance/api/middleware/version_negotiation.py:44}}
Jun 19 04:03:28.433644 np0000003233 devstack@g-api.service[98908]: DEBUG glance.api.middleware.version_negotiation [None req-c6e1b40d-769f-49a2-9726-aeb4818a74cb tempest-AttachVolumeShelveTestJSON-1602944506 tempest-AttachVolumeShelveTestJSON-1602944506-project-member] Using url versioning {{(pid=98908) process_request /opt/stack/glance/glance/api/middleware/version_negotiation.py:57}}
Jun 19 04:03:28.433812 np0000003233 devstack@g-api.service[98908]: DEBUG glance.api.middleware.version_negotiation [None req-c6e1b40d-769f-49a2-9726-aeb4818a74cb tempest-AttachVolumeShelveTestJSON-1602944506 tempest-AttachVolumeShelveTestJSON-1602944506-project-member] Matched version: v2 {{(pid=98908) process_request /opt/stack/glance/glance/api/middleware/version_negotiation.py:69}}
Jun 19 04:03:28.433953 np0000003233 devstack@g-api.service[98908]: DEBUG glance.api.middleware.version_negotiation [None req-c6e1b40d-769f-49a2-9726-aeb4818a74cb tempest-AttachVolumeShelveTestJSON-1602944506 tempest-AttachVolumeShelveTestJSON-1602944506-project-member] new path /v2/images/a6488315-37bf-47e1-b54f-5320ec56cff2/locations {{(pid=98908) process_request /opt/stack/glance/glance/api/middleware/version_negotiation.py:70}}
Jun 19 04:03:28.622450 np0000003233 devstack@g-api.service[98908]: [pid: 98908|app: 0|req: 147/281] 127.0.0.1 () {44 vars in 1135 bytes} [Fri Jun 19 04:03:28 2026] GET /v2/images/a6488315-37bf-47e1-b54f-5320ec56cff2/locations => generated 92 bytes in 189 msecs (HTTP/1.1 200) 4 headers in 156 bytes (1 switches on core 0)
Jun 19 04:03:28.633031 np0000003233 devstack@g-api.service[98909]: DEBUG glance.api.middleware.version_negotiation [None req-28b9994a-42fa-480c-93bd-9108299dc4f6 tempest-ServerBootFromVolumeStableRescueTest-639869313 tempest-ServerBootFromVolumeStableRescueTest-639869313-project-member] Determining version of request: GET /v2/images/a6488315-37bf-47e1-b54f-5320ec56cff2 Accept: */* {{(pid=98909) process_request /opt/stack/glance/glance/api/middleware/version_negotiation.py:44}}
Jun 19 04:03:28.633031 np0000003233 devstack@g-api.service[98909]: DEBUG glance.api.middleware.version_negotiation [None req-28b9994a-42fa-480c-93bd-9108299dc4f6 tempest-ServerBootFromVolumeStableRescueTest-639869313 tempest-ServerBootFromVolumeStableRescueTest-639869313-project-member] Using url versioning {{(pid=98909) process_request /opt/stack/glance/glance/api/middleware/version_negotiation.py:57}}
Jun 19 04:03:28.633031 np0000003233 devstack@g-api.service[98909]: DEBUG glance.api.middleware.version_negotiation [None req-28b9994a-42fa-480c-93bd-9108299dc4f6 tempest-ServerBootFromVolumeStableRescueTest-639869313 tempest-ServerBootFromVolumeStableRescueTest-639869313-project-member] Matched version: v2 {{(pid=98909) process_request /opt/stack/glance/glance/api/middleware/version_negotiation.py:69}}
Jun 19 04:03:28.633031 np0000003233 devstack@g-api.service[98909]: DEBUG glance.api.middleware.version_negotiation [None req-28b9994a-42fa-480c-93bd-9108299dc4f6 tempest-ServerBootFromVolumeStableRescueTest-639869313 tempest-ServerBootFromVolumeStableRescueTest-639869313-project-member] new path /v2/images/a6488315-37bf-47e1-b54f-5320ec56cff2 {{(pid=98909) process_request /opt/stack/glance/glance/api/middleware/version_negotiation.py:70}}
Jun 19 04:03:28.662429 np0000003233 devstack@g-api.service[98909]: [pid: 98909|app: 0|req: 135/282] 127.0.0.1 () {44 vars in 1115 bytes} [Fri Jun 19 04:03:28 2026] GET /v2/images/a6488315-37bf-47e1-b54f-5320ec56cff2 => generated 1044 bytes in 30 msecs (HTTP/1.1 200) 4 headers in 158 bytes (1 switches on core 0)
Jun 19 04:03:28.696231 np0000003233 devstack@g-api.service[98908]: DEBUG glance.api.middleware.version_negotiation [None req-28b9994a-42fa-480c-93bd-9108299dc4f6 service glance] Determining version of request: GET /v2/schemas/image Accept: */* {{(pid=98908) process_request /opt/stack/glance/glance/api/middleware/version_negotiation.py:44}}
Jun 19 04:03:28.696453 np0000003233 devstack@g-api.service[98908]: DEBUG glance.api.middleware.version_negotiation [None req-28b9994a-42fa-480c-93bd-9108299dc4f6 service glance] Using url versioning {{(pid=98908) process_request /opt/stack/glance/glance/api/middleware/version_negotiation.py:57}}
Jun 19 04:03:28.696643 np0000003233 devstack@g-api.service[98908]: DEBUG glance.api.middleware.version_negotiation [None req-28b9994a-42fa-480c-93bd-9108299dc4f6 service glance] Matched version: v2 {{(pid=98908) process_request /opt/stack/glance/glance/api/middleware/version_negotiation.py:69}}
Jun 19 04:03:28.696791 np0000003233 devstack@g-api.service[98908]: DEBUG glance.api.middleware.version_negotiation [None req-28b9994a-42fa-480c-93bd-9108299dc4f6 service glance] new path /v2/schemas/image {{(pid=98908) process_request /opt/stack/glance/glance/api/middleware/version_negotiation.py:70}}
Jun 19 04:03:28.706708 np0000003233 devstack@g-api.service[98908]: [pid: 98908|app: 0|req: 148/283] 127.0.0.1 () {44 vars in 1055 bytes} [Fri Jun 19 04:03:28 2026] GET /v2/schemas/image => generated 6083 bytes in 11 msecs (HTTP/1.1 200) 4 headers in 158 bytes (1 switches on core 0)
Jun 19 04:03:28.740579 np0000003233 devstack@g-api.service[98909]: DEBUG glance.api.middleware.version_negotiation [None req-28b9994a-42fa-480c-93bd-9108299dc4f6 tempest-ServerBootFromVolumeStableRescueTest-639869313 tempest-ServerBootFromVolumeStableRescueTest-639869313-project-member] Determining version of request: GET /v2/schemas/image Accept: */* {{(pid=98909) process_request /opt/stack/glance/glance/api/middleware/version_negotiation.py:44}}
Jun 19 04:03:28.740993 np0000003233 devstack@g-api.service[98909]: DEBUG glance.api.middleware.version_negotiation [None req-28b9994a-42fa-480c-93bd-9108299dc4f6 tempest-ServerBootFromVolumeStableRescueTest-639869313 tempest-ServerBootFromVolumeStableRescueTest-639869313-project-member] Using url versioning {{(pid=98909) process_request /opt/stack/glance/glance/api/middleware/version_negotiation.py:57}}
Jun 19 04:03:28.741048 np0000003233 devstack@g-api.service[98909]: DEBUG glance.api.middleware.version_negotiation [None req-28b9994a-42fa-480c-93bd-9108299dc4f6 tempest-ServerBootFromVolumeStableRescueTest-639869313 tempest-ServerBootFromVolumeStableRescueTest-639869313-project-member] Matched version: v2 {{(pid=98909) process_request /opt/stack/glance/glance/api/middleware/version_negotiation.py:69}}
Jun 19 04:03:28.741367 np0000003233 devstack@g-api.service[98909]: DEBUG glance.api.middleware.version_negotiation [None req-28b9994a-42fa-480c-93bd-9108299dc4f6 tempest-ServerBootFromVolumeStableRescueTest-639869313 tempest-ServerBootFromVolumeStableRescueTest-639869313-project-member] new path /v2/schemas/image {{(pid=98909) process_request /opt/stack/glance/glance/api/middleware/version_negotiation.py:70}}
Jun 19 04:03:28.744429 np0000003233 devstack@g-api.service[98909]: [pid: 98909|app: 0|req: 136/284] 127.0.0.1 () {44 vars in 1055 bytes} [Fri Jun 19 04:03:28 2026] GET /v2/schemas/image => generated 6083 bytes in 4 msecs (HTTP/1.1 200) 4 headers in 158 bytes (1 switches on core 0)
Jun 19 04:03:29.613658 np0000003233 devstack@g-api.service[98908]: DEBUG glance.api.middleware.version_negotiation [None req-28b9994a-42fa-480c-93bd-9108299dc4f6 tempest-ServerBootFromVolumeStableRescueTest-639869313 tempest-ServerBootFromVolumeStableRescueTest-639869313-project-member] Determining version of request: GET /v2/images/a6488315-37bf-47e1-b54f-5320ec56cff2 Accept: */* {{(pid=98908) process_request /opt/stack/glance/glance/api/middleware/version_negotiation.py:44}}
Jun 19 04:03:29.614094 np0000003233 devstack@g-api.service[98908]: DEBUG glance.api.middleware.version_negotiation [None req-28b9994a-42fa-480c-93bd-9108299dc4f6 tempest-ServerBootFromVolumeStableRescueTest-639869313 tempest-ServerBootFromVolumeStableRescueTest-639869313-project-member] Using url versioning {{(pid=98908) process_request /opt/stack/glance/glance/api/middleware/version_negotiation.py:57}}
Jun 19 04:03:29.614094 np0000003233 devstack@g-api.service[98908]: DEBUG glance.api.middleware.version_negotiation [None req-28b9994a-42fa-480c-93bd-9108299dc4f6 tempest-ServerBootFromVolumeStableRescueTest-639869313 tempest-ServerBootFromVolumeStableRescueTest-639869313-project-member] Matched version: v2 {{(pid=98908) process_request /opt/stack/glance/glance/api/middleware/version_negotiation.py:69}}
Jun 19 04:03:29.614173 np0000003233 devstack@g-api.service[98908]: DEBUG glance.api.middleware.version_negotiation [None req-28b9994a-42fa-480c-93bd-9108299dc4f6 tempest-ServerBootFromVolumeStableRescueTest-639869313 tempest-ServerBootFromVolumeStableRescueTest-639869313-project-member] new path /v2/images/a6488315-37bf-47e1-b54f-5320ec56cff2 {{(pid=98908) process_request /opt/stack/glance/glance/api/middleware/version_negotiation.py:70}}
Jun 19 04:03:29.641968 np0000003233 devstack@g-api.service[98908]: [pid: 98908|app: 0|req: 149/285] 127.0.0.1 () {44 vars in 1115 bytes} [Fri Jun 19 04:03:29 2026] GET /v2/images/a6488315-37bf-47e1-b54f-5320ec56cff2 => generated 1044 bytes in 28 msecs (HTTP/1.1 200) 4 headers in 158 bytes (1 switches on core 0)
Jun 19 04:03:29.682323 np0000003233 devstack@g-api.service[98909]: DEBUG glance.api.middleware.version_negotiation [None req-28b9994a-42fa-480c-93bd-9108299dc4f6 tempest-ServerBootFromVolumeStableRescueTest-639869313 tempest-ServerBootFromVolumeStableRescueTest-639869313-project-member] Determining version of request: GET /v2/schemas/image Accept: */* {{(pid=98909) process_request /opt/stack/glance/glance/api/middleware/version_negotiation.py:44}}
Jun 19 04:03:29.682569 np0000003233 devstack@g-api.service[98909]: DEBUG glance.api.middleware.version_negotiation [None req-28b9994a-42fa-480c-93bd-9108299dc4f6 tempest-ServerBootFromVolumeStableRescueTest-639869313 tempest-ServerBootFromVolumeStableRescueTest-639869313-project-member] Using url versioning {{(pid=98909) process_request /opt/stack/glance/glance/api/middleware/version_negotiation.py:57}}
Jun 19 04:03:29.682683 np0000003233 devstack@g-api.service[98909]: DEBUG glance.api.middleware.version_negotiation [None req-28b9994a-42fa-480c-93bd-9108299dc4f6 tempest-ServerBootFromVolumeStableRescueTest-639869313 tempest-ServerBootFromVolumeStableRescueTest-639869313-project-member] Matched version: v2 {{(pid=98909) process_request /opt/stack/glance/glance/api/middleware/version_negotiation.py:69}}
Jun 19 04:03:29.682868 np0000003233 devstack@g-api.service[98909]: DEBUG glance.api.middleware.version_negotiation [None req-28b9994a-42fa-480c-93bd-9108299dc4f6 tempest-ServerBootFromVolumeStableRescueTest-639869313 tempest-ServerBootFromVolumeStableRescueTest-639869313-project-member] new path /v2/schemas/image {{(pid=98909) process_request /opt/stack/glance/glance/api/middleware/version_negotiation.py:70}}
Jun 19 04:03:29.685986 np0000003233 devstack@g-api.service[98909]: [pid: 98909|app: 0|req: 137/286] 127.0.0.1 () {44 vars in 1055 bytes} [Fri Jun 19 04:03:29 2026] GET /v2/schemas/image => generated 6083 bytes in 3 msecs (HTTP/1.1 200) 4 headers in 158 bytes (1 switches on core 0)
Jun 19 04:03:34.328702 np0000003233 devstack@g-api.service[98908]: DEBUG glance.api.middleware.version_negotiation [None req-3bcafc40-bcb2-4553-aa7c-a0dc8bae7941 tempest-ServerRescueNegativeTestJSON-1731357061 tempest-ServerRescueNegativeTestJSON-1731357061-project-member] Determining version of request: GET /v2/images/6d89a273-77bb-4912-9fb0-f5bb024ef835 Accept: */* {{(pid=98908) process_request /opt/stack/glance/glance/api/middleware/version_negotiation.py:44}}
