May 22 15:04:35.410342 np0000001283 devstack@neutron-api.service[87000]: DEBUG neutron.plugins.ml2.plugin [None req-a56d6420-c18b-413a-a1aa-db3638cb0e25 None None] Current status of the port 7ff911f2-48c5-475b-b857-8ad92bef807b is: ACTIVE; New status is: ACTIVE {{(pid=87000) _update_individual_port_db_status /opt/stack/neutron/neutron/plugins/ml2/plugin.py:2469}}
May 22 15:04:35.422555 np0000001283 devstack@neutron-api.service[87000]: DEBUG ovsdbapp.backend.ovs_idl.transaction [None req-0eeec362-e916-4c64-b117-96c882f27db5 None None] Running txn n=1 command(idx=0): DbSetCommand(_result=None, table=Logical_Switch_Port, record=7ff911f2-48c5-475b-b857-8ad92bef807b, col_values=(('external_ids', {'neutron:host_id': 'np0000001283'}),), if_exists=True) {{(pid=87000) do_commit /opt/stack/data/venv/lib/python3.12/site-packages/ovsdbapp/backend/ovs_idl/transaction.py:89}}
May 22 15:04:35.423240 np0000001283 devstack@neutron-api.service[87000]: DEBUG ovsdbapp.backend.ovs_idl.transaction [None req-0eeec362-e916-4c64-b117-96c882f27db5 None None] Transaction caused no change {{(pid=87000) do_commit /opt/stack/data/venv/lib/python3.12/site-packages/ovsdbapp/backend/ovs_idl/transaction.py:129}}
May 22 15:04:35.423671 np0000001283 devstack@neutron-api.service[87000]: INFO neutron.plugins.ml2.drivers.ovn.mech_driver.mech_driver [None req-a56d6420-c18b-413a-a1aa-db3638cb0e25 None None] OVN reports status down for port: 2d66f3bf-bf34-44da-9055-2d8467c45cea
May 22 15:04:35.442675 np0000001283 devstack@neutron-api.service[87000]: DEBUG neutron.db.provisioning_blocks [None req-a56d6420-c18b-413a-a1aa-db3638cb0e25 None None] Transition to ACTIVE for port object 2d66f3bf-bf34-44da-9055-2d8467c45cea will not be triggered until provisioned by entity L2. {{(pid=87000) add_provisioning_component /opt/stack/neutron/neutron/db/provisioning_blocks.py:74}}
May 22 15:04:35.466785 np0000001283 devstack@neutron-api.service[87000]: DEBUG neutron.plugins.ml2.plugin [None req-a56d6420-c18b-413a-a1aa-db3638cb0e25 None None] Current status of the port 2d66f3bf-bf34-44da-9055-2d8467c45cea is: DOWN; New status is: DOWN {{(pid=87000) _update_individual_port_db_status /opt/stack/neutron/neutron/plugins/ml2/plugin.py:2469}}
May 22 15:04:35.467666 np0000001283 devstack@neutron-api.service[87000]: WARNING neutron.plugins.ml2.drivers.ovn.mech_driver.ovsdb.ovn_client [None req-a56d6420-c18b-413a-a1aa-db3638cb0e25 None None] Logical_Switch_Port 2d66f3bf-bf34-44da-9055-2d8467c45cea host information not removed, the port state is up
May 22 15:04:35.467910 np0000001283 devstack@neutron-api.service[87000]: INFO neutron.plugins.ml2.drivers.ovn.mech_driver.mech_driver [None req-a56d6420-c18b-413a-a1aa-db3638cb0e25 None None] OVN reports status up for port: 2d66f3bf-bf34-44da-9055-2d8467c45cea
May 22 15:04:35.472846 np0000001283 devstack@neutron-api.service[87000]: DEBUG neutron.db.provisioning_blocks [None req-a56d6420-c18b-413a-a1aa-db3638cb0e25 None None] Provisioning for port 2d66f3bf-bf34-44da-9055-2d8467c45cea completed by entity L2. {{(pid=87000) provisioning_complete /opt/stack/neutron/neutron/db/provisioning_blocks.py:133}}
May 22 15:04:35.476608 np0000001283 devstack@neutron-api.service[87000]: DEBUG neutron.db.provisioning_blocks [None req-a56d6420-c18b-413a-a1aa-db3638cb0e25 None None] Provisioning complete for port 2d66f3bf-bf34-44da-9055-2d8467c45cea triggered by entity L2. {{(pid=87000) provisioning_complete /opt/stack/neutron/neutron/db/provisioning_blocks.py:141}}
May 22 15:04:35.476758 np0000001283 devstack@neutron-api.service[87000]: DEBUG neutron_lib.callbacks.manager [None req-a56d6420-c18b-413a-a1aa-db3638cb0e25 None None] Publish callbacks ['neutron.plugins.ml2.plugin.Ml2Plugin._port_provisioned-1829761'] for port (2d66f3bf-bf34-44da-9055-2d8467c45cea), provisioning_complete {{(pid=87000) _notify_loop /opt/stack/data/venv/lib/python3.12/site-packages/neutron_lib/callbacks/manager.py:184}}
May 22 15:04:35.476888 np0000001283 devstack@neutron-api.service[87000]: INFO neutron.plugins.ml2.plugin [None req-a56d6420-c18b-413a-a1aa-db3638cb0e25 None None] Attempt 1 to provision port 2d66f3bf-bf34-44da-9055-2d8467c45cea
May 22 15:04:35.491453 np0000001283 devstack@neutron-api.service[87000]: DEBUG neutron.plugins.ml2.plugin [None req-a56d6420-c18b-413a-a1aa-db3638cb0e25 None None] Port 2d66f3bf-bf34-44da-9055-2d8467c45cea cannot update to ACTIVE because it is not bound. {{(pid=87000) _port_provisioned /opt/stack/neutron/neutron/plugins/ml2/plugin.py:389}}
May 22 15:04:35.532534 np0000001283 devstack@neutron-api.service[87000]: DEBUG neutron.plugins.ml2.plugin [None req-a56d6420-c18b-413a-a1aa-db3638cb0e25 None None] Current status of the port 2d66f3bf-bf34-44da-9055-2d8467c45cea is: DOWN; New status is: ACTIVE {{(pid=87000) _update_individual_port_db_status /opt/stack/neutron/neutron/plugins/ml2/plugin.py:2469}}
May 22 15:04:35.532673 np0000001283 devstack@neutron-api.service[87000]: DEBUG neutron_lib.callbacks.manager [None req-a56d6420-c18b-413a-a1aa-db3638cb0e25 None None] Publish callbacks ['neutron.plugins.ml2.plugin.SecurityGroupDbMixin._ensure_default_security_group_handler-1516517', 'neutron.services.ovn_l3.plugin.OVNL3RouterPlugin._port_update-8381462030276', 'neutron.db.l3_db.L3_NAT_dbonly_mixin._prevent_internal_ip_change_for_fip-8381463555176'] for port (2d66f3bf-bf34-44da-9055-2d8467c45cea), before_update {{(pid=87000) _notify_loop /opt/stack/data/venv/lib/python3.12/site-packages/neutron_lib/callbacks/manager.py:184}}
May 22 15:04:35.549906 np0000001283 devstack@neutron-api.service[87000]: DEBUG neutron.plugins.ml2.drivers.ovn.mech_driver.mech_driver [None req-a56d6420-c18b-413a-a1aa-db3638cb0e25 None None] No provisioning block for port 2d66f3bf-bf34-44da-9055-2d8467c45cea since it is active {{(pid=87000) _is_port_provisioning_required /opt/stack/neutron/neutron/plugins/ml2/drivers/ovn/mech_driver/mech_driver.py:889}}
May 22 15:04:35.704978 np0000001283 devstack@neutron-api.service[87000]: DEBUG ovsdbapp.backend.ovs_idl.transaction [None req-0eeec362-e916-4c64-b117-96c882f27db5 None None] Running txn n=1 command(idx=0): CheckRevisionNumberCommand(_result=None, name=2d66f3bf-bf34-44da-9055-2d8467c45cea, resource={'id': '2d66f3bf-bf34-44da-9055-2d8467c45cea', 'name': '', 'network_id': '2ac0fba5-0d32-457b-8ff8-525884af51b8', 'project_id': '856b7c47fa754c379d16f351afa6eb43', 'mac_address': 'fa:16:3e:71:25:0d', 'admin_state_up': True, 'status': 'ACTIVE', 'device_id': 'ffa64836-b783-4117-9382-2a2c40286b51', 'device_owner': 'network:router_interface', 'standard_attr_id': 24, 'fixed_ips': [{'subnet_id': '9c0d7e9f-07d7-4b73-83de-e5d4c72c7fe7', 'ip_address': 'fd29:7620:217c::1'}], 'allowed_address_pairs': [], 'extra_dhcp_opts': [], 'security_groups': [], 'description': '', 'binding:vnic_type': 'normal', 'binding:profile': {}, 'binding:host_id': '', 'binding:vif_type': 'unbound', 'binding:vif_details': {}, 'port_security_enabled': False, 'tags': [], 'created_at': '2026-05-22T15:04:31Z', 'updated_at': '2026-05-22T15:04:35Z', 'revision_number': 2, 'tenant_id': '856b7c47fa754c379d16f351afa6eb43', 'network': {'id': '2ac0fba5-0d32-457b-8ff8-525884af51b8', 'name': 'private', 'tenant_id': '856b7c47fa754c379d16f351afa6eb43', 'project_id': '856b7c47fa754c379d16f351afa6eb43', 'admin_state_up': True, 'mtu': 1372, 'status': 'ACTIVE', 'subnets': ['9c0d7e9f-07d7-4b73-83de-e5d4c72c7fe7', 'bf3a5fa1-cec3-488b-a741-910de6e209ad'], 'standard_attr_id': 12, 'shared': False, 'availability_zone_hints': [], 'availability_zones': [], 'ipv4_address_scope': None, 'ipv6_address_scope': None, 'router:external': False, 'qinq': False, 'vlan_transparent': False, 'description': '', 'port_security_enabled': True, 'tags': [], 'created_at': '2026-05-22T15:04:21Z', 'updated_at': '2026-05-22T15:04:23Z', 'revision_number': 3, 'provider:network_type': 'geneve', 'provider:physical_network': None, 'provider:segmentation_id': 47276}}, resource_type=ports, if_exists=True) {{(pid=87000) do_commit /opt/stack/data/venv/lib/python3.12/site-packages/ovsdbapp/backend/ovs_idl/transaction.py:89}}
May 22 15:04:35.706366 np0000001283 devstack@neutron-api.service[87000]: DEBUG ovsdbapp.backend.ovs_idl.transaction [None req-0eeec362-e916-4c64-b117-96c882f27db5 None None] Running txn n=1 command(idx=1): SetLSwitchPortCommand(_result=None, lport=2d66f3bf-bf34-44da-9055-2d8467c45cea, external_ids_update=None, columns={'external_ids': {'neutron:port_name': '', 'neutron:device_id': 'ffa64836-b783-4117-9382-2a2c40286b51', 'neutron:project_id': '856b7c47fa754c379d16f351afa6eb43', 'neutron:cidrs': 'fd29:7620:217c::1/64', 'neutron:device_owner': 'network:router_interface', 'neutron:subnet_pool_addr_scope4': '', 'neutron:subnet_pool_addr_scope6': '', 'neutron:network_name': 'neutron-2ac0fba5-0d32-457b-8ff8-525884af51b8', 'neutron:security_group_ids': '', 'neutron:revision_number': '2', 'neutron:vnic_type': 'normal', 'neutron:port_capabilities': '', 'neutron:mtu': ''}, 'parent_name': [], 'tag': [], 'options': {'router-port': 'lrp-2d66f3bf-bf34-44da-9055-2d8467c45cea'}, 'enabled': True, 'port_security': [], 'dhcpv4_options': [], 'dhcpv6_options': [], 'type': 'router', 'ha_chassis_group': []}, if_exists=False) {{(pid=87000) do_commit /opt/stack/data/venv/lib/python3.12/site-packages/ovsdbapp/backend/ovs_idl/transaction.py:89}}
May 22 15:04:35.706500 np0000001283 devstack@neutron-api.service[87000]: DEBUG ovsdbapp.backend.ovs_idl.transaction [None req-0eeec362-e916-4c64-b117-96c882f27db5 None None] Running txn n=1 command(idx=2): PgDelPortCommand(_result=None, port_group=neutron_pg_drop, lsp=['2d66f3bf-bf34-44da-9055-2d8467c45cea'], if_exists=False) {{(pid=87000) do_commit /opt/stack/data/venv/lib/python3.12/site-packages/ovsdbapp/backend/ovs_idl/transaction.py:89}}
May 22 15:04:35.709275 np0000001283 devstack@neutron-api.service[87000]: DEBUG neutron.plugins.ml2.drivers.ovn.mech_driver.ovsdb.ovsdb_monitor [None req-0eeec362-e916-4c64-b117-96c882f27db5 None None] Touching Hash Ring node "c75d89bb59b75efbbee21f195404d82b" from IDL notify handler {{(pid=87000) notify /opt/stack/neutron/neutron/plugins/ml2/drivers/ovn/mech_driver/ovsdb/ovsdb_monitor.py:978}}
May 22 15:04:35.713524 np0000001283 devstack@neutron-api.service[87000]: DEBUG neutron.plugins.ml2.drivers.ovn.mech_driver.ovsdb.ovsdb_monitor [None req-5577a5a6-a2ec-4747-920b-071b7657e8f8 None None] Touching Hash Ring node "c75d89bb59b75efbbee21f195404d82b" from IDL notify handler {{(pid=87000) notify /opt/stack/neutron/neutron/plugins/ml2/drivers/ovn/mech_driver/ovsdb/ovsdb_monitor.py:978}}
May 22 15:04:35.715792 np0000001283 devstack@neutron-api.service[87000]: DEBUG neutron.plugins.ml2.drivers.ovn.mech_driver.ovsdb.ovsdb_monitor [None req-0eeec362-e916-4c64-b117-96c882f27db5 None None] Hash Ring: Node c75d89bb59b75efbbee21f195404d82b (host: np0000001283) handling event "update" for row de89c657-dc74-45a4-8a6c-2bb8df564f6b (table: Logical_Switch_Port) {{(pid=87000) notify /opt/stack/neutron/neutron/plugins/ml2/drivers/ovn/mech_driver/ovsdb/ovsdb_monitor.py:986}}
May 22 15:04:35.718699 np0000001283 devstack@neutron-api.service[87000]: DEBUG neutron.plugins.ml2.drivers.ovn.mech_driver.ovsdb.ovsdb_monitor [None req-5577a5a6-a2ec-4747-920b-071b7657e8f8 None None] Hash Ring: Node c75d89bb59b75efbbee21f195404d82b (host: np0000001283) handling event "update" for row 1ffd1b92-4b99-469e-a041-129210da7158 (table: Port_Binding) {{(pid=87000) notify /opt/stack/neutron/neutron/plugins/ml2/drivers/ovn/mech_driver/ovsdb/ovsdb_monitor.py:986}}
May 22 15:04:35.764666 np0000001283 devstack@neutron-api.service[87000]: DEBUG ovsdbapp.backend.ovs_idl.event [None req-0eeec362-e916-4c64-b117-96c882f27db5 None None] Matched UPDATE: LogicalSwitchPortUpdateLogicalRouterPortEvent(events=('update',), table='Logical_Switch_Port', conditions=None, old_conditions=None), priority=20 to row=Logical_Switch_Port(uuid=de89c657-dc74-45a4-8a6c-2bb8df564f6b, addresses=['router'], dhcpv4_options=[], dhcpv6_options=[], dynamic_addresses=[], enabled=True, external_ids={'neutron:cidrs': 'fd29:7620:217c::1/64', 'neutron:device_id': 'ffa64836-b783-4117-9382-2a2c40286b51', 'neutron:device_owner': 'network:router_interface', 'neutron:mtu': '', 'neutron:network_name': 'neutron-2ac0fba5-0d32-457b-8ff8-525884af51b8', 'neutron:port_capabilities': '', 'neutron:port_name': '', 'neutron:project_id': '856b7c47fa754c379d16f351afa6eb43', 'neutron:revision_number': '2', 'neutron:security_group_ids': '', 'neutron:subnet_pool_addr_scope4': '', 'neutron:subnet_pool_addr_scope6': '', 'neutron:vnic_type': 'normal'}, ha_chassis_group=[], mirror_rules=[], name='2d66f3bf-bf34-44da-9055-2d8467c45cea', options={'router-port': 'lrp-2d66f3bf-bf34-44da-9055-2d8467c45cea'}, parent_name=[], port_security=[], tag=[], tag_request=[], type='router', up=True) old=Logical_Switch_Port(uuid=de89c657-dc74-45a4-8a6c-2bb8df564f6b, external_ids={'neutron:cidrs': 'fd29:7620:217c::1/64', 'neutron:device_id': 'ffa64836-b783-4117-9382-2a2c40286b51', 'neutron:device_owner': 'network:router_interface', 'neutron:mtu': '', 'neutron:network_name': 'neutron-2ac0fba5-0d32-457b-8ff8-525884af51b8', 'neutron:port_capabilities': '', 'neutron:port_name': '', 'neutron:project_id': '856b7c47fa754c379d16f351afa6eb43', 'neutron:revision_number': '1', 'neutron:security_group_ids': '', 'neutron:subnet_pool_addr_scope4': '', 'neutron:subnet_pool_addr_scope6': '', 'neutron:vnic_type': 'normal'}) {{(pid=87000) matches /opt/stack/data/venv/lib/python3.12/site-packages/ovsdbapp/backend/ovs_idl/event.py:55}}
May 22 15:04:35.787274 np0000001283 devstack@neutron-api.service[87000]: INFO neutron.db.ovn_revision_numbers_db [None req-a56d6420-c18b-413a-a1aa-db3638cb0e25 None None] Successfully bumped revision number for resource 2d66f3bf-bf34-44da-9055-2d8467c45cea (type: ports) to 2
May 22 15:04:35.790997 np0000001283 devstack@neutron-api.service[87000]: DEBUG neutron_lib.callbacks.manager [None req-a56d6420-c18b-413a-a1aa-db3638cb0e25 None None] Publish callbacks ['neutron.plugins.ml2.ovo_rpc._ObjectChangeHandler.handle_event-3348757', 'neutron.services.ovn_l3.plugin.OVNL3RouterPlugin._port_update-8381462030276'] for port (2d66f3bf-bf34-44da-9055-2d8467c45cea), after_update {{(pid=87000) _notify_loop /opt/stack/data/venv/lib/python3.12/site-packages/neutron_lib/callbacks/manager.py:184}}
May 22 15:04:35.820226 np0000001283 devstack@neutron-api.service[87000]: DEBUG neutron.api.rpc.handlers.resources_rpc [None req-70c13c75-3681-46a5-983f-32f438852f79 None None] Pushing event updated for resources: {'Port': ['ID=2d66f3bf-bf34-44da-9055-2d8467c45cea,revision_number=2']} {{(pid=87000) push /opt/stack/neutron/neutron/api/rpc/handlers/resources_rpc.py:237}}
May 22 15:04:36.731693 np0000001283 devstack@neutron-api.service[87000]: DEBUG neutron.plugins.ml2.drivers.ovn.mech_driver.ovsdb.ovsdb_monitor [None req-0eeec362-e916-4c64-b117-96c882f27db5 None None] Touching Hash Ring node "c75d89bb59b75efbbee21f195404d82b" from IDL notify handler {{(pid=87000) notify /opt/stack/neutron/neutron/plugins/ml2/drivers/ovn/mech_driver/ovsdb/ovsdb_monitor.py:978}}
May 22 15:04:36.737107 np0000001283 devstack@neutron-api.service[87000]: DEBUG neutron.plugins.ml2.drivers.ovn.mech_driver.ovsdb.ovsdb_monitor [None req-0eeec362-e916-4c64-b117-96c882f27db5 None None] Hash Ring: Node c75d89bb59b75efbbee21f195404d82b (host: np0000001283) handling event "update" for row e34cf649-59b1-46ec-86e3-3658550b14af (table: NB_Global) {{(pid=87000) notify /opt/stack/neutron/neutron/plugins/ml2/drivers/ovn/mech_driver/ovsdb/ovsdb_monitor.py:986}}
May 22 15:04:37.214833 np0000001283 devstack@neutron-api.service[87000]: DEBUG neutron.plugins.ml2.drivers.ovn.mech_driver.ovsdb.ovsdb_monitor [None req-0eeec362-e916-4c64-b117-96c882f27db5 None None] Touching Hash Ring node "c75d89bb59b75efbbee21f195404d82b" from IDL notify handler {{(pid=87000) notify /opt/stack/neutron/neutron/plugins/ml2/drivers/ovn/mech_driver/ovsdb/ovsdb_monitor.py:978}}
May 22 15:04:37.219915 np0000001283 devstack@neutron-api.service[87000]: DEBUG neutron.plugins.ml2.drivers.ovn.mech_driver.ovsdb.ovsdb_monitor [None req-0eeec362-e916-4c64-b117-96c882f27db5 None None] Hash Ring: Node c75d89bb59b75efbbee21f195404d82b (host: np0000001283) handling event "update" for row e34cf649-59b1-46ec-86e3-3658550b14af (table: NB_Global) {{(pid=87000) notify /opt/stack/neutron/neutron/plugins/ml2/drivers/ovn/mech_driver/ovsdb/ovsdb_monitor.py:986}}
May 22 15:04:37.220182 np0000001283 devstack@neutron-api.service[87000]: DEBUG neutron.plugins.ml2.drivers.ovn.mech_driver.ovsdb.ovsdb_monitor [None req-0eeec362-e916-4c64-b117-96c882f27db5 None None] Touching Hash Ring node "c75d89bb59b75efbbee21f195404d82b" from IDL notify handler {{(pid=87000) notify /opt/stack/neutron/neutron/plugins/ml2/drivers/ovn/mech_driver/ovsdb/ovsdb_monitor.py:978}}
May 22 15:04:37.223918 np0000001283 devstack@neutron-api.service[87000]: DEBUG neutron.plugins.ml2.drivers.ovn.mech_driver.ovsdb.ovsdb_monitor [None req-0eeec362-e916-4c64-b117-96c882f27db5 None None] Hash Ring: Node c75d89bb59b75efbbee21f195404d82b (host: np0000001283) handling event "update" for row e34cf649-59b1-46ec-86e3-3658550b14af (table: NB_Global) {{(pid=87000) notify /opt/stack/neutron/neutron/plugins/ml2/drivers/ovn/mech_driver/ovsdb/ovsdb_monitor.py:986}}
May 22 15:04:37.231231 np0000001283 devstack@neutron-api.service[87000]: DEBUG neutron.plugins.ml2.drivers.ovn.mech_driver.ovsdb.ovsdb_monitor [None req-0eeec362-e916-4c64-b117-96c882f27db5 None None] Touching Hash Ring node "c75d89bb59b75efbbee21f195404d82b" from IDL notify handler {{(pid=87000) notify /opt/stack/neutron/neutron/plugins/ml2/drivers/ovn/mech_driver/ovsdb/ovsdb_monitor.py:978}}
May 22 15:04:37.235867 np0000001283 devstack@neutron-api.service[87000]: DEBUG neutron.plugins.ml2.drivers.ovn.mech_driver.ovsdb.ovsdb_monitor [None req-0eeec362-e916-4c64-b117-96c882f27db5 None None] Hash Ring: Node c75d89bb59b75efbbee21f195404d82b (host: np0000001283) handling event "update" for row e34cf649-59b1-46ec-86e3-3658550b14af (table: NB_Global) {{(pid=87000) notify /opt/stack/neutron/neutron/plugins/ml2/drivers/ovn/mech_driver/ovsdb/ovsdb_monitor.py:986}}
May 22 15:04:40.264515 np0000001283 devstack@neutron-api.service[87000]: WARNING neutron.plugins.ml2.drivers.ovn.mech_driver.ovsdb.ovn_client [None req-70c13c75-3681-46a5-983f-32f438852f79 None None] No hosting information found for port 2d66f3bf-bf34-44da-9055-2d8467c45cea: RuntimeError: No hosting information found for port 2d66f3bf-bf34-44da-9055-2d8467c45cea
May 22 15:04:40.313259 np0000001283 devstack@neutron-api.service[87000]: INFO neutron.common.ovn.utils [None req-70c13c75-3681-46a5-983f-32f438852f79 None None] HA Chassis Group neutron-2ac0fba5-0d32-457b-8ff8-525884af51b8 synchronized; highest priority chassis 23eaf72b-2241-447c-a3ed-5f48940172c5
May 22 15:04:40.315089 np0000001283 devstack@neutron-api.service[87000]: DEBUG ovsdbapp.backend.ovs_idl.transaction [None req-0eeec362-e916-4c64-b117-96c882f27db5 None None] Running txn n=1 command(idx=0): DbSetCommand(_result=None, table=HA_Chassis_Group, record=neutron-2ac0fba5-0d32-457b-8ff8-525884af51b8, col_values=(('external_ids', {'neutron:availability_zone_hints': '', 'neutron:network_id': '2ac0fba5-0d32-457b-8ff8-525884af51b8', 'neutron:router_id': 'ffa64836-b783-4117-9382-2a2c40286b51'}),), if_exists=True) {{(pid=87000) do_commit /opt/stack/data/venv/lib/python3.12/site-packages/ovsdbapp/backend/ovs_idl/transaction.py:89}}
May 22 15:04:40.315978 np0000001283 devstack@neutron-api.service[87000]: DEBUG ovsdbapp.backend.ovs_idl.transaction [None req-0eeec362-e916-4c64-b117-96c882f27db5 None None] Running txn n=1 command(idx=1): HAChassisGroupAddChassisCommand(_result=None, hcg=neutron-2ac0fba5-0d32-457b-8ff8-525884af51b8, chassis=23eaf72b-2241-447c-a3ed-5f48940172c5, priority=1, columns={}) {{(pid=87000) do_commit /opt/stack/data/venv/lib/python3.12/site-packages/ovsdbapp/backend/ovs_idl/transaction.py:89}}
May 22 15:04:40.315978 np0000001283 devstack@neutron-api.service[87000]: DEBUG ovsdbapp.backend.ovs_idl.transaction [None req-0eeec362-e916-4c64-b117-96c882f27db5 None None] Transaction caused no change {{(pid=87000) do_commit /opt/stack/data/venv/lib/python3.12/site-packages/ovsdbapp/backend/ovs_idl/transaction.py:129}}
May 22 15:04:40.392353 np0000001283 devstack@neutron-api.service[87000]: DEBUG ovsdbapp.backend.ovs_idl.transaction [None req-0eeec362-e916-4c64-b117-96c882f27db5 None None] Running txn n=1 command(idx=0): CheckRevisionNumberCommand(_result=None, name=lrp-2d66f3bf-bf34-44da-9055-2d8467c45cea, resource={'id': '2d66f3bf-bf34-44da-9055-2d8467c45cea', 'name': '', 'network_id': '2ac0fba5-0d32-457b-8ff8-525884af51b8', 'project_id': '856b7c47fa754c379d16f351afa6eb43', 'mac_address': 'fa:16:3e:71:25:0d', 'admin_state_up': True, 'status': 'ACTIVE', 'device_id': 'ffa64836-b783-4117-9382-2a2c40286b51', 'device_owner': 'network:router_interface', 'standard_attr_id': 24, 'fixed_ips': [{'subnet_id': '9c0d7e9f-07d7-4b73-83de-e5d4c72c7fe7', 'ip_address': 'fd29:7620:217c::1'}], 'allowed_address_pairs': [], 'extra_dhcp_opts': [], 'security_groups': [], 'description': '', 'binding:vnic_type': 'normal', 'binding:profile': {}, 'binding:host_id': '', 'binding:vif_type': 'unbound', 'binding:vif_details': {}, 'port_security_enabled': False, 'tags': [], 'created_at': '2026-05-22T15:04:31Z', 'updated_at': '2026-05-22T15:04:35Z', 'revision_number': 2, 'tenant_id': '856b7c47fa754c379d16f351afa6eb43'}, resource_type=router_ports, if_exists=True) {{(pid=87000) do_commit /opt/stack/data/venv/lib/python3.12/site-packages/ovsdbapp/backend/ovs_idl/transaction.py:89}}
May 22 15:04:40.392569 np0000001283 devstack@neutron-api.service[87000]: DEBUG ovsdbapp.backend.ovs_idl.transaction [None req-0eeec362-e916-4c64-b117-96c882f27db5 None None] Running txn n=1 command(idx=1): UpdateLRouterPortCommand(_result=None, name=lrp-2d66f3bf-bf34-44da-9055-2d8467c45cea, columns={'external_ids': {'neutron:revision_number': '2', 'neutron:subnet_ids': '9c0d7e9f-07d7-4b73-83de-e5d4c72c7fe7', 'neutron:network_name': 'neutron-2ac0fba5-0d32-457b-8ff8-525884af51b8', 'neutron:is_ext_gw': 'False', 'neutron:router_name': 'neutron-ffa64836-b783-4117-9382-2a2c40286b51'}, 'options': {}, 'networks': ['fd29:7620:217c::1/64'], 'ipv6_ra_configs': {'address_mode': 'slaac', 'send_periodic': 'true', 'mtu': '1372'}}, if_exists=False) {{(pid=87000) do_commit /opt/stack/data/venv/lib/python3.12/site-packages/ovsdbapp/backend/ovs_idl/transaction.py:89}}
May 22 15:04:40.393404 np0000001283 devstack@neutron-api.service[87000]: DEBUG ovsdbapp.backend.ovs_idl.transaction [None req-0eeec362-e916-4c64-b117-96c882f27db5 None None] Running txn n=1 command(idx=2): SetLRouterPortInLSwitchPortCommand(_result=None, lswitch_port=2d66f3bf-bf34-44da-9055-2d8467c45cea, lrouter_port=lrp-2d66f3bf-bf34-44da-9055-2d8467c45cea, is_gw_port=False, if_exists=True, lsp_address=router) {{(pid=87000) do_commit /opt/stack/data/venv/lib/python3.12/site-packages/ovsdbapp/backend/ovs_idl/transaction.py:89}}
May 22 15:04:40.398799 np0000001283 devstack@neutron-api.service[87000]: DEBUG neutron.plugins.ml2.drivers.ovn.mech_driver.ovsdb.ovsdb_monitor [None req-0eeec362-e916-4c64-b117-96c882f27db5 None None] Touching Hash Ring node "c75d89bb59b75efbbee21f195404d82b" from IDL notify handler {{(pid=87000) notify /opt/stack/neutron/neutron/plugins/ml2/drivers/ovn/mech_driver/ovsdb/ovsdb_monitor.py:978}}
May 22 15:04:40.401126 np0000001283 devstack@neutron-api.service[87000]: DEBUG neutron.plugins.ml2.drivers.ovn.mech_driver.ovsdb.ovsdb_monitor [None req-5577a5a6-a2ec-4747-920b-071b7657e8f8 None None] Touching Hash Ring node "c75d89bb59b75efbbee21f195404d82b" from IDL notify handler {{(pid=87000) notify /opt/stack/neutron/neutron/plugins/ml2/drivers/ovn/mech_driver/ovsdb/ovsdb_monitor.py:978}}
May 22 15:04:40.404795 np0000001283 devstack@neutron-api.service[87000]: DEBUG neutron.plugins.ml2.drivers.ovn.mech_driver.ovsdb.ovsdb_monitor [None req-5577a5a6-a2ec-4747-920b-071b7657e8f8 None None] Hash Ring: Node c75d89bb59b75efbbee21f195404d82b (host: np0000001283) handling event "update" for row 653f141a-94da-4821-8f11-18f43c004b16 (table: Port_Binding) {{(pid=87000) notify /opt/stack/neutron/neutron/plugins/ml2/drivers/ovn/mech_driver/ovsdb/ovsdb_monitor.py:986}}
May 22 15:04:40.406634 np0000001283 devstack@neutron-api.service[87000]: DEBUG neutron.plugins.ml2.drivers.ovn.mech_driver.ovsdb.ovsdb_monitor [None req-0eeec362-e916-4c64-b117-96c882f27db5 None None] Hash Ring: Node c75d89bb59b75efbbee21f195404d82b (host: np0000001283) handling event "update" for row f390a4ae-0153-4504-98df-27fb442257ae (table: Logical_Router_Port) {{(pid=87000) notify /opt/stack/neutron/neutron/plugins/ml2/drivers/ovn/mech_driver/ovsdb/ovsdb_monitor.py:986}}
May 22 15:04:40.432452 np0000001283 devstack@neutron-api.service[87000]: INFO neutron.db.ovn_revision_numbers_db [None req-70c13c75-3681-46a5-983f-32f438852f79 None None] Successfully bumped revision number for resource 2d66f3bf-bf34-44da-9055-2d8467c45cea (type: router_ports) to 2
May 22 15:04:40.473661 np0000001283 devstack@neutron-api.service[87000]: INFO neutron.common.ovn.utils [None req-70c13c75-3681-46a5-983f-32f438852f79 None None] HA Chassis Group neutron-2ac0fba5-0d32-457b-8ff8-525884af51b8 synchronized; highest priority chassis 23eaf72b-2241-447c-a3ed-5f48940172c5
May 22 15:04:40.474122 np0000001283 devstack@neutron-api.service[87000]: DEBUG ovsdbapp.backend.ovs_idl.transaction [None req-0eeec362-e916-4c64-b117-96c882f27db5 None None] Running txn n=1 command(idx=0): DbSetCommand(_result=None, table=HA_Chassis_Group, record=neutron-2ac0fba5-0d32-457b-8ff8-525884af51b8, col_values=(('external_ids', {'neutron:availability_zone_hints': '', 'neutron:network_id': '2ac0fba5-0d32-457b-8ff8-525884af51b8', 'neutron:router_id': 'ffa64836-b783-4117-9382-2a2c40286b51'}),), if_exists=True) {{(pid=87000) do_commit /opt/stack/data/venv/lib/python3.12/site-packages/ovsdbapp/backend/ovs_idl/transaction.py:89}}
May 22 15:04:40.474339 np0000001283 devstack@neutron-api.service[87000]: DEBUG ovsdbapp.backend.ovs_idl.transaction [None req-0eeec362-e916-4c64-b117-96c882f27db5 None None] Running txn n=1 command(idx=1): HAChassisGroupAddChassisCommand(_result=None, hcg=neutron-2ac0fba5-0d32-457b-8ff8-525884af51b8, chassis=23eaf72b-2241-447c-a3ed-5f48940172c5, priority=1, columns={}) {{(pid=87000) do_commit /opt/stack/data/venv/lib/python3.12/site-packages/ovsdbapp/backend/ovs_idl/transaction.py:89}}
May 22 15:04:40.474583 np0000001283 devstack@neutron-api.service[87000]: DEBUG ovsdbapp.backend.ovs_idl.transaction [None req-0eeec362-e916-4c64-b117-96c882f27db5 None None] Transaction caused no change {{(pid=87000) do_commit /opt/stack/data/venv/lib/python3.12/site-packages/ovsdbapp/backend/ovs_idl/transaction.py:129}}
May 22 15:04:40.499997 np0000001283 devstack@neutron-api.service[87000]: INFO neutron.common.ovn.utils [None req-70c13c75-3681-46a5-983f-32f438852f79 None None] HA Chassis Group neutron-2ac0fba5-0d32-457b-8ff8-525884af51b8 synchronized; highest priority chassis 23eaf72b-2241-447c-a3ed-5f48940172c5
May 22 15:04:40.500439 np0000001283 devstack@neutron-api.service[87000]: DEBUG ovsdbapp.backend.ovs_idl.transaction [None req-0eeec362-e916-4c64-b117-96c882f27db5 None None] Running txn n=1 command(idx=0): DbSetCommand(_result=None, table=HA_Chassis_Group, record=neutron-2ac0fba5-0d32-457b-8ff8-525884af51b8, col_values=(('external_ids', {'neutron:availability_zone_hints': '', 'neutron:network_id': '2ac0fba5-0d32-457b-8ff8-525884af51b8', 'neutron:router_id': 'ffa64836-b783-4117-9382-2a2c40286b51'}),), if_exists=True) {{(pid=87000) do_commit /opt/stack/data/venv/lib/python3.12/site-packages/ovsdbapp/backend/ovs_idl/transaction.py:89}}
May 22 15:04:40.500625 np0000001283 devstack@neutron-api.service[87000]: DEBUG ovsdbapp.backend.ovs_idl.transaction [None req-0eeec362-e916-4c64-b117-96c882f27db5 None None] Running txn n=1 command(idx=1): HAChassisGroupAddChassisCommand(_result=None, hcg=neutron-2ac0fba5-0d32-457b-8ff8-525884af51b8, chassis=23eaf72b-2241-447c-a3ed-5f48940172c5, priority=1, columns={}) {{(pid=87000) do_commit /opt/stack/data/venv/lib/python3.12/site-packages/ovsdbapp/backend/ovs_idl/transaction.py:89}}
May 22 15:04:40.500828 np0000001283 devstack@neutron-api.service[87000]: DEBUG ovsdbapp.backend.ovs_idl.transaction [None req-0eeec362-e916-4c64-b117-96c882f27db5 None None] Transaction caused no change {{(pid=87000) do_commit /opt/stack/data/venv/lib/python3.12/site-packages/ovsdbapp/backend/ovs_idl/transaction.py:129}}
May 22 15:04:40.551830 np0000001283 devstack@neutron-api.service[87000]: DEBUG ovsdbapp.backend.ovs_idl.transaction [None req-0eeec362-e916-4c64-b117-96c882f27db5 None None] Running txn n=1 command(idx=0): CheckRevisionNumberCommand(_result=None, name=lrp-2d66f3bf-bf34-44da-9055-2d8467c45cea, resource={'id': '2d66f3bf-bf34-44da-9055-2d8467c45cea', 'name': '', 'network_id': '2ac0fba5-0d32-457b-8ff8-525884af51b8', 'project_id': '856b7c47fa754c379d16f351afa6eb43', 'mac_address': 'fa:16:3e:71:25:0d', 'admin_state_up': True, 'status': 'ACTIVE', 'device_id': 'ffa64836-b783-4117-9382-2a2c40286b51', 'device_owner': 'network:router_interface', 'standard_attr_id': 24, 'fixed_ips': [{'subnet_id': '9c0d7e9f-07d7-4b73-83de-e5d4c72c7fe7', 'ip_address': 'fd29:7620:217c::1'}], 'allowed_address_pairs': [], 'extra_dhcp_opts': [], 'security_groups': [], 'description': '', 'binding:vnic_type': 'normal', 'binding:profile': {}, 'binding:host_id': '', 'binding:vif_type': 'unbound', 'binding:vif_details': {}, 'port_security_enabled': False, 'tags': [], 'created_at': '2026-05-22T15:04:31Z', 'updated_at': '2026-05-22T15:04:35Z', 'revision_number': 2, 'tenant_id': '856b7c47fa754c379d16f351afa6eb43'}, resource_type=router_ports, if_exists=True) {{(pid=87000) do_commit /opt/stack/data/venv/lib/python3.12/site-packages/ovsdbapp/backend/ovs_idl/transaction.py:89}}
May 22 15:04:40.552067 np0000001283 devstack@neutron-api.service[87000]: DEBUG ovsdbapp.backend.ovs_idl.transaction [None req-0eeec362-e916-4c64-b117-96c882f27db5 None None] Running txn n=1 command(idx=1): UpdateLRouterPortCommand(_result=None, name=lrp-2d66f3bf-bf34-44da-9055-2d8467c45cea, columns={'external_ids': {'neutron:revision_number': '2', 'neutron:subnet_ids': '9c0d7e9f-07d7-4b73-83de-e5d4c72c7fe7', 'neutron:network_name': 'neutron-2ac0fba5-0d32-457b-8ff8-525884af51b8', 'neutron:is_ext_gw': 'False', 'neutron:router_name': 'neutron-ffa64836-b783-4117-9382-2a2c40286b51'}, 'options': {}, 'networks': ['fd29:7620:217c::1/64'], 'ipv6_ra_configs': {'address_mode': 'slaac', 'send_periodic': 'true', 'mtu': '1372'}}, if_exists=False) {{(pid=87000) do_commit /opt/stack/data/venv/lib/python3.12/site-packages/ovsdbapp/backend/ovs_idl/transaction.py:89}}
May 22 15:04:40.552342 np0000001283 devstack@neutron-api.service[87000]: DEBUG ovsdbapp.backend.ovs_idl.transaction [None req-0eeec362-e916-4c64-b117-96c882f27db5 None None] Running txn n=1 command(idx=2): SetLRouterPortInLSwitchPortCommand(_result=None, lswitch_port=2d66f3bf-bf34-44da-9055-2d8467c45cea, lrouter_port=lrp-2d66f3bf-bf34-44da-9055-2d8467c45cea, is_gw_port=False, if_exists=True, lsp_address=router) {{(pid=87000) do_commit /opt/stack/data/venv/lib/python3.12/site-packages/ovsdbapp/backend/ovs_idl/transaction.py:89}}
May 22 15:04:40.552609 np0000001283 devstack@neutron-api.service[87000]: DEBUG ovsdbapp.backend.ovs_idl.transaction [None req-0eeec362-e916-4c64-b117-96c882f27db5 None None] Transaction caused no change {{(pid=87000) do_commit /opt/stack/data/venv/lib/python3.12/site-packages/ovsdbapp/backend/ovs_idl/transaction.py:129}}
May 22 15:04:44.025102 np0000001283 devstack@neutron-api.service[87000]: DEBUG futurist.periodics [-] Submitting periodic callback 'neutron.plugins.ml2.drivers.ovn.mech_driver.ovsdb.maintenance.HashRingHealthCheckPeriodics.touch_hash_ring_node' {{(pid=87000) _process_scheduled /opt/stack/data/venv/lib/python3.12/site-packages/futurist/periodics.py:784}}
May 22 15:04:44.025602 np0000001283 devstack@neutron-api.service[87000]: DEBUG neutron.plugins.ml2.drivers.ovn.mech_driver.ovsdb.maintenance [-] Touching Hash Ring node "c75d89bb59b75efbbee21f195404d82b" from periodic health check thread {{(pid=87000) touch_hash_ring_node /opt/stack/neutron/neutron/plugins/ml2/drivers/ovn/mech_driver/ovsdb/maintenance.py:1466}}
May 22 15:04:44.806725 np0000001283 devstack@neutron-api.service[86999]: DEBUG futurist.periodics [-] Submitting periodic callback 'neutron.plugins.ml2.drivers.ovn.mech_driver.ovsdb.maintenance.HashRingHealthCheckPeriodics.touch_hash_ring_node' {{(pid=86999) _process_scheduled /opt/stack/data/venv/lib/python3.12/site-packages/futurist/periodics.py:784}}
May 22 15:04:44.807234 np0000001283 devstack@neutron-api.service[86999]: DEBUG neutron.plugins.ml2.drivers.ovn.mech_driver.ovsdb.maintenance [-] Touching Hash Ring node "91c81b23ded35af5b26851c622329af8" from periodic health check thread {{(pid=86999) touch_hash_ring_node /opt/stack/neutron/neutron/plugins/ml2/drivers/ovn/mech_driver/ovsdb/maintenance.py:1466}}
May 22 15:04:54.031630 np0000001283 devstack@neutron-api.service[87000]: DEBUG dbcounter [-] [87000] Writing DB stats neutron:SELECT=2250,neutron:INSERT=704,neutron:DELETE=12,neutron:UPDATE=111 {{(pid=87000) stat_writer /opt/stack/data/venv/lib/python3.12/site-packages/dbcounter.py:115}}
May 22 15:04:54.814560 np0000001283 devstack@neutron-api.service[86999]: DEBUG dbcounter [-] [86999] Writing DB stats neutron:SELECT=3368,neutron:INSERT=96,neutron:DELETE=13,neutron:UPDATE=79 {{(pid=86999) stat_writer /opt/stack/data/venv/lib/python3.12/site-packages/dbcounter.py:115}}
May 22 15:04:59.025805 np0000001283 devstack@neutron-api.service[87000]: DEBUG futurist.periodics [-] Submitting periodic callback 'neutron.plugins.ml2.drivers.ovn.mech_driver.ovsdb.maintenance.HashRingHealthCheckPeriodics.touch_hash_ring_node' {{(pid=87000) _process_scheduled /opt/stack/data/venv/lib/python3.12/site-packages/futurist/periodics.py:784}}
May 22 15:04:59.026260 np0000001283 devstack@neutron-api.service[87000]: DEBUG neutron.plugins.ml2.drivers.ovn.mech_driver.ovsdb.maintenance [-] Touching Hash Ring node "c75d89bb59b75efbbee21f195404d82b" from periodic health check thread {{(pid=87000) touch_hash_ring_node /opt/stack/neutron/neutron/plugins/ml2/drivers/ovn/mech_driver/ovsdb/maintenance.py:1466}}
May 22 15:04:59.808239 np0000001283 devstack@neutron-api.service[86999]: DEBUG futurist.periodics [-] Submitting periodic callback 'neutron.plugins.ml2.drivers.ovn.mech_driver.ovsdb.maintenance.HashRingHealthCheckPeriodics.touch_hash_ring_node' {{(pid=86999) _process_scheduled /opt/stack/data/venv/lib/python3.12/site-packages/futurist/periodics.py:784}}
May 22 15:04:59.809831 np0000001283 devstack@neutron-api.service[86999]: DEBUG neutron.plugins.ml2.drivers.ovn.mech_driver.ovsdb.maintenance [-] Touching Hash Ring node "91c81b23ded35af5b26851c622329af8" from periodic health check thread {{(pid=86999) touch_hash_ring_node /opt/stack/neutron/neutron/plugins/ml2/drivers/ovn/mech_driver/ovsdb/maintenance.py:1466}}
May 22 15:05:09.036231 np0000001283 devstack@neutron-api.service[87000]: DEBUG dbcounter [-] [87000] Writing DB stats neutron:UPDATE=1,neutron:SELECT=1 {{(pid=87000) stat_writer /opt/stack/data/venv/lib/python3.12/site-packages/dbcounter.py:115}}
May 22 15:05:09.821113 np0000001283 devstack@neutron-api.service[86999]: DEBUG dbcounter [-] [86999] Writing DB stats neutron:UPDATE=1,neutron:SELECT=1 {{(pid=86999) stat_writer /opt/stack/data/venv/lib/python3.12/site-packages/dbcounter.py:115}}
May 22 15:05:14.026372 np0000001283 devstack@neutron-api.service[87000]: DEBUG futurist.periodics [-] Submitting periodic callback 'neutron.plugins.ml2.drivers.ovn.mech_driver.ovsdb.maintenance.HashRingHealthCheckPeriodics.touch_hash_ring_node' {{(pid=87000) _process_scheduled /opt/stack/data/venv/lib/python3.12/site-packages/futurist/periodics.py:784}}
May 22 15:05:14.026828 np0000001283 devstack@neutron-api.service[87000]: DEBUG neutron.plugins.ml2.drivers.ovn.mech_driver.ovsdb.maintenance [-] Touching Hash Ring node "c75d89bb59b75efbbee21f195404d82b" from periodic health check thread {{(pid=87000) touch_hash_ring_node /opt/stack/neutron/neutron/plugins/ml2/drivers/ovn/mech_driver/ovsdb/maintenance.py:1466}}
May 22 15:05:14.809320 np0000001283 devstack@neutron-api.service[86999]: DEBUG futurist.periodics [-] Submitting periodic callback 'neutron.plugins.ml2.drivers.ovn.mech_driver.ovsdb.maintenance.HashRingHealthCheckPeriodics.touch_hash_ring_node' {{(pid=86999) _process_scheduled /opt/stack/data/venv/lib/python3.12/site-packages/futurist/periodics.py:784}}
May 22 15:05:14.809725 np0000001283 devstack@neutron-api.service[86999]: DEBUG neutron.plugins.ml2.drivers.ovn.mech_driver.ovsdb.maintenance [-] Touching Hash Ring node "91c81b23ded35af5b26851c622329af8" from periodic health check thread {{(pid=86999) touch_hash_ring_node /opt/stack/neutron/neutron/plugins/ml2/drivers/ovn/mech_driver/ovsdb/maintenance.py:1466}}
May 22 15:05:24.038336 np0000001283 devstack@neutron-api.service[87000]: DEBUG dbcounter [-] [87000] Writing DB stats neutron:UPDATE=1,neutron:SELECT=1 {{(pid=87000) stat_writer /opt/stack/data/venv/lib/python3.12/site-packages/dbcounter.py:115}}
May 22 15:05:24.815790 np0000001283 devstack@neutron-api.service[86999]: DEBUG dbcounter [-] [86999] Writing DB stats neutron:UPDATE=1,neutron:SELECT=1 {{(pid=86999) stat_writer /opt/stack/data/venv/lib/python3.12/site-packages/dbcounter.py:115}}
May 22 15:05:29.026884 np0000001283 devstack@neutron-api.service[87000]: DEBUG futurist.periodics [-] Submitting periodic callback 'neutron.plugins.ml2.drivers.ovn.mech_driver.ovsdb.maintenance.HashRingHealthCheckPeriodics.touch_hash_ring_node' {{(pid=87000) _process_scheduled /opt/stack/data/venv/lib/python3.12/site-packages/futurist/periodics.py:784}}
May 22 15:05:29.027420 np0000001283 devstack@neutron-api.service[87000]: DEBUG neutron.plugins.ml2.drivers.ovn.mech_driver.ovsdb.maintenance [-] Touching Hash Ring node "c75d89bb59b75efbbee21f195404d82b" from periodic health check thread {{(pid=87000) touch_hash_ring_node /opt/stack/neutron/neutron/plugins/ml2/drivers/ovn/mech_driver/ovsdb/maintenance.py:1466}}
May 22 15:05:29.809809 np0000001283 devstack@neutron-api.service[86999]: DEBUG futurist.periodics [-] Submitting periodic callback 'neutron.plugins.ml2.drivers.ovn.mech_driver.ovsdb.maintenance.HashRingHealthCheckPeriodics.touch_hash_ring_node' {{(pid=86999) _process_scheduled /opt/stack/data/venv/lib/python3.12/site-packages/futurist/periodics.py:784}}
May 22 15:05:29.810333 np0000001283 devstack@neutron-api.service[86999]: DEBUG neutron.plugins.ml2.drivers.ovn.mech_driver.ovsdb.maintenance [-] Touching Hash Ring node "91c81b23ded35af5b26851c622329af8" from periodic health check thread {{(pid=86999) touch_hash_ring_node /opt/stack/neutron/neutron/plugins/ml2/drivers/ovn/mech_driver/ovsdb/maintenance.py:1466}}
May 22 15:05:36.217617 np0000001283 devstack@neutron-api.service[87000]: DEBUG neutron.api.wsgi [None req-d68823f0-0a48-4d26-a586-4d309c768598 admin admin] Missing Content-Type {{(pid=87000) get_content_type /opt/stack/neutron/neutron/api/wsgi.py:80}}
May 22 15:05:36.218098 np0000001283 devstack@neutron-api.service[87000]: DEBUG neutron.api.wsgi [None req-d68823f0-0a48-4d26-a586-4d309c768598 admin admin] https://10.4.3.16/networking/v2.0/extensions returned with HTTP 200 {{(pid=87000) __call__ /opt/stack/neutron/neutron/api/wsgi.py:540}}
May 22 15:05:36.218324 np0000001283 devstack@neutron-api.service[87000]: [pid: 87000|app: 0|req: 18/34] 10.4.3.16 () {64 vars in 1285 bytes} [Fri May 22 15:05:36 2026] GET /networking/v2.0/extensions => generated 15209 bytes in 3 msecs (HTTP/1.1 200) 4 headers in 159 bytes (1 switches on core 0)
May 22 15:05:36.464018 np0000001283 devstack@neutron-api.service[86999]: INFO neutron.pecan_wsgi.hooks.translation [None req-207ff5ef-56b1-4989-ba72-a0fe381b9d98 admin admin] GET failed (client error): The resource could not be found.
May 22 15:05:36.464449 np0000001283 devstack@neutron-api.service[86999]: [pid: 86999|app: 0|req: 17/35] 10.4.3.16 () {64 vars in 1287 bytes} [Fri May 22 15:05:36 2026] GET /networking/v2.0/networks/public => generated 108 bytes in 9 msecs (HTTP/1.1 404) 4 headers in 164 bytes (1 switches on core 0)
May 22 15:05:36.508791 np0000001283 devstack@neutron-api.service[87000]: DEBUG neutron.pecan_wsgi.hooks.policy_enforcement [None req-4d2ff8be-bf76-4080-b2c0-15c40ee666b2 admin admin] Attributes excluded by policy engine: ['standard_attr_id'] {{(pid=87000) _exclude_attributes_by_policy /opt/stack/neutron/neutron/pecan_wsgi/hooks/policy_enforcement.py:256}}
May 22 15:05:36.509572 np0000001283 devstack@neutron-api.service[87000]: [pid: 87000|app: 0|req: 19/36] 10.4.3.16 () {64 vars in 1302 bytes} [Fri May 22 15:05:36 2026] GET /networking/v2.0/networks?name=public => generated 759 bytes in 38 msecs (HTTP/1.1 200) 4 headers in 157 bytes (1 switches on core 0)
May 22 15:05:36.720391 np0000001283 devstack@neutron-api.service[86999]: DEBUG neutron.api.v2.base [None req-aabf2c95-6511-4225-9e2d-5291fa322b08 admin admin] Request body: {'network': {'shared': True, 'admin_state_up': True, 'name': 'shared'}} {{(pid=86999) prepare_request_body /opt/stack/neutron/neutron/api/v2/base.py:727}}
May 22 15:05:36.732535 np0000001283 devstack@neutron-api.service[86999]: DEBUG neutron.pecan_wsgi.hooks.quota_enforcement [None req-aabf2c95-6511-4225-9e2d-5291fa322b08 admin admin] Made reservation on behalf of 856b7c47fa754c379d16f351afa6eb43 for: {'network': 1} {{(pid=86999) before /opt/stack/neutron/neutron/pecan_wsgi/hooks/quota_enforcement.py:66}}
May 22 15:05:36.735607 np0000001283 devstack@neutron-api.service[86999]: DEBUG neutron_lib.callbacks.manager [None req-aabf2c95-6511-4225-9e2d-5291fa322b08 admin admin] Publish callbacks ['neutron.plugins.ml2.plugin.SecurityGroupDbMixin._ensure_default_security_group_handler-500623'] for network (None), before_create {{(pid=86999) _notify_loop /opt/stack/data/venv/lib/python3.12/site-packages/neutron_lib/callbacks/manager.py:184}}
May 22 15:05:36.769494 np0000001283 devstack@neutron-api.service[86999]: WARNING neutron.services.revisions.revision_plugin [None req-aabf2c95-6511-4225-9e2d-5291fa322b08 admin admin] Could not find related network for resource to bump revision.
May 22 15:05:36.799664 np0000001283 devstack@neutron-api.service[86999]: DEBUG neutron.plugins.ml2.drivers.helpers [None req-aabf2c95-6511-4225-9e2d-5291fa322b08 admin admin] geneve segment allocate from pool success with {'geneve_vni': 24600} {{(pid=86999) allocate_partially_specified_segment /opt/stack/neutron/neutron/plugins/ml2/drivers/helpers.py:142}}
May 22 15:05:37.091020 np0000001283 devstack@neutron-api.service[86999]: DEBUG neutron_lib.callbacks.manager [None req-aabf2c95-6511-4225-9e2d-5291fa322b08 admin admin] Publish callbacks ['neutron.services.segments.db._add_segment_host_mapping_for_segment-8381463671952', 'neutron.plugins.ml2.plugin.Ml2Plugin._handle_segment_change-785549'] for segment (cf22a73a-7bc6-4b21-9df2-0d7a6dd227a9), precommit_create {{(pid=86999) _notify_loop /opt/stack/data/venv/lib/python3.12/site-packages/neutron_lib/callbacks/manager.py:184}}
May 22 15:05:37.091247 np0000001283 devstack@neutron-api.service[86999]: INFO neutron.db.segments_db [None req-aabf2c95-6511-4225-9e2d-5291fa322b08 admin admin] Added segment cf22a73a-7bc6-4b21-9df2-0d7a6dd227a9 of type geneve for network 6ead7b06-b276-42f9-8d9c-7bac6d20ffed
May 22 15:05:37.103606 np0000001283 devstack@neutron-api.service[86999]: DEBUG neutron_lib.callbacks.manager [None req-aabf2c95-6511-4225-9e2d-5291fa322b08 admin admin] Publish callbacks ['neutron.services.auto_allocate.db._ensure_external_network_default_value_callback-8381462006494'] for network (6ead7b06-b276-42f9-8d9c-7bac6d20ffed), precommit_create {{(pid=86999) _notify_loop /opt/stack/data/venv/lib/python3.12/site-packages/neutron_lib/callbacks/manager.py:184}}
May 22 15:05:37.114718 np0000001283 devstack@neutron-api.service[86999]: DEBUG neutron.plugins.ml2.drivers.ovn.mech_driver.mech_driver [None req-aabf2c95-6511-4225-9e2d-5291fa322b08 admin admin] Validating network segment with type geneve, segmentation ID 24600, physical network None {{(pid=86999) _validate_network_segments /opt/stack/neutron/neutron/plugins/ml2/drivers/ovn/mech_driver/mech_driver.py:641}}
May 22 15:05:37.114884 np0000001283 devstack@neutron-api.service[86999]: DEBUG neutron.db.ovn_revision_numbers_db [None req-aabf2c95-6511-4225-9e2d-5291fa322b08 admin admin] create_initial_revision uuid=6ead7b06-b276-42f9-8d9c-7bac6d20ffed, type=networks, rev=-1 {{(pid=86999) create_initial_revision /opt/stack/neutron/neutron/db/ovn_revision_numbers_db.py:98}}
May 22 15:05:37.121090 np0000001283 devstack@neutron-api.service[86999]: DEBUG neutron_lib.callbacks.manager [None req-aabf2c95-6511-4225-9e2d-5291fa322b08 admin admin] Publish callbacks ['neutron.plugins.ml2.ovo_rpc._ObjectChangeHandler.handle_event-2520306'] for network (6ead7b06-b276-42f9-8d9c-7bac6d20ffed), after_create {{(pid=86999) _notify_loop /opt/stack/data/venv/lib/python3.12/site-packages/neutron_lib/callbacks/manager.py:184}}
May 22 15:05:37.133413 np0000001283 devstack@neutron-api.service[86999]: DEBUG neutron.api.rpc.handlers.resources_rpc [None req-aabf2c95-6511-4225-9e2d-5291fa322b08 admin admin] Pushing event updated for resources: {'Network': ['ID=6ead7b06-b276-42f9-8d9c-7bac6d20ffed,revision_number=1']} {{(pid=86999) push /opt/stack/neutron/neutron/api/rpc/handlers/resources_rpc.py:237}}
May 22 15:05:37.137369 np0000001283 devstack@neutron-api.service[86999]: DEBUG ovsdbapp.backend.ovs_idl.transaction [None req-96777077-539d-43a2-bbc4-918593414fac None None] Running txn n=1 command(idx=0): CheckLivenessCommand(_result=None) {{(pid=86999) do_commit /opt/stack/data/venv/lib/python3.12/site-packages/ovsdbapp/backend/ovs_idl/transaction.py:89}}
May 22 15:05:37.143290 np0000001283 devstack@neutron-api.service[86999]: DEBUG neutron.plugins.ml2.drivers.ovn.mech_driver.ovsdb.ovsdb_monitor [None req-e0e231ab-d282-48ed-a6a6-7ddbd12880dc None None] ChassisAgentWriteEvent : Matched Chassis_Private, update, None None {{(pid=86999) matches /opt/stack/neutron/neutron/plugins/ml2/drivers/ovn/mech_driver/ovsdb/ovsdb_monitor.py:64}}
May 22 15:05:37.143515 np0000001283 devstack@neutron-api.service[87000]: DEBUG neutron.plugins.ml2.drivers.ovn.mech_driver.ovsdb.ovsdb_monitor [None req-5577a5a6-a2ec-4747-920b-071b7657e8f8 None None] ChassisAgentWriteEvent : Matched Chassis_Private, update, None None {{(pid=87000) matches /opt/stack/neutron/neutron/plugins/ml2/drivers/ovn/mech_driver/ovsdb/ovsdb_monitor.py:64}}
May 22 15:05:37.151167 np0000001283 devstack@neutron-api.service[87000]: DEBUG neutron.common.ovn.hash_ring_manager [None req-0eeec362-e916-4c64-b117-96c882f27db5 None None] Hash Ring loaded. 2 active nodes. 0 offline nodes {{(pid=87000) _load_hash_ring /opt/stack/neutron/neutron/common/ovn/hash_ring_manager.py:102}}
May 22 15:05:37.151999 np0000001283 devstack@neutron-api.service[87000]: DEBUG neutron.plugins.ml2.drivers.ovn.mech_driver.ovsdb.ovsdb_monitor [None req-0eeec362-e916-4c64-b117-96c882f27db5 None None] Hash Ring: Node c75d89bb59b75efbbee21f195404d82b (host: np0000001283) handling event "update" for row e34cf649-59b1-46ec-86e3-3658550b14af (table: NB_Global) {{(pid=87000) notify /opt/stack/neutron/neutron/plugins/ml2/drivers/ovn/mech_driver/ovsdb/ovsdb_monitor.py:986}}
May 22 15:05:37.153188 np0000001283 devstack@neutron-api.service[86999]: DEBUG neutron.common.ovn.hash_ring_manager [None req-e0e231ab-d282-48ed-a6a6-7ddbd12880dc None None] Hash Ring loaded. 2 active nodes. 0 offline nodes {{(pid=86999) _load_hash_ring /opt/stack/neutron/neutron/common/ovn/hash_ring_manager.py:102}}
May 22 15:05:37.153352 np0000001283 devstack@neutron-api.service[87000]: DEBUG neutron.plugins.ml2.drivers.ovn.mech_driver.ovsdb.ovsdb_monitor [None req-0eeec362-e916-4c64-b117-96c882f27db5 None None] Hash Ring: Node c75d89bb59b75efbbee21f195404d82b (host: np0000001283) handling event "update" for row e34cf649-59b1-46ec-86e3-3658550b14af (table: NB_Global) {{(pid=87000) notify /opt/stack/neutron/neutron/plugins/ml2/drivers/ovn/mech_driver/ovsdb/ovsdb_monitor.py:986}}
May 22 15:05:37.153450 np0000001283 devstack@neutron-api.service[86999]: DEBUG neutron.plugins.ml2.drivers.ovn.mech_driver.ovsdb.ovsdb_monitor [None req-e0e231ab-d282-48ed-a6a6-7ddbd12880dc None None] Hash Ring: Node 91c81b23ded35af5b26851c622329af8 (host: np0000001283) handling event "update" for row 02f7a797-1a5f-4b81-adb7-8c369759a370 (table: Chassis_Private) {{(pid=86999) notify /opt/stack/neutron/neutron/plugins/ml2/drivers/ovn/mech_driver/ovsdb/ovsdb_monitor.py:986}}
May 22 15:05:37.154051 np0000001283 devstack@neutron-api.service[86999]: DEBUG neutron.common.ovn.hash_ring_manager [None req-96777077-539d-43a2-bbc4-918593414fac None None] Hash Ring loaded. 2 active nodes. 0 offline nodes {{(pid=86999) _load_hash_ring /opt/stack/neutron/neutron/common/ovn/hash_ring_manager.py:102}}
May 22 15:05:37.154185 np0000001283 devstack@neutron-api.service[87000]: DEBUG neutron.common.ovn.hash_ring_manager [None req-5577a5a6-a2ec-4747-920b-071b7657e8f8 None None] Hash Ring loaded. 2 active nodes. 0 offline nodes {{(pid=87000) _load_hash_ring /opt/stack/neutron/neutron/common/ovn/hash_ring_manager.py:102}}
May 22 15:05:37.154729 np0000001283 devstack@neutron-api.service[87000]: DEBUG neutron.plugins.ml2.drivers.ovn.mech_driver.ovsdb.ovsdb_monitor [None req-0eeec362-e916-4c64-b117-96c882f27db5 None None] Hash Ring: Node c75d89bb59b75efbbee21f195404d82b (host: np0000001283) handling event "update" for row e34cf649-59b1-46ec-86e3-3658550b14af (table: NB_Global) {{(pid=87000) notify /opt/stack/neutron/neutron/plugins/ml2/drivers/ovn/mech_driver/ovsdb/ovsdb_monitor.py:986}}
