Jul 10 12:14:13.831722 np0000005000 devstack@neutron-api.service[90650]: DEBUG neutron.api.v2.base [None req-cf4ae655-aa86-48b4-85a8-20f30900837d admin admin] Request body: {'subnetpool': {'prefixes': ['fd10:ea46:5fa1::/56'], 'name': 'shared-default-subnetpool-v6', 'default_prefixlen': 64, 'shared': True, 'is_default': True}} {{(pid=90650) prepare_request_body /opt/stack/neutron/neutron/api/v2/base.py:727}}
Jul 10 12:14:13.997552 np0000005000 devstack@neutron-api.service[90650]: DEBUG neutron.policy [None req-cf4ae655-aa86-48b4-85a8-20f30900837d admin admin] Loaded default policies from ['neutron'] under neutron.policies entry points {{(pid=90650) register_rules /opt/stack/neutron/neutron/policy.py:65}}
Jul 10 12:14:14.124503 np0000005000 devstack@neutron-api.service[90650]: DEBUG neutron_lib.callbacks.manager [None req-cf4ae655-aa86-48b4-85a8-20f30900837d admin admin] Publish callbacks ['neutron.objects.securitygroup.RbacNeutronDbObjectMixin.validate_rbac_policy_change-3016352462575', 'neutron.objects.address_group.RbacNeutronDbObjectMixin.validate_rbac_policy_change-3016352488080', 'neutron.objects.network.RbacNeutronDbObjectMixin.validate_rbac_policy_change-3016352353614', 'neutron.objects.qos.policy.RbacNeutronDbObjectMixin.validate_rbac_policy_change-3016352336522', 'neutron.objects.subnetpool.RbacNeutronDbObjectMixin.validate_rbac_policy_change-3016352389767', 'neutron.objects.address_scope.RbacNeutronDbObjectMixin.validate_rbac_policy_change-3016352384551', 'neutron.plugins.ml2.plugin.External_net_db_mixin._process_ext_policy_create-171424', 'neutron.plugins.ml2.plugin.NeutronDbPluginV2.validate_network_rbac_policy_change-176584'] for rbac-policy (None), before_create {{(pid=90650) _notify_loop /opt/stack/data/venv/lib/python3.12/site-packages/neutron_lib/callbacks/manager.py:184}}
Jul 10 12:14:14.160943 np0000005000 devstack@neutron-api.service[90650]: DEBUG neutron_lib.callbacks.manager [None req-cf4ae655-aa86-48b4-85a8-20f30900837d admin admin] Publish callbacks [] for subnetpool (None), before_response {{(pid=90650) _notify_loop /opt/stack/data/venv/lib/python3.12/site-packages/neutron_lib/callbacks/manager.py:184}}
Jul 10 12:14:14.161474 np0000005000 devstack@neutron-api.service[90650]: [pid: 90650|app: 0|req: 1/4] 10.4.3.173 () {68 vars in 1336 bytes} [Fri Jul 10 12:14:13 2026] POST /networking/v2.0/subnetpools => generated 543 bytes in 424 msecs (HTTP/1.1 201) 4 headers in 162 bytes (1 switches on core 0)
Jul 10 12:14:14.471835 np0000005000 devstack@neutron-api.service[90653]: DEBUG neutron.api.v2.base [None req-1d08b4e4-f7d5-43cb-bc65-7a3e694d74c9 admin admin] Request body: {'network': {'name': 'private', 'admin_state_up': True}} {{(pid=90653) prepare_request_body /opt/stack/neutron/neutron/api/v2/base.py:727}}
Jul 10 12:14:14.498002 np0000005000 devstack@neutron-api.service[90653]: DEBUG neutron.pecan_wsgi.hooks.quota_enforcement [None req-1d08b4e4-f7d5-43cb-bc65-7a3e694d74c9 admin admin] Made reservation on behalf of 5a48553c2f644130a7162dd5af1a725d for: {'network': 1} {{(pid=90653) before /opt/stack/neutron/neutron/pecan_wsgi/hooks/quota_enforcement.py:66}}
Jul 10 12:14:14.660877 np0000005000 devstack@neutron-api.service[90653]: DEBUG neutron.policy [None req-1d08b4e4-f7d5-43cb-bc65-7a3e694d74c9 admin admin] Loaded default policies from ['neutron'] under neutron.policies entry points {{(pid=90653) register_rules /opt/stack/neutron/neutron/policy.py:65}}
Jul 10 12:14:14.746840 np0000005000 devstack@neutron-api.service[90653]: DEBUG neutron_lib.callbacks.manager [None req-1d08b4e4-f7d5-43cb-bc65-7a3e694d74c9 admin admin] Publish callbacks ['neutron.plugins.ml2.plugin.SecurityGroupDbMixin._ensure_default_security_group_handler-478819'] for network (None), before_create {{(pid=90653) _notify_loop /opt/stack/data/venv/lib/python3.12/site-packages/neutron_lib/callbacks/manager.py:184}}
Jul 10 12:14:14.765967 np0000005000 devstack@neutron-api.service[90653]: DEBUG neutron_lib.callbacks.manager [None req-1d08b4e4-f7d5-43cb-bc65-7a3e694d74c9 admin admin] Publish callbacks [] for security_group (None), before_create {{(pid=90653) _notify_loop /opt/stack/data/venv/lib/python3.12/site-packages/neutron_lib/callbacks/manager.py:184}}
Jul 10 12:14:14.850818 np0000005000 devstack@neutron-api.service[90653]: DEBUG neutron_lib.callbacks.manager [None req-1d08b4e4-f7d5-43cb-bc65-7a3e694d74c9 admin admin] Publish callbacks ['neutron.plugins.ml2.drivers.ovn.mech_driver.mech_driver.OVNMechanismDriver._create_security_group_precommit-1000875'] for security_group (4344536e-c75e-4f28-881d-20259d2bf4a9), precommit_create {{(pid=90653) _notify_loop /opt/stack/data/venv/lib/python3.12/site-packages/neutron_lib/callbacks/manager.py:184}}
Jul 10 12:14:14.850977 np0000005000 devstack@neutron-api.service[90653]: DEBUG neutron.db.ovn_revision_numbers_db [None req-1d08b4e4-f7d5-43cb-bc65-7a3e694d74c9 admin admin] create_initial_revision uuid=4344536e-c75e-4f28-881d-20259d2bf4a9, type=security_groups, rev=-1 {{(pid=90653) create_initial_revision /opt/stack/neutron/neutron/db/ovn_revision_numbers_db.py:98}}
Jul 10 12:14:14.853234 np0000005000 devstack@neutron-api.service[90653]: DEBUG neutron.db.ovn_revision_numbers_db [None req-1d08b4e4-f7d5-43cb-bc65-7a3e694d74c9 admin admin] create_initial_revision uuid=3e56fed8-6abd-446d-953d-d11b980b07e8, type=security_group_rules, rev=-1 {{(pid=90653) create_initial_revision /opt/stack/neutron/neutron/db/ovn_revision_numbers_db.py:98}}
Jul 10 12:14:14.854215 np0000005000 devstack@neutron-api.service[90653]: DEBUG neutron.db.ovn_revision_numbers_db [None req-1d08b4e4-f7d5-43cb-bc65-7a3e694d74c9 admin admin] create_initial_revision uuid=58213640-8765-41a7-9068-eb40c536acf6, type=security_group_rules, rev=-1 {{(pid=90653) create_initial_revision /opt/stack/neutron/neutron/db/ovn_revision_numbers_db.py:98}}
Jul 10 12:14:14.855098 np0000005000 devstack@neutron-api.service[90653]: DEBUG neutron.db.ovn_revision_numbers_db [None req-1d08b4e4-f7d5-43cb-bc65-7a3e694d74c9 admin admin] create_initial_revision uuid=9e6fb879-8ae2-484b-a4a4-eb3f801d8067, type=security_group_rules, rev=-1 {{(pid=90653) create_initial_revision /opt/stack/neutron/neutron/db/ovn_revision_numbers_db.py:98}}
Jul 10 12:14:14.855985 np0000005000 devstack@neutron-api.service[90653]: DEBUG neutron.db.ovn_revision_numbers_db [None req-1d08b4e4-f7d5-43cb-bc65-7a3e694d74c9 admin admin] create_initial_revision uuid=adaa1878-e214-4fb0-96ac-2fb8a14fbcc4, type=security_group_rules, rev=-1 {{(pid=90653) create_initial_revision /opt/stack/neutron/neutron/db/ovn_revision_numbers_db.py:98}}
Jul 10 12:14:14.858796 np0000005000 devstack@neutron-api.service[90653]: DEBUG neutron_lib.callbacks.manager [None req-1d08b4e4-f7d5-43cb-bc65-7a3e694d74c9 admin admin] Publish callbacks ['neutron.plugins.ml2.drivers.ovn.mech_driver.mech_driver.OVNMechanismDriver._create_security_group-1000913', 'neutron.plugins.ml2.ovo_rpc._ObjectChangeHandler.handle_event-1937298'] for security_group (4344536e-c75e-4f28-881d-20259d2bf4a9), after_create {{(pid=90653) _notify_loop /opt/stack/data/venv/lib/python3.12/site-packages/neutron_lib/callbacks/manager.py:184}}
Jul 10 12:14:14.858978 np0000005000 devstack@neutron-api.service[90653]: INFO neutron.plugins.ml2.drivers.ovn.mech_driver.ovsdb.extensions.qos [None req-1d08b4e4-f7d5-43cb-bc65-7a3e694d74c9 admin admin] Starting OVNClientQosExtension
Jul 10 12:14:14.859074 np0000005000 devstack@neutron-api.service[90653]: INFO neutron.plugins.ml2.drivers.ovn.mech_driver.ovsdb.extensions.placement [None req-1d08b4e4-f7d5-43cb-bc65-7a3e694d74c9 admin admin] Starting OVNClientPlacementExtension
Jul 10 12:14:14.859861 np0000005000 devstack@neutron-api.service[90653]: DEBUG ovsdbapp.backend.ovs_idl.transaction [-] Running txn n=1 command(idx=0): PgAddCommand(_result=None, name=pg_4344536e_c75e_4f28_881d_20259d2bf4a9, may_exist=False, columns={'acls': [], 'external_ids': {'neutron:security_group_id': '4344536e-c75e-4f28-881d-20259d2bf4a9'}}) {{(pid=90653) do_commit /opt/stack/data/venv/lib/python3.12/site-packages/ovsdbapp/backend/ovs_idl/transaction.py:89}}
Jul 10 12:14:14.860907 np0000005000 devstack@neutron-api.service[90653]: DEBUG ovsdbapp.backend.ovs_idl.transaction [-] Running txn n=1 command(idx=1): PgAclAddCommand(_result=None, entity=pg_4344536e_c75e_4f28_881d_20259d2bf4a9, direction=to-lport, priority=1002, match=outport == @pg_4344536e_c75e_4f28_881d_20259d2bf4a9 && ip6 && ip6.src == $pg_4344536e_c75e_4f28_881d_20259d2bf4a9_ip6, action=allow-related, log=False, may_exist=True, severity=[], name=[], meter=[], external_ids={'neutron:security_group_rule_id': '3e56fed8-6abd-446d-953d-d11b980b07e8'}) {{(pid=90653) do_commit /opt/stack/data/venv/lib/python3.12/site-packages/ovsdbapp/backend/ovs_idl/transaction.py:89}}
Jul 10 12:14:14.861259 np0000005000 devstack@neutron-api.service[90653]: DEBUG ovsdbapp.backend.ovs_idl.transaction [-] Running txn n=1 command(idx=2): PgAclAddCommand(_result=None, entity=pg_4344536e_c75e_4f28_881d_20259d2bf4a9, direction=from-lport, priority=1002, match=inport == @pg_4344536e_c75e_4f28_881d_20259d2bf4a9 && ip6, action=allow-related, log=False, may_exist=True, severity=[], name=[], meter=[], external_ids={'neutron:security_group_rule_id': '58213640-8765-41a7-9068-eb40c536acf6'}) {{(pid=90653) do_commit /opt/stack/data/venv/lib/python3.12/site-packages/ovsdbapp/backend/ovs_idl/transaction.py:89}}
Jul 10 12:14:14.861503 np0000005000 devstack@neutron-api.service[90653]: DEBUG ovsdbapp.backend.ovs_idl.transaction [-] Running txn n=1 command(idx=3): PgAclAddCommand(_result=None, entity=pg_4344536e_c75e_4f28_881d_20259d2bf4a9, direction=to-lport, priority=1002, match=outport == @pg_4344536e_c75e_4f28_881d_20259d2bf4a9 && ip4 && ip4.src == $pg_4344536e_c75e_4f28_881d_20259d2bf4a9_ip4, action=allow-related, log=False, may_exist=True, severity=[], name=[], meter=[], external_ids={'neutron:security_group_rule_id': '9e6fb879-8ae2-484b-a4a4-eb3f801d8067'}) {{(pid=90653) do_commit /opt/stack/data/venv/lib/python3.12/site-packages/ovsdbapp/backend/ovs_idl/transaction.py:89}}
Jul 10 12:14:14.861773 np0000005000 devstack@neutron-api.service[90653]: DEBUG ovsdbapp.backend.ovs_idl.transaction [-] Running txn n=1 command(idx=4): PgAclAddCommand(_result=None, entity=pg_4344536e_c75e_4f28_881d_20259d2bf4a9, direction=from-lport, priority=1002, match=inport == @pg_4344536e_c75e_4f28_881d_20259d2bf4a9 && ip4, action=allow-related, log=False, may_exist=True, severity=[], name=[], meter=[], external_ids={'neutron:security_group_rule_id': 'adaa1878-e214-4fb0-96ac-2fb8a14fbcc4'}) {{(pid=90653) do_commit /opt/stack/data/venv/lib/python3.12/site-packages/ovsdbapp/backend/ovs_idl/transaction.py:89}}
Jul 10 12:14:14.866786 np0000005000 devstack@neutron-api.service[90653]: DEBUG neutron.plugins.ml2.drivers.ovn.mech_driver.ovsdb.ovsdb_monitor [-] Hash Ring: Node 288c7ff3e1605e25a5e768737d76ecfe (host: np0000005000) handling event "create" for row 03b76f67-9194-4541-9e93-833521dac09a (table: ACL) {{(pid=90653) notify /opt/stack/neutron/neutron/plugins/ml2/drivers/ovn/mech_driver/ovsdb/ovsdb_monitor.py:1031}}
Jul 10 12:14:14.867142 np0000005000 devstack@neutron-api.service[90653]: DEBUG neutron.plugins.ml2.drivers.ovn.mech_driver.ovsdb.ovsdb_monitor [-] Hash Ring: Node 288c7ff3e1605e25a5e768737d76ecfe (host: np0000005000) handling event "create" for row 5de5b812-32d1-4def-8cdc-6d2e6d5a70c8 (table: Port_Group) {{(pid=90653) notify /opt/stack/neutron/neutron/plugins/ml2/drivers/ovn/mech_driver/ovsdb/ovsdb_monitor.py:1031}}
Jul 10 12:14:14.867412 np0000005000 devstack@neutron-api.service[90651]: DEBUG neutron.plugins.ml2.drivers.ovn.mech_driver.ovsdb.ovsdb_monitor [-] Hash Ring: Node d7fdf6fd8d225a9c9b89683ec69de5a2 (host: np0000005000) handling event "create" for row 03b76f67-9194-4541-9e93-833521dac09a (table: ACL) {{(pid=90651) notify /opt/stack/neutron/neutron/plugins/ml2/drivers/ovn/mech_driver/ovsdb/ovsdb_monitor.py:1031}}
Jul 10 12:14:14.867895 np0000005000 devstack@neutron-api.service[90651]: DEBUG neutron.plugins.ml2.drivers.ovn.mech_driver.ovsdb.ovsdb_monitor [-] Hash Ring: Node d7fdf6fd8d225a9c9b89683ec69de5a2 (host: np0000005000) handling event "create" for row 44564757-4698-45f6-82f4-44cac0f74f07 (table: ACL) {{(pid=90651) notify /opt/stack/neutron/neutron/plugins/ml2/drivers/ovn/mech_driver/ovsdb/ovsdb_monitor.py:1031}}
Jul 10 12:14:14.867895 np0000005000 devstack@neutron-api.service[90651]: DEBUG neutron.plugins.ml2.drivers.ovn.mech_driver.ovsdb.ovsdb_monitor [-] Hash Ring: Node d7fdf6fd8d225a9c9b89683ec69de5a2 (host: np0000005000) handling event "create" for row 48bb3703-786e-4c1a-8123-fcb50d5a58c4 (table: ACL) {{(pid=90651) notify /opt/stack/neutron/neutron/plugins/ml2/drivers/ovn/mech_driver/ovsdb/ovsdb_monitor.py:1031}}
Jul 10 12:14:14.867895 np0000005000 devstack@neutron-api.service[90651]: DEBUG neutron.plugins.ml2.drivers.ovn.mech_driver.ovsdb.ovsdb_monitor [-] Hash Ring: Node d7fdf6fd8d225a9c9b89683ec69de5a2 (host: np0000005000) handling event "create" for row acfb6e10-4b77-4d0f-9fe3-6f3bb6a4c367 (table: ACL) {{(pid=90651) notify /opt/stack/neutron/neutron/plugins/ml2/drivers/ovn/mech_driver/ovsdb/ovsdb_monitor.py:1031}}
Jul 10 12:14:14.867895 np0000005000 devstack@neutron-api.service[90651]: DEBUG neutron.plugins.ml2.drivers.ovn.mech_driver.ovsdb.ovsdb_monitor [-] Hash Ring: Node d7fdf6fd8d225a9c9b89683ec69de5a2 (host: np0000005000) handling event "create" for row 5de5b812-32d1-4def-8cdc-6d2e6d5a70c8 (table: Port_Group) {{(pid=90651) notify /opt/stack/neutron/neutron/plugins/ml2/drivers/ovn/mech_driver/ovsdb/ovsdb_monitor.py:1031}}
Jul 10 12:14:14.868140 np0000005000 devstack@neutron-api.service[90652]: DEBUG neutron.plugins.ml2.drivers.ovn.mech_driver.ovsdb.ovsdb_monitor [-] Hash Ring: Node 9be1b8882fd0583bb097faa16d2c2f05 (host: np0000005000) handling event "create" for row 48bb3703-786e-4c1a-8123-fcb50d5a58c4 (table: ACL) {{(pid=90652) notify /opt/stack/neutron/neutron/plugins/ml2/drivers/ovn/mech_driver/ovsdb/ovsdb_monitor.py:1031}}
Jul 10 12:14:14.890453 np0000005000 devstack@neutron-api.service[90653]: INFO neutron.db.ovn_revision_numbers_db [None req-1d08b4e4-f7d5-43cb-bc65-7a3e694d74c9 admin admin] Successfully bumped revision number for resource 4344536e-c75e-4f28-881d-20259d2bf4a9 (type: security_groups) to 1
Jul 10 12:14:14.901098 np0000005000 devstack@neutron-api.service[90653]: INFO neutron.db.ovn_revision_numbers_db [None req-1d08b4e4-f7d5-43cb-bc65-7a3e694d74c9 admin admin] Successfully bumped revision number for resource 3e56fed8-6abd-446d-953d-d11b980b07e8 (type: security_group_rules) to 0
Jul 10 12:14:14.912520 np0000005000 devstack@neutron-api.service[90653]: INFO neutron.db.ovn_revision_numbers_db [None req-1d08b4e4-f7d5-43cb-bc65-7a3e694d74c9 admin admin] Successfully bumped revision number for resource 58213640-8765-41a7-9068-eb40c536acf6 (type: security_group_rules) to 0
Jul 10 12:14:14.920943 np0000005000 devstack@neutron-api.service[90653]: INFO neutron.db.ovn_revision_numbers_db [None req-1d08b4e4-f7d5-43cb-bc65-7a3e694d74c9 admin admin] Successfully bumped revision number for resource 9e6fb879-8ae2-484b-a4a4-eb3f801d8067 (type: security_group_rules) to 0
Jul 10 12:14:14.929410 np0000005000 devstack@neutron-api.service[90653]: INFO neutron.db.ovn_revision_numbers_db [None req-1d08b4e4-f7d5-43cb-bc65-7a3e694d74c9 admin admin] Successfully bumped revision number for resource adaa1878-e214-4fb0-96ac-2fb8a14fbcc4 (type: security_group_rules) to 0
Jul 10 12:14:14.948862 np0000005000 devstack@neutron-api.service[90653]: DEBUG neutron.api.rpc.handlers.resources_rpc [None req-1d08b4e4-f7d5-43cb-bc65-7a3e694d74c9 admin admin] Pushing event updated for resources: {'SecurityGroup': ['ID=4344536e-c75e-4f28-881d-20259d2bf4a9,revision_number=1']} {{(pid=90653) push /opt/stack/neutron/neutron/api/rpc/handlers/resources_rpc.py:237}}
Jul 10 12:14:14.955548 np0000005000 devstack@neutron-api.service[90653]: DEBUG ovsdbapp.backend.ovs_idl.transaction [-] Running txn n=1 command(idx=0): CheckLivenessCommand(_result=None) {{(pid=90653) do_commit /opt/stack/data/venv/lib/python3.12/site-packages/ovsdbapp/backend/ovs_idl/transaction.py:89}}
Jul 10 12:14:14.957624 np0000005000 devstack@neutron-api.service[90653]: DEBUG neutron.plugins.ml2.drivers.ovn.mech_driver.ovsdb.ovsdb_monitor [-] Hash Ring: Node 288c7ff3e1605e25a5e768737d76ecfe (host: np0000005000) handling event "update" for row 2cd28ef7-bd4d-4b6e-9dc9-55e6ca7304c3 (table: NB_Global) {{(pid=90653) notify /opt/stack/neutron/neutron/plugins/ml2/drivers/ovn/mech_driver/ovsdb/ovsdb_monitor.py:1031}}
Jul 10 12:14:14.958200 np0000005000 devstack@neutron-api.service[90651]: DEBUG neutron.plugins.ml2.drivers.ovn.mech_driver.ovsdb.ovsdb_monitor [-] Hash Ring: Node d7fdf6fd8d225a9c9b89683ec69de5a2 (host: np0000005000) handling event "update" for row 2cd28ef7-bd4d-4b6e-9dc9-55e6ca7304c3 (table: NB_Global) {{(pid=90651) notify /opt/stack/neutron/neutron/plugins/ml2/drivers/ovn/mech_driver/ovsdb/ovsdb_monitor.py:1031}}
Jul 10 12:14:14.959725 np0000005000 devstack@neutron-api.service[90651]: DEBUG neutron.plugins.ml2.drivers.ovn.mech_driver.ovsdb.ovsdb_monitor [-] Hash Ring: Node d7fdf6fd8d225a9c9b89683ec69de5a2 (host: np0000005000) handling event "update" for row 2cd28ef7-bd4d-4b6e-9dc9-55e6ca7304c3 (table: NB_Global) {{(pid=90651) notify /opt/stack/neutron/neutron/plugins/ml2/drivers/ovn/mech_driver/ovsdb/ovsdb_monitor.py:1031}}
Jul 10 12:14:14.960107 np0000005000 devstack@neutron-api.service[90653]: DEBUG neutron.api.rpc.callbacks.version_manager [None req-1d08b4e4-f7d5-43cb-bc65-7a3e694d74c9 admin admin] Tracked resource versions report:
Jul 10 12:14:14.960107 np0000005000 devstack@neutron-api.service[90653]: pushed versions:
Jul 10 12:14:14.960107 np0000005000 devstack@neutron-api.service[90653]: { 'AddressGroup': {'1.2'},
Jul 10 12:14:14.960107 np0000005000 devstack@neutron-api.service[90653]: 'Agent': {'1.1'},
Jul 10 12:14:14.960107 np0000005000 devstack@neutron-api.service[90653]: 'ConntrackHelper': {'1.0'},
Jul 10 12:14:14.960107 np0000005000 devstack@neutron-api.service[90653]: 'LocalIPAssociation': {'1.0'},
Jul 10 12:14:14.960107 np0000005000 devstack@neutron-api.service[90653]: 'Log': {'1.0'},
Jul 10 12:14:14.960107 np0000005000 devstack@neutron-api.service[90653]: 'NDPProxy': {'1.0'},
Jul 10 12:14:14.960107 np0000005000 devstack@neutron-api.service[90653]: 'Network': {'1.3'},
Jul 10 12:14:14.960107 np0000005000 devstack@neutron-api.service[90653]: 'Port': {'1.11'},
Jul 10 12:14:14.960107 np0000005000 devstack@neutron-api.service[90653]: 'PortForwarding': {'1.3'},
Jul 10 12:14:14.960107 np0000005000 devstack@neutron-api.service[90653]: 'QosPolicy': {'1.10'},
Jul 10 12:14:14.960107 np0000005000 devstack@neutron-api.service[90653]: 'SecurityGroup': {'1.6'},
Jul 10 12:14:14.960107 np0000005000 devstack@neutron-api.service[90653]: 'SecurityGroupRule': {'1.3'},
Jul 10 12:14:14.960107 np0000005000 devstack@neutron-api.service[90653]: 'SubPort': {'1.0'},
Jul 10 12:14:14.960107 np0000005000 devstack@neutron-api.service[90653]: 'Subnet': {'1.2'},
Jul 10 12:14:14.960107 np0000005000 devstack@neutron-api.service[90653]: 'Trunk': {'1.1'}}
Jul 10 12:14:14.960107 np0000005000 devstack@neutron-api.service[90653]: consumer versions:
Jul 10 12:14:14.960107 np0000005000 devstack@neutron-api.service[90653]: {}
Jul 10 12:14:14.960107 np0000005000 devstack@neutron-api.service[90653]: {{(pid=90653) report /opt/stack/neutron/neutron/api/rpc/callbacks/version_manager.py:183}}
Jul 10 12:14:14.961411 np0000005000 devstack@neutron-api.service[90652]: DEBUG neutron.plugins.ml2.drivers.ovn.mech_driver.ovsdb.ovsdb_monitor [-] ChassisAgentWriteEvent : Matched Chassis_Private, update, None None {{(pid=90652) matches /opt/stack/neutron/neutron/plugins/ml2/drivers/ovn/mech_driver/ovsdb/ovsdb_monitor.py:65}}
Jul 10 12:14:14.961538 np0000005000 devstack@neutron-api.service[90651]: DEBUG neutron.plugins.ml2.drivers.ovn.mech_driver.ovsdb.ovsdb_monitor [-] ChassisAgentWriteEvent : Matched Chassis_Private, update, None None {{(pid=90651) matches /opt/stack/neutron/neutron/plugins/ml2/drivers/ovn/mech_driver/ovsdb/ovsdb_monitor.py:65}}
Jul 10 12:14:14.961975 np0000005000 devstack@neutron-api.service[90650]: DEBUG neutron.plugins.ml2.drivers.ovn.mech_driver.ovsdb.ovsdb_monitor [-] ChassisAgentWriteEvent : Matched Chassis_Private, update, None None {{(pid=90650) matches /opt/stack/neutron/neutron/plugins/ml2/drivers/ovn/mech_driver/ovsdb/ovsdb_monitor.py:65}}
Jul 10 12:14:14.966458 np0000005000 devstack@neutron-api.service[90653]: DEBUG neutron.plugins.ml2.drivers.ovn.mech_driver.ovsdb.ovsdb_monitor [-] ChassisAgentWriteEvent : Matched Chassis_Private, update, None None {{(pid=90653) matches /opt/stack/neutron/neutron/plugins/ml2/drivers/ovn/mech_driver/ovsdb/ovsdb_monitor.py:65}}
Jul 10 12:14:14.966637 np0000005000 devstack@neutron-api.service[90650]: DEBUG neutron.plugins.ml2.drivers.ovn.mech_driver.ovsdb.ovsdb_monitor [-] ChassisOVNAgentWriteEvent : Matched Chassis_Private, update, None None {{(pid=90650) matches /opt/stack/neutron/neutron/plugins/ml2/drivers/ovn/mech_driver/ovsdb/ovsdb_monitor.py:65}}
Jul 10 12:14:14.966752 np0000005000 devstack@neutron-api.service[90651]: DEBUG neutron.plugins.ml2.drivers.ovn.mech_driver.ovsdb.ovsdb_monitor [-] Hash Ring: Node d7fdf6fd8d225a9c9b89683ec69de5a2 (host: np0000005000) handling event "update" for row 2cd28ef7-bd4d-4b6e-9dc9-55e6ca7304c3 (table: NB_Global) {{(pid=90651) notify /opt/stack/neutron/neutron/plugins/ml2/drivers/ovn/mech_driver/ovsdb/ovsdb_monitor.py:1031}}
Jul 10 12:14:14.966948 np0000005000 devstack@neutron-api.service[90653]: DEBUG neutron.plugins.ml2.drivers.ovn.mech_driver.ovsdb.ovsdb_monitor [-] Hash Ring: Node 288c7ff3e1605e25a5e768737d76ecfe (host: np0000005000) handling event "update" for row 18b4961b-ada6-4a00-bd4b-3acd6597b273 (table: Chassis_Private) {{(pid=90653) notify /opt/stack/neutron/neutron/plugins/ml2/drivers/ovn/mech_driver/ovsdb/ovsdb_monitor.py:1031}}
Jul 10 12:14:14.967176 np0000005000 devstack@neutron-api.service[90652]: DEBUG neutron.plugins.ml2.drivers.ovn.mech_driver.ovsdb.ovsdb_monitor [-] ChassisOVNAgentWriteEvent : Matched Chassis_Private, update, None None {{(pid=90652) matches /opt/stack/neutron/neutron/plugins/ml2/drivers/ovn/mech_driver/ovsdb/ovsdb_monitor.py:65}}
Jul 10 12:14:14.967418 np0000005000 devstack@neutron-api.service[90651]: DEBUG neutron.plugins.ml2.drivers.ovn.mech_driver.ovsdb.ovsdb_monitor [-] Hash Ring: Node d7fdf6fd8d225a9c9b89683ec69de5a2 (host: np0000005000) handling event "update" for row 2cd28ef7-bd4d-4b6e-9dc9-55e6ca7304c3 (table: NB_Global) {{(pid=90651) notify /opt/stack/neutron/neutron/plugins/ml2/drivers/ovn/mech_driver/ovsdb/ovsdb_monitor.py:1031}}
Jul 10 12:14:14.968131 np0000005000 devstack@neutron-api.service[90651]: DEBUG neutron.common.ovn.hash_ring_manager [-] Allow caching, nodes 4>=4 {{(pid=90651) _wait_startup_before_caching /opt/stack/neutron/neutron/common/ovn/hash_ring_manager.py:71}}
Jul 10 12:14:14.968283 np0000005000 devstack@neutron-api.service[90651]: DEBUG neutron.plugins.ml2.drivers.ovn.mech_driver.ovsdb.ovsdb_monitor [-] Hash Ring: Node d7fdf6fd8d225a9c9b89683ec69de5a2 (host: np0000005000) handling event "update" for row 18b4961b-ada6-4a00-bd4b-3acd6597b273 (table: Chassis_Private) {{(pid=90651) notify /opt/stack/neutron/neutron/plugins/ml2/drivers/ovn/mech_driver/ovsdb/ovsdb_monitor.py:1031}}
Jul 10 12:14:14.969042 np0000005000 devstack@neutron-api.service[90653]: DEBUG neutron.plugins.ml2.drivers.ovn.mech_driver.ovsdb.ovsdb_monitor [-] Hash Ring: Node 288c7ff3e1605e25a5e768737d76ecfe (host: np0000005000) handling event "update" for row 2cd28ef7-bd4d-4b6e-9dc9-55e6ca7304c3 (table: NB_Global) {{(pid=90653) notify /opt/stack/neutron/neutron/plugins/ml2/drivers/ovn/mech_driver/ovsdb/ovsdb_monitor.py:1031}}
Jul 10 12:14:14.970035 np0000005000 devstack@neutron-api.service[90651]: DEBUG neutron.plugins.ml2.drivers.ovn.mech_driver.ovsdb.ovsdb_monitor [-] ChassisOVNAgentWriteEvent : Matched Chassis_Private, update, None None {{(pid=90651) matches /opt/stack/neutron/neutron/plugins/ml2/drivers/ovn/mech_driver/ovsdb/ovsdb_monitor.py:65}}
Jul 10 12:14:14.970324 np0000005000 devstack@neutron-api.service[90651]: DEBUG neutron.plugins.ml2.drivers.ovn.mech_driver.ovsdb.ovsdb_monitor [-] Hash Ring: Node d7fdf6fd8d225a9c9b89683ec69de5a2 (host: np0000005000) handling event "update" for row 18b4961b-ada6-4a00-bd4b-3acd6597b273 (table: Chassis_Private) {{(pid=90651) notify /opt/stack/neutron/neutron/plugins/ml2/drivers/ovn/mech_driver/ovsdb/ovsdb_monitor.py:1031}}
Jul 10 12:14:14.971130 np0000005000 devstack@neutron-api.service[90653]: DEBUG neutron.plugins.ml2.drivers.ovn.mech_driver.ovsdb.ovsdb_monitor [-] ChassisOVNAgentWriteEvent : Matched Chassis_Private, update, None None {{(pid=90653) matches /opt/stack/neutron/neutron/plugins/ml2/drivers/ovn/mech_driver/ovsdb/ovsdb_monitor.py:65}}
Jul 10 12:14:14.971522 np0000005000 devstack@neutron-api.service[90653]: DEBUG neutron.plugins.ml2.drivers.ovn.mech_driver.ovsdb.ovsdb_monitor [-] Hash Ring: Node 288c7ff3e1605e25a5e768737d76ecfe (host: np0000005000) handling event "update" for row 18b4961b-ada6-4a00-bd4b-3acd6597b273 (table: Chassis_Private) {{(pid=90653) notify /opt/stack/neutron/neutron/plugins/ml2/drivers/ovn/mech_driver/ovsdb/ovsdb_monitor.py:1031}}
Jul 10 12:14:14.974272 np0000005000 devstack@neutron-api.service[90653]: DEBUG neutron.plugins.ml2.drivers.ovn.mech_driver.ovsdb.ovsdb_monitor [-] Hash Ring: Node 288c7ff3e1605e25a5e768737d76ecfe (host: np0000005000) handling event "update" for row 2cd28ef7-bd4d-4b6e-9dc9-55e6ca7304c3 (table: NB_Global) {{(pid=90653) notify /opt/stack/neutron/neutron/plugins/ml2/drivers/ovn/mech_driver/ovsdb/ovsdb_monitor.py:1031}}
Jul 10 12:14:14.974797 np0000005000 devstack@neutron-api.service[90653]: DEBUG neutron.plugins.ml2.drivers.ovn.mech_driver.ovsdb.ovsdb_monitor [-] Hash Ring: Node 288c7ff3e1605e25a5e768737d76ecfe (host: np0000005000) handling event "update" for row 2cd28ef7-bd4d-4b6e-9dc9-55e6ca7304c3 (table: NB_Global) {{(pid=90653) notify /opt/stack/neutron/neutron/plugins/ml2/drivers/ovn/mech_driver/ovsdb/ovsdb_monitor.py:1031}}
Jul 10 12:14:15.008832 np0000005000 devstack@neutron-api.service[90653]: DEBUG neutron.plugins.ml2.drivers.helpers [None req-1d08b4e4-f7d5-43cb-bc65-7a3e694d74c9 admin admin] geneve segment allocate from pool success with {'geneve_vni': 39026} {{(pid=90653) allocate_partially_specified_segment /opt/stack/neutron/neutron/plugins/ml2/drivers/helpers.py:142}}
Jul 10 12:14:15.018697 np0000005000 devstack@neutron-api.service[90653]: DEBUG neutron_lib.callbacks.manager [None req-1d08b4e4-f7d5-43cb-bc65-7a3e694d74c9 admin admin] Publish callbacks ['neutron.services.segments.db._add_segment_host_mapping_for_segment-7812828366088', 'neutron.plugins.ml2.plugin.Ml2Plugin._handle_segment_change-169259'] for segment (8c9e0cbb-9dc5-4123-8745-eff68e3d06fb), precommit_create {{(pid=90653) _notify_loop /opt/stack/data/venv/lib/python3.12/site-packages/neutron_lib/callbacks/manager.py:184}}
Jul 10 12:14:15.018929 np0000005000 devstack@neutron-api.service[90653]: INFO neutron.db.segments_db [None req-1d08b4e4-f7d5-43cb-bc65-7a3e694d74c9 admin admin] Added segment 8c9e0cbb-9dc5-4123-8745-eff68e3d06fb of type geneve for network 942f0839-48ae-4ff7-9903-163c4077981f
Jul 10 12:14:15.058062 np0000005000 devstack@neutron-api.service[90653]: DEBUG neutron_lib.callbacks.manager [None req-1d08b4e4-f7d5-43cb-bc65-7a3e694d74c9 admin admin] Publish callbacks ['neutron.services.auto_allocate.db._ensure_external_network_default_value_callback-7812827107198'] for network (942f0839-48ae-4ff7-9903-163c4077981f), precommit_create {{(pid=90653) _notify_loop /opt/stack/data/venv/lib/python3.12/site-packages/neutron_lib/callbacks/manager.py:184}}
Jul 10 12:14:15.071776 np0000005000 devstack@neutron-api.service[90653]: DEBUG neutron.plugins.ml2.drivers.ovn.mech_driver.mech_driver [None req-1d08b4e4-f7d5-43cb-bc65-7a3e694d74c9 admin admin] Validating network segment with type geneve, segmentation ID 39026, physical network None {{(pid=90653) _validate_network_segments /opt/stack/neutron/neutron/plugins/ml2/drivers/ovn/mech_driver/mech_driver.py:646}}
Jul 10 12:14:15.071900 np0000005000 devstack@neutron-api.service[90653]: DEBUG neutron.db.ovn_revision_numbers_db [None req-1d08b4e4-f7d5-43cb-bc65-7a3e694d74c9 admin admin] create_initial_revision uuid=942f0839-48ae-4ff7-9903-163c4077981f, type=networks, rev=-1 {{(pid=90653) create_initial_revision /opt/stack/neutron/neutron/db/ovn_revision_numbers_db.py:98}}
Jul 10 12:14:15.085173 np0000005000 devstack@neutron-api.service[90653]: DEBUG neutron_lib.callbacks.manager [None req-1d08b4e4-f7d5-43cb-bc65-7a3e694d74c9 admin admin] Publish callbacks ['neutron.plugins.ml2.ovo_rpc._ObjectChangeHandler.handle_event-1937303'] for network (942f0839-48ae-4ff7-9903-163c4077981f), after_create {{(pid=90653) _notify_loop /opt/stack/data/venv/lib/python3.12/site-packages/neutron_lib/callbacks/manager.py:184}}
Jul 10 12:14:15.126810 np0000005000 devstack@neutron-api.service[90653]: DEBUG neutron.api.rpc.handlers.resources_rpc [None req-1d08b4e4-f7d5-43cb-bc65-7a3e694d74c9 admin admin] Pushing event updated for resources: {'Network': ['ID=942f0839-48ae-4ff7-9903-163c4077981f,revision_number=1']} {{(pid=90653) push /opt/stack/neutron/neutron/api/rpc/handlers/resources_rpc.py:237}}
Jul 10 12:14:15.133466 np0000005000 devstack@neutron-api.service[90653]: DEBUG ovsdbapp.backend.ovs_idl.transaction [-] Running txn n=1 command(idx=0): AddNetworkCommand(_result=None, network_uuid=942f0839-48ae-4ff7-9903-163c4077981f, may_exist=True, columns={'external_ids': {'neutron:network_name': 'private', 'neutron:mtu': '1372', 'neutron:revision_number': '1', 'neutron:availability_zone_hints': '', 'neutron:provnet-network-type': 'geneve'}, 'other_config': {'mcast_snoop': 'false', 'mcast_flood_unregistered': 'false', 'vlan-passthru': 'false'}}) {{(pid=90653) do_commit /opt/stack/data/venv/lib/python3.12/site-packages/ovsdbapp/backend/ovs_idl/transaction.py:89}}
Jul 10 12:14:15.133821 np0000005000 devstack@neutron-api.service[90653]: DEBUG neutron.common.ovn.utils [-] OVS persist_uuid supported=True {{(pid=90653) ovs_persist_uuid_supported /opt/stack/neutron/neutron/common/ovn/utils.py:1564}}
Jul 10 12:14:15.136789 np0000005000 devstack@neutron-api.service[90651]: DEBUG neutron.plugins.ml2.drivers.ovn.mech_driver.ovsdb.ovsdb_monitor [-] Hash Ring: Node d7fdf6fd8d225a9c9b89683ec69de5a2 (host: np0000005000) handling event "create" for row 942f0839-48ae-4ff7-9903-163c4077981f (table: Logical_Switch) {{(pid=90651) notify /opt/stack/neutron/neutron/plugins/ml2/drivers/ovn/mech_driver/ovsdb/ovsdb_monitor.py:1031}}
Jul 10 12:14:15.140078 np0000005000 devstack@neutron-api.service[90651]: DEBUG neutron.plugins.ml2.drivers.ovn.mech_driver.ovsdb.ovsdb_monitor [-] Hash Ring: Node d7fdf6fd8d225a9c9b89683ec69de5a2 (host: np0000005000) handling event "create" for row d5e3cf67-2ec2-4c9c-9fef-7fd76e84156d (table: Datapath_Binding) {{(pid=90651) notify /opt/stack/neutron/neutron/plugins/ml2/drivers/ovn/mech_driver/ovsdb/ovsdb_monitor.py:1031}}
Jul 10 12:14:15.147439 np0000005000 devstack@neutron-api.service[90653]: DEBUG neutron.plugins.ml2.drivers.ovn.mech_driver.ovsdb.ovsdb_monitor [-] Hash Ring: Node 288c7ff3e1605e25a5e768737d76ecfe (host: np0000005000) handling event "create" for row d5e3cf67-2ec2-4c9c-9fef-7fd76e84156d (table: Datapath_Binding) {{(pid=90653) notify /opt/stack/neutron/neutron/plugins/ml2/drivers/ovn/mech_driver/ovsdb/ovsdb_monitor.py:1031}}
Jul 10 12:14:15.162078 np0000005000 devstack@neutron-api.service[90653]: INFO neutron.db.ovn_revision_numbers_db [None req-1d08b4e4-f7d5-43cb-bc65-7a3e694d74c9 admin admin] Successfully bumped revision number for resource 942f0839-48ae-4ff7-9903-163c4077981f (type: networks) to 1
Jul 10 12:14:15.397902 np0000005000 devstack@neutron-api.service[90653]: DEBUG neutron_lib.callbacks.manager [None req-1d08b4e4-f7d5-43cb-bc65-7a3e694d74c9 admin admin] Publish callbacks ['neutron.plugins.ml2.plugin.SecurityGroupDbMixin._ensure_default_security_group_handler-478819'] for port (None), before_create {{(pid=90653) _notify_loop /opt/stack/data/venv/lib/python3.12/site-packages/neutron_lib/callbacks/manager.py:184}}
Jul 10 12:14:15.507955 np0000005000 devstack@neutron-api.service[90653]: DEBUG neutron_lib.callbacks.manager [None req-1d08b4e4-f7d5-43cb-bc65-7a3e694d74c9 admin admin] Publish callbacks ['neutron.plugins.ml2.drivers.ovn.mech_driver.mech_driver.OVNMechanismDriver._validate_allowed_address_pairs-1000739'] for allowed_address_pair (3cc2a2cc-b0dc-4cf1-8da1-777cb8fa1d71), before_create {{(pid=90653) _notify_loop /opt/stack/data/venv/lib/python3.12/site-packages/neutron_lib/callbacks/manager.py:184}}
Jul 10 12:14:15.508686 np0000005000 devstack@neutron-api.service[90653]: DEBUG neutron_lib.callbacks.manager [None req-1d08b4e4-f7d5-43cb-bc65-7a3e694d74c9 admin admin] Publish callbacks [] for port (3cc2a2cc-b0dc-4cf1-8da1-777cb8fa1d71), precommit_create {{(pid=90653) _notify_loop /opt/stack/data/venv/lib/python3.12/site-packages/neutron_lib/callbacks/manager.py:184}}
Jul 10 12:14:15.508934 np0000005000 devstack@neutron-api.service[90653]: DEBUG neutron.plugins.ml2.drivers.ovn.mech_driver.mech_driver [None req-1d08b4e4-f7d5-43cb-bc65-7a3e694d74c9 admin admin] No provisioning block for port 3cc2a2cc-b0dc-4cf1-8da1-777cb8fa1d71 since it does not have a host {{(pid=90653) _is_port_provisioning_required /opt/stack/neutron/neutron/plugins/ml2/drivers/ovn/mech_driver/mech_driver.py:899}}
Jul 10 12:14:15.509075 np0000005000 devstack@neutron-api.service[90653]: DEBUG neutron.db.ovn_revision_numbers_db [None req-1d08b4e4-f7d5-43cb-bc65-7a3e694d74c9 admin admin] create_initial_revision uuid=3cc2a2cc-b0dc-4cf1-8da1-777cb8fa1d71, type=ports, rev=-1 {{(pid=90653) create_initial_revision /opt/stack/neutron/neutron/db/ovn_revision_numbers_db.py:98}}
Jul 10 12:14:15.564159 np0000005000 devstack@neutron-api.service[90653]: DEBUG neutron_lib.callbacks.manager [None req-1d08b4e4-f7d5-43cb-bc65-7a3e694d74c9 admin admin] Publish callbacks ['neutron.plugins.ml2.ovo_rpc._ObjectChangeHandler.handle_event-1937318'] for port (3cc2a2cc-b0dc-4cf1-8da1-777cb8fa1d71), after_create {{(pid=90653) _notify_loop /opt/stack/data/venv/lib/python3.12/site-packages/neutron_lib/callbacks/manager.py:184}}
Jul 10 12:14:15.614273 np0000005000 devstack@neutron-api.service[90653]: DEBUG neutron.api.rpc.handlers.resources_rpc [None req-1d08b4e4-f7d5-43cb-bc65-7a3e694d74c9 admin admin] Pushing event updated for resources: {'Port': ['ID=3cc2a2cc-b0dc-4cf1-8da1-777cb8fa1d71,revision_number=1']} {{(pid=90653) push /opt/stack/neutron/neutron/api/rpc/handlers/resources_rpc.py:237}}
Jul 10 12:14:15.642486 np0000005000 devstack@neutron-api.service[90653]: DEBUG neutron.plugins.ml2.drivers.ovn.mech_driver.ovsdb.commands [None req-1d08b4e4-f7d5-43cb-bc65-7a3e694d74c9 admin admin] Converting tag [] to a tag_request {{(pid=90653) _tag_column_to_tag_request /opt/stack/neutron/neutron/plugins/ml2/drivers/ovn/mech_driver/ovsdb/commands.py:205}}
Jul 10 12:14:15.643041 np0000005000 devstack@neutron-api.service[90653]: DEBUG ovsdbapp.backend.ovs_idl.transaction [-] Running txn n=1 command(idx=0): AddLSwitchPortCommand(_result=None, lport=3cc2a2cc-b0dc-4cf1-8da1-777cb8fa1d71, lswitch=neutron-942f0839-48ae-4ff7-9903-163c4077981f, may_exist=True, network_uuid=942f0839-48ae-4ff7-9903-163c4077981f, columns={'addresses': ['fa:16:3e:ec:df:94'], 'external_ids': {'neutron:port_name': '', 'neutron:device_id': 'ovnmeta-942f0839-48ae-4ff7-9903-163c4077981f', 'neutron:project_id': '5a48553c2f644130a7162dd5af1a725d', 'neutron:cidrs': '', 'neutron:device_owner': 'network:distributed', 'neutron:subnet_pool_addr_scope4': '', 'neutron:subnet_pool_addr_scope6': '', 'neutron:network_name': 'neutron-942f0839-48ae-4ff7-9903-163c4077981f', 'neutron:security_group_ids': '', 'neutron:revision_number': '1', 'neutron:vnic_type': 'normal', 'neutron:port_capabilities': '', 'neutron:mtu': '1372'}, 'parent_name': [], 'enabled': True, 'options': {}, 'type': 'localport', 'port_security': [], 'dhcpv4_options': [], 'dhcpv6_options': [], 'tag_request': []}) {{(pid=90653) do_commit /opt/stack/data/venv/lib/python3.12/site-packages/ovsdbapp/backend/ovs_idl/transaction.py:89}}
Jul 10 12:14:15.643432 np0000005000 devstack@neutron-api.service[90653]: DEBUG ovsdbapp.backend.ovs_idl.transaction [-] Running txn n=1 command(idx=1): QoSDelCommand(_result=None, switch=neutron-942f0839-48ae-4ff7-9903-163c4077981f, conditions=[('direction', '=', 'to-lport'), ('priority', '=', 2002), ('match', '=', 'outport == "3cc2a2cc-b0dc-4cf1-8da1-777cb8fa1d71"')], if_exists=True) {{(pid=90653) do_commit /opt/stack/data/venv/lib/python3.12/site-packages/ovsdbapp/backend/ovs_idl/transaction.py:89}}
Jul 10 12:14:15.643561 np0000005000 devstack@neutron-api.service[90653]: DEBUG ovsdbapp.backend.ovs_idl.transaction [-] Running txn n=1 command(idx=2): QoSDelCommand(_result=None, switch=neutron-942f0839-48ae-4ff7-9903-163c4077981f, conditions=[('direction', '=', 'from-lport'), ('priority', '=', 2002), ('match', '=', 'inport == "3cc2a2cc-b0dc-4cf1-8da1-777cb8fa1d71"')], if_exists=True) {{(pid=90653) do_commit /opt/stack/data/venv/lib/python3.12/site-packages/ovsdbapp/backend/ovs_idl/transaction.py:89}}
Jul 10 12:14:15.646898 np0000005000 devstack@neutron-api.service[90651]: DEBUG neutron.plugins.ml2.drivers.ovn.mech_driver.ovsdb.ovsdb_monitor [-] Hash Ring: Node d7fdf6fd8d225a9c9b89683ec69de5a2 (host: np0000005000) handling event "update" for row 942f0839-48ae-4ff7-9903-163c4077981f (table: Logical_Switch) {{(pid=90651) notify /opt/stack/neutron/neutron/plugins/ml2/drivers/ovn/mech_driver/ovsdb/ovsdb_monitor.py:1031}}
Jul 10 12:14:15.647124 np0000005000 devstack@neutron-api.service[90651]: DEBUG neutron.plugins.ml2.drivers.ovn.mech_driver.ovsdb.ovsdb_monitor [-] Hash Ring: Node d7fdf6fd8d225a9c9b89683ec69de5a2 (host: np0000005000) handling event "create" for row 9ba0d903-b9bb-4cca-8880-76047eaf4c3d (table: Logical_Switch_Port) {{(pid=90651) notify /opt/stack/neutron/neutron/plugins/ml2/drivers/ovn/mech_driver/ovsdb/ovsdb_monitor.py:1031}}
Jul 10 12:14:15.647785 np0000005000 devstack@neutron-api.service[90652]: DEBUG neutron.plugins.ml2.drivers.ovn.mech_driver.ovsdb.ovsdb_monitor [-] Hash Ring: Node 9be1b8882fd0583bb097faa16d2c2f05 (host: np0000005000) handling event "create" for row 9ba0d903-b9bb-4cca-8880-76047eaf4c3d (table: Logical_Switch_Port) {{(pid=90652) notify /opt/stack/neutron/neutron/plugins/ml2/drivers/ovn/mech_driver/ovsdb/ovsdb_monitor.py:1031}}
Jul 10 12:14:15.648614 np0000005000 devstack@neutron-api.service[90651]: DEBUG ovsdbapp.backend.ovs_idl.event [-] Matched CREATE: LogicalSwitchPortCreateEvent(events=('create',), table='Logical_Switch_Port', conditions=[], old_conditions=None), priority=20 to row=Logical_Switch_Port(uuid=9ba0d903-b9bb-4cca-8880-76047eaf4c3d, addresses=['fa:16:3e:ec:df:94'], dhcpv4_options=[], dhcpv6_options=[], dynamic_addresses=[], enabled=True, external_ids={'neutron:cidrs': '', 'neutron:device_id': 'ovnmeta-942f0839-48ae-4ff7-9903-163c4077981f', 'neutron:device_owner': 'network:distributed', 'neutron:mtu': '1372', 'neutron:network_name': 'neutron-942f0839-48ae-4ff7-9903-163c4077981f', 'neutron:port_capabilities': '', 'neutron:port_name': '', 'neutron:project_id': '5a48553c2f644130a7162dd5af1a725d', 'neutron:revision_number': '1', 'neutron:security_group_ids': '', 'neutron:subnet_pool_addr_scope4': '', 'neutron:subnet_pool_addr_scope6': '', 'neutron:vnic_type': 'normal'}, ha_chassis_group=[], mirror_rules=[], name='3cc2a2cc-b0dc-4cf1-8da1-777cb8fa1d71', options={}, parent_name=[], port_security=[], tag=[], tag_request=[], type='localport', up=[]) old= {{(pid=90651) matches /opt/stack/data/venv/lib/python3.12/site-packages/ovsdbapp/backend/ovs_idl/event.py:55}}
Jul 10 12:14:15.649099 np0000005000 devstack@neutron-api.service[90652]: DEBUG ovsdbapp.backend.ovs_idl.event [-] Matched CREATE: LogicalSwitchPortCreateEvent(events=('create',), table='Logical_Switch_Port', conditions=[], old_conditions=None), priority=20 to row=Logical_Switch_Port(uuid=9ba0d903-b9bb-4cca-8880-76047eaf4c3d, addresses=['fa:16:3e:ec:df:94'], dhcpv4_options=[], dhcpv6_options=[], dynamic_addresses=[], enabled=True, external_ids={'neutron:cidrs': '', 'neutron:device_id': 'ovnmeta-942f0839-48ae-4ff7-9903-163c4077981f', 'neutron:device_owner': 'network:distributed', 'neutron:mtu': '1372', 'neutron:network_name': 'neutron-942f0839-48ae-4ff7-9903-163c4077981f', 'neutron:port_capabilities': '', 'neutron:port_name': '', 'neutron:project_id': '5a48553c2f644130a7162dd5af1a725d', 'neutron:revision_number': '1', 'neutron:security_group_ids': '', 'neutron:subnet_pool_addr_scope4': '', 'neutron:subnet_pool_addr_scope6': '', 'neutron:vnic_type': 'normal'}, ha_chassis_group=[], mirror_rules=[], name='3cc2a2cc-b0dc-4cf1-8da1-777cb8fa1d71', options={}, parent_name=[], port_security=[], tag=[], tag_request=[], type='localport', up=[]) old= {{(pid=90652) matches /opt/stack/data/venv/lib/python3.12/site-packages/ovsdbapp/backend/ovs_idl/event.py:55}}
Jul 10 12:14:15.650015 np0000005000 devstack@neutron-api.service[90652]: INFO neutron.plugins.ml2.drivers.ovn.mech_driver.mech_driver [-] OVN reports status down for port: 3cc2a2cc-b0dc-4cf1-8da1-777cb8fa1d71
Jul 10 12:14:15.651296 np0000005000 devstack@neutron-api.service[90651]: DEBUG neutron.plugins.ml2.drivers.ovn.mech_driver.ovsdb.ovsdb_monitor [-] Hash Ring: Node d7fdf6fd8d225a9c9b89683ec69de5a2 (host: np0000005000) handling event "create" for row be4d8b13-d741-4afb-a8a6-bd9456dacb49 (table: Port_Binding) {{(pid=90651) notify /opt/stack/neutron/neutron/plugins/ml2/drivers/ovn/mech_driver/ovsdb/ovsdb_monitor.py:1031}}
Jul 10 12:14:15.651941 np0000005000 devstack@neutron-api.service[90651]: INFO neutron.plugins.ml2.drivers.ovn.mech_driver.mech_driver [-] OVN reports status down for port: 3cc2a2cc-b0dc-4cf1-8da1-777cb8fa1d71
Jul 10 12:14:15.652263 np0000005000 devstack@neutron-api.service[90652]: DEBUG neutron.plugins.ml2.drivers.ovn.mech_driver.ovsdb.ovsdb_monitor [-] Hash Ring: Node 9be1b8882fd0583bb097faa16d2c2f05 (host: np0000005000) handling event "update" for row 9ba0d903-b9bb-4cca-8880-76047eaf4c3d (table: Logical_Switch_Port) {{(pid=90652) notify /opt/stack/neutron/neutron/plugins/ml2/drivers/ovn/mech_driver/ovsdb/ovsdb_monitor.py:1031}}
Jul 10 12:14:15.652523 np0000005000 devstack@neutron-api.service[90651]: DEBUG neutron.plugins.ml2.drivers.ovn.mech_driver.ovsdb.ovsdb_monitor [-] Hash Ring: Node d7fdf6fd8d225a9c9b89683ec69de5a2 (host: np0000005000) handling event "update" for row 9ba0d903-b9bb-4cca-8880-76047eaf4c3d (table: Logical_Switch_Port) {{(pid=90651) notify /opt/stack/neutron/neutron/plugins/ml2/drivers/ovn/mech_driver/ovsdb/ovsdb_monitor.py:1031}}
Jul 10 12:14:15.691030 np0000005000 devstack@neutron-api.service[90653]: INFO neutron.db.ovn_revision_numbers_db [None req-1d08b4e4-f7d5-43cb-bc65-7a3e694d74c9 admin admin] Successfully bumped revision number for resource 3cc2a2cc-b0dc-4cf1-8da1-777cb8fa1d71 (type: ports) to 1
Jul 10 12:14:15.698590 np0000005000 devstack@neutron-api.service[90653]: DEBUG neutron.pecan_wsgi.hooks.policy_enforcement [None req-1d08b4e4-f7d5-43cb-bc65-7a3e694d74c9 admin admin] Attributes excluded by policy engine: ['standard_attr_id'] {{(pid=90653) _exclude_attributes_by_policy /opt/stack/neutron/neutron/pecan_wsgi/hooks/policy_enforcement.py:259}}
Jul 10 12:14:15.699044 np0000005000 devstack@neutron-api.service[90653]: DEBUG neutron_lib.callbacks.manager [None req-1d08b4e4-f7d5-43cb-bc65-7a3e694d74c9 admin admin] Publish callbacks [] for network (None), before_response {{(pid=90653) _notify_loop /opt/stack/data/venv/lib/python3.12/site-packages/neutron_lib/callbacks/manager.py:184}}
Jul 10 12:14:15.701837 np0000005000 devstack@neutron-api.service[90651]: DEBUG neutron.db.provisioning_blocks [None req-70ba1724-11a4-4d9b-9ef8-4222def22923 None None] Transition to ACTIVE for port object 3cc2a2cc-b0dc-4cf1-8da1-777cb8fa1d71 will not be triggered until provisioned by entity L2. {{(pid=90651) add_provisioning_component /opt/stack/neutron/neutron/db/provisioning_blocks.py:74}}
Jul 10 12:14:15.708992 np0000005000 devstack@neutron-api.service[90652]: DEBUG neutron.db.provisioning_blocks [None req-25ed1af3-de8b-4e0a-8d71-b3aed3d27d3d None None] Ignored duplicate provisioning block setup for port 3cc2a2cc-b0dc-4cf1-8da1-777cb8fa1d71 by entity L2. {{(pid=90652) add_provisioning_component /opt/stack/neutron/neutron/db/provisioning_blocks.py:69}}
Jul 10 12:14:15.713242 np0000005000 devstack@neutron-api.service[90653]: [pid: 90653|app: 0|req: 1/5] 10.4.3.173 () {68 vars in 1326 bytes} [Fri Jul 10 12:14:14 2026] POST /networking/v2.0/networks => generated 681 bytes in 1333 msecs (HTTP/1.1 201) 4 headers in 162 bytes (1 switches on core 0)
Jul 10 12:14:15.738266 np0000005000 devstack@neutron-api.service[90651]: DEBUG neutron.plugins.ml2.plugin [None req-70ba1724-11a4-4d9b-9ef8-4222def22923 None None] Current status of the port 3cc2a2cc-b0dc-4cf1-8da1-777cb8fa1d71 is: DOWN; New status is: DOWN {{(pid=90651) _update_individual_port_db_status /opt/stack/neutron/neutron/plugins/ml2/plugin.py:2473}}
Jul 10 12:14:15.740087 np0000005000 devstack@neutron-api.service[90651]: DEBUG ovsdbapp.backend.ovs_idl.transaction [-] Running txn n=1 command(idx=0): DbRemoveCommand(_result=None, table=Logical_Switch_Port, record=3cc2a2cc-b0dc-4cf1-8da1-777cb8fa1d71, column=external_ids, values=('neutron:host_id',), keyvalues={}, if_exists=True) {{(pid=90651) do_commit /opt/stack/data/venv/lib/python3.12/site-packages/ovsdbapp/backend/ovs_idl/transaction.py:89}}
Jul 10 12:14:15.740844 np0000005000 devstack@neutron-api.service[90652]: DEBUG neutron.plugins.ml2.plugin [None req-25ed1af3-de8b-4e0a-8d71-b3aed3d27d3d None None] Current status of the port 3cc2a2cc-b0dc-4cf1-8da1-777cb8fa1d71 is: DOWN; New status is: DOWN {{(pid=90652) _update_individual_port_db_status /opt/stack/neutron/neutron/plugins/ml2/plugin.py:2473}}
Jul 10 12:14:15.742678 np0000005000 devstack@neutron-api.service[90652]: DEBUG ovsdbapp.backend.ovs_idl.transaction [-] Running txn n=1 command(idx=0): DbRemoveCommand(_result=None, table=Logical_Switch_Port, record=3cc2a2cc-b0dc-4cf1-8da1-777cb8fa1d71, column=external_ids, values=('neutron:host_id',), keyvalues={}, if_exists=True) {{(pid=90652) do_commit /opt/stack/data/venv/lib/python3.12/site-packages/ovsdbapp/backend/ovs_idl/transaction.py:89}}
Jul 10 12:14:16.174054 np0000005000 devstack@neutron-api.service[90651]: DEBUG neutron.policy [None req-6f86d6f5-9812-47c6-ae28-c2e214d304ef admin admin] Loaded default policies from ['neutron'] under neutron.policies entry points {{(pid=90651) register_rules /opt/stack/neutron/neutron/policy.py:65}}
Jul 10 12:14:16.261019 np0000005000 devstack@neutron-api.service[90651]: DEBUG neutron.pecan_wsgi.hooks.policy_enforcement [None req-6f86d6f5-9812-47c6-ae28-c2e214d304ef admin admin] Attributes excluded by policy engine: ['standard_attr_id'] {{(pid=90651) _exclude_attributes_by_policy /opt/stack/neutron/neutron/pecan_wsgi/hooks/policy_enforcement.py:259}}
Jul 10 12:14:16.262134 np0000005000 devstack@neutron-api.service[90651]: [pid: 90651|app: 0|req: 3/6] 10.4.3.173 () {64 vars in 1384 bytes} [Fri Jul 10 12:14:15 2026] GET /networking/v2.0/networks/942f0839-48ae-4ff7-9903-163c4077981f => generated 662 bytes in 273 msecs (HTTP/1.1 200) 4 headers in 157 bytes (1 switches on core 0)
Jul 10 12:14:16.272729 np0000005000 devstack@neutron-api.service[90652]: DEBUG neutron.api.wsgi [None req-399e518b-1787-43fb-a6df-73852cb59988 admin admin] Missing Content-Type {{(pid=90652) get_content_type /opt/stack/neutron/neutron/api/wsgi.py:80}}
Jul 10 12:14:16.282026 np0000005000 devstack@neutron-api.service[90652]: [pid: 90652|app: 0|req: 2/7] 10.4.3.173 () {64 vars in 1393 bytes} [Fri Jul 10 12:14:16 2026] GET /networking/v2.0/subnetpools/c85a9fec-d7bb-4b34-a327-3716ff9c57c0 => generated 533 bytes in 11 msecs (HTTP/1.1 200) 4 headers in 157 bytes (1 switches on core 0)
Jul 10 12:14:16.292998 np0000005000 devstack@neutron-api.service[90650]: DEBUG neutron.api.v2.base [None req-2076048e-053c-4eda-9e4a-bc958521b6fe admin admin] Request body: {'subnet': {'name': 'private-subnet', 'network_id': '942f0839-48ae-4ff7-9903-163c4077981f', 'ip_version': 4, 'gateway_ip': '10.1.0.1', 'subnetpool_id': 'c85a9fec-d7bb-4b34-a327-3716ff9c57c0'}} {{(pid=90650) prepare_request_body /opt/stack/neutron/neutron/api/v2/base.py:727}}
Jul 10 12:14:16.307319 np0000005000 devstack@neutron-api.service[90650]: DEBUG neutron.pecan_wsgi.hooks.quota_enforcement [None req-2076048e-053c-4eda-9e4a-bc958521b6fe admin admin] Made reservation on behalf of 5a48553c2f644130a7162dd5af1a725d for: {'subnet': 1} {{(pid=90650) before /opt/stack/neutron/neutron/pecan_wsgi/hooks/quota_enforcement.py:66}}
Jul 10 12:14:16.310236 np0000005000 devstack@neutron-api.service[90650]: DEBUG neutron_lib.callbacks.manager [None req-2076048e-053c-4eda-9e4a-bc958521b6fe admin admin] Publish callbacks [] for subnet (None), before_create {{(pid=90650) _notify_loop /opt/stack/data/venv/lib/python3.12/site-packages/neutron_lib/callbacks/manager.py:184}}
Jul 10 12:14:16.471532 np0000005000 devstack@neutron-api.service[90650]: DEBUG neutron.db.ovn_revision_numbers_db [None req-2076048e-053c-4eda-9e4a-bc958521b6fe admin admin] create_initial_revision uuid=e058d458-7a5f-4d8d-bb2f-a42cda95c707, type=subnets, rev=-1 {{(pid=90650) create_initial_revision /opt/stack/neutron/neutron/db/ovn_revision_numbers_db.py:98}}
