Aug 07 18:30:15.339504 np0000006746 devstack@neutron-api.service[87653]: [pid: 87653|app: 0|req: 4/12] 10.4.3.36 () {64 vars in 1285 bytes} [Fri Aug 7 18:30:15 2026] GET /networking/v2.0/extensions => generated 16171 bytes in 3 msecs (HTTP/1.1 200) 4 headers in 159 bytes (1 switches on core 0)
Aug 07 18:30:15.592499 np0000006746 devstack@neutron-api.service[87654]: DEBUG neutron.api.wsgi [None req-d518b437-5edf-4047-af78-93c01cd5309e admin admin] Missing Content-Type {{(pid=87654) get_content_type /opt/stack/neutron/neutron/api/wsgi.py:80}}
Aug 07 18:30:15.593122 np0000006746 devstack@neutron-api.service[87654]: DEBUG neutron.api.wsgi [None req-d518b437-5edf-4047-af78-93c01cd5309e admin admin] https://10.4.3.36/networking/v2.0/extensions returned with HTTP 200 {{(pid=87654) __call__ /opt/stack/neutron/neutron/api/wsgi.py:540}}
Aug 07 18:30:15.593584 np0000006746 devstack@neutron-api.service[87654]: [pid: 87654|app: 0|req: 4/13] 10.4.3.36 () {64 vars in 1285 bytes} [Fri Aug 7 18:30:15 2026] GET /networking/v2.0/extensions => generated 16171 bytes in 4 msecs (HTTP/1.1 200) 4 headers in 159 bytes (1 switches on core 0)
Aug 07 18:30:15.838294 np0000006746 devstack@neutron-api.service[87655]: DEBUG neutron.api.v2.base [None req-a6dcd1af-d841-41dc-bae1-b1af161f6883 admin admin] Request body: {'router': {'name': 'router1', 'admin_state_up': True}} {{(pid=87655) prepare_request_body /opt/stack/neutron/neutron/api/v2/base.py:727}}
Aug 07 18:30:15.850712 np0000006746 devstack@neutron-api.service[87655]: DEBUG neutron_lib.callbacks.manager [None req-a6dcd1af-d841-41dc-bae1-b1af161f6883 admin admin] Publish callbacks ['neutron.services.ovn_l3.service_providers.driver_controller.DriverController._check_router_request-40992'] for router (827fd2f5-ae96-45a7-b20e-292ba8815dfd), before_create {{(pid=87655) _notify_loop /opt/stack/data/venv/lib/python3.12/site-packages/neutron_lib/callbacks/manager.py:184}}
Aug 07 18:30:15.851459 np0000006746 devstack@neutron-api.service[87655]: DEBUG neutron_lib.callbacks.manager [None req-a6dcd1af-d841-41dc-bae1-b1af161f6883 admin admin] Publish callbacks ['neutron.services.ovn_l3.service_providers.ovn.OVN_L3_HA_db_mixin._precommit_router_create-25800', 'neutron.services.ovn_l3.plugin.RouterAvailabilityZoneMixin._process_az_request-3043033', 'neutron.services.ovn_l3.plugin.ExtraGatewaysDbOnlyMixin._process_bfd_ecmp_create-52357', 'neutron.services.ovn_l3.service_providers.ovn.OvnDriver._process_router_create_precommit-25612', 'neutron.services.ovn_l3.service_providers.driver_controller.DriverController._set_router_provider-41022'] for router (827fd2f5-ae96-45a7-b20e-292ba8815dfd), precommit_create {{(pid=87655) _notify_loop /opt/stack/data/venv/lib/python3.12/site-packages/neutron_lib/callbacks/manager.py:184}}
Aug 07 18:30:15.862436 np0000006746 devstack@neutron-api.service[87655]: DEBUG neutron.db.ovn_revision_numbers_db [None req-a6dcd1af-d841-41dc-bae1-b1af161f6883 admin admin] create_initial_revision uuid=827fd2f5-ae96-45a7-b20e-292ba8815dfd, type=routers, rev=-1 {{(pid=87655) create_initial_revision /opt/stack/neutron/neutron/db/ovn_revision_numbers_db.py:98}}
Aug 07 18:30:15.926235 np0000006746 devstack@neutron-api.service[87655]: DEBUG neutron_lib.callbacks.manager [None req-a6dcd1af-d841-41dc-bae1-b1af161f6883 admin admin] Publish callbacks [] for router_controller (827fd2f5-ae96-45a7-b20e-292ba8815dfd), precommit_add_association {{(pid=87655) _notify_loop /opt/stack/data/venv/lib/python3.12/site-packages/neutron_lib/callbacks/manager.py:184}}
Aug 07 18:30:15.929052 np0000006746 devstack@neutron-api.service[87655]: DEBUG neutron_lib.callbacks.manager [None req-a6dcd1af-d841-41dc-bae1-b1af161f6883 admin admin] Publish callbacks ['neutron.services.ovn_l3.service_providers.ovn.OvnDriver._process_router_create-25820'] for router (827fd2f5-ae96-45a7-b20e-292ba8815dfd), after_create {{(pid=87655) _notify_loop /opt/stack/data/venv/lib/python3.12/site-packages/neutron_lib/callbacks/manager.py:184}}
Aug 07 18:30:15.929173 np0000006746 devstack@neutron-api.service[87655]: INFO neutron.plugins.ml2.drivers.ovn.mech_driver.ovsdb.extensions.qos [None req-a6dcd1af-d841-41dc-bae1-b1af161f6883 admin admin] Starting OVNClientQosExtension
Aug 07 18:30:15.929526 np0000006746 devstack@neutron-api.service[87655]: DEBUG neutron.plugins.ml2.drivers.ovn.mech_driver.ovsdb.extensions.qos [None req-a6dcd1af-d841-41dc-bae1-b1af161f6883 admin admin] Router 827fd2f5-ae96-45a7-b20e-292ba8815dfd does not have ID or gateway assigned {{(pid=87655) update_router /opt/stack/neutron/neutron/plugins/ml2/drivers/ovn/mech_driver/ovsdb/extensions/qos.py:527}}
Aug 07 18:30:15.929832 np0000006746 devstack@neutron-api.service[87655]: DEBUG ovsdbapp.backend.ovs_idl.transaction [-] Running txn n=1 command(idx=0): LrAddCommand(_result=None, router=neutron-827fd2f5-ae96-45a7-b20e-292ba8815dfd, may_exist=True, columns={'external_ids': {'neutron:router_name': 'router1', 'neutron:revision_number': '1', 'neutron:availability_zone_hints': ''}, 'enabled': True, 'options': {'always_learn_from_arp_request': 'false', 'dynamic_neigh_routers': 'true', 'mac_binding_age_threshold': '300'}}) {{(pid=87655) do_commit /opt/stack/data/venv/lib/python3.12/site-packages/ovsdbapp/backend/ovs_idl/transaction.py:89}}
Aug 07 18:30:15.931986 np0000006746 devstack@neutron-api.service[87655]: DEBUG neutron.plugins.ml2.drivers.ovn.mech_driver.ovsdb.ovsdb_monitor [-] Hash Ring: Node ab2313126cdf5f9192063ab7f3e242a5 (host: np0000006746) handling event "create" for row 5d2d646b-ae1f-4725-b53e-e05246edeba7 (table: Logical_Router) {{(pid=87655) notify /opt/stack/neutron/neutron/plugins/ml2/drivers/ovn/mech_driver/ovsdb/ovsdb_monitor.py:1099}}
Aug 07 18:30:15.933487 np0000006746 devstack@neutron-api.service[87654]: DEBUG neutron.plugins.ml2.drivers.ovn.mech_driver.ovsdb.ovsdb_monitor [-] Hash Ring: Node 4fec10234bc15ebf8e0487fd26bb750c (host: np0000006746) handling event "create" for row 5d2d646b-ae1f-4725-b53e-e05246edeba7 (table: Logical_Router) {{(pid=87654) notify /opt/stack/neutron/neutron/plugins/ml2/drivers/ovn/mech_driver/ovsdb/ovsdb_monitor.py:1099}}
Aug 07 18:30:15.954772 np0000006746 devstack@neutron-api.service[87655]: DEBUG neutron.plugins.ml2.drivers.ovn.mech_driver.ovsdb.ovsdb_monitor [-] Hash Ring: Node ab2313126cdf5f9192063ab7f3e242a5 (host: np0000006746) handling event "create" for row 6d35700b-dbc5-441e-b40d-74907c3dabd2 (table: Datapath_Binding) {{(pid=87655) notify /opt/stack/neutron/neutron/plugins/ml2/drivers/ovn/mech_driver/ovsdb/ovsdb_monitor.py:1099}}
Aug 07 18:30:16.014072 np0000006746 devstack@neutron-api.service[87655]: INFO neutron.db.ovn_revision_numbers_db [None req-a6dcd1af-d841-41dc-bae1-b1af161f6883 admin admin] Successfully bumped revision number for resource 827fd2f5-ae96-45a7-b20e-292ba8815dfd (type: routers) to 1
Aug 07 18:30:16.023046 np0000006746 devstack@neutron-api.service[87655]: DEBUG neutron_lib.callbacks.manager [None req-a6dcd1af-d841-41dc-bae1-b1af161f6883 admin admin] Publish callbacks [] for router (None), before_response {{(pid=87655) _notify_loop /opt/stack/data/venv/lib/python3.12/site-packages/neutron_lib/callbacks/manager.py:184}}
Aug 07 18:30:16.023535 np0000006746 devstack@neutron-api.service[87655]: [pid: 87655|app: 0|req: 6/14] 10.4.3.36 () {68 vars in 1316 bytes} [Fri Aug 7 18:30:15 2026] POST /networking/v2.0/routers => generated 599 bytes in 188 msecs (HTTP/1.1 201) 4 headers in 162 bytes (1 switches on core 0)
Aug 07 18:30:16.254268 np0000006746 devstack@neutron-api.service[87653]: DEBUG neutron.api.wsgi [None req-34561c1c-900d-4dc8-8aae-6ea9b318d2aa admin admin] Missing Content-Type {{(pid=87653) get_content_type /opt/stack/neutron/neutron/api/wsgi.py:80}}
Aug 07 18:30:16.254724 np0000006746 devstack@neutron-api.service[87653]: DEBUG neutron.api.wsgi [None req-34561c1c-900d-4dc8-8aae-6ea9b318d2aa admin admin] https://10.4.3.36/networking/v2.0/extensions returned with HTTP 200 {{(pid=87653) __call__ /opt/stack/neutron/neutron/api/wsgi.py:540}}
Aug 07 18:30:16.255082 np0000006746 devstack@neutron-api.service[87653]: [pid: 87653|app: 0|req: 5/15] 10.4.3.36 () {64 vars in 1285 bytes} [Fri Aug 7 18:30:16 2026] GET /networking/v2.0/extensions => generated 16171 bytes in 3 msecs (HTTP/1.1 200) 4 headers in 159 bytes (1 switches on core 0)
Aug 07 18:30:16.503409 np0000006746 devstack@neutron-api.service[87654]: DEBUG neutron.api.v2.base [None req-28009245-7c21-46c1-abf4-14338c845a20 admin admin] Request body: {'network': {'is_default': True, 'admin_state_up': True, 'provider:physical_network': 'public', 'name': 'public', 'router:external': True, 'provider:network_type': 'flat'}} {{(pid=87654) prepare_request_body /opt/stack/neutron/neutron/api/v2/base.py:727}}
Aug 07 18:30:16.516936 np0000006746 devstack@neutron-api.service[87654]: DEBUG neutron.pecan_wsgi.hooks.quota_enforcement [None req-28009245-7c21-46c1-abf4-14338c845a20 admin admin] Made reservation on behalf of 9696374dee2f4619a2a94d422ca14315 for: {'network': 1} {{(pid=87654) before /opt/stack/neutron/neutron/pecan_wsgi/hooks/quota_enforcement.py:66}}
Aug 07 18:30:16.520760 np0000006746 devstack@neutron-api.service[87654]: DEBUG neutron_lib.callbacks.manager [None req-28009245-7c21-46c1-abf4-14338c845a20 admin admin] Publish callbacks ['neutron.plugins.ml2.plugin.SecurityGroupDbMixin._ensure_default_security_group_handler-111155'] for network (None), before_create {{(pid=87654) _notify_loop /opt/stack/data/venv/lib/python3.12/site-packages/neutron_lib/callbacks/manager.py:184}}
Aug 07 18:30:16.555342 np0000006746 devstack@neutron-api.service[87654]: DEBUG neutron.plugins.ml2.drivers.type_flat [None req-28009245-7c21-46c1-abf4-14338c845a20 admin admin] Reserving flat network on physical network public {{(pid=87654) reserve_provider_segment /opt/stack/neutron/neutron/plugins/ml2/drivers/type_flat.py:100}}
Aug 07 18:30:16.565654 np0000006746 devstack@neutron-api.service[87654]: DEBUG neutron_lib.callbacks.manager [None req-28009245-7c21-46c1-abf4-14338c845a20 admin admin] Publish callbacks ['neutron.services.segments.db._add_segment_host_mapping_for_segment-8531275396170', 'neutron.plugins.ml2.plugin.Ml2Plugin._handle_segment_change-384031'] for segment (4c2a895b-5ffd-45b3-8823-800309fb963a), precommit_create {{(pid=87654) _notify_loop /opt/stack/data/venv/lib/python3.12/site-packages/neutron_lib/callbacks/manager.py:184}}
Aug 07 18:30:16.565873 np0000006746 devstack@neutron-api.service[87654]: DEBUG neutron_lib.callbacks.manager [None req-28009245-7c21-46c1-abf4-14338c845a20 admin admin] Unsubscribe: segment precommit_create {{(pid=87654) unsubscribe /opt/stack/data/venv/lib/python3.12/site-packages/neutron_lib/callbacks/manager.py:90}}
Aug 07 18:30:16.566048 np0000006746 devstack@neutron-api.service[87654]: INFO neutron.db.segments_db [None req-28009245-7c21-46c1-abf4-14338c845a20 admin admin] Added segment 4c2a895b-5ffd-45b3-8823-800309fb963a of type flat for network a7d892c4-4c61-4e88-971e-0065ba2e6ad8
Aug 07 18:30:16.603564 np0000006746 devstack@neutron-api.service[87654]: DEBUG neutron_lib.callbacks.manager [None req-28009245-7c21-46c1-abf4-14338c845a20 admin admin] Publish callbacks ['neutron.services.auto_allocate.db._ensure_external_network_default_value_callback-8531273411474'] for network (a7d892c4-4c61-4e88-971e-0065ba2e6ad8), precommit_create {{(pid=87654) _notify_loop /opt/stack/data/venv/lib/python3.12/site-packages/neutron_lib/callbacks/manager.py:184}}
Aug 07 18:30:16.623099 np0000006746 devstack@neutron-api.service[87654]: DEBUG neutron.plugins.ml2.drivers.ovn.mech_driver.mech_driver [None req-28009245-7c21-46c1-abf4-14338c845a20 admin admin] Validating network segment with type flat, segmentation ID None, physical network public {{(pid=87654) _validate_network_segments /opt/stack/neutron/neutron/plugins/ml2/drivers/ovn/mech_driver/mech_driver.py:646}}
Aug 07 18:30:16.623239 np0000006746 devstack@neutron-api.service[87654]: DEBUG neutron.db.ovn_revision_numbers_db [None req-28009245-7c21-46c1-abf4-14338c845a20 admin admin] create_initial_revision uuid=a7d892c4-4c61-4e88-971e-0065ba2e6ad8, type=networks, rev=-1 {{(pid=87654) create_initial_revision /opt/stack/neutron/neutron/db/ovn_revision_numbers_db.py:98}}
Aug 07 18:30:16.639102 np0000006746 devstack@neutron-api.service[87654]: DEBUG neutron_lib.callbacks.manager [None req-28009245-7c21-46c1-abf4-14338c845a20 admin admin] Publish callbacks ['neutron.plugins.ml2.ovo_rpc._ObjectChangeHandler.handle_event-2571476'] for network (a7d892c4-4c61-4e88-971e-0065ba2e6ad8), after_create {{(pid=87654) _notify_loop /opt/stack/data/venv/lib/python3.12/site-packages/neutron_lib/callbacks/manager.py:184}}
Aug 07 18:30:16.679269 np0000006746 devstack@neutron-api.service[87654]: DEBUG neutron.api.rpc.handlers.resources_rpc [None req-28009245-7c21-46c1-abf4-14338c845a20 admin admin] Pushing event updated for resources: {'Network': ['ID=a7d892c4-4c61-4e88-971e-0065ba2e6ad8,revision_number=1']} {{(pid=87654) push /opt/stack/neutron/neutron/api/rpc/handlers/resources_rpc.py:237}}
Aug 07 18:30:16.684068 np0000006746 devstack@neutron-api.service[87654]: DEBUG neutron.api.rpc.callbacks.version_manager [None req-28009245-7c21-46c1-abf4-14338c845a20 admin admin] Tracked resource versions report:
Aug 07 18:30:16.684068 np0000006746 devstack@neutron-api.service[87654]: pushed versions:
Aug 07 18:30:16.684068 np0000006746 devstack@neutron-api.service[87654]: { 'AddressGroup': {'1.2'},
Aug 07 18:30:16.684068 np0000006746 devstack@neutron-api.service[87654]: 'Agent': {'1.1'},
Aug 07 18:30:16.684068 np0000006746 devstack@neutron-api.service[87654]: 'ConntrackHelper': {'1.0'},
Aug 07 18:30:16.684068 np0000006746 devstack@neutron-api.service[87654]: 'LocalIPAssociation': {'1.0'},
Aug 07 18:30:16.684068 np0000006746 devstack@neutron-api.service[87654]: 'Log': {'1.0'},
Aug 07 18:30:16.684068 np0000006746 devstack@neutron-api.service[87654]: 'NDPProxy': {'1.0'},
Aug 07 18:30:16.684068 np0000006746 devstack@neutron-api.service[87654]: 'Network': {'1.3'},
Aug 07 18:30:16.684068 np0000006746 devstack@neutron-api.service[87654]: 'Port': {'1.11'},
Aug 07 18:30:16.684068 np0000006746 devstack@neutron-api.service[87654]: 'PortForwarding': {'1.3'},
Aug 07 18:30:16.684068 np0000006746 devstack@neutron-api.service[87654]: 'QosPolicy': {'1.10'},
Aug 07 18:30:16.684068 np0000006746 devstack@neutron-api.service[87654]: 'SecurityGroup': {'1.6'},
Aug 07 18:30:16.684068 np0000006746 devstack@neutron-api.service[87654]: 'SecurityGroupRule': {'1.3'},
Aug 07 18:30:16.684068 np0000006746 devstack@neutron-api.service[87654]: 'SubPort': {'1.0'},
Aug 07 18:30:16.684068 np0000006746 devstack@neutron-api.service[87654]: 'Subnet': {'1.2'},
Aug 07 18:30:16.684068 np0000006746 devstack@neutron-api.service[87654]: 'Trunk': {'1.1'}}
Aug 07 18:30:16.684068 np0000006746 devstack@neutron-api.service[87654]: consumer versions:
Aug 07 18:30:16.684068 np0000006746 devstack@neutron-api.service[87654]: { OVN Controller Gateway agent@np0000006746: {},
Aug 07 18:30:16.684068 np0000006746 devstack@neutron-api.service[87654]: OVN Neutron agent@np0000006746: {}}
Aug 07 18:30:16.684068 np0000006746 devstack@neutron-api.service[87654]: {{(pid=87654) report /opt/stack/neutron/neutron/api/rpc/callbacks/version_manager.py:183}}
Aug 07 18:30:16.694086 np0000006746 devstack@neutron-api.service[87654]: INFO neutron.plugins.ml2.drivers.ovn.mech_driver.ovsdb.extensions.qos [None req-28009245-7c21-46c1-abf4-14338c845a20 admin admin] Starting OVNClientQosExtension
Aug 07 18:30:16.694200 np0000006746 devstack@neutron-api.service[87654]: INFO neutron.plugins.ml2.drivers.ovn.mech_driver.ovsdb.extensions.placement [None req-28009245-7c21-46c1-abf4-14338c845a20 admin admin] Starting OVNClientPlacementExtension
Aug 07 18:30:16.699264 np0000006746 devstack@neutron-api.service[87654]: DEBUG ovsdbapp.backend.ovs_idl.transaction [-] Running txn n=1 command(idx=0): AddNetworkCommand(_result=None, network_uuid=a7d892c4-4c61-4e88-971e-0065ba2e6ad8, may_exist=True, columns={'external_ids': {'neutron:network_name': 'public', 'neutron:mtu': '1430', 'neutron:revision_number': '1', 'neutron:availability_zone_hints': '', 'neutron:provnet-network-type': 'flat', 'neutron:provnet-physical-network': 'public'}, 'other_config': {'mcast_snoop': 'false', 'mcast_flood_unregistered': 'false', 'vlan-passthru': 'false', 'fdb_age_threshold': '300', 'broadcast-arps-to-all-routers': 'true'}}) {{(pid=87654) do_commit /opt/stack/data/venv/lib/python3.12/site-packages/ovsdbapp/backend/ovs_idl/transaction.py:89}}
Aug 07 18:30:16.699615 np0000006746 devstack@neutron-api.service[87654]: DEBUG neutron.common.ovn.utils [-] OVS persist_uuid supported=True {{(pid=87654) ovs_persist_uuid_supported /opt/stack/neutron/neutron/common/ovn/utils.py:1565}}
Aug 07 18:30:16.699983 np0000006746 devstack@neutron-api.service[87654]: DEBUG ovsdbapp.backend.ovs_idl.transaction [-] Running txn n=1 command(idx=1): AddLSwitchPortCommand(_result=None, lport=provnet-4c2a895b-5ffd-45b3-8823-800309fb963a, lswitch=neutron-a7d892c4-4c61-4e88-971e-0065ba2e6ad8, may_exist=True, network_uuid=a7d892c4-4c61-4e88-971e-0065ba2e6ad8, columns={'addresses': ['unknown'], 'external_ids': {'neutron:provnet-physical-network': 'public'}, 'type': 'localnet', 'tag_request': [], 'options': {'network_name': 'public', 'mcast_flood_reports': 'true', 'mcast_flood': 'false', 'localnet_learn_fdb': 'false'}}) {{(pid=87654) do_commit /opt/stack/data/venv/lib/python3.12/site-packages/ovsdbapp/backend/ovs_idl/transaction.py:89}}
Aug 07 18:30:16.713843 np0000006746 devstack@neutron-api.service[87655]: DEBUG neutron.plugins.ml2.drivers.ovn.mech_driver.ovsdb.ovsdb_monitor [-] Hash Ring: Node ab2313126cdf5f9192063ab7f3e242a5 (host: np0000006746) handling event "create" for row a7d892c4-4c61-4e88-971e-0065ba2e6ad8 (table: Logical_Switch) {{(pid=87655) notify /opt/stack/neutron/neutron/plugins/ml2/drivers/ovn/mech_driver/ovsdb/ovsdb_monitor.py:1099}}
Aug 07 18:30:16.713965 np0000006746 devstack@neutron-api.service[87653]: DEBUG neutron.plugins.ml2.drivers.ovn.mech_driver.ovsdb.ovsdb_monitor [-] Hash Ring: Node a93546b59b935b1c975468c865bb1462 (host: np0000006746) handling event "create" for row 1654d093-2aff-4a32-a56e-6adc185fe7d7 (table: Logical_Switch_Port) {{(pid=87653) notify /opt/stack/neutron/neutron/plugins/ml2/drivers/ovn/mech_driver/ovsdb/ovsdb_monitor.py:1099}}
Aug 07 18:30:16.714448 np0000006746 devstack@neutron-api.service[87655]: DEBUG neutron.plugins.ml2.drivers.ovn.mech_driver.ovsdb.ovsdb_monitor [-] Hash Ring: Node ab2313126cdf5f9192063ab7f3e242a5 (host: np0000006746) handling event "create" for row 1654d093-2aff-4a32-a56e-6adc185fe7d7 (table: Logical_Switch_Port) {{(pid=87655) notify /opt/stack/neutron/neutron/plugins/ml2/drivers/ovn/mech_driver/ovsdb/ovsdb_monitor.py:1099}}
Aug 07 18:30:16.714577 np0000006746 devstack@neutron-api.service[87653]: DEBUG neutron.plugins.ml2.drivers.ovn.mech_driver.ovsdb.ovsdb_monitor [-] Hash Ring: Node a93546b59b935b1c975468c865bb1462 (host: np0000006746) handling event "update" for row 1654d093-2aff-4a32-a56e-6adc185fe7d7 (table: Logical_Switch_Port) {{(pid=87653) notify /opt/stack/neutron/neutron/plugins/ml2/drivers/ovn/mech_driver/ovsdb/ovsdb_monitor.py:1099}}
Aug 07 18:30:16.715114 np0000006746 devstack@neutron-api.service[87655]: DEBUG neutron.plugins.ml2.drivers.ovn.mech_driver.ovsdb.ovsdb_monitor [-] Hash Ring: Node ab2313126cdf5f9192063ab7f3e242a5 (host: np0000006746) handling event "update" for row 1654d093-2aff-4a32-a56e-6adc185fe7d7 (table: Logical_Switch_Port) {{(pid=87655) notify /opt/stack/neutron/neutron/plugins/ml2/drivers/ovn/mech_driver/ovsdb/ovsdb_monitor.py:1099}}
Aug 07 18:30:16.720715 np0000006746 devstack@neutron-api.service[87655]: DEBUG neutron.plugins.ml2.drivers.ovn.mech_driver.ovsdb.ovsdb_monitor [-] Hash Ring: Node ab2313126cdf5f9192063ab7f3e242a5 (host: np0000006746) handling event "create" for row 7ea6ceca-4fb9-4b63-980c-1d55349b4611 (table: Datapath_Binding) {{(pid=87655) notify /opt/stack/neutron/neutron/plugins/ml2/drivers/ovn/mech_driver/ovsdb/ovsdb_monitor.py:1099}}
Aug 07 18:30:16.720879 np0000006746 devstack@neutron-api.service[87655]: DEBUG neutron.plugins.ml2.drivers.ovn.mech_driver.ovsdb.ovsdb_monitor [-] Hash Ring: Node ab2313126cdf5f9192063ab7f3e242a5 (host: np0000006746) handling event "create" for row 463e27ad-c397-42a1-a442-49a86a3bedca (table: Port_Binding) {{(pid=87655) notify /opt/stack/neutron/neutron/plugins/ml2/drivers/ovn/mech_driver/ovsdb/ovsdb_monitor.py:1099}}
Aug 07 18:30:16.740984 np0000006746 devstack@neutron-api.service[87654]: INFO neutron.db.ovn_revision_numbers_db [None req-28009245-7c21-46c1-abf4-14338c845a20 admin admin] Successfully bumped revision number for resource a7d892c4-4c61-4e88-971e-0065ba2e6ad8 (type: networks) to 1
Aug 07 18:30:16.786466 np0000006746 devstack@neutron-api.service[87654]: DEBUG neutron_lib.callbacks.manager [None req-28009245-7c21-46c1-abf4-14338c845a20 admin admin] Publish callbacks ['neutron.plugins.ml2.plugin.SecurityGroupDbMixin._ensure_default_security_group_handler-111155'] for port (None), before_create {{(pid=87654) _notify_loop /opt/stack/data/venv/lib/python3.12/site-packages/neutron_lib/callbacks/manager.py:184}}
Aug 07 18:30:16.865711 np0000006746 devstack@neutron-api.service[87654]: DEBUG neutron_lib.callbacks.manager [None req-28009245-7c21-46c1-abf4-14338c845a20 admin admin] Publish callbacks ['neutron.plugins.ml2.drivers.ovn.mech_driver.mech_driver.OVNMechanismDriver._validate_allowed_address_pairs-4125976'] for allowed_address_pair (aca74001-3cce-425c-91e1-3bcd7c60e165), before_create {{(pid=87654) _notify_loop /opt/stack/data/venv/lib/python3.12/site-packages/neutron_lib/callbacks/manager.py:184}}
Aug 07 18:30:16.866149 np0000006746 devstack@neutron-api.service[87654]: DEBUG neutron_lib.callbacks.manager [None req-28009245-7c21-46c1-abf4-14338c845a20 admin admin] Publish callbacks [] for port (aca74001-3cce-425c-91e1-3bcd7c60e165), precommit_create {{(pid=87654) _notify_loop /opt/stack/data/venv/lib/python3.12/site-packages/neutron_lib/callbacks/manager.py:184}}
Aug 07 18:30:16.866349 np0000006746 devstack@neutron-api.service[87654]: DEBUG neutron.plugins.ml2.drivers.ovn.mech_driver.mech_driver [None req-28009245-7c21-46c1-abf4-14338c845a20 admin admin] No provisioning block for port aca74001-3cce-425c-91e1-3bcd7c60e165 since it does not have a host {{(pid=87654) _is_port_provisioning_required /opt/stack/neutron/neutron/plugins/ml2/drivers/ovn/mech_driver/mech_driver.py:899}}
Aug 07 18:30:16.866457 np0000006746 devstack@neutron-api.service[87654]: DEBUG neutron.db.ovn_revision_numbers_db [None req-28009245-7c21-46c1-abf4-14338c845a20 admin admin] create_initial_revision uuid=aca74001-3cce-425c-91e1-3bcd7c60e165, type=ports, rev=-1 {{(pid=87654) create_initial_revision /opt/stack/neutron/neutron/db/ovn_revision_numbers_db.py:98}}
Aug 07 18:30:17.095447 np0000006746 devstack@neutron-api.service[87654]: DEBUG neutron_lib.callbacks.manager [None req-28009245-7c21-46c1-abf4-14338c845a20 admin admin] Publish callbacks ['neutron.plugins.ml2.ovo_rpc._ObjectChangeHandler.handle_event-2571479'] for port (aca74001-3cce-425c-91e1-3bcd7c60e165), after_create {{(pid=87654) _notify_loop /opt/stack/data/venv/lib/python3.12/site-packages/neutron_lib/callbacks/manager.py:184}}
Aug 07 18:30:17.145212 np0000006746 devstack@neutron-api.service[87654]: DEBUG neutron.api.rpc.handlers.resources_rpc [None req-28009245-7c21-46c1-abf4-14338c845a20 admin admin] Pushing event updated for resources: {'Port': ['ID=aca74001-3cce-425c-91e1-3bcd7c60e165,revision_number=1']} {{(pid=87654) push /opt/stack/neutron/neutron/api/rpc/handlers/resources_rpc.py:237}}
Aug 07 18:30:17.173284 np0000006746 devstack@neutron-api.service[87654]: DEBUG neutron.plugins.ml2.drivers.ovn.mech_driver.ovsdb.commands [None req-28009245-7c21-46c1-abf4-14338c845a20 admin admin] Converting tag [] to a tag_request {{(pid=87654) _tag_column_to_tag_request /opt/stack/neutron/neutron/plugins/ml2/drivers/ovn/mech_driver/ovsdb/commands.py:227}}
Aug 07 18:30:17.173804 np0000006746 devstack@neutron-api.service[87654]: DEBUG ovsdbapp.backend.ovs_idl.transaction [-] Running txn n=1 command(idx=0): AddLSwitchPortCommand(_result=None, lport=aca74001-3cce-425c-91e1-3bcd7c60e165, lswitch=neutron-a7d892c4-4c61-4e88-971e-0065ba2e6ad8, may_exist=True, network_uuid=a7d892c4-4c61-4e88-971e-0065ba2e6ad8, columns={'addresses': ['fa:16:3e:45:fc:14'], 'external_ids': {'neutron:port_name': '', 'neutron:device_id': 'ovnmeta-a7d892c4-4c61-4e88-971e-0065ba2e6ad8', 'neutron:project_id': '9696374dee2f4619a2a94d422ca14315', 'neutron:cidrs': '', 'neutron:device_owner': 'network:distributed', 'neutron:subnet_pool_addr_scope4': '', 'neutron:subnet_pool_addr_scope6': '', 'neutron:network_name': 'neutron-a7d892c4-4c61-4e88-971e-0065ba2e6ad8', 'neutron:security_group_ids': '', 'neutron:revision_number': '1', 'neutron:vnic_type': 'normal', 'neutron:port_capabilities': '', 'neutron:mtu': '1430'}, 'parent_name': [], 'enabled': True, 'options': {}, 'type': 'localport', 'port_security': [], 'dhcpv4_options': [], 'dhcpv6_options': [], 'tag_request': []}) {{(pid=87654) do_commit /opt/stack/data/venv/lib/python3.12/site-packages/ovsdbapp/backend/ovs_idl/transaction.py:89}}
Aug 07 18:30:17.174187 np0000006746 devstack@neutron-api.service[87654]: DEBUG ovsdbapp.backend.ovs_idl.transaction [-] Running txn n=1 command(idx=1): QoSDelCommand(_result=None, switch=neutron-a7d892c4-4c61-4e88-971e-0065ba2e6ad8, conditions=[('direction', '=', 'to-lport'), ('priority', '=', 2002), ('match', '=', 'outport == "aca74001-3cce-425c-91e1-3bcd7c60e165"')], if_exists=True) {{(pid=87654) do_commit /opt/stack/data/venv/lib/python3.12/site-packages/ovsdbapp/backend/ovs_idl/transaction.py:89}}
Aug 07 18:30:17.174337 np0000006746 devstack@neutron-api.service[87654]: DEBUG ovsdbapp.backend.ovs_idl.transaction [-] Running txn n=1 command(idx=2): QoSDelCommand(_result=None, switch=neutron-a7d892c4-4c61-4e88-971e-0065ba2e6ad8, conditions=[('direction', '=', 'from-lport'), ('priority', '=', 2002), ('match', '=', 'inport == "aca74001-3cce-425c-91e1-3bcd7c60e165"')], if_exists=True) {{(pid=87654) do_commit /opt/stack/data/venv/lib/python3.12/site-packages/ovsdbapp/backend/ovs_idl/transaction.py:89}}
Aug 07 18:30:17.174507 np0000006746 devstack@neutron-api.service[87654]: DEBUG ovsdbapp.backend.ovs_idl.transaction [-] Running txn n=1 command(idx=3): UpdateLSwitchPortQosOptionsCommand(_result=None, lport=AddLSwitchPortCommand(_result=b92b1002-3e7b-4843-9be1-a7d473b6b7aa, lport=aca74001-3cce-425c-91e1-3bcd7c60e165, lswitch=neutron-a7d892c4-4c61-4e88-971e-0065ba2e6ad8, may_exist=True, network_uuid=a7d892c4-4c61-4e88-971e-0065ba2e6ad8, columns={'addresses': ['fa:16:3e:45:fc:14'], 'external_ids': {'neutron:port_name': '', 'neutron:device_id': 'ovnmeta-a7d892c4-4c61-4e88-971e-0065ba2e6ad8', 'neutron:project_id': '9696374dee2f4619a2a94d422ca14315', 'neutron:cidrs': '', 'neutron:device_owner': 'network:distributed', 'neutron:subnet_pool_addr_scope4': '', 'neutron:subnet_pool_addr_scope6': '', 'neutron:network_name': 'neutron-a7d892c4-4c61-4e88-971e-0065ba2e6ad8', 'neutron:security_group_ids': '', 'neutron:revision_number': '1', 'neutron:vnic_type': 'normal', 'neutron:port_capabilities': '', 'neutron:mtu': '1430'}, 'parent_name': [], 'enabled': True, 'options': {}, 'type': 'localport', 'port_security': [], 'tag_request': []}), if_exists=True, qos={'qos_max_rate': None, 'qos_burst': None, 'qos_min_rate': None}) {{(pid=87654) do_commit /opt/stack/data/venv/lib/python3.12/site-packages/ovsdbapp/backend/ovs_idl/transaction.py:89}}
Aug 07 18:30:17.176963 np0000006746 devstack@neutron-api.service[87654]: DEBUG neutron.plugins.ml2.drivers.ovn.mech_driver.ovsdb.ovsdb_monitor [-] Hash Ring: Node 4fec10234bc15ebf8e0487fd26bb750c (host: np0000006746) handling event "create" for row 5e44a67f-b8ff-42ea-8fda-e3e02ce7144e (table: Logical_Switch_Port) {{(pid=87654) notify /opt/stack/neutron/neutron/plugins/ml2/drivers/ovn/mech_driver/ovsdb/ovsdb_monitor.py:1099}}
Aug 07 18:30:17.177480 np0000006746 devstack@neutron-api.service[87655]: DEBUG neutron.plugins.ml2.drivers.ovn.mech_driver.ovsdb.ovsdb_monitor [-] Hash Ring: Node ab2313126cdf5f9192063ab7f3e242a5 (host: np0000006746) handling event "update" for row a7d892c4-4c61-4e88-971e-0065ba2e6ad8 (table: Logical_Switch) {{(pid=87655) notify /opt/stack/neutron/neutron/plugins/ml2/drivers/ovn/mech_driver/ovsdb/ovsdb_monitor.py:1099}}
Aug 07 18:30:17.177935 np0000006746 devstack@neutron-api.service[87655]: DEBUG neutron.plugins.ml2.drivers.ovn.mech_driver.ovsdb.ovsdb_monitor [-] Hash Ring: Node ab2313126cdf5f9192063ab7f3e242a5 (host: np0000006746) handling event "create" for row 5e44a67f-b8ff-42ea-8fda-e3e02ce7144e (table: Logical_Switch_Port) {{(pid=87655) notify /opt/stack/neutron/neutron/plugins/ml2/drivers/ovn/mech_driver/ovsdb/ovsdb_monitor.py:1099}}
Aug 07 18:30:17.178019 np0000006746 devstack@neutron-api.service[87654]: DEBUG ovsdbapp.backend.ovs_idl.event [-] Matched CREATE: LogicalSwitchPortCreateEvent(events=('create',), table='Logical_Switch_Port', conditions=[], old_conditions=None), priority=20 to row=Logical_Switch_Port(uuid=5e44a67f-b8ff-42ea-8fda-e3e02ce7144e, addresses=['fa:16:3e:45:fc:14'], dhcpv4_options=[], dhcpv6_options=[], dynamic_addresses=[], enabled=True, external_ids={'neutron:cidrs': '', 'neutron:device_id': 'ovnmeta-a7d892c4-4c61-4e88-971e-0065ba2e6ad8', 'neutron:device_owner': 'network:distributed', 'neutron:mtu': '1430', 'neutron:network_name': 'neutron-a7d892c4-4c61-4e88-971e-0065ba2e6ad8', 'neutron:port_capabilities': '', 'neutron:port_name': '', 'neutron:project_id': '9696374dee2f4619a2a94d422ca14315', 'neutron:revision_number': '1', 'neutron:security_group_ids': '', 'neutron:subnet_pool_addr_scope4': '', 'neutron:subnet_pool_addr_scope6': '', 'neutron:vnic_type': 'normal'}, ha_chassis_group=[], mirror_rules=[], name='aca74001-3cce-425c-91e1-3bcd7c60e165', options={}, parent_name=[], port_security=[], tag=[], tag_request=[], type='localport', up=[]) old= {{(pid=87654) matches /opt/stack/data/venv/lib/python3.12/site-packages/ovsdbapp/backend/ovs_idl/event.py:55}}
Aug 07 18:30:17.178663 np0000006746 devstack@neutron-api.service[87655]: DEBUG ovsdbapp.backend.ovs_idl.event [-] Matched CREATE: LogicalSwitchPortCreateEvent(events=('create',), table='Logical_Switch_Port', conditions=[], old_conditions=None), priority=20 to row=Logical_Switch_Port(uuid=5e44a67f-b8ff-42ea-8fda-e3e02ce7144e, addresses=['fa:16:3e:45:fc:14'], dhcpv4_options=[], dhcpv6_options=[], dynamic_addresses=[], enabled=True, external_ids={'neutron:cidrs': '', 'neutron:device_id': 'ovnmeta-a7d892c4-4c61-4e88-971e-0065ba2e6ad8', 'neutron:device_owner': 'network:distributed', 'neutron:mtu': '1430', 'neutron:network_name': 'neutron-a7d892c4-4c61-4e88-971e-0065ba2e6ad8', 'neutron:port_capabilities': '', 'neutron:port_name': '', 'neutron:project_id': '9696374dee2f4619a2a94d422ca14315', 'neutron:revision_number': '1', 'neutron:security_group_ids': '', 'neutron:subnet_pool_addr_scope4': '', 'neutron:subnet_pool_addr_scope6': '', 'neutron:vnic_type': 'normal'}, ha_chassis_group=[], mirror_rules=[], name='aca74001-3cce-425c-91e1-3bcd7c60e165', options={}, parent_name=[], port_security=[], tag=[], tag_request=[], type='localport', up=[]) old= {{(pid=87655) matches /opt/stack/data/venv/lib/python3.12/site-packages/ovsdbapp/backend/ovs_idl/event.py:55}}
Aug 07 18:30:17.178823 np0000006746 devstack@neutron-api.service[87654]: DEBUG neutron.plugins.ml2.drivers.ovn.mech_driver.ovsdb.ovsdb_monitor [-] Hash Ring: Node 4fec10234bc15ebf8e0487fd26bb750c (host: np0000006746) handling event "update" for row 5e44a67f-b8ff-42ea-8fda-e3e02ce7144e (table: Logical_Switch_Port) {{(pid=87654) notify /opt/stack/neutron/neutron/plugins/ml2/drivers/ovn/mech_driver/ovsdb/ovsdb_monitor.py:1099}}
Aug 07 18:30:17.179538 np0000006746 devstack@neutron-api.service[87654]: INFO neutron.plugins.ml2.drivers.ovn.mech_driver.mech_driver [-] OVN reports status down for port: aca74001-3cce-425c-91e1-3bcd7c60e165
Aug 07 18:30:17.180458 np0000006746 devstack@neutron-api.service[87655]: DEBUG neutron.plugins.ml2.drivers.ovn.mech_driver.ovsdb.ovsdb_monitor [-] Hash Ring: Node ab2313126cdf5f9192063ab7f3e242a5 (host: np0000006746) handling event "update" for row 5e44a67f-b8ff-42ea-8fda-e3e02ce7144e (table: Logical_Switch_Port) {{(pid=87655) notify /opt/stack/neutron/neutron/plugins/ml2/drivers/ovn/mech_driver/ovsdb/ovsdb_monitor.py:1099}}
Aug 07 18:30:17.183581 np0000006746 devstack@neutron-api.service[87655]: INFO neutron.plugins.ml2.drivers.ovn.mech_driver.mech_driver [None req-d0f3c3ce-c035-4046-8b8b-311f3dc8cced None None] OVN reports status down for port: aca74001-3cce-425c-91e1-3bcd7c60e165
Aug 07 18:30:17.184929 np0000006746 devstack@neutron-api.service[87655]: DEBUG neutron.plugins.ml2.drivers.ovn.mech_driver.ovsdb.ovsdb_monitor [-] Hash Ring: Node ab2313126cdf5f9192063ab7f3e242a5 (host: np0000006746) handling event "create" for row ab0b286e-2aa3-41b4-b831-0a063425f037 (table: Port_Binding) {{(pid=87655) notify /opt/stack/neutron/neutron/plugins/ml2/drivers/ovn/mech_driver/ovsdb/ovsdb_monitor.py:1099}}
Aug 07 18:30:17.201298 np0000006746 devstack@neutron-api.service[87655]: DEBUG neutron.db.provisioning_blocks [None req-d0f3c3ce-c035-4046-8b8b-311f3dc8cced None None] Transition to ACTIVE for port object aca74001-3cce-425c-91e1-3bcd7c60e165 will not be triggered until provisioned by entity L2. {{(pid=87655) add_provisioning_component /opt/stack/neutron/neutron/db/provisioning_blocks.py:74}}
Aug 07 18:30:17.218869 np0000006746 devstack@neutron-api.service[87655]: DEBUG neutron.plugins.ml2.plugin [None req-d0f3c3ce-c035-4046-8b8b-311f3dc8cced None None] Current status of the port aca74001-3cce-425c-91e1-3bcd7c60e165 is: DOWN; New status is: DOWN {{(pid=87655) _update_individual_port_db_status /opt/stack/neutron/neutron/plugins/ml2/plugin.py:2473}}
Aug 07 18:30:17.219931 np0000006746 devstack@neutron-api.service[87655]: DEBUG ovsdbapp.backend.ovs_idl.transaction [-] Running txn n=1 command(idx=0): DbRemoveCommand(_result=None, table=Logical_Switch_Port, record=aca74001-3cce-425c-91e1-3bcd7c60e165, column=external_ids, values=('neutron:host_id',), keyvalues={}, if_exists=True) {{(pid=87655) do_commit /opt/stack/data/venv/lib/python3.12/site-packages/ovsdbapp/backend/ovs_idl/transaction.py:89}}
Aug 07 18:30:17.222469 np0000006746 devstack@neutron-api.service[87654]: INFO neutron.db.ovn_revision_numbers_db [None req-28009245-7c21-46c1-abf4-14338c845a20 admin admin] Successfully bumped revision number for resource aca74001-3cce-425c-91e1-3bcd7c60e165 (type: ports) to 1
Aug 07 18:30:17.253421 np0000006746 devstack@neutron-api.service[87654]: DEBUG neutron.pecan_wsgi.hooks.policy_enforcement [None req-28009245-7c21-46c1-abf4-14338c845a20 admin admin] Attributes excluded by policy engine: ['standard_attr_id'] {{(pid=87654) _exclude_attributes_by_policy /opt/stack/neutron/neutron/pecan_wsgi/hooks/policy_enforcement.py:259}}
Aug 07 18:30:17.259126 np0000006746 devstack@neutron-api.service[87654]: DEBUG neutron_lib.callbacks.manager [None req-28009245-7c21-46c1-abf4-14338c845a20 admin admin] Publish callbacks [] for network (None), before_response {{(pid=87654) _notify_loop /opt/stack/data/venv/lib/python3.12/site-packages/neutron_lib/callbacks/manager.py:184}}
Aug 07 18:30:17.277397 np0000006746 devstack@neutron-api.service[87654]: [pid: 87654|app: 0|req: 5/16] 10.4.3.36 () {68 vars in 1320 bytes} [Fri Aug 7 18:30:16 2026] POST /networking/v2.0/networks => generated 679 bytes in 777 msecs (HTTP/1.1 201) 4 headers in 162 bytes (1 switches on core 0)
Aug 07 18:30:17.281870 np0000006746 devstack@neutron-api.service[87654]: DEBUG neutron.db.provisioning_blocks [None req-d90a74da-f656-46d7-83db-6df2995ce2a1 None None] Ignored duplicate provisioning block setup for port aca74001-3cce-425c-91e1-3bcd7c60e165 by entity L2. {{(pid=87654) add_provisioning_component /opt/stack/neutron/neutron/db/provisioning_blocks.py:69}}
Aug 07 18:30:17.312283 np0000006746 devstack@neutron-api.service[87654]: DEBUG neutron.plugins.ml2.plugin [None req-d90a74da-f656-46d7-83db-6df2995ce2a1 None None] Current status of the port aca74001-3cce-425c-91e1-3bcd7c60e165 is: DOWN; New status is: DOWN {{(pid=87654) _update_individual_port_db_status /opt/stack/neutron/neutron/plugins/ml2/plugin.py:2473}}
Aug 07 18:30:17.313681 np0000006746 devstack@neutron-api.service[87654]: DEBUG ovsdbapp.backend.ovs_idl.transaction [-] Running txn n=1 command(idx=0): DbRemoveCommand(_result=None, table=Logical_Switch_Port, record=aca74001-3cce-425c-91e1-3bcd7c60e165, column=external_ids, values=('neutron:host_id',), keyvalues={}, if_exists=True) {{(pid=87654) do_commit /opt/stack/data/venv/lib/python3.12/site-packages/ovsdbapp/backend/ovs_idl/transaction.py:89}}
Aug 07 18:30:17.501037 np0000006746 devstack@neutron-api.service[87655]: DEBUG neutron.pecan_wsgi.hooks.policy_enforcement [None req-22cff1eb-33a3-4951-a1b3-61f8a629185b admin admin] Attributes excluded by policy engine: ['standard_attr_id', 'shared'] {{(pid=87655) _exclude_attributes_by_policy /opt/stack/neutron/neutron/pecan_wsgi/hooks/policy_enforcement.py:259}}
Aug 07 18:30:17.502005 np0000006746 devstack@neutron-api.service[87655]: [pid: 87655|app: 0|req: 7/17] 10.4.3.36 () {64 vars in 1374 bytes} [Fri Aug 7 18:30:17 2026] GET /networking/v2.0/subnets/4a394f7e-ed7f-49e9-aa6e-5160a1aac28b => generated 666 bytes in 18 msecs (HTTP/1.1 200) 4 headers in 157 bytes (1 switches on core 0)
Aug 07 18:30:17.511259 np0000006746 devstack@neutron-api.service[87653]: DEBUG neutron.api.wsgi [None req-26b2b2a4-72d8-4a17-ba46-1c0c1daf007d admin admin] Missing Content-Type {{(pid=87653) get_content_type /opt/stack/neutron/neutron/api/wsgi.py:80}}
Aug 07 18:30:17.763757 np0000006746 devstack@neutron-api.service[87653]: [pid: 87653|app: 0|req: 6/18] 10.4.3.36 () {64 vars in 1374 bytes} [Fri Aug 7 18:30:17 2026] GET /networking/v2.0/routers/827fd2f5-ae96-45a7-b20e-292ba8815dfd => generated 599 bytes in 254 msecs (HTTP/1.1 200) 4 headers in 157 bytes (1 switches on core 0)
Aug 07 18:30:17.886677 np0000006746 devstack@neutron-api.service[87654]: DEBUG neutron_lib.callbacks.manager [None req-7a8cb08a-26ce-4703-89e3-13fb4ef412bc admin admin] Publish callbacks ['neutron.plugins.ml2.plugin.SecurityGroupDbMixin._ensure_default_security_group_handler-111155'] for port (None), before_create {{(pid=87654) _notify_loop /opt/stack/data/venv/lib/python3.12/site-packages/neutron_lib/callbacks/manager.py:184}}
Aug 07 18:30:17.974863 np0000006746 devstack@neutron-api.service[87654]: DEBUG neutron.db.db_base_plugin_common [None req-7a8cb08a-26ce-4703-89e3-13fb4ef412bc admin admin] Allocated IP 10.1.0.1 (decf7bfb-0f1a-426e-8b93-431bc47e92e0/4a394f7e-ed7f-49e9-aa6e-5160a1aac28b/93607422-ef03-42ce-855b-01151dace99f) {{(pid=87654) _store_ip_allocation /opt/stack/neutron/neutron/db/db_base_plugin_common.py:131}}
Aug 07 18:30:18.026543 np0000006746 devstack@neutron-api.service[87654]: DEBUG neutron_lib.callbacks.manager [None req-7a8cb08a-26ce-4703-89e3-13fb4ef412bc admin admin] Publish callbacks ['neutron.plugins.ml2.drivers.ovn.mech_driver.mech_driver.OVNMechanismDriver._validate_allowed_address_pairs-4125976'] for allowed_address_pair (93607422-ef03-42ce-855b-01151dace99f), before_create {{(pid=87654) _notify_loop /opt/stack/data/venv/lib/python3.12/site-packages/neutron_lib/callbacks/manager.py:184}}
Aug 07 18:30:18.026950 np0000006746 devstack@neutron-api.service[87654]: DEBUG neutron_lib.callbacks.manager [None req-7a8cb08a-26ce-4703-89e3-13fb4ef412bc admin admin] Publish callbacks [] for port (93607422-ef03-42ce-855b-01151dace99f), precommit_create {{(pid=87654) _notify_loop /opt/stack/data/venv/lib/python3.12/site-packages/neutron_lib/callbacks/manager.py:184}}
Aug 07 18:30:18.027111 np0000006746 devstack@neutron-api.service[87654]: DEBUG neutron.plugins.ml2.drivers.ovn.mech_driver.mech_driver [None req-7a8cb08a-26ce-4703-89e3-13fb4ef412bc admin admin] No provisioning block for port 93607422-ef03-42ce-855b-01151dace99f since it does not have a host {{(pid=87654) _is_port_provisioning_required /opt/stack/neutron/neutron/plugins/ml2/drivers/ovn/mech_driver/mech_driver.py:899}}
Aug 07 18:30:18.027216 np0000006746 devstack@neutron-api.service[87654]: DEBUG neutron.db.ovn_revision_numbers_db [None req-7a8cb08a-26ce-4703-89e3-13fb4ef412bc admin admin] create_initial_revision uuid=93607422-ef03-42ce-855b-01151dace99f, type=ports, rev=-1 {{(pid=87654) create_initial_revision /opt/stack/neutron/neutron/db/ovn_revision_numbers_db.py:98}}
Aug 07 18:30:18.089138 np0000006746 devstack@neutron-api.service[87654]: DEBUG neutron.db.ovn_revision_numbers_db [None req-7a8cb08a-26ce-4703-89e3-13fb4ef412bc admin admin] create_initial_revision uuid=93607422-ef03-42ce-855b-01151dace99f, type=router_ports, rev=-1 {{(pid=87654) create_initial_revision /opt/stack/neutron/neutron/db/ovn_revision_numbers_db.py:98}}
Aug 07 18:30:18.111052 np0000006746 devstack@neutron-api.service[87654]: DEBUG neutron_lib.callbacks.manager [None req-7a8cb08a-26ce-4703-89e3-13fb4ef412bc admin admin] Publish callbacks ['neutron.plugins.ml2.ovo_rpc._ObjectChangeHandler.handle_event-2571479'] for port (93607422-ef03-42ce-855b-01151dace99f), after_create {{(pid=87654) _notify_loop /opt/stack/data/venv/lib/python3.12/site-packages/neutron_lib/callbacks/manager.py:184}}
Aug 07 18:30:18.131637 np0000006746 devstack@neutron-api.service[87654]: DEBUG neutron.api.rpc.handlers.resources_rpc [None req-7a8cb08a-26ce-4703-89e3-13fb4ef412bc admin admin] Pushing event updated for resources: {'Port': ['ID=93607422-ef03-42ce-855b-01151dace99f,revision_number=1']} {{(pid=87654) push /opt/stack/neutron/neutron/api/rpc/handlers/resources_rpc.py:237}}
Aug 07 18:30:18.183843 np0000006746 devstack@neutron-api.service[87654]: DEBUG neutron.plugins.ml2.drivers.ovn.mech_driver.ovsdb.commands [None req-7a8cb08a-26ce-4703-89e3-13fb4ef412bc admin admin] Converting tag [] to a tag_request {{(pid=87654) _tag_column_to_tag_request /opt/stack/neutron/neutron/plugins/ml2/drivers/ovn/mech_driver/ovsdb/commands.py:227}}
Aug 07 18:30:18.184542 np0000006746 devstack@neutron-api.service[87654]: DEBUG ovsdbapp.backend.ovs_idl.transaction [-] Running txn n=1 command(idx=0): AddLSwitchPortCommand(_result=None, lport=93607422-ef03-42ce-855b-01151dace99f, lswitch=neutron-decf7bfb-0f1a-426e-8b93-431bc47e92e0, may_exist=True, network_uuid=decf7bfb-0f1a-426e-8b93-431bc47e92e0, columns={'addresses': ['unknown'], 'external_ids': {'neutron:port_name': '', 'neutron:device_id': '827fd2f5-ae96-45a7-b20e-292ba8815dfd', 'neutron:project_id': '9696374dee2f4619a2a94d422ca14315', 'neutron:cidrs': '10.1.0.1/26', 'neutron:device_owner': 'network:router_interface', 'neutron:subnet_pool_addr_scope4': '', 'neutron:subnet_pool_addr_scope6': '', 'neutron:network_name': 'neutron-decf7bfb-0f1a-426e-8b93-431bc47e92e0', 'neutron:security_group_ids': '', 'neutron:revision_number': '1', 'neutron:vnic_type': 'normal', 'neutron:port_capabilities': '', 'neutron:mtu': ''}, 'parent_name': [], 'enabled': True, 'options': {}, 'type': '', 'port_security': [], 'dhcpv4_options': [], 'dhcpv6_options': [], 'tag_request': []}) {{(pid=87654) do_commit /opt/stack/data/venv/lib/python3.12/site-packages/ovsdbapp/backend/ovs_idl/transaction.py:89}}
Aug 07 18:30:18.185052 np0000006746 devstack@neutron-api.service[87654]: DEBUG ovsdbapp.backend.ovs_idl.transaction [-] Running txn n=1 command(idx=1): QoSDelCommand(_result=None, switch=neutron-decf7bfb-0f1a-426e-8b93-431bc47e92e0, conditions=[('direction', '=', 'to-lport'), ('priority', '=', 2002), ('match', '=', 'outport == "93607422-ef03-42ce-855b-01151dace99f"')], if_exists=True) {{(pid=87654) do_commit /opt/stack/data/venv/lib/python3.12/site-packages/ovsdbapp/backend/ovs_idl/transaction.py:89}}
Aug 07 18:30:18.185191 np0000006746 devstack@neutron-api.service[87654]: DEBUG ovsdbapp.backend.ovs_idl.transaction [-] Running txn n=1 command(idx=2): QoSDelCommand(_result=None, switch=neutron-decf7bfb-0f1a-426e-8b93-431bc47e92e0, conditions=[('direction', '=', 'from-lport'), ('priority', '=', 2002), ('match', '=', 'inport == "93607422-ef03-42ce-855b-01151dace99f"')], if_exists=True) {{(pid=87654) do_commit /opt/stack/data/venv/lib/python3.12/site-packages/ovsdbapp/backend/ovs_idl/transaction.py:89}}
Aug 07 18:30:18.187740 np0000006746 devstack@neutron-api.service[87655]: DEBUG neutron.plugins.ml2.drivers.ovn.mech_driver.ovsdb.ovsdb_monitor [-] Hash Ring: Node ab2313126cdf5f9192063ab7f3e242a5 (host: np0000006746) handling event "update" for row decf7bfb-0f1a-426e-8b93-431bc47e92e0 (table: Logical_Switch) {{(pid=87655) notify /opt/stack/neutron/neutron/plugins/ml2/drivers/ovn/mech_driver/ovsdb/ovsdb_monitor.py:1099}}
Aug 07 18:30:18.188194 np0000006746 devstack@neutron-api.service[87655]: DEBUG neutron.plugins.ml2.drivers.ovn.mech_driver.ovsdb.ovsdb_monitor [-] Hash Ring: Node ab2313126cdf5f9192063ab7f3e242a5 (host: np0000006746) handling event "create" for row 2b040ce7-0d03-442b-ac10-4029dced5a83 (table: Logical_Switch_Port) {{(pid=87655) notify /opt/stack/neutron/neutron/plugins/ml2/drivers/ovn/mech_driver/ovsdb/ovsdb_monitor.py:1099}}
Aug 07 18:30:18.188330 np0000006746 devstack@neutron-api.service[87654]: DEBUG neutron.plugins.ml2.drivers.ovn.mech_driver.ovsdb.ovsdb_monitor [-] Hash Ring: Node 4fec10234bc15ebf8e0487fd26bb750c (host: np0000006746) handling event "update" for row decf7bfb-0f1a-426e-8b93-431bc47e92e0 (table: Logical_Switch) {{(pid=87654) notify /opt/stack/neutron/neutron/plugins/ml2/drivers/ovn/mech_driver/ovsdb/ovsdb_monitor.py:1099}}
Aug 07 18:30:18.188842 np0000006746 devstack@neutron-api.service[87655]: DEBUG ovsdbapp.backend.ovs_idl.event [-] Matched CREATE: LogicalSwitchPortCreateEvent(events=('create',), table='Logical_Switch_Port', conditions=[], old_conditions=None), priority=20 to row=Logical_Switch_Port(uuid=2b040ce7-0d03-442b-ac10-4029dced5a83, addresses=['unknown'], dhcpv4_options=[], dhcpv6_options=[], dynamic_addresses=[], enabled=True, external_ids={'neutron:cidrs': '10.1.0.1/26', 'neutron:device_id': '827fd2f5-ae96-45a7-b20e-292ba8815dfd', 'neutron:device_owner': 'network:router_interface', 'neutron:mtu': '', 'neutron:network_name': 'neutron-decf7bfb-0f1a-426e-8b93-431bc47e92e0', 'neutron:port_capabilities': '', 'neutron:port_name': '', 'neutron:project_id': '9696374dee2f4619a2a94d422ca14315', 'neutron:revision_number': '1', 'neutron:security_group_ids': '', 'neutron:subnet_pool_addr_scope4': '', 'neutron:subnet_pool_addr_scope6': '', 'neutron:vnic_type': 'normal'}, ha_chassis_group=[], mirror_rules=[], name='93607422-ef03-42ce-855b-01151dace99f', options={}, parent_name=[], port_security=[], tag=[], tag_request=[], type='', up=[]) old= {{(pid=87655) matches /opt/stack/data/venv/lib/python3.12/site-packages/ovsdbapp/backend/ovs_idl/event.py:55}}
Aug 07 18:30:18.190782 np0000006746 devstack@neutron-api.service[87653]: DEBUG neutron.plugins.ml2.drivers.ovn.mech_driver.ovsdb.ovsdb_monitor [-] Hash Ring: Node a93546b59b935b1c975468c865bb1462 (host: np0000006746) handling event "create" for row 2b040ce7-0d03-442b-ac10-4029dced5a83 (table: Logical_Switch_Port) {{(pid=87653) notify /opt/stack/neutron/neutron/plugins/ml2/drivers/ovn/mech_driver/ovsdb/ovsdb_monitor.py:1099}}
Aug 07 18:30:18.192116 np0000006746 devstack@neutron-api.service[87653]: DEBUG ovsdbapp.backend.ovs_idl.event [-] Matched CREATE: LogicalSwitchPortCreateEvent(events=('create',), table='Logical_Switch_Port', conditions=[], old_conditions=None), priority=20 to row=Logical_Switch_Port(uuid=2b040ce7-0d03-442b-ac10-4029dced5a83, addresses=['unknown'], dhcpv4_options=[], dhcpv6_options=[], dynamic_addresses=[], enabled=True, external_ids={'neutron:cidrs': '10.1.0.1/26', 'neutron:device_id': '827fd2f5-ae96-45a7-b20e-292ba8815dfd', 'neutron:device_owner': 'network:router_interface', 'neutron:mtu': '', 'neutron:network_name': 'neutron-decf7bfb-0f1a-426e-8b93-431bc47e92e0', 'neutron:port_capabilities': '', 'neutron:port_name': '', 'neutron:project_id': '9696374dee2f4619a2a94d422ca14315', 'neutron:revision_number': '1', 'neutron:security_group_ids': '', 'neutron:subnet_pool_addr_scope4': '', 'neutron:subnet_pool_addr_scope6': '', 'neutron:vnic_type': 'normal'}, ha_chassis_group=[], mirror_rules=[], name='93607422-ef03-42ce-855b-01151dace99f', options={}, parent_name=[], port_security=[], tag=[], tag_request=[], type='', up=[]) old= {{(pid=87653) matches /opt/stack/data/venv/lib/python3.12/site-packages/ovsdbapp/backend/ovs_idl/event.py:55}}
Aug 07 18:30:18.193279 np0000006746 devstack@neutron-api.service[87655]: DEBUG neutron.plugins.ml2.drivers.ovn.mech_driver.ovsdb.ovsdb_monitor [-] Hash Ring: Node ab2313126cdf5f9192063ab7f3e242a5 (host: np0000006746) handling event "create" for row 839a3f28-701c-414c-9165-110d86371c8a (table: Port_Binding) {{(pid=87655) notify /opt/stack/neutron/neutron/plugins/ml2/drivers/ovn/mech_driver/ovsdb/ovsdb_monitor.py:1099}}
Aug 07 18:30:18.193911 np0000006746 devstack@neutron-api.service[87655]: INFO neutron.plugins.ml2.drivers.ovn.mech_driver.mech_driver [None req-d0f3c3ce-c035-4046-8b8b-311f3dc8cced None None] OVN reports status down for port: 93607422-ef03-42ce-855b-01151dace99f
Aug 07 18:30:18.193983 np0000006746 devstack@neutron-api.service[87653]: DEBUG neutron.plugins.ml2.drivers.ovn.mech_driver.ovsdb.ovsdb_monitor [-] Hash Ring: Node a93546b59b935b1c975468c865bb1462 (host: np0000006746) handling event "create" for row 839a3f28-701c-414c-9165-110d86371c8a (table: Port_Binding) {{(pid=87653) notify /opt/stack/neutron/neutron/plugins/ml2/drivers/ovn/mech_driver/ovsdb/ovsdb_monitor.py:1099}}
