May 21 11:11:37.099938 np0000001148 devstack@g-api.service[98978]: DEBUG glance.common.config [None req-5f8ad9d5-9368-42b1-b13f-d5a9ef939f2e None None] database.backend = sqlalchemy {{(pid=98978) log_opt_values /opt/stack/data/venv/lib/python3.12/site-packages/oslo_config/cfg.py:3256}}
May 21 11:11:37.099970 np0000001148 devstack@g-api.service[98977]: DEBUG glance.common.config [None req-e4087e89-8b7b-4b57-986e-376dd45c8bd8 None None] database.synchronous_reader = True {{(pid=98977) log_opt_values /opt/stack/data/venv/lib/python3.12/site-packages/oslo_config/cfg.py:3256}}
May 21 11:11:37.100009 np0000001148 devstack@g-api.service[98978]: DEBUG glance.common.config [None req-5f8ad9d5-9368-42b1-b13f-d5a9ef939f2e None None] database.connection = **** {{(pid=98978) log_opt_values /opt/stack/data/venv/lib/python3.12/site-packages/oslo_config/cfg.py:3256}}
May 21 11:11:37.100043 np0000001148 devstack@g-api.service[98977]: DEBUG glance.common.config [None req-e4087e89-8b7b-4b57-986e-376dd45c8bd8 None None] database.use_db_reconnect = False {{(pid=98977) log_opt_values /opt/stack/data/venv/lib/python3.12/site-packages/oslo_config/cfg.py:3256}}
May 21 11:11:37.100075 np0000001148 devstack@g-api.service[98978]: DEBUG glance.common.config [None req-5f8ad9d5-9368-42b1-b13f-d5a9ef939f2e None None] database.connection_debug = 0 {{(pid=98978) log_opt_values /opt/stack/data/venv/lib/python3.12/site-packages/oslo_config/cfg.py:3256}}
May 21 11:11:37.100107 np0000001148 devstack@g-api.service[98977]: DEBUG glance.common.config [None req-e4087e89-8b7b-4b57-986e-376dd45c8bd8 None None] healthcheck.allowed_source_ranges = [] {{(pid=98977) log_opt_values /opt/stack/data/venv/lib/python3.12/site-packages/oslo_config/cfg.py:3256}}
May 21 11:11:37.100140 np0000001148 devstack@g-api.service[98978]: DEBUG glance.common.config [None req-5f8ad9d5-9368-42b1-b13f-d5a9ef939f2e None None] database.connection_parameters = {{(pid=98978) log_opt_values /opt/stack/data/venv/lib/python3.12/site-packages/oslo_config/cfg.py:3256}}
May 21 11:11:37.100186 np0000001148 devstack@g-api.service[98977]: DEBUG glance.common.config [None req-e4087e89-8b7b-4b57-986e-376dd45c8bd8 None None] healthcheck.backends = ['disable_by_file'] {{(pid=98977) log_opt_values /opt/stack/data/venv/lib/python3.12/site-packages/oslo_config/cfg.py:3256}}
May 21 11:11:37.100227 np0000001148 devstack@g-api.service[98978]: DEBUG glance.common.config [None req-5f8ad9d5-9368-42b1-b13f-d5a9ef939f2e None None] database.connection_recycle_time = 3600 {{(pid=98978) log_opt_values /opt/stack/data/venv/lib/python3.12/site-packages/oslo_config/cfg.py:3256}}
May 21 11:11:37.100264 np0000001148 devstack@g-api.service[98977]: DEBUG glance.common.config [None req-e4087e89-8b7b-4b57-986e-376dd45c8bd8 None None] healthcheck.detailed = False {{(pid=98977) log_opt_values /opt/stack/data/venv/lib/python3.12/site-packages/oslo_config/cfg.py:3256}}
May 21 11:11:37.100313 np0000001148 devstack@g-api.service[98978]: DEBUG glance.common.config [None req-5f8ad9d5-9368-42b1-b13f-d5a9ef939f2e None None] database.connection_trace = False {{(pid=98978) log_opt_values /opt/stack/data/venv/lib/python3.12/site-packages/oslo_config/cfg.py:3256}}
May 21 11:11:37.100313 np0000001148 devstack@g-api.service[98978]: DEBUG glance.common.config [None req-5f8ad9d5-9368-42b1-b13f-d5a9ef939f2e None None] database.db_inc_retry_interval = True {{(pid=98978) log_opt_values /opt/stack/data/venv/lib/python3.12/site-packages/oslo_config/cfg.py:3256}}
May 21 11:11:37.100379 np0000001148 devstack@g-api.service[98977]: DEBUG glance.common.config [None req-e4087e89-8b7b-4b57-986e-376dd45c8bd8 None None] healthcheck.disable_by_file_path = None {{(pid=98977) log_opt_values /opt/stack/data/venv/lib/python3.12/site-packages/oslo_config/cfg.py:3256}}
May 21 11:11:37.100379 np0000001148 devstack@g-api.service[98977]: DEBUG glance.common.config [None req-e4087e89-8b7b-4b57-986e-376dd45c8bd8 None None] healthcheck.ignore_proxied_requests = False {{(pid=98977) log_opt_values /opt/stack/data/venv/lib/python3.12/site-packages/oslo_config/cfg.py:3256}}
May 21 11:11:37.100459 np0000001148 devstack@g-api.service[98978]: DEBUG glance.common.config [None req-5f8ad9d5-9368-42b1-b13f-d5a9ef939f2e None None] database.db_max_retries = 20 {{(pid=98978) log_opt_values /opt/stack/data/venv/lib/python3.12/site-packages/oslo_config/cfg.py:3256}}
May 21 11:11:37.100487 np0000001148 devstack@g-api.service[98977]: DEBUG glance.common.config [None req-e4087e89-8b7b-4b57-986e-376dd45c8bd8 None None] ******************************************************************************** {{(pid=98977) log_opt_values /opt/stack/data/venv/lib/python3.12/site-packages/oslo_config/cfg.py:3263}}
May 21 11:11:37.100511 np0000001148 devstack@g-api.service[98978]: DEBUG glance.common.config [None req-5f8ad9d5-9368-42b1-b13f-d5a9ef939f2e None None] database.db_max_retry_interval = 10 {{(pid=98978) log_opt_values /opt/stack/data/venv/lib/python3.12/site-packages/oslo_config/cfg.py:3256}}
May 21 11:11:37.100535 np0000001148 devstack@g-api.service[98977]: WSGI app 0 (mountpoint='') ready in 2 seconds on interpreter 0x7bf54d0a3668 pid: 98977 (default app)
May 21 11:11:37.100576 np0000001148 devstack@g-api.service[98978]: DEBUG glance.common.config [None req-5f8ad9d5-9368-42b1-b13f-d5a9ef939f2e None None] database.db_retry_interval = 1 {{(pid=98978) log_opt_values /opt/stack/data/venv/lib/python3.12/site-packages/oslo_config/cfg.py:3256}}
May 21 11:11:37.100576 np0000001148 devstack@g-api.service[98978]: DEBUG glance.common.config [None req-5f8ad9d5-9368-42b1-b13f-d5a9ef939f2e None None] database.max_overflow = 50 {{(pid=98978) log_opt_values /opt/stack/data/venv/lib/python3.12/site-packages/oslo_config/cfg.py:3256}}
May 21 11:11:37.100576 np0000001148 devstack@g-api.service[98978]: DEBUG glance.common.config [None req-5f8ad9d5-9368-42b1-b13f-d5a9ef939f2e None None] database.max_pool_size = 5 {{(pid=98978) log_opt_values /opt/stack/data/venv/lib/python3.12/site-packages/oslo_config/cfg.py:3256}}
May 21 11:11:37.100576 np0000001148 devstack@g-api.service[98978]: DEBUG glance.common.config [None req-5f8ad9d5-9368-42b1-b13f-d5a9ef939f2e None None] database.max_retries = 10 {{(pid=98978) log_opt_values /opt/stack/data/venv/lib/python3.12/site-packages/oslo_config/cfg.py:3256}}
May 21 11:11:37.100576 np0000001148 devstack@g-api.service[98978]: DEBUG glance.common.config [None req-5f8ad9d5-9368-42b1-b13f-d5a9ef939f2e None None] database.mysql_sql_mode = TRADITIONAL {{(pid=98978) log_opt_values /opt/stack/data/venv/lib/python3.12/site-packages/oslo_config/cfg.py:3256}}
May 21 11:11:37.100576 np0000001148 devstack@g-api.service[98978]: DEBUG glance.common.config [None req-5f8ad9d5-9368-42b1-b13f-d5a9ef939f2e None None] database.mysql_wsrep_sync_wait = None {{(pid=98978) log_opt_values /opt/stack/data/venv/lib/python3.12/site-packages/oslo_config/cfg.py:3256}}
May 21 11:11:37.100576 np0000001148 devstack@g-api.service[98978]: DEBUG glance.common.config [None req-5f8ad9d5-9368-42b1-b13f-d5a9ef939f2e None None] database.pool_timeout = None {{(pid=98978) log_opt_values /opt/stack/data/venv/lib/python3.12/site-packages/oslo_config/cfg.py:3256}}
May 21 11:11:37.100727 np0000001148 devstack@g-api.service[98977]: DEBUG glance.api.middleware.version_negotiation [None req-e4087e89-8b7b-4b57-986e-376dd45c8bd8 None None] Determining version of request: GET / Accept: */* {{(pid=98977) process_request /opt/stack/glance/glance/api/middleware/version_negotiation.py:44}}
May 21 11:11:37.100754 np0000001148 devstack@g-api.service[98978]: DEBUG glance.common.config [None req-5f8ad9d5-9368-42b1-b13f-d5a9ef939f2e None None] database.retry_interval = 10 {{(pid=98978) log_opt_values /opt/stack/data/venv/lib/python3.12/site-packages/oslo_config/cfg.py:3256}}
May 21 11:11:37.100778 np0000001148 devstack@g-api.service[98977]: DEBUG glance.api.middleware.version_negotiation [None req-e4087e89-8b7b-4b57-986e-376dd45c8bd8 None None] Using url versioning {{(pid=98977) process_request /opt/stack/glance/glance/api/middleware/version_negotiation.py:57}}
May 21 11:11:37.100803 np0000001148 devstack@g-api.service[98978]: DEBUG glance.common.config [None req-5f8ad9d5-9368-42b1-b13f-d5a9ef939f2e None None] database.slave_connection = **** {{(pid=98978) log_opt_values /opt/stack/data/venv/lib/python3.12/site-packages/oslo_config/cfg.py:3256}}
May 21 11:11:37.100803 np0000001148 devstack@g-api.service[98978]: DEBUG glance.common.config [None req-5f8ad9d5-9368-42b1-b13f-d5a9ef939f2e None None] database.sqlite_synchronous = True {{(pid=98978) log_opt_values /opt/stack/data/venv/lib/python3.12/site-packages/oslo_config/cfg.py:3256}}
May 21 11:11:37.100882 np0000001148 devstack@g-api.service[98977]: DEBUG glance.api.middleware.version_negotiation [None req-e4087e89-8b7b-4b57-986e-376dd45c8bd8 None None] Unknown version. Returning version choices. {{(pid=98977) process_request /opt/stack/glance/glance/api/middleware/version_negotiation.py:64}}
May 21 11:11:37.100929 np0000001148 devstack@g-api.service[98978]: DEBUG glance.common.config [None req-5f8ad9d5-9368-42b1-b13f-d5a9ef939f2e None None] database.synchronous_reader = True {{(pid=98978) log_opt_values /opt/stack/data/venv/lib/python3.12/site-packages/oslo_config/cfg.py:3256}}
May 21 11:11:37.100929 np0000001148 devstack@g-api.service[98978]: DEBUG glance.common.config [None req-5f8ad9d5-9368-42b1-b13f-d5a9ef939f2e None None] database.use_db_reconnect = False {{(pid=98978) log_opt_values /opt/stack/data/venv/lib/python3.12/site-packages/oslo_config/cfg.py:3256}}
May 21 11:11:37.100929 np0000001148 devstack@g-api.service[98978]: DEBUG glance.common.config [None req-5f8ad9d5-9368-42b1-b13f-d5a9ef939f2e None None] healthcheck.allowed_source_ranges = [] {{(pid=98978) log_opt_values /opt/stack/data/venv/lib/python3.12/site-packages/oslo_config/cfg.py:3256}}
May 21 11:11:37.100929 np0000001148 devstack@g-api.service[98978]: DEBUG glance.common.config [None req-5f8ad9d5-9368-42b1-b13f-d5a9ef939f2e None None] healthcheck.backends = ['disable_by_file'] {{(pid=98978) log_opt_values /opt/stack/data/venv/lib/python3.12/site-packages/oslo_config/cfg.py:3256}}
May 21 11:11:37.100929 np0000001148 devstack@g-api.service[98978]: DEBUG glance.common.config [None req-5f8ad9d5-9368-42b1-b13f-d5a9ef939f2e None None] healthcheck.detailed = False {{(pid=98978) log_opt_values /opt/stack/data/venv/lib/python3.12/site-packages/oslo_config/cfg.py:3256}}
May 21 11:11:37.100929 np0000001148 devstack@g-api.service[98978]: DEBUG glance.common.config [None req-5f8ad9d5-9368-42b1-b13f-d5a9ef939f2e None None] healthcheck.disable_by_file_path = None {{(pid=98978) log_opt_values /opt/stack/data/venv/lib/python3.12/site-packages/oslo_config/cfg.py:3256}}
May 21 11:11:37.100929 np0000001148 devstack@g-api.service[98978]: DEBUG glance.common.config [None req-5f8ad9d5-9368-42b1-b13f-d5a9ef939f2e None None] healthcheck.ignore_proxied_requests = False {{(pid=98978) log_opt_values /opt/stack/data/venv/lib/python3.12/site-packages/oslo_config/cfg.py:3256}}
May 21 11:11:37.101177 np0000001148 devstack@g-api.service[98978]: DEBUG glance.common.config [None req-5f8ad9d5-9368-42b1-b13f-d5a9ef939f2e None None] ******************************************************************************** {{(pid=98978) log_opt_values /opt/stack/data/venv/lib/python3.12/site-packages/oslo_config/cfg.py:3263}}
May 21 11:11:37.101216 np0000001148 devstack@g-api.service[98977]: [pid: 98977|app: 0|req: 1/1] 127.0.0.1 () {34 vars in 455 bytes} [Thu May 21 11:11:36 2026] GET / => generated 1407 bytes in 1 msecs (HTTP/1.1 300) 3 headers in 106 bytes (1 switches on core 0)
May 21 11:11:37.101257 np0000001148 devstack@g-api.service[98978]: WSGI app 0 (mountpoint='') ready in 2 seconds on interpreter 0x7bf54d0a3668 pid: 98978 (default app)
May 21 11:11:39.134146 np0000001148 devstack@g-api.service[98977]: DEBUG glance.api.middleware.version_negotiation [None req-e4087e89-8b7b-4b57-986e-376dd45c8bd8 None None] Determining version of request: GET / Accept: application/json {{(pid=98977) process_request /opt/stack/glance/glance/api/middleware/version_negotiation.py:44}}
May 21 11:11:39.134553 np0000001148 devstack@g-api.service[98977]: DEBUG glance.api.middleware.version_negotiation [None req-e4087e89-8b7b-4b57-986e-376dd45c8bd8 None None] Using url versioning {{(pid=98977) process_request /opt/stack/glance/glance/api/middleware/version_negotiation.py:57}}
May 21 11:11:39.134553 np0000001148 devstack@g-api.service[98977]: DEBUG glance.api.middleware.version_negotiation [None req-e4087e89-8b7b-4b57-986e-376dd45c8bd8 None None] Unknown version. Returning version choices. {{(pid=98977) process_request /opt/stack/glance/glance/api/middleware/version_negotiation.py:64}}
May 21 11:11:39.135049 np0000001148 devstack@g-api.service[98977]: [pid: 98977|app: 0|req: 2/2] 127.0.0.1 () {36 vars in 573 bytes} [Thu May 21 11:11:39 2026] GET / => generated 1407 bytes in 1 msecs (HTTP/1.1 300) 3 headers in 106 bytes (1 switches on core 0)
May 21 11:11:39.144085 np0000001148 devstack@g-api.service[98978]: DEBUG glance.api.middleware.version_negotiation [None req-5f8ad9d5-9368-42b1-b13f-d5a9ef939f2e None None] Determining version of request: POST /v2/images Accept: */* {{(pid=98978) process_request /opt/stack/glance/glance/api/middleware/version_negotiation.py:44}}
May 21 11:11:39.144568 np0000001148 devstack@g-api.service[98978]: DEBUG glance.api.middleware.version_negotiation [None req-5f8ad9d5-9368-42b1-b13f-d5a9ef939f2e None None] Using url versioning {{(pid=98978) process_request /opt/stack/glance/glance/api/middleware/version_negotiation.py:57}}
May 21 11:11:39.144639 np0000001148 devstack@g-api.service[98978]: DEBUG glance.api.middleware.version_negotiation [None req-5f8ad9d5-9368-42b1-b13f-d5a9ef939f2e None None] Matched version: v2 {{(pid=98978) process_request /opt/stack/glance/glance/api/middleware/version_negotiation.py:69}}
May 21 11:11:39.144736 np0000001148 devstack@g-api.service[98978]: DEBUG glance.api.middleware.version_negotiation [None req-5f8ad9d5-9368-42b1-b13f-d5a9ef939f2e None None] new path /v2/images {{(pid=98978) process_request /opt/stack/glance/glance/api/middleware/version_negotiation.py:70}}
May 21 11:11:40.241746 np0000001148 devstack@g-api.service[98978]: [pid: 98978|app: 0|req: 1/3] 127.0.0.1 () {42 vars in 836 bytes} [Thu May 21 11:11:39 2026] POST /v2/images => generated 807 bytes in 1098 msecs (HTTP/1.1 201) 6 headers in 315 bytes (1 switches on core 0)
May 21 11:11:40.250003 np0000001148 devstack@g-api.service[98977]: DEBUG glance.api.middleware.version_negotiation [None req-e4087e89-8b7b-4b57-986e-376dd45c8bd8 None None] Determining version of request: PUT /v2/images/6f780c6d-2ed2-412a-99a2-b4d891f99616/stage Accept: {{(pid=98977) process_request /opt/stack/glance/glance/api/middleware/version_negotiation.py:44}}
May 21 11:11:40.250518 np0000001148 devstack@g-api.service[98977]: DEBUG glance.api.middleware.version_negotiation [None req-e4087e89-8b7b-4b57-986e-376dd45c8bd8 None None] Using url versioning {{(pid=98977) process_request /opt/stack/glance/glance/api/middleware/version_negotiation.py:57}}
May 21 11:11:40.250653 np0000001148 devstack@g-api.service[98977]: DEBUG glance.api.middleware.version_negotiation [None req-e4087e89-8b7b-4b57-986e-376dd45c8bd8 None None] Matched version: v2 {{(pid=98977) process_request /opt/stack/glance/glance/api/middleware/version_negotiation.py:69}}
May 21 11:11:40.250754 np0000001148 devstack@g-api.service[98977]: DEBUG glance.api.middleware.version_negotiation [None req-e4087e89-8b7b-4b57-986e-376dd45c8bd8 None None] new path /v2/images/6f780c6d-2ed2-412a-99a2-b4d891f99616/stage {{(pid=98977) process_request /opt/stack/glance/glance/api/middleware/version_negotiation.py:70}}
May 21 11:11:40.935785 np0000001148 devstack@g-api.service[98977]: DEBUG glance_store.backend [None req-ac8d27fc-19f1-4233-83a2-74f3140bdb82 admin admin] Attempting to import store cinder {{(pid=98977) _load_store /opt/stack/data/venv/lib/python3.12/site-packages/glance_store/backend.py:215}}
May 21 11:11:40.935955 np0000001148 devstack@g-api.service[98977]: DEBUG glance_store.backend [None req-ac8d27fc-19f1-4233-83a2-74f3140bdb82 admin admin] Attempting to import store file {{(pid=98977) _load_store /opt/stack/data/venv/lib/python3.12/site-packages/glance_store/backend.py:215}}
May 21 11:11:40.936000 np0000001148 devstack@g-api.service[98977]: DEBUG glance_store.backend [None req-ac8d27fc-19f1-4233-83a2-74f3140bdb82 admin admin] Attempting to import store glance.store.cinder.Store {{(pid=98977) _load_store /opt/stack/data/venv/lib/python3.12/site-packages/glance_store/backend.py:215}}
May 21 11:11:40.936124 np0000001148 devstack@g-api.service[98977]: DEBUG glance_store.backend [None req-ac8d27fc-19f1-4233-83a2-74f3140bdb82 admin admin] Attempting to import store glance.store.filesystem.Store {{(pid=98977) _load_store /opt/stack/data/venv/lib/python3.12/site-packages/glance_store/backend.py:215}}
May 21 11:11:40.936234 np0000001148 devstack@g-api.service[98977]: DEBUG glance_store.backend [None req-ac8d27fc-19f1-4233-83a2-74f3140bdb82 admin admin] Attempting to import store glance.store.http.Store {{(pid=98977) _load_store /opt/stack/data/venv/lib/python3.12/site-packages/glance_store/backend.py:215}}
May 21 11:11:40.936327 np0000001148 devstack@g-api.service[98977]: DEBUG glance_store.backend [None req-ac8d27fc-19f1-4233-83a2-74f3140bdb82 admin admin] Attempting to import store glance.store.rbd.Store {{(pid=98977) _load_store /opt/stack/data/venv/lib/python3.12/site-packages/glance_store/backend.py:215}}
May 21 11:11:40.936431 np0000001148 devstack@g-api.service[98977]: DEBUG glance_store.backend [None req-ac8d27fc-19f1-4233-83a2-74f3140bdb82 admin admin] Attempting to import store glance.store.s3.Store {{(pid=98977) _load_store /opt/stack/data/venv/lib/python3.12/site-packages/glance_store/backend.py:215}}
May 21 11:11:40.936527 np0000001148 devstack@g-api.service[98977]: DEBUG glance_store.backend [None req-ac8d27fc-19f1-4233-83a2-74f3140bdb82 admin admin] Attempting to import store glance.store.swift.Store {{(pid=98977) _load_store /opt/stack/data/venv/lib/python3.12/site-packages/glance_store/backend.py:215}}
May 21 11:11:40.936624 np0000001148 devstack@g-api.service[98977]: DEBUG glance_store.backend [None req-ac8d27fc-19f1-4233-83a2-74f3140bdb82 admin admin] Attempting to import store glance.store.vmware_datastore.Store {{(pid=98977) _load_store /opt/stack/data/venv/lib/python3.12/site-packages/glance_store/backend.py:215}}
May 21 11:11:40.936711 np0000001148 devstack@g-api.service[98977]: DEBUG glance_store.backend [None req-ac8d27fc-19f1-4233-83a2-74f3140bdb82 admin admin] Attempting to import store http {{(pid=98977) _load_store /opt/stack/data/venv/lib/python3.12/site-packages/glance_store/backend.py:215}}
May 21 11:11:40.936799 np0000001148 devstack@g-api.service[98977]: DEBUG glance_store.backend [None req-ac8d27fc-19f1-4233-83a2-74f3140bdb82 admin admin] Attempting to import store no_conf {{(pid=98977) _load_store /opt/stack/data/venv/lib/python3.12/site-packages/glance_store/backend.py:215}}
May 21 11:11:40.936889 np0000001148 devstack@g-api.service[98977]: DEBUG glance_store.backend [None req-ac8d27fc-19f1-4233-83a2-74f3140bdb82 admin admin] Attempting to import store rbd {{(pid=98977) _load_store /opt/stack/data/venv/lib/python3.12/site-packages/glance_store/backend.py:215}}
May 21 11:11:40.936979 np0000001148 devstack@g-api.service[98977]: DEBUG glance_store.backend [None req-ac8d27fc-19f1-4233-83a2-74f3140bdb82 admin admin] Attempting to import store s3 {{(pid=98977) _load_store /opt/stack/data/venv/lib/python3.12/site-packages/glance_store/backend.py:215}}
May 21 11:11:40.937067 np0000001148 devstack@g-api.service[98977]: DEBUG glance_store.backend [None req-ac8d27fc-19f1-4233-83a2-74f3140bdb82 admin admin] Attempting to import store swift {{(pid=98977) _load_store /opt/stack/data/venv/lib/python3.12/site-packages/glance_store/backend.py:215}}
May 21 11:11:40.937187 np0000001148 devstack@g-api.service[98977]: DEBUG glance_store.backend [None req-ac8d27fc-19f1-4233-83a2-74f3140bdb82 admin admin] Attempting to import store vmware {{(pid=98977) _load_store /opt/stack/data/venv/lib/python3.12/site-packages/glance_store/backend.py:215}}
May 21 11:11:40.937279 np0000001148 devstack@g-api.service[98977]: DEBUG glance_store.backend [None req-ac8d27fc-19f1-4233-83a2-74f3140bdb82 admin admin] Registering options for group glance_store {{(pid=98977) register_opts /opt/stack/data/venv/lib/python3.12/site-packages/glance_store/backend.py:144}}
May 21 11:11:40.937381 np0000001148 devstack@g-api.service[98977]: DEBUG glance_store.backend [None req-ac8d27fc-19f1-4233-83a2-74f3140bdb82 admin admin] Registering options for group glance_store {{(pid=98977) register_opts /opt/stack/data/venv/lib/python3.12/site-packages/glance_store/backend.py:144}}
May 21 11:11:40.937720 np0000001148 devstack@g-api.service[98977]: DEBUG glance_store.backend [None req-ac8d27fc-19f1-4233-83a2-74f3140bdb82 admin admin] Attempting to import store file {{(pid=98977) _load_store /opt/stack/data/venv/lib/python3.12/site-packages/glance_store/backend.py:215}}
May 21 11:11:40.938057 np0000001148 devstack@g-api.service[98977]: INFO glance_store._drivers.filesystem [None req-ac8d27fc-19f1-4233-83a2-74f3140bdb82 admin admin] Directory to write image files does not exist (/tmp/staging/). Creating.
May 21 11:11:40.938294 np0000001148 devstack@g-api.service[98977]: DEBUG glance_store.capabilities [None req-ac8d27fc-19f1-4233-83a2-74f3140bdb82 admin admin] Store glance_store._drivers.filesystem.Store doesn't support updating dynamic storage capabilities. Please overwrite 'update_capabilities' method of the store to implement updating logics if needed. {{(pid=98977) update_capabilities /opt/stack/data/venv/lib/python3.12/site-packages/glance_store/capabilities.py:91}}
May 21 11:11:41.487229 np0000001148 devstack@g-api.service[98977]: DEBUG glance_store._drivers.filesystem [None req-ac8d27fc-19f1-4233-83a2-74f3140bdb82 admin admin] Wrote 21430272 bytes to /tmp/staging/6f780c6d-2ed2-412a-99a2-b4d891f99616 with checksum c8fc807773e5354afe61636071771906 and multihash c8fc807773e5354afe61636071771906 {{(pid=98977) add /opt/stack/data/venv/lib/python3.12/site-packages/glance_store/_drivers/filesystem.py:899}}
May 21 11:11:41.505039 np0000001148 devstack@g-api.service[98977]: [pid: 98977|app: 0|req: 3/4] 127.0.0.1 () {42 vars in 931 bytes} [Thu May 21 11:11:40 2026] PUT /v2/images/6f780c6d-2ed2-412a-99a2-b4d891f99616/stage => generated 0 bytes in 1255 msecs (HTTP/1.1 204) 4 headers in 171 bytes (1 switches on core 0)
May 21 11:11:41.513841 np0000001148 devstack@g-api.service[98978]: DEBUG glance.api.middleware.version_negotiation [None req-49b196a2-8195-4343-b2d5-60ec1f228cd2 admin admin] Determining version of request: POST /v2/images/6f780c6d-2ed2-412a-99a2-b4d891f99616/import Accept: */* {{(pid=98978) process_request /opt/stack/glance/glance/api/middleware/version_negotiation.py:44}}
May 21 11:11:41.514250 np0000001148 devstack@g-api.service[98978]: DEBUG glance.api.middleware.version_negotiation [None req-49b196a2-8195-4343-b2d5-60ec1f228cd2 admin admin] Using url versioning {{(pid=98978) process_request /opt/stack/glance/glance/api/middleware/version_negotiation.py:57}}
May 21 11:11:41.514250 np0000001148 devstack@g-api.service[98978]: DEBUG glance.api.middleware.version_negotiation [None req-49b196a2-8195-4343-b2d5-60ec1f228cd2 admin admin] Matched version: v2 {{(pid=98978) process_request /opt/stack/glance/glance/api/middleware/version_negotiation.py:69}}
May 21 11:11:41.514250 np0000001148 devstack@g-api.service[98978]: DEBUG glance.api.middleware.version_negotiation [None req-49b196a2-8195-4343-b2d5-60ec1f228cd2 admin admin] new path /v2/images/6f780c6d-2ed2-412a-99a2-b4d891f99616/import {{(pid=98978) process_request /opt/stack/glance/glance/api/middleware/version_negotiation.py:70}}
May 21 11:11:41.967643 np0000001148 devstack@g-api.service[98978]: DEBUG glance.domain [None req-c7cbfaac-393c-4213-a84b-a1ee08af704d admin admin] Loading taskflow executor {{(pid=98978) new_task_executor /opt/stack/glance/glance/domain/__init__.py:530}}
May 21 11:11:42.146997 np0000001148 devstack@g-api.service[98978]: DEBUG oslo_concurrency.lockutils [None req-c7cbfaac-393c-4213-a84b-a1ee08af704d admin admin] Acquiring lock "tasks_pool" by "glance.api.common.memoize..memoizer_wrapper..memoizer" {{(pid=98978) inner /opt/stack/data/venv/lib/python3.12/site-packages/oslo_concurrency/lockutils.py:511}}
May 21 11:11:42.147161 np0000001148 devstack@g-api.service[98978]: DEBUG oslo_concurrency.lockutils [None req-c7cbfaac-393c-4213-a84b-a1ee08af704d admin admin] Lock "tasks_pool" acquired by "glance.api.common.memoize..memoizer_wrapper..memoizer" :: waited 0.000s {{(pid=98978) inner /opt/stack/data/venv/lib/python3.12/site-packages/oslo_concurrency/lockutils.py:524}}
May 21 11:11:42.147572 np0000001148 devstack@g-api.service[98978]: DEBUG glance.api.common [None req-c7cbfaac-393c-4213-a84b-a1ee08af704d admin admin] Initializing named threadpool 'tasks_pool' {{(pid=98978) _get_thread_pool /opt/stack/glance/glance/api/common.py:242}}
May 21 11:11:42.147681 np0000001148 devstack@g-api.service[98978]: DEBUG glance.async_ [None req-c7cbfaac-393c-4213-a84b-a1ee08af704d admin admin] Creating threadpool model 'ThreadPoolExecutor' with size 16 {{(pid=98978) __init__ /opt/stack/glance/glance/async_/__init__.py:100}}
May 21 11:11:42.147806 np0000001148 devstack@g-api.service[98978]: DEBUG oslo_concurrency.lockutils [None req-c7cbfaac-393c-4213-a84b-a1ee08af704d admin admin] Lock "tasks_pool" "released" by "glance.api.common.memoize..memoizer_wrapper..memoizer" :: held 0.001s {{(pid=98978) inner /opt/stack/data/venv/lib/python3.12/site-packages/oslo_concurrency/lockutils.py:543}}
May 21 11:11:42.147911 np0000001148 devstack@g-api.service[98978]: DEBUG glance.async_ [None req-c7cbfaac-393c-4213-a84b-a1ee08af704d admin admin] Spawning with ThreadPoolExecutor: >((,), {}) {{(pid=98978) spawn /opt/stack/glance/glance/async_/__init__.py:106}}
May 21 11:11:42.148880 np0000001148 devstack@g-api.service[98978]: [pid: 98978|app: 0|req: 2/5] 127.0.0.1 () {42 vars in 923 bytes} [Thu May 21 11:11:41 2026] POST /v2/images/6f780c6d-2ed2-412a-99a2-b4d891f99616/import => generated 0 bytes in 635 msecs (HTTP/1.1 202) 4 headers in 169 bytes (1 switches on core 0)
May 21 11:11:42.152273 np0000001148 devstack@g-api.service[98978]: INFO glance.domain [-] Task [afbe97c6-0fe8-4c21-b77d-c3d2193ceb05] status changing from pending to processing
May 21 11:11:42.157474 np0000001148 devstack@g-api.service[98977]: DEBUG glance.api.middleware.version_negotiation [None req-ac8d27fc-19f1-4233-83a2-74f3140bdb82 admin admin] Determining version of request: GET /v2/images/6f780c6d-2ed2-412a-99a2-b4d891f99616 Accept: */* {{(pid=98977) process_request /opt/stack/glance/glance/api/middleware/version_negotiation.py:44}}
May 21 11:11:42.157474 np0000001148 devstack@g-api.service[98977]: DEBUG glance.api.middleware.version_negotiation [None req-ac8d27fc-19f1-4233-83a2-74f3140bdb82 admin admin] Using url versioning {{(pid=98977) process_request /opt/stack/glance/glance/api/middleware/version_negotiation.py:57}}
May 21 11:11:42.157668 np0000001148 devstack@g-api.service[98977]: DEBUG glance.api.middleware.version_negotiation [None req-ac8d27fc-19f1-4233-83a2-74f3140bdb82 admin admin] Matched version: v2 {{(pid=98977) process_request /opt/stack/glance/glance/api/middleware/version_negotiation.py:69}}
May 21 11:11:42.157715 np0000001148 devstack@g-api.service[98977]: DEBUG glance.api.middleware.version_negotiation [None req-ac8d27fc-19f1-4233-83a2-74f3140bdb82 admin admin] new path /v2/images/6f780c6d-2ed2-412a-99a2-b4d891f99616 {{(pid=98977) process_request /opt/stack/glance/glance/api/middleware/version_negotiation.py:70}}
May 21 11:11:42.163947 np0000001148 devstack@g-api.service[98978]: DEBUG glance.async_.taskflow_executor [-] Taskflow executor picked up the execution of task ID afbe97c6-0fe8-4c21-b77d-c3d2193ceb05 of task type api_image_import {{(pid=98978) _run /opt/stack/glance/glance/async_/taskflow_executor.py:163}}
May 21 11:11:42.166840 np0000001148 devstack@g-api.service[98977]: [pid: 98977|app: 0|req: 4/6] 127.0.0.1 () {38 vars in 856 bytes} [Thu May 21 11:11:42 2026] GET /v2/images/6f780c6d-2ed2-412a-99a2-b4d891f99616 => generated 879 bytes in 10 msecs (HTTP/1.1 200) 4 headers in 157 bytes (1 switches on core 0)
May 21 11:11:42.181511 np0000001148 devstack@g-api.service[98978]: DEBUG glance_store.backend [-] Attempting to import store cinder {{(pid=98978) _load_store /opt/stack/data/venv/lib/python3.12/site-packages/glance_store/backend.py:215}}
May 21 11:11:42.181679 np0000001148 devstack@g-api.service[98978]: DEBUG glance_store.backend [-] Attempting to import store file {{(pid=98978) _load_store /opt/stack/data/venv/lib/python3.12/site-packages/glance_store/backend.py:215}}
May 21 11:11:42.181749 np0000001148 devstack@g-api.service[98978]: DEBUG glance_store.backend [-] Attempting to import store glance.store.cinder.Store {{(pid=98978) _load_store /opt/stack/data/venv/lib/python3.12/site-packages/glance_store/backend.py:215}}
May 21 11:11:42.181881 np0000001148 devstack@g-api.service[98978]: DEBUG glance_store.backend [-] Attempting to import store glance.store.filesystem.Store {{(pid=98978) _load_store /opt/stack/data/venv/lib/python3.12/site-packages/glance_store/backend.py:215}}
May 21 11:11:42.182000 np0000001148 devstack@g-api.service[98978]: DEBUG glance_store.backend [-] Attempting to import store glance.store.http.Store {{(pid=98978) _load_store /opt/stack/data/venv/lib/python3.12/site-packages/glance_store/backend.py:215}}
May 21 11:11:42.182110 np0000001148 devstack@g-api.service[98978]: DEBUG glance_store.backend [-] Attempting to import store glance.store.rbd.Store {{(pid=98978) _load_store /opt/stack/data/venv/lib/python3.12/site-packages/glance_store/backend.py:215}}
May 21 11:11:42.182239 np0000001148 devstack@g-api.service[98978]: DEBUG glance_store.backend [-] Attempting to import store glance.store.s3.Store {{(pid=98978) _load_store /opt/stack/data/venv/lib/python3.12/site-packages/glance_store/backend.py:215}}
May 21 11:11:42.182356 np0000001148 devstack@g-api.service[98978]: DEBUG glance_store.backend [-] Attempting to import store glance.store.swift.Store {{(pid=98978) _load_store /opt/stack/data/venv/lib/python3.12/site-packages/glance_store/backend.py:215}}
May 21 11:11:42.182484 np0000001148 devstack@g-api.service[98978]: DEBUG glance_store.backend [-] Attempting to import store glance.store.vmware_datastore.Store {{(pid=98978) _load_store /opt/stack/data/venv/lib/python3.12/site-packages/glance_store/backend.py:215}}
May 21 11:11:42.182598 np0000001148 devstack@g-api.service[98978]: DEBUG glance_store.backend [-] Attempting to import store http {{(pid=98978) _load_store /opt/stack/data/venv/lib/python3.12/site-packages/glance_store/backend.py:215}}
May 21 11:11:42.182710 np0000001148 devstack@g-api.service[98978]: DEBUG glance_store.backend [-] Attempting to import store no_conf {{(pid=98978) _load_store /opt/stack/data/venv/lib/python3.12/site-packages/glance_store/backend.py:215}}
May 21 11:11:42.182822 np0000001148 devstack@g-api.service[98978]: DEBUG glance_store.backend [-] Attempting to import store rbd {{(pid=98978) _load_store /opt/stack/data/venv/lib/python3.12/site-packages/glance_store/backend.py:215}}
May 21 11:11:42.182932 np0000001148 devstack@g-api.service[98978]: DEBUG glance_store.backend [-] Attempting to import store s3 {{(pid=98978) _load_store /opt/stack/data/venv/lib/python3.12/site-packages/glance_store/backend.py:215}}
May 21 11:11:42.183043 np0000001148 devstack@g-api.service[98978]: DEBUG glance_store.backend [-] Attempting to import store swift {{(pid=98978) _load_store /opt/stack/data/venv/lib/python3.12/site-packages/glance_store/backend.py:215}}
May 21 11:11:42.183172 np0000001148 devstack@g-api.service[98978]: DEBUG glance_store.backend [-] Attempting to import store vmware {{(pid=98978) _load_store /opt/stack/data/venv/lib/python3.12/site-packages/glance_store/backend.py:215}}
May 21 11:11:42.183278 np0000001148 devstack@g-api.service[98978]: DEBUG glance_store.backend [-] Registering options for group glance_store {{(pid=98978) register_opts /opt/stack/data/venv/lib/python3.12/site-packages/glance_store/backend.py:144}}
May 21 11:11:42.183391 np0000001148 devstack@g-api.service[98978]: DEBUG glance_store.backend [-] Registering options for group glance_store {{(pid=98978) register_opts /opt/stack/data/venv/lib/python3.12/site-packages/glance_store/backend.py:144}}
May 21 11:11:42.183725 np0000001148 devstack@g-api.service[98978]: DEBUG glance_store.backend [-] Attempting to import store file {{(pid=98978) _load_store /opt/stack/data/venv/lib/python3.12/site-packages/glance_store/backend.py:215}}
May 21 11:11:42.184083 np0000001148 devstack@g-api.service[98978]: DEBUG glance_store.capabilities [-] Store glance_store._drivers.filesystem.Store doesn't support updating dynamic storage capabilities. Please overwrite 'update_capabilities' method of the store to implement updating logics if needed. {{(pid=98978) update_capabilities /opt/stack/data/venv/lib/python3.12/site-packages/glance_store/capabilities.py:91}}
May 21 11:11:42.192462 np0000001148 devstack@g-api.service[98978]: DEBUG glance.async_.flows.api_image_import [-] Image 6f780c6d-2ed2-412a-99a2-b4d891f99616 os_glance_importing_to_stores= {{(pid=98978) merge_store_list /opt/stack/glance/glance/async_/flows/api_image_import.py:277}}
May 21 11:11:42.192588 np0000001148 devstack@g-api.service[98978]: DEBUG glance.async_.flows.api_image_import [-] Image 6f780c6d-2ed2-412a-99a2-b4d891f99616 os_glance_failed_import= {{(pid=98978) merge_store_list /opt/stack/glance/glance/async_/flows/api_image_import.py:277}}
May 21 11:11:42.197680 np0000001148 devstack@g-api.service[98978]: DEBUG glance.async_.flows.api_image_import [-] Image 6f780c6d-2ed2-412a-99a2-b4d891f99616 status changing from uploading to importing {{(pid=98978) __exit__ /opt/stack/glance/glance/async_/flows/api_image_import.py:166}}
May 21 11:11:42.698096 np0000001148 devstack@g-api.service[98978]: DEBUG glance.async_ [-] Creating threadpool model 'ThreadPoolExecutor' with size 10 {{(pid=98978) __init__ /opt/stack/glance/glance/async_/__init__.py:100}}
May 21 11:11:42.722421 np0000001148 devstack@g-api.service[98978]: DEBUG glance.async_.taskflow_executor [-] Flow 'api_image_import' (a09d943a-3a62-4926-9f70-dabf94cec53c) transitioned into state 'RUNNING' from state 'PENDING' {{(pid=98978) _flow_receiver /opt/stack/data/venv/lib/python3.12/site-packages/taskflow/listeners/logging.py:160}}
May 21 11:11:42.723633 np0000001148 devstack@g-api.service[98978]: DEBUG glance.async_.taskflow_executor [-] Task 'api_image_import-ImageLock-afbe97c6-0fe8-4c21-b77d-c3d2193ceb05' (fe972068-c00a-4de9-bed5-f29ba8a45f63) transitioned into state 'RUNNING' from state 'PENDING' {{(pid=98978) _task_receiver /opt/stack/data/venv/lib/python3.12/site-packages/taskflow/listeners/logging.py:242}}
May 21 11:11:42.729274 np0000001148 devstack@g-api.service[98978]: DEBUG glance.async_.flows.api_image_import [-] Image 6f780c6d-2ed2-412a-99a2-b4d891f99616 import task afbe97c6-0fe8-4c21-b77d-c3d2193ceb05 lock confirmed {{(pid=98978) execute /opt/stack/glance/glance/async_/flows/api_image_import.py:477}}
May 21 11:11:42.730473 np0000001148 devstack@g-api.service[98978]: DEBUG glance.async_.taskflow_executor [-] Task 'api_image_import-ImageLock-afbe97c6-0fe8-4c21-b77d-c3d2193ceb05' (fe972068-c00a-4de9-bed5-f29ba8a45f63) transitioned into state 'SUCCESS' from state 'RUNNING' with result 'None' {{(pid=98978) _task_receiver /opt/stack/data/venv/lib/python3.12/site-packages/taskflow/listeners/logging.py:218}}
May 21 11:11:42.730867 np0000001148 devstack@g-api.service[98978]: DEBUG glance.async_.taskflow_executor [-] Task 'api_image_import-ConfigureStaging-afbe97c6-0fe8-4c21-b77d-c3d2193ceb05' (9ed16dc3-45c6-4f61-bcd3-df5ba9186a1b) transitioned into state 'RUNNING' from state 'PENDING' {{(pid=98978) _task_receiver /opt/stack/data/venv/lib/python3.12/site-packages/taskflow/listeners/logging.py:242}}
May 21 11:11:42.731784 np0000001148 devstack@g-api.service[98978]: DEBUG glance.async_.taskflow_executor [-] Task 'api_image_import-ConfigureStaging-afbe97c6-0fe8-4c21-b77d-c3d2193ceb05' (9ed16dc3-45c6-4f61-bcd3-df5ba9186a1b) transitioned into state 'SUCCESS' from state 'RUNNING' with result 'file:///tmp/staging/6f780c6d-2ed2-412a-99a2-b4d891f99616' {{(pid=98978) _task_receiver /opt/stack/data/venv/lib/python3.12/site-packages/taskflow/listeners/logging.py:218}}
May 21 11:11:42.732525 np0000001148 devstack@g-api.service[98978]: DEBUG glance.async_.taskflow_executor [-] Task 'api_image_import--ImportToStore-afbe97c6-0fe8-4c21-b77d-c3d2193ceb05' (cf919909-ee8f-4967-a228-d8d70082deeb) transitioned into state 'RUNNING' from state 'PENDING' {{(pid=98978) _task_receiver /opt/stack/data/venv/lib/python3.12/site-packages/taskflow/listeners/logging.py:242}}
May 21 11:11:42.738026 np0000001148 devstack@g-api.service[98978]: INFO glance.common.scripts.image_import.main [-] Task afbe97c6-0fe8-4c21-b77d-c3d2193ceb05: Got image data uri file:///tmp/staging/6f780c6d-2ed2-412a-99a2-b4d891f99616 to be imported
May 21 11:11:42.739313 np0000001148 devstack@g-api.service[98978]: DEBUG glance.location [-] Enabling in-flight format inspection for qcow2 {{(pid=98978) set_data /opt/stack/glance/glance/location.py:616}}
May 21 11:11:42.739700 np0000001148 devstack@g-api.service[98978]: DEBUG glance_store.backend [-] Attempting to import store swift {{(pid=98978) _load_store /opt/stack/data/venv/lib/python3.12/site-packages/glance_store/backend.py:215}}
May 21 11:11:42.741381 np0000001148 devstack@g-api.service[98978]: DEBUG glance_store.capabilities [-] Store glance_store._drivers.swift.store.SingleTenantStore doesn't support updating dynamic storage capabilities. Please overwrite 'update_capabilities' method of the store to implement updating logics if needed. {{(pid=98978) update_capabilities /opt/stack/data/venv/lib/python3.12/site-packages/glance_store/capabilities.py:91}}
May 21 11:11:42.741483 np0000001148 devstack@g-api.service[98978]: DEBUG glance_store.driver [-] Late loading location class glance_store._drivers.swift.store.StoreLocation {{(pid=98978) get_store_location_class /opt/stack/data/venv/lib/python3.12/site-packages/glance_store/driver.py:134}}
May 21 11:11:42.741578 np0000001148 devstack@g-api.service[98978]: DEBUG glance_store.location [-] Registering scheme swift+https with {'store': , 'location_class': , 'store_entry': 'swift'} {{(pid=98978) register_scheme_map /opt/stack/data/venv/lib/python3.12/site-packages/glance_store/location.py:146}}
May 21 11:11:42.741650 np0000001148 devstack@g-api.service[98978]: DEBUG glance_store.location [-] Registering scheme swift+https with {'store': , 'location_class': , 'store_entry': 'swift'} {{(pid=98978) register_scheme_map /opt/stack/data/venv/lib/python3.12/site-packages/glance_store/location.py:146}}
May 21 11:11:42.741721 np0000001148 devstack@g-api.service[98978]: DEBUG glance_store.location [-] Registering scheme swift with {'store': , 'location_class': , 'store_entry': 'swift'} {{(pid=98978) register_scheme_map /opt/stack/data/venv/lib/python3.12/site-packages/glance_store/location.py:146}}
May 21 11:11:42.741799 np0000001148 devstack@g-api.service[98978]: DEBUG glance_store.location [-] Registering scheme swift+https with {'store': , 'location_class': , 'store_entry': 'swift'} {{(pid=98978) register_scheme_map /opt/stack/data/venv/lib/python3.12/site-packages/glance_store/location.py:146}}
May 21 11:11:42.741863 np0000001148 devstack@g-api.service[98978]: DEBUG glance_store.location [-] Registering scheme swift with {'store': , 'location_class': , 'store_entry': 'swift'} {{(pid=98978) register_scheme_map /opt/stack/data/venv/lib/python3.12/site-packages/glance_store/location.py:146}}
May 21 11:11:42.741929 np0000001148 devstack@g-api.service[98978]: DEBUG glance_store.location [-] Registering scheme swift+http with {'store': , 'location_class': , 'store_entry': 'swift'} {{(pid=98978) register_scheme_map /opt/stack/data/venv/lib/python3.12/site-packages/glance_store/location.py:146}}
May 21 11:11:42.742007 np0000001148 devstack@g-api.service[98978]: DEBUG glance_store.location [-] Registering scheme swift+https with {'store': , 'location_class': , 'store_entry': 'swift'} {{(pid=98978) register_scheme_map /opt/stack/data/venv/lib/python3.12/site-packages/glance_store/location.py:146}}
May 21 11:11:42.742080 np0000001148 devstack@g-api.service[98978]: DEBUG glance_store.location [-] Registering scheme swift with {'store': , 'location_class': , 'store_entry': 'swift'} {{(pid=98978) register_scheme_map /opt/stack/data/venv/lib/python3.12/site-packages/glance_store/location.py:146}}
May 21 11:11:42.742175 np0000001148 devstack@g-api.service[98978]: DEBUG glance_store.location [-] Registering scheme swift+http with {'store': , 'location_class': , 'store_entry': 'swift'} {{(pid=98978) register_scheme_map /opt/stack/data/venv/lib/python3.12/site-packages/glance_store/location.py:146}}
May 21 11:11:42.742240 np0000001148 devstack@g-api.service[98978]: DEBUG glance_store.location [-] Registering scheme swift+config with {'store': , 'location_class': , 'store_entry': 'swift'} {{(pid=98978) register_scheme_map /opt/stack/data/venv/lib/python3.12/site-packages/glance_store/location.py:146}}
May 21 11:11:43.161337 np0000001148 devstack@g-api.service[98978]: INFO swiftclient [-] REQ: curl -i https://10.4.3.228:8080/v1/AUTH_6baf243771e64099bd67acd175be88e7/glance -I -H "X-Auth-Token: gAAAAABqDuhukg-E..."
May 21 11:11:43.161477 np0000001148 devstack@g-api.service[98978]: INFO swiftclient [-] RESP STATUS: 404 Not Found
May 21 11:11:43.161693 np0000001148 devstack@g-api.service[98978]: INFO swiftclient [-] RESP HEADERS: {'Date': 'Thu, 21 May 2026 11:11:43 GMT', 'Server': 'Apache/2.4.58 (Ubuntu)', 'Content-Type': 'text/html; charset=UTF-8', 'X-Trans-Id': 'txf778a32d4d80456696269-006a0ee86e', 'X-Openstack-Request-Id': 'txf778a32d4d80456696269-006a0ee86e', 'Connection': 'close'}
May 21 11:11:43.161787 np0000001148 devstack@g-api.service[98978]: INFO glance_store._drivers.swift.store [-] Creating swift container glance
May 21 11:11:43.213634 np0000001148 devstack@g-api.service[98978]: DEBUG swiftclient [-] REQ: curl -i https://10.4.3.228:8080/v1/AUTH_6baf243771e64099bd67acd175be88e7/glance -X PUT -H "X-Auth-Token: gAAAAABqDuhukg-E..." -H "Content-Length: 0" {{(pid=98978) http_log /opt/stack/data/venv/lib/python3.12/site-packages/swiftclient/client.py:160}}
May 21 11:11:43.213721 np0000001148 devstack@g-api.service[98978]: DEBUG swiftclient [-] RESP STATUS: 201 Created {{(pid=98978) http_log /opt/stack/data/venv/lib/python3.12/site-packages/swiftclient/client.py:161}}
May 21 11:11:43.213833 np0000001148 devstack@g-api.service[98978]: DEBUG swiftclient [-] RESP HEADERS: {'Date': 'Thu, 21 May 2026 11:11:43 GMT', 'Server': 'Apache/2.4.58 (Ubuntu)', 'Content-Type': 'text/html; charset=UTF-8', 'Content-Length': '0', 'X-Trans-Id': 'tx53610f5ba88a435d8177c-006a0ee86f', 'X-Openstack-Request-Id': 'tx53610f5ba88a435d8177c-006a0ee86f', 'Connection': 'close'} {{(pid=98978) http_log /opt/stack/data/venv/lib/python3.12/site-packages/swiftclient/client.py:162}}
May 21 11:11:43.214108 np0000001148 devstack@g-api.service[98978]: DEBUG glance_store._drivers.swift.store [-] Adding image object '6f780c6d-2ed2-412a-99a2-b4d891f99616' to Swift {{(pid=98978) add /opt/stack/data/venv/lib/python3.12/site-packages/glance_store/_drivers/swift/store.py:978}}
May 21 11:11:43.219248 np0000001148 devstack@g-api.service[98978]: DEBUG oslo_utils.imageutils.format_inspector [-] Format inspector for vmdk does not match, excluding from consideration (Signature KDMV not found: b'QFI\xfb') {{(pid=98978) _process_chunk /opt/stack/data/venv/lib/python3.12/site-packages/oslo_utils/imageutils/format_inspector.py:1538}}
May 21 11:11:43.224308 np0000001148 devstack@g-api.service[98978]: DEBUG oslo_utils.imageutils.format_inspector [-] Format inspector for vhdx does not match, excluding from consideration (Region signature not found at 30000) {{(pid=98978) _process_chunk /opt/stack/data/venv/lib/python3.12/site-packages/oslo_utils/imageutils/format_inspector.py:1538}}
May 21 11:11:43.533760 np0000001148 devstack@g-api.service[98978]: DEBUG swiftclient [-] REQ: curl -i https://10.4.3.228:8080/v1/AUTH_6baf243771e64099bd67acd175be88e7/glance/6f780c6d-2ed2-412a-99a2-b4d891f99616 -X PUT -H "X-Auth-Token: gAAAAABqDuhukg-E..." -H "Content-Length: 21430272" {{(pid=98978) http_log /opt/stack/data/venv/lib/python3.12/site-packages/swiftclient/client.py:160}}
May 21 11:11:43.533854 np0000001148 devstack@g-api.service[98978]: DEBUG swiftclient [-] RESP STATUS: 201 Created {{(pid=98978) http_log /opt/stack/data/venv/lib/python3.12/site-packages/swiftclient/client.py:161}}
May 21 11:11:43.533930 np0000001148 devstack@g-api.service[98978]: DEBUG swiftclient [-] RESP HEADERS: {'Date': 'Thu, 21 May 2026 11:11:43 GMT', 'Server': 'Apache/2.4.58 (Ubuntu)', 'Content-Type': 'text/html; charset=UTF-8', 'Content-Length': '0', 'Etag': 'c8fc807773e5354afe61636071771906', 'Last-Modified': 'Thu, 21 May 2026 11:11:44 GMT', 'X-Trans-Id': 'tx47322a6394f6450985fbd-006a0ee86f', 'X-Openstack-Request-Id': 'tx47322a6394f6450985fbd-006a0ee86f', 'Connection': 'close'} {{(pid=98978) http_log /opt/stack/data/venv/lib/python3.12/site-packages/swiftclient/client.py:162}}
May 21 11:11:43.547162 np0000001148 devstack@g-api.service[98978]: INFO glance.location [-] Image format matched and virtual size computed: 117440512
May 21 11:11:43.553784 np0000001148 devstack@g-api.service[98978]: DEBUG glance.async_.flows.api_image_import [-] Image 6f780c6d-2ed2-412a-99a2-b4d891f99616 status changing from importing to active {{(pid=98978) __exit__ /opt/stack/glance/glance/async_/flows/api_image_import.py:166}}
May 21 11:11:43.574437 np0000001148 devstack@g-api.service[98978]: DEBUG glance_store.backend [-] Attempting to import store swift {{(pid=98978) _load_store /opt/stack/data/venv/lib/python3.12/site-packages/glance_store/backend.py:215}}
May 21 11:11:43.575884 np0000001148 devstack@g-api.service[98978]: DEBUG glance_store.capabilities [-] Store glance_store._drivers.swift.store.SingleTenantStore doesn't support updating dynamic storage capabilities. Please overwrite 'update_capabilities' method of the store to implement updating logics if needed. {{(pid=98978) update_capabilities /opt/stack/data/venv/lib/python3.12/site-packages/glance_store/capabilities.py:91}}
May 21 11:11:43.575884 np0000001148 devstack@g-api.service[98978]: DEBUG glance_store.driver [-] Late loading location class glance_store._drivers.swift.store.StoreLocation {{(pid=98978) get_store_location_class /opt/stack/data/venv/lib/python3.12/site-packages/glance_store/driver.py:134}}
May 21 11:11:43.575884 np0000001148 devstack@g-api.service[98978]: DEBUG glance_store.location [-] Registering scheme swift+https with {'store': , 'location_class': , 'store_entry': 'swift'} {{(pid=98978) register_scheme_map /opt/stack/data/venv/lib/python3.12/site-packages/glance_store/location.py:146}}
May 21 11:11:43.575884 np0000001148 devstack@g-api.service[98978]: DEBUG glance_store.location [-] Registering scheme swift+https with {'store': , 'location_class': , 'store_entry': 'swift'} {{(pid=98978) register_scheme_map /opt/stack/data/venv/lib/python3.12/site-packages/glance_store/location.py:146}}
May 21 11:11:43.576071 np0000001148 devstack@g-api.service[98978]: DEBUG glance_store.location [-] Registering scheme swift with {'store': , 'location_class': , 'store_entry': 'swift'} {{(pid=98978) register_scheme_map /opt/stack/data/venv/lib/python3.12/site-packages/glance_store/location.py:146}}
May 21 11:11:43.576071 np0000001148 devstack@g-api.service[98978]: DEBUG glance_store.location [-] Registering scheme swift+https with {'store': , 'location_class': , 'store_entry': 'swift'} {{(pid=98978) register_scheme_map /opt/stack/data/venv/lib/python3.12/site-packages/glance_store/location.py:146}}
May 21 11:11:43.576071 np0000001148 devstack@g-api.service[98978]: DEBUG glance_store.location [-] Registering scheme swift with {'store': , 'location_class': , 'store_entry': 'swift'} {{(pid=98978) register_scheme_map /opt/stack/data/venv/lib/python3.12/site-packages/glance_store/location.py:146}}
May 21 11:11:43.576198 np0000001148 devstack@g-api.service[98978]: DEBUG glance_store.location [-] Registering scheme swift+http with {'store': , 'location_class': , 'store_entry': 'swift'} {{(pid=98978) register_scheme_map /opt/stack/data/venv/lib/python3.12/site-packages/glance_store/location.py:146}}
May 21 11:11:43.576254 np0000001148 devstack@g-api.service[98978]: DEBUG glance_store.location [-] Registering scheme swift+https with {'store': , 'location_class': , 'store_entry': 'swift'} {{(pid=98978) register_scheme_map /opt/stack/data/venv/lib/python3.12/site-packages/glance_store/location.py:146}}
May 21 11:11:43.576342 np0000001148 devstack@g-api.service[98978]: DEBUG glance_store.location [-] Registering scheme swift with {'store': , 'location_class': , 'store_entry': 'swift'} {{(pid=98978) register_scheme_map /opt/stack/data/venv/lib/python3.12/site-packages/glance_store/location.py:146}}
May 21 11:11:43.576453 np0000001148 devstack@g-api.service[98978]: DEBUG glance_store.location [-] Registering scheme swift+http with {'store': , 'location_class': , 'store_entry': 'swift'} {{(pid=98978) register_scheme_map /opt/stack/data/venv/lib/python3.12/site-packages/glance_store/location.py:146}}
