May 21 11:13:42.391175 np0000001148 devstack@neutron-api.service[87041]: DEBUG neutron.plugins.ml2.drivers.ovn.mech_driver.ovsdb.ovsdb_monitor [None req-34e208d4-2ffd-40cd-9fcc-b23359cb41ae None None] Touching Hash Ring node "e6072aeedd5a588dbd2f1ef5cd172281" from IDL notify handler {{(pid=87041) notify /opt/stack/neutron/neutron/plugins/ml2/drivers/ovn/mech_driver/ovsdb/ovsdb_monitor.py:978}}
May 21 11:13:42.402572 np0000001148 devstack@neutron-api.service[87041]: DEBUG neutron.plugins.ml2.drivers.ovn.mech_driver.ovsdb.ovsdb_monitor [None req-34e208d4-2ffd-40cd-9fcc-b23359cb41ae None None] Hash Ring: Node e6072aeedd5a588dbd2f1ef5cd172281 (host: np0000001148) handling event "create" for row 5ca8cab2-ed33-4f91-90b4-e4c82b2feea3 (table: HA_Chassis_Group) {{(pid=87041) notify /opt/stack/neutron/neutron/plugins/ml2/drivers/ovn/mech_driver/ovsdb/ovsdb_monitor.py:986}}
May 21 11:13:42.406945 np0000001148 devstack@neutron-api.service[87041]: DEBUG neutron.plugins.ml2.drivers.ovn.mech_driver.ovsdb.ovsdb_monitor [None req-34e208d4-2ffd-40cd-9fcc-b23359cb41ae None None] Touching Hash Ring node "e6072aeedd5a588dbd2f1ef5cd172281" from IDL notify handler {{(pid=87041) notify /opt/stack/neutron/neutron/plugins/ml2/drivers/ovn/mech_driver/ovsdb/ovsdb_monitor.py:978}}
May 21 11:13:42.411147 np0000001148 devstack@neutron-api.service[87040]: DEBUG neutron.db.provisioning_blocks [None req-d41c3768-c39a-432f-85ae-ace8f84f3573 None None] Provisioning for port afccaabd-e977-407a-95f4-023465e67a18 completed by entity L2. {{(pid=87040) provisioning_complete /opt/stack/neutron/neutron/db/provisioning_blocks.py:133}}
May 21 11:13:42.418003 np0000001148 devstack@neutron-api.service[87041]: DEBUG neutron.plugins.ml2.drivers.ovn.mech_driver.ovsdb.ovsdb_monitor [None req-34e208d4-2ffd-40cd-9fcc-b23359cb41ae None None] Hash Ring: Node e6072aeedd5a588dbd2f1ef5cd172281 (host: np0000001148) handling event "create" for row 7ac09b26-e569-4050-a31c-047683f63f8d (table: Logical_Router_Port) {{(pid=87041) notify /opt/stack/neutron/neutron/plugins/ml2/drivers/ovn/mech_driver/ovsdb/ovsdb_monitor.py:986}}
May 21 11:13:42.419715 np0000001148 devstack@neutron-api.service[87041]: DEBUG ovsdbapp.backend.ovs_idl.event [None req-34e208d4-2ffd-40cd-9fcc-b23359cb41ae None None] Matched CREATE: LogicalRouterPortEvent(events=('create', 'delete'), table='Logical_Router_Port', conditions=None, old_conditions=None), priority=20 to row=Logical_Router_Port(uuid=7ac09b26-e569-4050-a31c-047683f63f8d, enabled=[], external_ids={'neutron:is_ext_gw': 'True', 'neutron:network_name': 'neutron-4bf5be6b-2cc7-4abc-9625-66078276312b', 'neutron:revision_number': '1', 'neutron:router_name': 'neutron-51ce280b-36e8-4c61-a1e1-129f84737a84', 'neutron:subnet_ids': '6bef103b-eb8f-4d08-a0e9-1a16ee87abb8 bc2edcd2-a5aa-4a1a-af16-4c25428d7f30'}, gateway_chassis=[], ha_chassis_group=5ca8cab2-ed33-4f91-90b4-e4c82b2feea3, ipv6_prefix=[], ipv6_ra_configs={}, mac='fa:16:3e:2c:63:9c', name='lrp-afccaabd-e977-407a-95f4-023465e67a18', networks=['172.24.5.83/24', '2001:db8::347/64'], options={'gateway_mtu': '1430', 'reside-on-redirect-chassis': 'true'}, peer=[], status={}) old= {{(pid=87041) matches /opt/stack/data/venv/lib/python3.12/site-packages/ovsdbapp/backend/ovs_idl/event.py:55}}
May 21 11:13:42.423627 np0000001148 devstack@neutron-api.service[87041]: DEBUG neutron.plugins.ml2.drivers.ovn.mech_driver.ovsdb.ovsdb_monitor [None req-34e208d4-2ffd-40cd-9fcc-b23359cb41ae None None] Touching Hash Ring node "e6072aeedd5a588dbd2f1ef5cd172281" from IDL notify handler {{(pid=87041) notify /opt/stack/neutron/neutron/plugins/ml2/drivers/ovn/mech_driver/ovsdb/ovsdb_monitor.py:978}}
May 21 11:13:42.425927 np0000001148 devstack@neutron-api.service[87040]: DEBUG neutron.db.provisioning_blocks [None req-d41c3768-c39a-432f-85ae-ace8f84f3573 None None] Provisioning complete for port afccaabd-e977-407a-95f4-023465e67a18 triggered by entity L2. {{(pid=87040) provisioning_complete /opt/stack/neutron/neutron/db/provisioning_blocks.py:141}}
May 21 11:13:42.425927 np0000001148 devstack@neutron-api.service[87040]: DEBUG neutron_lib.callbacks.manager [None req-d41c3768-c39a-432f-85ae-ace8f84f3573 None None] Publish callbacks ['neutron.plugins.ml2.plugin.Ml2Plugin._port_provisioned-173631'] for port (afccaabd-e977-407a-95f4-023465e67a18), provisioning_complete {{(pid=87040) _notify_loop /opt/stack/data/venv/lib/python3.12/site-packages/neutron_lib/callbacks/manager.py:184}}
May 21 11:13:42.426261 np0000001148 devstack@neutron-api.service[87040]: INFO neutron.plugins.ml2.plugin [None req-d41c3768-c39a-432f-85ae-ace8f84f3573 None None] Attempt 1 to provision port afccaabd-e977-407a-95f4-023465e67a18
May 21 11:13:42.430451 np0000001148 devstack@neutron-api.service[87041]: DEBUG neutron.plugins.ml2.drivers.ovn.mech_driver.ovsdb.ovsdb_monitor [None req-34e208d4-2ffd-40cd-9fcc-b23359cb41ae None None] Hash Ring: Node e6072aeedd5a588dbd2f1ef5cd172281 (host: np0000001148) handling event "create" for row b3b110ea-f26b-451d-8f48-b8c69a7ce001 (table: Logical_Router_Static_Route) {{(pid=87041) notify /opt/stack/neutron/neutron/plugins/ml2/drivers/ovn/mech_driver/ovsdb/ovsdb_monitor.py:986}}
May 21 11:13:42.435852 np0000001148 devstack@neutron-api.service[87041]: DEBUG neutron.plugins.ml2.drivers.ovn.mech_driver.ovsdb.ovsdb_monitor [None req-34e208d4-2ffd-40cd-9fcc-b23359cb41ae None None] Touching Hash Ring node "e6072aeedd5a588dbd2f1ef5cd172281" from IDL notify handler {{(pid=87041) notify /opt/stack/neutron/neutron/plugins/ml2/drivers/ovn/mech_driver/ovsdb/ovsdb_monitor.py:978}}
May 21 11:13:42.440726 np0000001148 devstack@neutron-api.service[87041]: DEBUG neutron.plugins.ml2.drivers.ovn.mech_driver.ovsdb.ovsdb_monitor [None req-34e208d4-2ffd-40cd-9fcc-b23359cb41ae None None] Hash Ring: Node e6072aeedd5a588dbd2f1ef5cd172281 (host: np0000001148) handling event "update" for row 7ac09b26-e569-4050-a31c-047683f63f8d (table: Logical_Router_Port) {{(pid=87041) notify /opt/stack/neutron/neutron/plugins/ml2/drivers/ovn/mech_driver/ovsdb/ovsdb_monitor.py:986}}
May 21 11:13:42.451299 np0000001148 devstack@neutron-api.service[87040]: INFO neutron.db.ovn_revision_numbers_db [None req-8c95b197-c383-4143-9441-e905f1371fa0 admin admin] Successfully bumped revision number for resource afccaabd-e977-407a-95f4-023465e67a18 (type: router_ports) to 1
May 21 11:13:42.475432 np0000001148 devstack@neutron-api.service[87040]: DEBUG neutron.plugins.ml2.plugin [None req-d41c3768-c39a-432f-85ae-ace8f84f3573 None None] Port afccaabd-e977-407a-95f4-023465e67a18 cannot update to ACTIVE because it is not bound. {{(pid=87040) _port_provisioned /opt/stack/neutron/neutron/plugins/ml2/plugin.py:386}}
May 21 11:13:42.533840 np0000001148 devstack@neutron-api.service[87040]: DEBUG neutron_lib.callbacks.manager [None req-b22207f8-25c3-4479-8a69-e40b04713082 None None] Publish callbacks ['neutron.plugins.ml2.plugin.SecurityGroupDbMixin._ensure_default_security_group_handler-16587355', 'neutron.services.ovn_l3.plugin.OVNL3RouterPlugin._port_update-8520668267420', 'neutron.db.l3_db.L3_NAT_dbonly_mixin._prevent_internal_ip_change_for_fip-8520669793384'] for port (afccaabd-e977-407a-95f4-023465e67a18), before_update {{(pid=87040) _notify_loop /opt/stack/data/venv/lib/python3.12/site-packages/neutron_lib/callbacks/manager.py:184}}
May 21 11:13:42.565528 np0000001148 devstack@neutron-api.service[87041]: DEBUG neutron_lib.callbacks.manager [None req-c14a521d-c0f3-45ba-a9ac-f5d1f29b0a46 None None] Publish callbacks [] for port (0aa77721-e240-417c-a918-3b795d39b366), precommit_update {{(pid=87041) _notify_loop /opt/stack/data/venv/lib/python3.12/site-packages/neutron_lib/callbacks/manager.py:184}}
May 21 11:13:42.578658 np0000001148 devstack@neutron-api.service[87041]: DEBUG neutron.db.provisioning_blocks [None req-c14a521d-c0f3-45ba-a9ac-f5d1f29b0a46 None None] Ignored duplicate provisioning block setup for port 0aa77721-e240-417c-a918-3b795d39b366 by entity L2. {{(pid=87041) add_provisioning_component /opt/stack/neutron/neutron/db/provisioning_blocks.py:69}}
May 21 11:13:42.588164 np0000001148 devstack@neutron-api.service[87040]: INFO neutron.db.ovn_revision_numbers_db [None req-8c95b197-c383-4143-9441-e905f1371fa0 admin admin] Successfully bumped revision number for resource 51ce280b-36e8-4c61-a1e1-129f84737a84 (type: routers) to 2
May 21 11:13:42.609707 np0000001148 devstack@neutron-api.service[87040]: DEBUG neutron_lib.callbacks.manager [None req-8c95b197-c383-4143-9441-e905f1371fa0 admin admin] Publish callbacks [] for router (None), before_response {{(pid=87040) _notify_loop /opt/stack/data/venv/lib/python3.12/site-packages/neutron_lib/callbacks/manager.py:184}}
May 21 11:13:42.610562 np0000001148 devstack@neutron-api.service[87040]: [pid: 87040|app: 0|req: 34/64] 10.4.3.228 () {68 vars in 1274 bytes} [Thu May 21 11:13:41 2026] POST /networking/v2.0/routers => generated 1156 bytes in 1219 msecs (HTTP/1.1 201) 4 headers in 163 bytes (1 switches on core 0)
May 21 11:13:42.621196 np0000001148 devstack@neutron-api.service[87040]: DEBUG neutron.api.v2.base [None req-e596154d-cb22-46b3-9f2d-4008049c2ae4 admin admin] Request body: {'router': {'name': 'tempest-TestVolumeSwap-1001435259-router', 'project_id': '5c408a1640444008a00e62cd13cf37b9', 'external_gateway_info': {'network_id': '4bf5be6b-2cc7-4abc-9625-66078276312b'}}} {{(pid=87040) prepare_request_body /opt/stack/neutron/neutron/api/v2/base.py:727}}
May 21 11:13:42.648541 np0000001148 devstack@neutron-api.service[87040]: DEBUG neutron_lib.callbacks.manager [None req-e596154d-cb22-46b3-9f2d-4008049c2ae4 admin admin] Publish callbacks ['neutron.services.ovn_l3.service_providers.driver_controller.DriverController._check_router_request-1186567'] for router (8204bdc4-edac-4a77-b266-7207cf8e59ee), before_create {{(pid=87040) _notify_loop /opt/stack/data/venv/lib/python3.12/site-packages/neutron_lib/callbacks/manager.py:184}}
May 21 11:13:42.649095 np0000001148 devstack@neutron-api.service[87040]: DEBUG neutron_lib.callbacks.manager [None req-e596154d-cb22-46b3-9f2d-4008049c2ae4 admin admin] Publish callbacks ['neutron.services.ovn_l3.service_providers.ovn.OVN_L3_HA_db_mixin._precommit_router_create-1209668', 'neutron.services.ovn_l3.plugin.RouterAvailabilityZoneMixin._process_az_request-16065830', 'neutron.services.ovn_l3.plugin.ExtraGatewaysDbOnlyMixin._process_bfd_ecmp_create-1185996', 'neutron.services.ovn_l3.service_providers.ovn.OvnDriver._process_router_create_precommit-1209688', 'neutron.services.ovn_l3.service_providers.driver_controller.DriverController._set_router_provider-1186589'] for router (8204bdc4-edac-4a77-b266-7207cf8e59ee), precommit_create {{(pid=87040) _notify_loop /opt/stack/data/venv/lib/python3.12/site-packages/neutron_lib/callbacks/manager.py:184}}
May 21 11:13:42.661523 np0000001148 devstack@neutron-api.service[87041]: DEBUG ovsdbapp.backend.ovs_idl.transaction [None req-34e208d4-2ffd-40cd-9fcc-b23359cb41ae None None] Running txn n=1 command(idx=0): LrAddCommand(_result=None, router=neutron-6e46ca2a-5ae4-4ea9-bc5b-eaf926cb4aba, may_exist=True, columns={'external_ids': {'neutron:router_name': 'tempest-VolumesAdminNegativeTest-1425483095-router', 'neutron:revision_number': '2', 'neutron:availability_zone_hints': ''}, 'enabled': True, 'options': {'always_learn_from_arp_request': 'false', 'dynamic_neigh_routers': 'true', 'mac_binding_age_threshold': '300'}}) {{(pid=87041) do_commit /opt/stack/data/venv/lib/python3.12/site-packages/ovsdbapp/backend/ovs_idl/transaction.py:89}}
May 21 11:13:42.662044 np0000001148 devstack@neutron-api.service[87040]: DEBUG neutron.db.ovn_revision_numbers_db [None req-e596154d-cb22-46b3-9f2d-4008049c2ae4 admin admin] create_initial_revision uuid=8204bdc4-edac-4a77-b266-7207cf8e59ee, type=routers, rev=-1 {{(pid=87040) create_initial_revision /opt/stack/neutron/neutron/db/ovn_revision_numbers_db.py:98}}
May 21 11:13:42.665420 np0000001148 devstack@neutron-api.service[87041]: DEBUG ovsdbapp.backend.ovs_idl.transaction [None req-34e208d4-2ffd-40cd-9fcc-b23359cb41ae None None] Running txn n=1 command(idx=1): AddLRouterPortCommand(_result=None, name=lrp-a98a9e21-2f42-4e43-95ab-570fae1e46ad, lrouter=neutron-6e46ca2a-5ae4-4ea9-bc5b-eaf926cb4aba, may_exist=True, columns={'mac': 'fa:16:3e:a2:2a:1b', 'networks': ['2001:db8::3e/64', '172.24.5.105/24'], 'external_ids': {'neutron:revision_number': '1', 'neutron:subnet_ids': '6bef103b-eb8f-4d08-a0e9-1a16ee87abb8 bc2edcd2-a5aa-4a1a-af16-4c25428d7f30', 'neutron:network_name': 'neutron-4bf5be6b-2cc7-4abc-9625-66078276312b', 'neutron:is_ext_gw': 'True', 'neutron:router_name': 'neutron-6e46ca2a-5ae4-4ea9-bc5b-eaf926cb4aba'}, 'options': {'reside-on-redirect-chassis': 'true', 'gateway_mtu': '1430'}}) {{(pid=87041) do_commit /opt/stack/data/venv/lib/python3.12/site-packages/ovsdbapp/backend/ovs_idl/transaction.py:89}}
May 21 11:13:42.665420 np0000001148 devstack@neutron-api.service[87041]: DEBUG ovsdbapp.backend.ovs_idl.transaction [None req-34e208d4-2ffd-40cd-9fcc-b23359cb41ae None None] Running txn n=1 command(idx=2): ScheduleNewGatewayCommand(_result=None, g_name=lrp-a98a9e21-2f42-4e43-95ab-570fae1e46ad, sb_api=, lrouter_name=neutron-6e46ca2a-5ae4-4ea9-bc5b-eaf926cb4aba, ovn_client=, scheduler=, physnet=public, az_hints=[]) {{(pid=87041) do_commit /opt/stack/data/venv/lib/python3.12/site-packages/ovsdbapp/backend/ovs_idl/transaction.py:89}}
May 21 11:13:42.665420 np0000001148 devstack@neutron-api.service[87041]: DEBUG neutron.plugins.ml2.drivers.ovn.mech_driver.ovsdb.ovn_client [None req-34e208d4-2ffd-40cd-9fcc-b23359cb41ae None None] Chassis candidates for scheduling gateway router ports for "public" physical network: ['f36d02e7-78ea-4b13-9137-86eac92f8683'] {{(pid=87041) get_candidates_for_scheduling /opt/stack/neutron/neutron/plugins/ml2/drivers/ovn/mech_driver/ovsdb/ovn_client.py:1718}}
May 21 11:13:42.665420 np0000001148 devstack@neutron-api.service[87041]: DEBUG neutron.scheduler.l3_ovn_scheduler [None req-34e208d4-2ffd-40cd-9fcc-b23359cb41ae None None] Gateway lrp-a98a9e21-2f42-4e43-95ab-570fae1e46ad scheduled on chassis ['f36d02e7-78ea-4b13-9137-86eac92f8683'] {{(pid=87041) _schedule_gateway /opt/stack/neutron/neutron/scheduler/l3_ovn_scheduler.py:88}}
May 21 11:13:42.665420 np0000001148 devstack@neutron-api.service[87041]: DEBUG ovsdbapp.backend.ovs_idl.transaction [None req-34e208d4-2ffd-40cd-9fcc-b23359cb41ae None None] Running txn n=1 command(idx=3): SetLRouterPortInLSwitchPortCommand(_result=None, lswitch_port=a98a9e21-2f42-4e43-95ab-570fae1e46ad, lrouter_port=lrp-a98a9e21-2f42-4e43-95ab-570fae1e46ad, is_gw_port=True, if_exists=True, lsp_address=router) {{(pid=87041) do_commit /opt/stack/data/venv/lib/python3.12/site-packages/ovsdbapp/backend/ovs_idl/transaction.py:89}}
May 21 11:13:42.665420 np0000001148 devstack@neutron-api.service[87041]: DEBUG ovsdbapp.backend.ovs_idl.transaction [None req-34e208d4-2ffd-40cd-9fcc-b23359cb41ae None None] Running txn n=1 command(idx=4): AddStaticRouteCommand(_result=None, lrouter=neutron-6e46ca2a-5ae4-4ea9-bc5b-eaf926cb4aba, maintain_bfd=False, columns={'ip_prefix': '0.0.0.0/0', 'nexthop': '172.24.5.1', 'external_ids': {'neutron:is_ext_gw': 'true', 'neutron:subnet_id': '6bef103b-eb8f-4d08-a0e9-1a16ee87abb8', 'neutron:is_static_route': 'true'}}) {{(pid=87041) do_commit /opt/stack/data/venv/lib/python3.12/site-packages/ovsdbapp/backend/ovs_idl/transaction.py:89}}
May 21 11:13:42.665420 np0000001148 devstack@neutron-api.service[87041]: DEBUG ovsdbapp.backend.ovs_idl.transaction [None req-34e208d4-2ffd-40cd-9fcc-b23359cb41ae None None] Running txn n=1 command(idx=5): AddStaticRouteCommand(_result=None, lrouter=neutron-6e46ca2a-5ae4-4ea9-bc5b-eaf926cb4aba, maintain_bfd=False, columns={'ip_prefix': '::/0', 'nexthop': '2001:db8::2', 'external_ids': {'neutron:is_ext_gw': 'true', 'neutron:subnet_id': 'bc2edcd2-a5aa-4a1a-af16-4c25428d7f30', 'neutron:is_static_route': 'true'}}) {{(pid=87041) do_commit /opt/stack/data/venv/lib/python3.12/site-packages/ovsdbapp/backend/ovs_idl/transaction.py:89}}
May 21 11:13:42.665420 np0000001148 devstack@neutron-api.service[87041]: DEBUG ovsdbapp.backend.ovs_idl.transaction [None req-34e208d4-2ffd-40cd-9fcc-b23359cb41ae None None] Running txn n=1 command(idx=6): QoSDelCommand(_result=None, switch=neutron-4bf5be6b-2cc7-4abc-9625-66078276312b, conditions=[('direction', '=', 'from-lport'), ('priority', '=', 2002), ('match', '=', 'inport == "a98a9e21-2f42-4e43-95ab-570fae1e46ad"')], if_exists=True) {{(pid=87041) do_commit /opt/stack/data/venv/lib/python3.12/site-packages/ovsdbapp/backend/ovs_idl/transaction.py:89}}
May 21 11:13:42.665420 np0000001148 devstack@neutron-api.service[87041]: DEBUG ovsdbapp.backend.ovs_idl.transaction [None req-34e208d4-2ffd-40cd-9fcc-b23359cb41ae None None] Running txn n=1 command(idx=7): QoSDelCommand(_result=None, switch=neutron-4bf5be6b-2cc7-4abc-9625-66078276312b, conditions=[('direction', '=', 'to-lport'), ('priority', '=', 2002), ('match', '=', 'outport == "a98a9e21-2f42-4e43-95ab-570fae1e46ad"')], if_exists=True) {{(pid=87041) do_commit /opt/stack/data/venv/lib/python3.12/site-packages/ovsdbapp/backend/ovs_idl/transaction.py:89}}
May 21 11:13:42.670395 np0000001148 devstack@neutron-api.service[87041]: DEBUG neutron_lib.callbacks.manager [None req-c14a521d-c0f3-45ba-a9ac-f5d1f29b0a46 None None] Publish callbacks ['neutron.plugins.ml2.ovo_rpc._ObjectChangeHandler.handle_event-14837572', 'neutron.services.ovn_l3.plugin.OVNL3RouterPlugin._port_update-8520667928256'] for port (0aa77721-e240-417c-a918-3b795d39b366), after_update {{(pid=87041) _notify_loop /opt/stack/data/venv/lib/python3.12/site-packages/neutron_lib/callbacks/manager.py:184}}
May 21 11:13:42.672952 np0000001148 devstack@neutron-api.service[87041]: DEBUG neutron.plugins.ml2.drivers.ovn.mech_driver.ovsdb.ovsdb_monitor [None req-34e208d4-2ffd-40cd-9fcc-b23359cb41ae None None] Touching Hash Ring node "e6072aeedd5a588dbd2f1ef5cd172281" from IDL notify handler {{(pid=87041) notify /opt/stack/neutron/neutron/plugins/ml2/drivers/ovn/mech_driver/ovsdb/ovsdb_monitor.py:978}}
May 21 11:13:42.690614 np0000001148 devstack@neutron-api.service[87041]: DEBUG neutron.plugins.ml2.drivers.ovn.mech_driver.ovsdb.ovsdb_monitor [None req-cf17798a-025a-47a6-a35c-95a1f6da12d1 None None] Touching Hash Ring node "e6072aeedd5a588dbd2f1ef5cd172281" from IDL notify handler {{(pid=87041) notify /opt/stack/neutron/neutron/plugins/ml2/drivers/ovn/mech_driver/ovsdb/ovsdb_monitor.py:978}}
May 21 11:13:42.692367 np0000001148 devstack@neutron-api.service[87041]: DEBUG neutron.plugins.ml2.drivers.ovn.mech_driver.ovsdb.ovsdb_monitor [None req-34e208d4-2ffd-40cd-9fcc-b23359cb41ae None None] Hash Ring: Node e6072aeedd5a588dbd2f1ef5cd172281 (host: np0000001148) handling event "create" for row 7c3f38ef-c525-4750-ae30-5e845227b735 (table: HA_Chassis) {{(pid=87041) notify /opt/stack/neutron/neutron/plugins/ml2/drivers/ovn/mech_driver/ovsdb/ovsdb_monitor.py:986}}
May 21 11:13:42.695520 np0000001148 devstack@neutron-api.service[87041]: DEBUG neutron.plugins.ml2.drivers.ovn.mech_driver.ovsdb.ovsdb_monitor [None req-34e208d4-2ffd-40cd-9fcc-b23359cb41ae None None] Touching Hash Ring node "e6072aeedd5a588dbd2f1ef5cd172281" from IDL notify handler {{(pid=87041) notify /opt/stack/neutron/neutron/plugins/ml2/drivers/ovn/mech_driver/ovsdb/ovsdb_monitor.py:978}}
May 21 11:13:42.697698 np0000001148 devstack@neutron-api.service[87041]: DEBUG neutron.plugins.ml2.drivers.ovn.mech_driver.ovsdb.ovsdb_monitor [None req-cf17798a-025a-47a6-a35c-95a1f6da12d1 None None] Hash Ring: Node e6072aeedd5a588dbd2f1ef5cd172281 (host: np0000001148) handling event "create" for row 1f7f6555-fefc-4afd-97bd-17b87d5e133c (table: Datapath_Binding) {{(pid=87041) notify /opt/stack/neutron/neutron/plugins/ml2/drivers/ovn/mech_driver/ovsdb/ovsdb_monitor.py:986}}
May 21 11:13:42.700584 np0000001148 devstack@neutron-api.service[87041]: DEBUG neutron.plugins.ml2.drivers.ovn.mech_driver.ovsdb.ovsdb_monitor [None req-cf17798a-025a-47a6-a35c-95a1f6da12d1 None None] Touching Hash Ring node "e6072aeedd5a588dbd2f1ef5cd172281" from IDL notify handler {{(pid=87041) notify /opt/stack/neutron/neutron/plugins/ml2/drivers/ovn/mech_driver/ovsdb/ovsdb_monitor.py:978}}
May 21 11:13:42.702880 np0000001148 devstack@neutron-api.service[87040]: DEBUG neutron.plugins.ml2.drivers.ovn.mech_driver.ovsdb.ovsdb_monitor [None req-f872e060-6ba2-4f51-92a4-cb75a8d0fe6a None None] Touching Hash Ring node "9e16a1f721385f17acac29ff3590c264" from IDL notify handler {{(pid=87040) notify /opt/stack/neutron/neutron/plugins/ml2/drivers/ovn/mech_driver/ovsdb/ovsdb_monitor.py:978}}
May 21 11:13:42.704551 np0000001148 devstack@neutron-api.service[87041]: DEBUG neutron.plugins.ml2.drivers.ovn.mech_driver.ovsdb.ovsdb_monitor [None req-34e208d4-2ffd-40cd-9fcc-b23359cb41ae None None] Hash Ring: Node e6072aeedd5a588dbd2f1ef5cd172281 (host: np0000001148) handling event "create" for row d96dd491-17c8-4473-b620-f054f7785047 (table: HA_Chassis_Group) {{(pid=87041) notify /opt/stack/neutron/neutron/plugins/ml2/drivers/ovn/mech_driver/ovsdb/ovsdb_monitor.py:986}}
May 21 11:13:42.706976 np0000001148 devstack@neutron-api.service[87041]: DEBUG neutron.plugins.ml2.drivers.ovn.mech_driver.ovsdb.ovsdb_monitor [None req-34e208d4-2ffd-40cd-9fcc-b23359cb41ae None None] Touching Hash Ring node "e6072aeedd5a588dbd2f1ef5cd172281" from IDL notify handler {{(pid=87041) notify /opt/stack/neutron/neutron/plugins/ml2/drivers/ovn/mech_driver/ovsdb/ovsdb_monitor.py:978}}
May 21 11:13:42.707734 np0000001148 devstack@neutron-api.service[87040]: DEBUG neutron.plugins.ml2.drivers.ovn.mech_driver.ovsdb.ovsdb_monitor [None req-57178611-d5b5-46b3-b12e-49196c50adf0 None None] Touching Hash Ring node "9e16a1f721385f17acac29ff3590c264" from IDL notify handler {{(pid=87040) notify /opt/stack/neutron/neutron/plugins/ml2/drivers/ovn/mech_driver/ovsdb/ovsdb_monitor.py:978}}
May 21 11:13:42.708479 np0000001148 devstack@neutron-api.service[87041]: DEBUG neutron.plugins.ml2.drivers.ovn.mech_driver.ovsdb.ovsdb_monitor [None req-cf17798a-025a-47a6-a35c-95a1f6da12d1 None None] Hash Ring: Node e6072aeedd5a588dbd2f1ef5cd172281 (host: np0000001148) handling event "create" for row 3982b64b-a50f-48a8-91c5-e6227dbd8b6c (table: Port_Binding) {{(pid=87041) notify /opt/stack/neutron/neutron/plugins/ml2/drivers/ovn/mech_driver/ovsdb/ovsdb_monitor.py:986}}
May 21 11:13:42.711154 np0000001148 devstack@neutron-api.service[87040]: DEBUG neutron.plugins.ml2.drivers.ovn.mech_driver.ovsdb.ovsdb_monitor [None req-57178611-d5b5-46b3-b12e-49196c50adf0 None None] Hash Ring: Node 9e16a1f721385f17acac29ff3590c264 (host: np0000001148) handling event "create" for row 8715245b-3122-4be1-9059-da8fd58a6457 (table: Logical_Router_Static_Route) {{(pid=87040) notify /opt/stack/neutron/neutron/plugins/ml2/drivers/ovn/mech_driver/ovsdb/ovsdb_monitor.py:986}}
May 21 11:13:42.714160 np0000001148 devstack@neutron-api.service[87040]: DEBUG neutron.plugins.ml2.drivers.ovn.mech_driver.ovsdb.ovsdb_monitor [None req-f872e060-6ba2-4f51-92a4-cb75a8d0fe6a None None] Hash Ring: Node 9e16a1f721385f17acac29ff3590c264 (host: np0000001148) handling event "update" for row 0bd7d6bb-1b81-4ac0-acf0-a541863d7a2d (table: Port_Binding) {{(pid=87040) notify /opt/stack/neutron/neutron/plugins/ml2/drivers/ovn/mech_driver/ovsdb/ovsdb_monitor.py:986}}
May 21 11:13:42.714415 np0000001148 devstack@neutron-api.service[87041]: DEBUG neutron.plugins.ml2.drivers.ovn.mech_driver.ovsdb.ovsdb_monitor [None req-cf17798a-025a-47a6-a35c-95a1f6da12d1 None None] Touching Hash Ring node "e6072aeedd5a588dbd2f1ef5cd172281" from IDL notify handler {{(pid=87041) notify /opt/stack/neutron/neutron/plugins/ml2/drivers/ovn/mech_driver/ovsdb/ovsdb_monitor.py:978}}
May 21 11:13:42.715032 np0000001148 devstack@neutron-api.service[87040]: DEBUG neutron.plugins.ml2.drivers.ovn.mech_driver.ovsdb.ovsdb_monitor [None req-f872e060-6ba2-4f51-92a4-cb75a8d0fe6a None None] Touching Hash Ring node "9e16a1f721385f17acac29ff3590c264" from IDL notify handler {{(pid=87040) notify /opt/stack/neutron/neutron/plugins/ml2/drivers/ovn/mech_driver/ovsdb/ovsdb_monitor.py:978}}
May 21 11:13:42.715343 np0000001148 devstack@neutron-api.service[87041]: DEBUG neutron.plugins.ml2.drivers.ovn.mech_driver.ovsdb.ovsdb_monitor [None req-34e208d4-2ffd-40cd-9fcc-b23359cb41ae None None] Hash Ring: Node e6072aeedd5a588dbd2f1ef5cd172281 (host: np0000001148) handling event "create" for row 1a03b68a-eccc-40a5-b16d-e87c8362ffbd (table: Logical_Router) {{(pid=87041) notify /opt/stack/neutron/neutron/plugins/ml2/drivers/ovn/mech_driver/ovsdb/ovsdb_monitor.py:986}}
May 21 11:13:42.718966 np0000001148 devstack@neutron-api.service[87040]: DEBUG neutron.plugins.ml2.drivers.ovn.mech_driver.ovsdb.ovsdb_monitor [None req-f872e060-6ba2-4f51-92a4-cb75a8d0fe6a None None] Hash Ring: Node 9e16a1f721385f17acac29ff3590c264 (host: np0000001148) handling event "create" for row 5848b0a2-5da8-4842-9a78-34d052570d0e (table: Port_Binding) {{(pid=87040) notify /opt/stack/neutron/neutron/plugins/ml2/drivers/ovn/mech_driver/ovsdb/ovsdb_monitor.py:986}}
May 21 11:13:42.719817 np0000001148 devstack@neutron-api.service[87041]: DEBUG neutron.plugins.ml2.drivers.ovn.mech_driver.ovsdb.ovsdb_monitor [None req-34e208d4-2ffd-40cd-9fcc-b23359cb41ae None None] Touching Hash Ring node "e6072aeedd5a588dbd2f1ef5cd172281" from IDL notify handler {{(pid=87041) notify /opt/stack/neutron/neutron/plugins/ml2/drivers/ovn/mech_driver/ovsdb/ovsdb_monitor.py:978}}
May 21 11:13:42.722595 np0000001148 devstack@neutron-api.service[87041]: DEBUG neutron.plugins.ml2.drivers.ovn.mech_driver.ovsdb.ovsdb_monitor [None req-cf17798a-025a-47a6-a35c-95a1f6da12d1 None None] Hash Ring: Node e6072aeedd5a588dbd2f1ef5cd172281 (host: np0000001148) handling event "update" for row 3982b64b-a50f-48a8-91c5-e6227dbd8b6c (table: Port_Binding) {{(pid=87041) notify /opt/stack/neutron/neutron/plugins/ml2/drivers/ovn/mech_driver/ovsdb/ovsdb_monitor.py:986}}
May 21 11:13:42.723781 np0000001148 devstack@neutron-api.service[87041]: DEBUG ovsdbapp.backend.ovs_idl.event [None req-cf17798a-025a-47a6-a35c-95a1f6da12d1 None None] Matched UPDATE: PortBindingChassisEvent(events=('update',), table='Port_Binding', conditions=None, old_conditions=None), priority=20 to row=Port_Binding(uuid=3982b64b-a50f-48a8-91c5-e6227dbd8b6c, additional_chassis=[], additional_encap=[], chassis=6844f410-0106-48ca-8f9c-9fa31f363ecd, datapath=1f7f6555-fefc-4afd-97bd-17b87d5e133c, encap=[], external_ids={'neutron:is_ext_gw': 'True', 'neutron:network_name': 'neutron-4bf5be6b-2cc7-4abc-9625-66078276312b', 'neutron:revision_number': '1', 'neutron:router_name': 'neutron-6e46ca2a-5ae4-4ea9-bc5b-eaf926cb4aba', 'neutron:subnet_ids': '6bef103b-eb8f-4d08-a0e9-1a16ee87abb8 bc2edcd2-a5aa-4a1a-af16-4c25428d7f30'}, gateway_chassis=[], logical_port='cr-lrp-a98a9e21-2f42-4e43-95ab-570fae1e46ad', mac=['fa:16:3e:a2:2a:1b 172.24.5.105/24 2001:db8::3e/64'], mirror_rules=[], nat_addresses=[], options={'always-redirect': 'true', 'distributed-port': 'lrp-a98a9e21-2f42-4e43-95ab-570fae1e46ad'}, parent_port=[], port_security=[], requested_additional_chassis=[], requested_chassis=[], tag=[], tunnel_key=2, type='chassisredirect', up=True, virtual_parent=[]) old=Port_Binding(uuid=3982b64b-a50f-48a8-91c5-e6227dbd8b6c, chassis=[], up=False) {{(pid=87041) matches /opt/stack/data/venv/lib/python3.12/site-packages/ovsdbapp/backend/ovs_idl/event.py:55}}
May 21 11:13:42.725457 np0000001148 devstack@neutron-api.service[87041]: DEBUG neutron.api.rpc.handlers.resources_rpc [None req-b7b4b8ed-6618-4527-96e7-57568ceaba22 None None] Pushing event updated for resources: {'Port': ['ID=0aa77721-e240-417c-a918-3b795d39b366,revision_number=2']} {{(pid=87041) push /opt/stack/neutron/neutron/api/rpc/handlers/resources_rpc.py:237}}
May 21 11:13:42.727454 np0000001148 devstack@neutron-api.service[87041]: DEBUG neutron.plugins.ml2.drivers.ovn.mech_driver.ovsdb.ovsdb_monitor [None req-34e208d4-2ffd-40cd-9fcc-b23359cb41ae None None] Hash Ring: Node e6072aeedd5a588dbd2f1ef5cd172281 (host: np0000001148) handling event "create" for row 93f5eba4-0d82-4b7e-bcf5-832317d9b862 (table: Logical_Router_Port) {{(pid=87041) notify /opt/stack/neutron/neutron/plugins/ml2/drivers/ovn/mech_driver/ovsdb/ovsdb_monitor.py:986}}
May 21 11:13:42.728161 np0000001148 devstack@neutron-api.service[87041]: DEBUG ovsdbapp.backend.ovs_idl.event [None req-34e208d4-2ffd-40cd-9fcc-b23359cb41ae None None] Matched CREATE: LogicalRouterPortEvent(events=('create', 'delete'), table='Logical_Router_Port', conditions=None, old_conditions=None), priority=20 to row=Logical_Router_Port(uuid=93f5eba4-0d82-4b7e-bcf5-832317d9b862, enabled=[], external_ids={'neutron:is_ext_gw': 'True', 'neutron:network_name': 'neutron-4bf5be6b-2cc7-4abc-9625-66078276312b', 'neutron:revision_number': '1', 'neutron:router_name': 'neutron-6e46ca2a-5ae4-4ea9-bc5b-eaf926cb4aba', 'neutron:subnet_ids': '6bef103b-eb8f-4d08-a0e9-1a16ee87abb8 bc2edcd2-a5aa-4a1a-af16-4c25428d7f30'}, gateway_chassis=[], ha_chassis_group=d96dd491-17c8-4473-b620-f054f7785047, ipv6_prefix=[], ipv6_ra_configs={}, mac='fa:16:3e:a2:2a:1b', name='lrp-a98a9e21-2f42-4e43-95ab-570fae1e46ad', networks=['172.24.5.105/24', '2001:db8::3e/64'], options={'gateway_mtu': '1430', 'reside-on-redirect-chassis': 'true'}, peer=[], status={}) old= {{(pid=87041) matches /opt/stack/data/venv/lib/python3.12/site-packages/ovsdbapp/backend/ovs_idl/event.py:55}}
May 21 11:13:42.729875 np0000001148 devstack@neutron-api.service[87041]: DEBUG neutron.plugins.ml2.drivers.ovn.mech_driver.ovsdb.ovsdb_monitor [None req-34e208d4-2ffd-40cd-9fcc-b23359cb41ae None None] Touching Hash Ring node "e6072aeedd5a588dbd2f1ef5cd172281" from IDL notify handler {{(pid=87041) notify /opt/stack/neutron/neutron/plugins/ml2/drivers/ovn/mech_driver/ovsdb/ovsdb_monitor.py:978}}
May 21 11:13:42.732608 np0000001148 devstack@neutron-api.service[87040]: DEBUG neutron_lib.callbacks.manager [None req-e596154d-cb22-46b3-9f2d-4008049c2ae4 admin admin] Publish callbacks [] for router_controller (8204bdc4-edac-4a77-b266-7207cf8e59ee), precommit_add_association {{(pid=87040) _notify_loop /opt/stack/data/venv/lib/python3.12/site-packages/neutron_lib/callbacks/manager.py:184}}
May 21 11:13:42.735565 np0000001148 devstack@neutron-api.service[87041]: DEBUG neutron.plugins.ml2.drivers.ovn.mech_driver.ovsdb.ovsdb_monitor [None req-cf17798a-025a-47a6-a35c-95a1f6da12d1 None None] ChassisOVNAgentWriteEvent : Matched Chassis_Private, update, None None {{(pid=87041) matches /opt/stack/neutron/neutron/plugins/ml2/drivers/ovn/mech_driver/ovsdb/ovsdb_monitor.py:64}}
May 21 11:13:42.736215 np0000001148 devstack@neutron-api.service[87040]: DEBUG neutron.plugins.ml2.drivers.ovn.mech_driver.ovsdb.ovsdb_monitor [None req-f872e060-6ba2-4f51-92a4-cb75a8d0fe6a None None] ChassisOVNAgentWriteEvent : Matched Chassis_Private, update, None None {{(pid=87040) matches /opt/stack/neutron/neutron/plugins/ml2/drivers/ovn/mech_driver/ovsdb/ovsdb_monitor.py:64}}
May 21 11:13:42.736663 np0000001148 devstack@neutron-api.service[87041]: DEBUG neutron.plugins.ml2.drivers.ovn.mech_driver.ovsdb.ovsdb_monitor [None req-34e208d4-2ffd-40cd-9fcc-b23359cb41ae None None] Hash Ring: Node e6072aeedd5a588dbd2f1ef5cd172281 (host: np0000001148) handling event "create" for row cedca8f8-aa38-436d-9172-643cbc10af61 (table: Logical_Router_Static_Route) {{(pid=87041) notify /opt/stack/neutron/neutron/plugins/ml2/drivers/ovn/mech_driver/ovsdb/ovsdb_monitor.py:986}}
May 21 11:13:42.738783 np0000001148 devstack@neutron-api.service[87041]: DEBUG neutron.plugins.ml2.drivers.ovn.mech_driver.ovsdb.ovsdb_monitor [None req-cf17798a-025a-47a6-a35c-95a1f6da12d1 None None] Touching Hash Ring node "e6072aeedd5a588dbd2f1ef5cd172281" from IDL notify handler {{(pid=87041) notify /opt/stack/neutron/neutron/plugins/ml2/drivers/ovn/mech_driver/ovsdb/ovsdb_monitor.py:978}}
May 21 11:13:42.742205 np0000001148 devstack@neutron-api.service[87041]: DEBUG neutron.plugins.ml2.drivers.ovn.mech_driver.ovsdb.ovsdb_monitor [None req-34e208d4-2ffd-40cd-9fcc-b23359cb41ae None None] Touching Hash Ring node "e6072aeedd5a588dbd2f1ef5cd172281" from IDL notify handler {{(pid=87041) notify /opt/stack/neutron/neutron/plugins/ml2/drivers/ovn/mech_driver/ovsdb/ovsdb_monitor.py:978}}
May 21 11:13:42.748671 np0000001148 devstack@neutron-api.service[87041]: DEBUG neutron.plugins.ml2.drivers.ovn.mech_driver.ovsdb.ovsdb_monitor [None req-cf17798a-025a-47a6-a35c-95a1f6da12d1 None None] Hash Ring: Node e6072aeedd5a588dbd2f1ef5cd172281 (host: np0000001148) handling event "update" for row 414a5c88-ad64-4002-86e6-b2f57e138c5e (table: Chassis_Private) {{(pid=87041) notify /opt/stack/neutron/neutron/plugins/ml2/drivers/ovn/mech_driver/ovsdb/ovsdb_monitor.py:986}}
May 21 11:13:42.749048 np0000001148 devstack@neutron-api.service[87041]: DEBUG neutron.plugins.ml2.drivers.ovn.mech_driver.ovsdb.ovsdb_monitor [None req-34e208d4-2ffd-40cd-9fcc-b23359cb41ae None None] Hash Ring: Node e6072aeedd5a588dbd2f1ef5cd172281 (host: np0000001148) handling event "update" for row 590862a6-cddf-4447-9437-abf7ea613c86 (table: Logical_Switch_Port) {{(pid=87041) notify /opt/stack/neutron/neutron/plugins/ml2/drivers/ovn/mech_driver/ovsdb/ovsdb_monitor.py:986}}
May 21 11:13:42.754454 np0000001148 devstack@neutron-api.service[87041]: DEBUG neutron.plugins.ml2.drivers.ovn.mech_driver.ovsdb.ovsdb_monitor [None req-34e208d4-2ffd-40cd-9fcc-b23359cb41ae None None] Touching Hash Ring node "e6072aeedd5a588dbd2f1ef5cd172281" from IDL notify handler {{(pid=87041) notify /opt/stack/neutron/neutron/plugins/ml2/drivers/ovn/mech_driver/ovsdb/ovsdb_monitor.py:978}}
May 21 11:13:42.759264 np0000001148 devstack@neutron-api.service[87041]: DEBUG neutron.plugins.ml2.drivers.ovn.mech_driver.ovsdb.ovsdb_monitor [None req-34e208d4-2ffd-40cd-9fcc-b23359cb41ae None None] Hash Ring: Node e6072aeedd5a588dbd2f1ef5cd172281 (host: np0000001148) handling event "update" for row 590862a6-cddf-4447-9437-abf7ea613c86 (table: Logical_Switch_Port) {{(pid=87041) notify /opt/stack/neutron/neutron/plugins/ml2/drivers/ovn/mech_driver/ovsdb/ovsdb_monitor.py:986}}
May 21 11:13:42.760441 np0000001148 devstack@neutron-api.service[87041]: DEBUG ovsdbapp.backend.ovs_idl.event [None req-34e208d4-2ffd-40cd-9fcc-b23359cb41ae None None] Matched UPDATE: LogicalSwitchPortUpdateUpEvent(events=('update',), table='Logical_Switch_Port', conditions=None, old_conditions=None), priority=20 to row=Logical_Switch_Port(uuid=590862a6-cddf-4447-9437-abf7ea613c86, addresses=['router'], dhcpv4_options=[], dhcpv6_options=[], dynamic_addresses=[], enabled=True, external_ids={'neutron:cidrs': '172.24.5.105/24 2001:db8::3e/64', 'neutron:device_id': '6e46ca2a-5ae4-4ea9-bc5b-eaf926cb4aba', 'neutron:device_owner': 'network:router_gateway', 'neutron:mtu': '', 'neutron:network_name': 'neutron-4bf5be6b-2cc7-4abc-9625-66078276312b', 'neutron:port_capabilities': '', 'neutron:port_name': '', 'neutron:project_id': '', 'neutron:revision_number': '1', 'neutron:security_group_ids': '', 'neutron:subnet_pool_addr_scope4': '', 'neutron:subnet_pool_addr_scope6': '', 'neutron:vnic_type': 'normal'}, ha_chassis_group=[], mirror_rules=[], name='a98a9e21-2f42-4e43-95ab-570fae1e46ad', options={'exclude-lb-vips-from-garp': 'true', 'nat-addresses': 'router', 'router-port': 'lrp-a98a9e21-2f42-4e43-95ab-570fae1e46ad'}, parent_name=[], port_security=[], tag=[], tag_request=[], type='router', up=True) old=Logical_Switch_Port(uuid=590862a6-cddf-4447-9437-abf7ea613c86, up=False) {{(pid=87041) matches /opt/stack/data/venv/lib/python3.12/site-packages/ovsdbapp/backend/ovs_idl/event.py:55}}
May 21 11:13:42.764188 np0000001148 devstack@neutron-api.service[87041]: DEBUG neutron.plugins.ml2.drivers.ovn.mech_driver.ovsdb.ovsdb_monitor [None req-34e208d4-2ffd-40cd-9fcc-b23359cb41ae None None] Touching Hash Ring node "e6072aeedd5a588dbd2f1ef5cd172281" from IDL notify handler {{(pid=87041) notify /opt/stack/neutron/neutron/plugins/ml2/drivers/ovn/mech_driver/ovsdb/ovsdb_monitor.py:978}}
May 21 11:13:42.770970 np0000001148 devstack@neutron-api.service[87041]: DEBUG neutron.plugins.ml2.drivers.ovn.mech_driver.ovsdb.ovsdb_monitor [None req-34e208d4-2ffd-40cd-9fcc-b23359cb41ae None None] Hash Ring: Node e6072aeedd5a588dbd2f1ef5cd172281 (host: np0000001148) handling event "update" for row 93f5eba4-0d82-4b7e-bcf5-832317d9b862 (table: Logical_Router_Port) {{(pid=87041) notify /opt/stack/neutron/neutron/plugins/ml2/drivers/ovn/mech_driver/ovsdb/ovsdb_monitor.py:986}}
May 21 11:13:42.780325 np0000001148 devstack@neutron-api.service[87040]: DEBUG neutron_lib.callbacks.manager [None req-b22207f8-25c3-4479-8a69-e40b04713082 None None] Publish callbacks [] for port (afccaabd-e977-407a-95f4-023465e67a18), precommit_update {{(pid=87040) _notify_loop /opt/stack/data/venv/lib/python3.12/site-packages/neutron_lib/callbacks/manager.py:184}}
May 21 11:13:42.798638 np0000001148 devstack@neutron-api.service[87040]: DEBUG neutron.db.provisioning_blocks [None req-b22207f8-25c3-4479-8a69-e40b04713082 None None] Transition to ACTIVE for port object afccaabd-e977-407a-95f4-023465e67a18 will not be triggered until provisioned by entity L2. {{(pid=87040) add_provisioning_component /opt/stack/neutron/neutron/db/provisioning_blocks.py:74}}
May 21 11:13:42.812698 np0000001148 devstack@neutron-api.service[87041]: INFO neutron.db.ovn_revision_numbers_db [None req-37ccf8dd-6b41-4079-a79b-94863e8c3089 admin admin] Successfully bumped revision number for resource a98a9e21-2f42-4e43-95ab-570fae1e46ad (type: router_ports) to 1
May 21 11:13:42.825300 np0000001148 devstack@neutron-api.service[87040]: DEBUG neutron_lib.callbacks.manager [None req-e596154d-cb22-46b3-9f2d-4008049c2ae4 admin admin] Publish callbacks [] for router_gateway (8204bdc4-edac-4a77-b266-7207cf8e59ee), precommit_update {{(pid=87040) _notify_loop /opt/stack/data/venv/lib/python3.12/site-packages/neutron_lib/callbacks/manager.py:184}}
May 21 11:13:42.874808 np0000001148 devstack@neutron-api.service[87041]: DEBUG ovsdbapp.backend.ovs_idl.transaction [None req-34e208d4-2ffd-40cd-9fcc-b23359cb41ae None None] Running txn n=1 command(idx=0): CheckRevisionNumberCommand(_result=None, name=0aa77721-e240-417c-a918-3b795d39b366, resource={'id': '0aa77721-e240-417c-a918-3b795d39b366', 'name': '', 'network_id': '4bf5be6b-2cc7-4abc-9625-66078276312b', 'project_id': '', 'mac_address': 'fa:16:3e:23:f0:04', 'admin_state_up': True, 'status': 'DOWN', 'device_id': '13098b56-efac-4b82-b607-2a4d7e49c504', 'device_owner': 'network:router_gateway', 'standard_attr_id': 114, 'fixed_ips': [{'subnet_id': '6bef103b-eb8f-4d08-a0e9-1a16ee87abb8', 'ip_address': '172.24.5.161'}, {'subnet_id': 'bc2edcd2-a5aa-4a1a-af16-4c25428d7f30', 'ip_address': '2001:db8::2b4'}], 'allowed_address_pairs': [], 'extra_dhcp_opts': [], 'security_groups': [], 'description': '', 'binding:vnic_type': 'normal', 'binding:profile': {}, 'binding:host_id': 'np0000001148', 'binding:vif_type': 'unbound', 'binding:vif_details': {}, 'port_security_enabled': False, 'tags': [], 'created_at': '2026-05-21T11:13:39Z', 'updated_at': '2026-05-21T11:13:39Z', 'revision_number': 1, 'tenant_id': '', 'network': {'id': '4bf5be6b-2cc7-4abc-9625-66078276312b', 'name': 'public', 'tenant_id': 'e41c66d7ffe24b48ab40647f938ed31c', 'project_id': 'e41c66d7ffe24b48ab40647f938ed31c', 'admin_state_up': True, 'mtu': 1430, 'status': 'ACTIVE', 'subnets': ['6bef103b-eb8f-4d08-a0e9-1a16ee87abb8', 'bc2edcd2-a5aa-4a1a-af16-4c25428d7f30'], 'standard_attr_id': 18, 'shared': False, 'availability_zone_hints': [], 'availability_zones': [], 'ipv4_address_scope': None, 'ipv6_address_scope': None, 'router:external': True, 'qinq': False, 'vlan_transparent': False, 'description': '', 'port_security_enabled': True, 'is_default': True, 'tags': [], 'created_at': '2026-05-21T11:10:59Z', 'updated_at': '2026-05-21T11:11:07Z', 'revision_number': 3, 'provider:network_type': 'flat', 'provider:physical_network': 'public', 'provider:segmentation_id': None}}, resource_type=ports, if_exists=True) {{(pid=87041) do_commit /opt/stack/data/venv/lib/python3.12/site-packages/ovsdbapp/backend/ovs_idl/transaction.py:89}}
May 21 11:13:42.875249 np0000001148 devstack@neutron-api.service[87041]: DEBUG ovsdbapp.backend.ovs_idl.transaction [None req-34e208d4-2ffd-40cd-9fcc-b23359cb41ae None None] Running txn n=1 command(idx=1): SetLSwitchPortCommand(_result=None, lport=0aa77721-e240-417c-a918-3b795d39b366, external_ids_update=None, columns={'external_ids': {'neutron:port_name': '', 'neutron:device_id': '13098b56-efac-4b82-b607-2a4d7e49c504', 'neutron:project_id': '', 'neutron:cidrs': '172.24.5.161/24 2001:db8::2b4/64', 'neutron:device_owner': 'network:router_gateway', 'neutron:subnet_pool_addr_scope4': '', 'neutron:subnet_pool_addr_scope6': '', 'neutron:network_name': 'neutron-4bf5be6b-2cc7-4abc-9625-66078276312b', 'neutron:security_group_ids': '', 'neutron:revision_number': '1', 'neutron:vnic_type': 'normal', 'neutron:port_capabilities': '', 'neutron:mtu': ''}, 'parent_name': [], 'tag': [], 'options': {'requested-chassis': 'np0000001148', 'exclude-lb-vips-from-garp': 'true', 'nat-addresses': 'router', 'router-port': 'lrp-0aa77721-e240-417c-a918-3b795d39b366'}, 'enabled': True, 'port_security': [], 'dhcpv4_options': [], 'dhcpv6_options': [], 'type': 'router', 'ha_chassis_group': []}, if_exists=False) {{(pid=87041) do_commit /opt/stack/data/venv/lib/python3.12/site-packages/ovsdbapp/backend/ovs_idl/transaction.py:89}}
May 21 11:13:42.875546 np0000001148 devstack@neutron-api.service[87041]: DEBUG ovsdbapp.backend.ovs_idl.transaction [None req-34e208d4-2ffd-40cd-9fcc-b23359cb41ae None None] Running txn n=1 command(idx=2): PgDelPortCommand(_result=None, port_group=neutron_pg_drop, lsp=['0aa77721-e240-417c-a918-3b795d39b366'], if_exists=False) {{(pid=87041) do_commit /opt/stack/data/venv/lib/python3.12/site-packages/ovsdbapp/backend/ovs_idl/transaction.py:89}}
May 21 11:13:42.882180 np0000001148 devstack@neutron-api.service[87041]: DEBUG neutron.plugins.ml2.drivers.ovn.mech_driver.ovsdb.ovsdb_monitor [None req-34e208d4-2ffd-40cd-9fcc-b23359cb41ae None None] Touching Hash Ring node "e6072aeedd5a588dbd2f1ef5cd172281" from IDL notify handler {{(pid=87041) notify /opt/stack/neutron/neutron/plugins/ml2/drivers/ovn/mech_driver/ovsdb/ovsdb_monitor.py:978}}
May 21 11:13:42.884181 np0000001148 devstack@neutron-api.service[87040]: DEBUG neutron_lib.callbacks.manager [None req-b22207f8-25c3-4479-8a69-e40b04713082 None None] Publish callbacks ['neutron.plugins.ml2.ovo_rpc._ObjectChangeHandler.handle_event-16065766', 'neutron.services.ovn_l3.plugin.OVNL3RouterPlugin._port_update-8520668267420'] for port (afccaabd-e977-407a-95f4-023465e67a18), after_update {{(pid=87040) _notify_loop /opt/stack/data/venv/lib/python3.12/site-packages/neutron_lib/callbacks/manager.py:184}}
May 21 11:13:42.892770 np0000001148 devstack@neutron-api.service[87041]: DEBUG neutron.plugins.ml2.drivers.ovn.mech_driver.ovsdb.ovsdb_monitor [None req-34e208d4-2ffd-40cd-9fcc-b23359cb41ae None None] Hash Ring: Node e6072aeedd5a588dbd2f1ef5cd172281 (host: np0000001148) handling event "update" for row 90d20dd8-bc60-4687-b767-21558ac31b9f (table: Logical_Switch_Port) {{(pid=87041) notify /opt/stack/neutron/neutron/plugins/ml2/drivers/ovn/mech_driver/ovsdb/ovsdb_monitor.py:986}}
May 21 11:13:42.901691 np0000001148 devstack@neutron-api.service[87041]: INFO neutron.db.ovn_revision_numbers_db [None req-37ccf8dd-6b41-4079-a79b-94863e8c3089 admin admin] Successfully bumped revision number for resource 6e46ca2a-5ae4-4ea9-bc5b-eaf926cb4aba (type: routers) to 2
May 21 11:13:42.917114 np0000001148 devstack@neutron-api.service[87041]: DEBUG neutron_lib.callbacks.manager [None req-37ccf8dd-6b41-4079-a79b-94863e8c3089 admin admin] Publish callbacks [] for router (None), before_response {{(pid=87041) _notify_loop /opt/stack/data/venv/lib/python3.12/site-packages/neutron_lib/callbacks/manager.py:184}}
May 21 11:13:42.918489 np0000001148 devstack@neutron-api.service[87041]: [pid: 87041|app: 0|req: 31/65] 10.4.3.228 () {68 vars in 1274 bytes} [Thu May 21 11:13:40 2026] POST /networking/v2.0/routers => generated 1155 bytes in 1972 msecs (HTTP/1.1 201) 4 headers in 163 bytes (1 switches on core 0)
May 21 11:13:42.924302 np0000001148 devstack@neutron-api.service[87041]: DEBUG neutron.api.v2.base [None req-8620f914-570d-47fb-bc6e-1eb40b03715b admin admin] Request body: {'router': {'name': 'tempest-VolumesAssistedSnapshotsTest-1793527790-router', 'project_id': 'e9e56037f37844bbbcbc9e90a95b7df7', 'external_gateway_info': {'network_id': '4bf5be6b-2cc7-4abc-9625-66078276312b'}}} {{(pid=87041) prepare_request_body /opt/stack/neutron/neutron/api/v2/base.py:727}}
May 21 11:13:42.935200 np0000001148 devstack@neutron-api.service[87040]: DEBUG neutron_lib.callbacks.manager [None req-e596154d-cb22-46b3-9f2d-4008049c2ae4 admin admin] Publish callbacks [] for router_gateway (8204bdc4-edac-4a77-b266-7207cf8e59ee), before_create {{(pid=87040) _notify_loop /opt/stack/data/venv/lib/python3.12/site-packages/neutron_lib/callbacks/manager.py:184}}
May 21 11:13:42.935691 np0000001148 devstack@neutron-api.service[87040]: DEBUG neutron_lib.callbacks.manager [None req-e596154d-cb22-46b3-9f2d-4008049c2ae4 admin admin] Publish callbacks ['neutron.plugins.ml2.plugin.SecurityGroupDbMixin._ensure_default_security_group_handler-16587355'] for port (None), before_create {{(pid=87040) _notify_loop /opt/stack/data/venv/lib/python3.12/site-packages/neutron_lib/callbacks/manager.py:184}}
May 21 11:13:42.937187 np0000001148 devstack@neutron-api.service[87040]: DEBUG neutron.api.rpc.handlers.resources_rpc [None req-0822ace7-bd6d-45b3-ab49-e20e82f4cd22 None None] Pushing event updated for resources: {'Port': ['ID=afccaabd-e977-407a-95f4-023465e67a18,revision_number=2']} {{(pid=87040) push /opt/stack/neutron/neutron/api/rpc/handlers/resources_rpc.py:237}}
May 21 11:13:42.942464 np0000001148 devstack@neutron-api.service[87041]: DEBUG neutron.plugins.ml2.managers [None req-b7b4b8ed-6618-4527-96e7-57568ceaba22 None None] Attempting to bind port 0aa77721-e240-417c-a918-3b795d39b366 on host np0000001148 for vnic_type normal with profile {{(pid=87041) bind_port /opt/stack/neutron/neutron/plugins/ml2/managers.py:852}}
May 21 11:13:42.942464 np0000001148 devstack@neutron-api.service[87041]: DEBUG neutron.plugins.ml2.managers [None req-b7b4b8ed-6618-4527-96e7-57568ceaba22 None None] Attempting to bind port 0aa77721-e240-417c-a918-3b795d39b366 by drivers ovn on host np0000001148 at level 0 using segments [{'id': 'ecc0de9e-06e9-4709-ba6b-d28ada9c29f1', 'network_type': 'flat', 'physical_network': 'public', 'segmentation_id': None, 'network_id': '4bf5be6b-2cc7-4abc-9625-66078276312b'}] {{(pid=87041) _bind_port_level /opt/stack/neutron/neutron/plugins/ml2/managers.py:877}}
May 21 11:13:42.942464 np0000001148 devstack@neutron-api.service[87041]: DEBUG neutron.plugins.ml2.drivers.ovn.mech_driver.mech_driver [None req-b7b4b8ed-6618-4527-96e7-57568ceaba22 None None] Attempting to bind port 0aa77721-e240-417c-a918-3b795d39b366 on host np0000001148 for network segment with type flat, segmentation ID None, physical network public {{(pid=87041) bind_port /opt/stack/neutron/neutron/plugins/ml2/drivers/ovn/mech_driver/mech_driver.py:1204}}
May 21 11:13:42.942464 np0000001148 devstack@neutron-api.service[87041]: DEBUG neutron.plugins.ml2.managers [None req-b7b4b8ed-6618-4527-96e7-57568ceaba22 None None] Bound port: 0aa77721-e240-417c-a918-3b795d39b366, host: np0000001148, vif_type: ovs, vif_details: {"port_filter": true, "connectivity": "l2", "ovs_create_tap": false, "bridge_name": "br-int", "datapath_type": "system"}, binding_levels: [{'bound_driver': 'ovn', 'bound_segment': {'id': 'ecc0de9e-06e9-4709-ba6b-d28ada9c29f1', 'network_type': 'flat', 'physical_network': 'public', 'segmentation_id': None, 'network_id': '4bf5be6b-2cc7-4abc-9625-66078276312b'}}] {{(pid=87041) _bind_port_level /opt/stack/neutron/neutron/plugins/ml2/managers.py:988}}
May 21 11:13:42.942464 np0000001148 devstack@neutron-api.service[87041]: DEBUG neutron_lib.callbacks.manager [None req-b7b4b8ed-6618-4527-96e7-57568ceaba22 None None] Publish callbacks ['neutron.plugins.ml2.plugin.SecurityGroupDbMixin._ensure_default_security_group_handler-6818', 'neutron.services.ovn_l3.plugin.OVNL3RouterPlugin._port_update-8520667928256', 'neutron.db.l3_db.L3_NAT_dbonly_mixin._prevent_internal_ip_change_for_fip-8520669793304'] for port (0aa77721-e240-417c-a918-3b795d39b366), before_update {{(pid=87041) _notify_loop /opt/stack/data/venv/lib/python3.12/site-packages/neutron_lib/callbacks/manager.py:184}}
May 21 11:13:42.943554 np0000001148 devstack@neutron-api.service[87041]: DEBUG neutron_lib.callbacks.manager [None req-8620f914-570d-47fb-bc6e-1eb40b03715b admin admin] Publish callbacks ['neutron.services.ovn_l3.service_providers.driver_controller.DriverController._check_router_request-8602'] for router (a2f1fd19-aee8-4611-90aa-b33583c8d5e0), before_create {{(pid=87041) _notify_loop /opt/stack/data/venv/lib/python3.12/site-packages/neutron_lib/callbacks/manager.py:184}}
May 21 11:13:42.944056 np0000001148 devstack@neutron-api.service[87041]: DEBUG neutron_lib.callbacks.manager [None req-8620f914-570d-47fb-bc6e-1eb40b03715b admin admin] Publish callbacks ['neutron.services.ovn_l3.service_providers.ovn.OVN_L3_HA_db_mixin._precommit_router_create-106542', 'neutron.services.ovn_l3.plugin.RouterAvailabilityZoneMixin._process_az_request-14912669', 'neutron.services.ovn_l3.plugin.ExtraGatewaysDbOnlyMixin._process_bfd_ecmp_create-748269', 'neutron.services.ovn_l3.service_providers.ovn.OvnDriver._process_router_create_precommit-106532', 'neutron.services.ovn_l3.service_providers.driver_controller.DriverController._set_router_provider-101992'] for router (a2f1fd19-aee8-4611-90aa-b33583c8d5e0), precommit_create {{(pid=87041) _notify_loop /opt/stack/data/venv/lib/python3.12/site-packages/neutron_lib/callbacks/manager.py:184}}
