May 21 11:10:49.752127 np0000001148 neutron-periodic-workers[88940]: DEBUG cotyledon.oslo_config_glue [-] ovn.bfd_mult = 3 {{(pid=88940) log_opt_values /opt/stack/data/venv/lib/python3.12/site-packages/oslo_config/cfg.py:3256}}
May 21 11:10:49.752127 np0000001148 neutron-periodic-workers[88940]: DEBUG cotyledon.oslo_config_glue [-] ovn.broadcast_arps_to_all_routers = True {{(pid=88940) log_opt_values /opt/stack/data/venv/lib/python3.12/site-packages/oslo_config/cfg.py:3256}}
May 21 11:10:49.752260 np0000001148 neutron-periodic-workers[88940]: DEBUG cotyledon.oslo_config_glue [-] ovn.dhcp_default_lease_time = 43200 {{(pid=88940) log_opt_values /opt/stack/data/venv/lib/python3.12/site-packages/oslo_config/cfg.py:3256}}
May 21 11:10:49.752332 np0000001148 neutron-periodic-workers[88940]: DEBUG cotyledon.oslo_config_glue [-] ovn.disable_ovn_dhcp_for_baremetal_ports = False {{(pid=88940) log_opt_values /opt/stack/data/venv/lib/python3.12/site-packages/oslo_config/cfg.py:3256}}
May 21 11:10:49.752429 np0000001148 neutron-periodic-workers[88940]: DEBUG cotyledon.oslo_config_glue [-] ovn.dns_records_ovn_owned = False {{(pid=88940) log_opt_values /opt/stack/data/venv/lib/python3.12/site-packages/oslo_config/cfg.py:3256}}
May 21 11:10:49.752514 np0000001148 neutron-periodic-workers[88940]: DEBUG cotyledon.oslo_config_glue [-] ovn.dns_servers = [] {{(pid=88940) log_opt_values /opt/stack/data/venv/lib/python3.12/site-packages/oslo_config/cfg.py:3256}}
May 21 11:10:49.752601 np0000001148 neutron-periodic-workers[88940]: DEBUG cotyledon.oslo_config_glue [-] ovn.enable_distributed_floating_ip = False {{(pid=88940) log_opt_values /opt/stack/data/venv/lib/python3.12/site-packages/oslo_config/cfg.py:3256}}
May 21 11:10:49.752655 np0000001148 neutron-periodic-workers[88940]: DEBUG cotyledon.oslo_config_glue [-] ovn.fdb_age_threshold = 300 {{(pid=88940) log_opt_values /opt/stack/data/venv/lib/python3.12/site-packages/oslo_config/cfg.py:3256}}
May 21 11:10:49.752744 np0000001148 neutron-periodic-workers[88940]: DEBUG cotyledon.oslo_config_glue [-] ovn.ha_failover_strategy = normal {{(pid=88940) log_opt_values /opt/stack/data/venv/lib/python3.12/site-packages/oslo_config/cfg.py:3256}}
May 21 11:10:49.752818 np0000001148 neutron-periodic-workers[88940]: DEBUG cotyledon.oslo_config_glue [-] ovn.live_migration_activation_strategy = rarp {{(pid=88940) log_opt_values /opt/stack/data/venv/lib/python3.12/site-packages/oslo_config/cfg.py:3256}}
May 21 11:10:49.752933 np0000001148 neutron-periodic-workers[88940]: DEBUG cotyledon.oslo_config_glue [-] ovn.localnet_learn_fdb = False {{(pid=88940) log_opt_values /opt/stack/data/venv/lib/python3.12/site-packages/oslo_config/cfg.py:3256}}
May 21 11:10:49.753006 np0000001148 neutron-periodic-workers[88940]: DEBUG cotyledon.oslo_config_glue [-] ovn.mac_binding_age_threshold = 300 {{(pid=88940) log_opt_values /opt/stack/data/venv/lib/python3.12/site-packages/oslo_config/cfg.py:3256}}
May 21 11:10:49.753134 np0000001148 neutron-periodic-workers[88940]: DEBUG cotyledon.oslo_config_glue [-] ovn.neutron_sync_mode = log {{(pid=88940) log_opt_values /opt/stack/data/venv/lib/python3.12/site-packages/oslo_config/cfg.py:3256}}
May 21 11:10:49.753192 np0000001148 neutron-periodic-workers[88940]: DEBUG cotyledon.oslo_config_glue [-] ovn.ovn_dhcp4_global_options = {} {{(pid=88940) log_opt_values /opt/stack/data/venv/lib/python3.12/site-packages/oslo_config/cfg.py:3256}}
May 21 11:10:49.753324 np0000001148 neutron-periodic-workers[88940]: DEBUG cotyledon.oslo_config_glue [-] ovn.ovn_dhcp6_global_options = {} {{(pid=88940) log_opt_values /opt/stack/data/venv/lib/python3.12/site-packages/oslo_config/cfg.py:3256}}
May 21 11:10:49.753377 np0000001148 neutron-periodic-workers[88940]: DEBUG cotyledon.oslo_config_glue [-] ovn.ovn_l3_scheduler = leastloaded {{(pid=88940) log_opt_values /opt/stack/data/venv/lib/python3.12/site-packages/oslo_config/cfg.py:3256}}
May 21 11:10:49.753521 np0000001148 neutron-periodic-workers[88940]: DEBUG cotyledon.oslo_config_glue [-] ovn.ovn_metadata_enabled = True {{(pid=88940) log_opt_values /opt/stack/data/venv/lib/python3.12/site-packages/oslo_config/cfg.py:3256}}
May 21 11:10:49.753583 np0000001148 neutron-periodic-workers[88940]: DEBUG cotyledon.oslo_config_glue [-] ovn.ovn_nb_ca_cert = /opt/stack/data/CA/int-ca/ca-chain.pem {{(pid=88940) log_opt_values /opt/stack/data/venv/lib/python3.12/site-packages/oslo_config/cfg.py:3256}}
May 21 11:10:49.753712 np0000001148 neutron-periodic-workers[88940]: DEBUG cotyledon.oslo_config_glue [-] ovn.ovn_nb_certificate = /opt/stack/data/CA/int-ca/devstack-cert.crt {{(pid=88940) log_opt_values /opt/stack/data/venv/lib/python3.12/site-packages/oslo_config/cfg.py:3256}}
May 21 11:10:49.753761 np0000001148 neutron-periodic-workers[88940]: DEBUG cotyledon.oslo_config_glue [-] ovn.ovn_nb_connection = ['ssl:10.4.3.228:6641'] {{(pid=88940) log_opt_values /opt/stack/data/venv/lib/python3.12/site-packages/oslo_config/cfg.py:3256}}
May 21 11:10:49.753897 np0000001148 neutron-periodic-workers[88940]: DEBUG cotyledon.oslo_config_glue [-] ovn.ovn_nb_private_key = /opt/stack/data/CA/int-ca/private/devstack-cert.key {{(pid=88940) log_opt_values /opt/stack/data/venv/lib/python3.12/site-packages/oslo_config/cfg.py:3256}}
May 21 11:10:49.753967 np0000001148 neutron-periodic-workers[88940]: DEBUG cotyledon.oslo_config_glue [-] ovn.ovn_router_indirect_snat = False {{(pid=88940) log_opt_values /opt/stack/data/venv/lib/python3.12/site-packages/oslo_config/cfg.py:3256}}
May 21 11:10:49.754076 np0000001148 neutron-periodic-workers[88940]: DEBUG cotyledon.oslo_config_glue [-] ovn.ovn_sb_ca_cert = /opt/stack/data/CA/int-ca/ca-chain.pem {{(pid=88940) log_opt_values /opt/stack/data/venv/lib/python3.12/site-packages/oslo_config/cfg.py:3256}}
May 21 11:10:49.754159 np0000001148 neutron-periodic-workers[88940]: DEBUG cotyledon.oslo_config_glue [-] ovn.ovn_sb_certificate = /opt/stack/data/CA/int-ca/devstack-cert.crt {{(pid=88940) log_opt_values /opt/stack/data/venv/lib/python3.12/site-packages/oslo_config/cfg.py:3256}}
May 21 11:10:49.754268 np0000001148 neutron-periodic-workers[88940]: DEBUG cotyledon.oslo_config_glue [-] ovn.ovn_sb_connection = ['ssl:10.4.3.228:6642'] {{(pid=88940) log_opt_values /opt/stack/data/venv/lib/python3.12/site-packages/oslo_config/cfg.py:3256}}
May 21 11:10:49.754310 np0000001148 neutron-periodic-workers[88940]: DEBUG cotyledon.oslo_config_glue [-] ovn.ovn_sb_private_key = /opt/stack/data/CA/int-ca/private/devstack-cert.key {{(pid=88940) log_opt_values /opt/stack/data/venv/lib/python3.12/site-packages/oslo_config/cfg.py:3256}}
May 21 11:10:49.754457 np0000001148 neutron-periodic-workers[88940]: DEBUG cotyledon.oslo_config_glue [-] ovn.ovs_create_tap = False {{(pid=88940) log_opt_values /opt/stack/data/venv/lib/python3.12/site-packages/oslo_config/cfg.py:3256}}
May 21 11:10:49.754512 np0000001148 neutron-periodic-workers[88940]: DEBUG cotyledon.oslo_config_glue [-] ovn.ovsdb_connection_timeout = 180 {{(pid=88940) log_opt_values /opt/stack/data/venv/lib/python3.12/site-packages/oslo_config/cfg.py:3256}}
May 21 11:10:49.754631 np0000001148 neutron-periodic-workers[88940]: DEBUG cotyledon.oslo_config_glue [-] ovn.ovsdb_log_level = INFO {{(pid=88940) log_opt_values /opt/stack/data/venv/lib/python3.12/site-packages/oslo_config/cfg.py:3256}}
May 21 11:10:49.754781 np0000001148 neutron-periodic-workers[88940]: DEBUG cotyledon.oslo_config_glue [-] ovn.ovsdb_probe_interval = 60000 {{(pid=88940) log_opt_values /opt/stack/data/venv/lib/python3.12/site-packages/oslo_config/cfg.py:3256}}
May 21 11:10:49.754898 np0000001148 neutron-periodic-workers[88940]: DEBUG cotyledon.oslo_config_glue [-] ovn.ovsdb_retry_max_interval = 180 {{(pid=88940) log_opt_values /opt/stack/data/venv/lib/python3.12/site-packages/oslo_config/cfg.py:3256}}
May 21 11:10:49.754898 np0000001148 neutron-periodic-workers[88940]: DEBUG cotyledon.oslo_config_glue [-] ovn.stateless_nat_enabled = False {{(pid=88940) log_opt_values /opt/stack/data/venv/lib/python3.12/site-packages/oslo_config/cfg.py:3256}}
May 21 11:10:49.755115 np0000001148 neutron-periodic-workers[88940]: DEBUG cotyledon.oslo_config_glue [-] ovn.vhost_sock_dir = /var/run/openvswitch {{(pid=88940) log_opt_values /opt/stack/data/venv/lib/python3.12/site-packages/oslo_config/cfg.py:3256}}
May 21 11:10:49.755115 np0000001148 neutron-periodic-workers[88940]: DEBUG cotyledon.oslo_config_glue [-] OVS.bridge_mac_table_size = 50000 {{(pid=88940) log_opt_values /opt/stack/data/venv/lib/python3.12/site-packages/oslo_config/cfg.py:3256}}
May 21 11:10:49.755305 np0000001148 neutron-periodic-workers[88940]: DEBUG cotyledon.oslo_config_glue [-] OVS.igmp_flood = False {{(pid=88940) log_opt_values /opt/stack/data/venv/lib/python3.12/site-packages/oslo_config/cfg.py:3256}}
May 21 11:10:49.755305 np0000001148 neutron-periodic-workers[88940]: DEBUG cotyledon.oslo_config_glue [-] OVS.igmp_flood_reports = True {{(pid=88940) log_opt_values /opt/stack/data/venv/lib/python3.12/site-packages/oslo_config/cfg.py:3256}}
May 21 11:10:49.755491 np0000001148 neutron-periodic-workers[88940]: DEBUG cotyledon.oslo_config_glue [-] OVS.igmp_flood_unregistered = False {{(pid=88940) log_opt_values /opt/stack/data/venv/lib/python3.12/site-packages/oslo_config/cfg.py:3256}}
May 21 11:10:49.755579 np0000001148 neutron-periodic-workers[88940]: DEBUG cotyledon.oslo_config_glue [-] OVS.igmp_snooping_enable = False {{(pid=88940) log_opt_values /opt/stack/data/venv/lib/python3.12/site-packages/oslo_config/cfg.py:3256}}
May 21 11:10:49.755679 np0000001148 neutron-periodic-workers[88940]: DEBUG cotyledon.oslo_config_glue [-] OVS.ovsdb_timeout = 10 {{(pid=88940) log_opt_values /opt/stack/data/venv/lib/python3.12/site-packages/oslo_config/cfg.py:3256}}
May 21 11:10:49.755771 np0000001148 neutron-periodic-workers[88940]: DEBUG cotyledon.oslo_config_glue [-] ovn_nb_global.fdb_removal_limit = 0 {{(pid=88940) log_opt_values /opt/stack/data/venv/lib/python3.12/site-packages/oslo_config/cfg.py:3256}}
May 21 11:10:49.755856 np0000001148 neutron-periodic-workers[88940]: DEBUG cotyledon.oslo_config_glue [-] ovn_nb_global.ignore_lsp_down = False {{(pid=88940) log_opt_values /opt/stack/data/venv/lib/python3.12/site-packages/oslo_config/cfg.py:3256}}
May 21 11:10:49.755950 np0000001148 neutron-periodic-workers[88940]: DEBUG cotyledon.oslo_config_glue [-] ovn_nb_global.mac_binding_removal_limit = 0 {{(pid=88940) log_opt_values /opt/stack/data/venv/lib/python3.12/site-packages/oslo_config/cfg.py:3256}}
May 21 11:10:49.756359 np0000001148 neutron-periodic-workers[88940]: DEBUG cotyledon.oslo_config_glue [-] ******************************************************************************** {{(pid=88940) log_opt_values /opt/stack/data/venv/lib/python3.12/site-packages/oslo_config/cfg.py:3263}}
May 21 11:10:49.756359 np0000001148 neutron-periodic-workers[88940]: DEBUG cotyledon._service_worker [-] Run service ServiceWrapper(0) [88940] {{(pid=88940) wait_forever /opt/stack/data/venv/lib/python3.12/site-packages/cotyledon/_service_worker.py:218}}
May 21 11:10:59.368741 np0000001148 neutron-periodic-workers[88059]: DEBUG dbcounter [-] [88059] Writing DB stats neutron:SELECT=4 {{(pid=88059) stat_writer /opt/stack/data/venv/lib/python3.12/site-packages/dbcounter.py:115}}
May 21 11:11:53.717020 np0000001148 neutron-periodic-workers[88934]: DEBUG oslo_db.sqlalchemy.engines [None req-8778df6f-3294-4165-8c3c-18665f5e1902 None None] Parent process 88059 forked (88934) with an open database connection, which is being discarded and recreated. {{(pid=88934) checkout /opt/stack/data/venv/lib/python3.12/site-packages/oslo_db/sqlalchemy/engines.py:402}}
May 21 11:11:53.722925 np0000001148 neutron-periodic-workers[88934]: DEBUG dbcounter [-] [88934] Writer thread running {{(pid=88934) stat_writer /opt/stack/data/venv/lib/python3.12/site-packages/dbcounter.py:102}}
May 21 11:11:53.725923 np0000001148 neutron-periodic-workers[88934]: DEBUG neutron.db.agents_db [None req-8778df6f-3294-4165-8c3c-18665f5e1902 None None] Agent healthcheck: found 0 active agents {{(pid=88934) agent_health_check /opt/stack/neutron/neutron/db/agents_db.py:322}}
May 21 11:11:53.726089 np0000001148 neutron-periodic-workers[88934]: DEBUG oslo.service.backend._threading.loopingcall [None req-8778df6f-3294-4165-8c3c-18665f5e1902 None None] Fixed interval looping call 'neutron.plugins.ml2.plugin.AgentDbMixin.agent_health_check' sleeping for 36.99 seconds {{(pid=88934) _run_loop /opt/stack/data/venv/lib/python3.12/site-packages/oslo_service/backend/_threading/loopingcall.py:125}}
May 21 11:11:55.734557 np0000001148 neutron-periodic-workers[88926]: DEBUG dbcounter [-] [88926] Writer thread running {{(pid=88926) stat_writer /opt/stack/data/venv/lib/python3.12/site-packages/dbcounter.py:102}}
May 21 11:11:55.743886 np0000001148 neutron-periodic-workers[88926]: DEBUG oslo.service.backend._threading.loopingcall [None req-0f5e8748-b84e-4191-a5c1-33edc4321931 None None] Fixed interval looping call 'neutron.plugins.ml2.plugin.DhcpAgentSchedulerDbMixin.remove_networks_from_down_agents' sleeping for 36.98 seconds {{(pid=88926) _run_loop /opt/stack/data/venv/lib/python3.12/site-packages/oslo_service/backend/_threading/loopingcall.py:125}}
May 21 11:12:03.723339 np0000001148 neutron-periodic-workers[88934]: DEBUG dbcounter [-] [88934] Writing DB stats neutron:SELECT=1 {{(pid=88934) stat_writer /opt/stack/data/venv/lib/python3.12/site-packages/dbcounter.py:115}}
May 21 11:12:05.742628 np0000001148 neutron-periodic-workers[88926]: DEBUG dbcounter [-] [88926] Writing DB stats neutron:SELECT=3 {{(pid=88926) stat_writer /opt/stack/data/venv/lib/python3.12/site-packages/dbcounter.py:115}}
May 21 11:12:30.719426 np0000001148 neutron-periodic-workers[88934]: DEBUG neutron.db.agents_db [None req-8778df6f-3294-4165-8c3c-18665f5e1902 None None] Agent healthcheck: found 0 active agents {{(pid=88934) agent_health_check /opt/stack/neutron/neutron/db/agents_db.py:322}}
May 21 11:12:30.719920 np0000001148 neutron-periodic-workers[88934]: DEBUG oslo.service.backend._threading.loopingcall [None req-8778df6f-3294-4165-8c3c-18665f5e1902 None None] Fixed interval looping call 'neutron.plugins.ml2.plugin.AgentDbMixin.agent_health_check' sleeping for 37.00 seconds {{(pid=88934) _run_loop /opt/stack/data/venv/lib/python3.12/site-packages/oslo_service/backend/_threading/loopingcall.py:125}}
May 21 11:12:32.730199 np0000001148 neutron-periodic-workers[88926]: DEBUG oslo.service.backend._threading.loopingcall [None req-0f5e8748-b84e-4191-a5c1-33edc4321931 None None] Fixed interval looping call 'neutron.plugins.ml2.plugin.DhcpAgentSchedulerDbMixin.remove_networks_from_down_agents' sleeping for 36.99 seconds {{(pid=88926) _run_loop /opt/stack/data/venv/lib/python3.12/site-packages/oslo_service/backend/_threading/loopingcall.py:125}}
May 21 11:12:40.718392 np0000001148 neutron-periodic-workers[88934]: DEBUG dbcounter [-] [88934] Writing DB stats neutron:SELECT=1 {{(pid=88934) stat_writer /opt/stack/data/venv/lib/python3.12/site-packages/dbcounter.py:115}}
May 21 11:12:42.729362 np0000001148 neutron-periodic-workers[88926]: DEBUG dbcounter [-] [88926] Writing DB stats neutron:SELECT=3 {{(pid=88926) stat_writer /opt/stack/data/venv/lib/python3.12/site-packages/dbcounter.py:115}}
May 21 11:12:49.766572 np0000001148 neutron-periodic-workers[88940]: DEBUG dbcounter [-] [88940] Writer thread running {{(pid=88940) stat_writer /opt/stack/data/venv/lib/python3.12/site-packages/dbcounter.py:102}}
May 21 11:12:49.768151 np0000001148 neutron-periodic-workers[88940]: DEBUG oslo.service.backend._threading.loopingcall [None req-5431294b-5e8b-4d90-94e7-7f7b91f1ffd4 None None] Fixed interval looping call 'neutron.db.quota.driver_nolock.DbQuotaNoLockDriver._remove_expired_reservations' sleeping for 119.99 seconds {{(pid=88940) _run_loop /opt/stack/data/venv/lib/python3.12/site-packages/oslo_service/backend/_threading/loopingcall.py:125}}
May 21 11:12:59.767000 np0000001148 neutron-periodic-workers[88940]: DEBUG dbcounter [-] [88940] Writing DB stats neutron:DELETE=1 {{(pid=88940) stat_writer /opt/stack/data/venv/lib/python3.12/site-packages/dbcounter.py:115}}
May 21 11:13:07.722626 np0000001148 neutron-periodic-workers[88934]: DEBUG neutron.db.agents_db [None req-8778df6f-3294-4165-8c3c-18665f5e1902 None None] Agent healthcheck: found 0 active agents {{(pid=88934) agent_health_check /opt/stack/neutron/neutron/db/agents_db.py:322}}
May 21 11:13:07.723132 np0000001148 neutron-periodic-workers[88934]: DEBUG oslo.service.backend._threading.loopingcall [None req-8778df6f-3294-4165-8c3c-18665f5e1902 None None] Fixed interval looping call 'neutron.plugins.ml2.plugin.AgentDbMixin.agent_health_check' sleeping for 37.00 seconds {{(pid=88934) _run_loop /opt/stack/data/venv/lib/python3.12/site-packages/oslo_service/backend/_threading/loopingcall.py:125}}
May 21 11:13:09.725625 np0000001148 neutron-periodic-workers[88926]: DEBUG oslo.service.backend._threading.loopingcall [None req-0f5e8748-b84e-4191-a5c1-33edc4321931 None None] Fixed interval looping call 'neutron.plugins.ml2.plugin.DhcpAgentSchedulerDbMixin.remove_networks_from_down_agents' sleeping for 36.99 seconds {{(pid=88926) _run_loop /opt/stack/data/venv/lib/python3.12/site-packages/oslo_service/backend/_threading/loopingcall.py:125}}
May 21 11:13:17.722063 np0000001148 neutron-periodic-workers[88934]: DEBUG dbcounter [-] [88934] Writing DB stats neutron:SELECT=1 {{(pid=88934) stat_writer /opt/stack/data/venv/lib/python3.12/site-packages/dbcounter.py:115}}
May 21 11:13:19.724797 np0000001148 neutron-periodic-workers[88926]: DEBUG dbcounter [-] [88926] Writing DB stats neutron:SELECT=3 {{(pid=88926) stat_writer /opt/stack/data/venv/lib/python3.12/site-packages/dbcounter.py:115}}
May 21 11:13:44.726919 np0000001148 neutron-periodic-workers[88934]: DEBUG neutron.db.agents_db [None req-8778df6f-3294-4165-8c3c-18665f5e1902 None None] Agent healthcheck: found 0 active agents {{(pid=88934) agent_health_check /opt/stack/neutron/neutron/db/agents_db.py:322}}
May 21 11:13:44.727513 np0000001148 neutron-periodic-workers[88934]: DEBUG oslo.service.backend._threading.loopingcall [None req-8778df6f-3294-4165-8c3c-18665f5e1902 None None] Fixed interval looping call 'neutron.plugins.ml2.plugin.AgentDbMixin.agent_health_check' sleeping for 37.00 seconds {{(pid=88934) _run_loop /opt/stack/data/venv/lib/python3.12/site-packages/oslo_service/backend/_threading/loopingcall.py:125}}
May 21 11:13:46.721585 np0000001148 neutron-periodic-workers[88926]: DEBUG oslo.service.backend._threading.loopingcall [None req-0f5e8748-b84e-4191-a5c1-33edc4321931 None None] Fixed interval looping call 'neutron.plugins.ml2.plugin.DhcpAgentSchedulerDbMixin.remove_networks_from_down_agents' sleeping for 36.99 seconds {{(pid=88926) _run_loop /opt/stack/data/venv/lib/python3.12/site-packages/oslo_service/backend/_threading/loopingcall.py:125}}
May 21 11:13:54.725375 np0000001148 neutron-periodic-workers[88934]: DEBUG dbcounter [-] [88934] Writing DB stats neutron:SELECT=1 {{(pid=88934) stat_writer /opt/stack/data/venv/lib/python3.12/site-packages/dbcounter.py:115}}
May 21 11:13:56.722655 np0000001148 neutron-periodic-workers[88926]: DEBUG dbcounter [-] [88926] Writing DB stats neutron:SELECT=3 {{(pid=88926) stat_writer /opt/stack/data/venv/lib/python3.12/site-packages/dbcounter.py:115}}
May 21 11:14:21.733308 np0000001148 neutron-periodic-workers[88934]: DEBUG neutron.db.agents_db [None req-8778df6f-3294-4165-8c3c-18665f5e1902 None None] Agent healthcheck: found 0 active agents {{(pid=88934) agent_health_check /opt/stack/neutron/neutron/db/agents_db.py:322}}
May 21 11:14:21.733684 np0000001148 neutron-periodic-workers[88934]: DEBUG oslo.service.backend._threading.loopingcall [None req-8778df6f-3294-4165-8c3c-18665f5e1902 None None] Fixed interval looping call 'neutron.plugins.ml2.plugin.AgentDbMixin.agent_health_check' sleeping for 36.99 seconds {{(pid=88934) _run_loop /opt/stack/data/venv/lib/python3.12/site-packages/oslo_service/backend/_threading/loopingcall.py:125}}
May 21 11:14:23.719080 np0000001148 neutron-periodic-workers[88926]: DEBUG oslo.service.backend._threading.loopingcall [None req-0f5e8748-b84e-4191-a5c1-33edc4321931 None None] Fixed interval looping call 'neutron.plugins.ml2.plugin.DhcpAgentSchedulerDbMixin.remove_networks_from_down_agents' sleeping for 36.99 seconds {{(pid=88926) _run_loop /opt/stack/data/venv/lib/python3.12/site-packages/oslo_service/backend/_threading/loopingcall.py:125}}
May 21 11:14:31.730305 np0000001148 neutron-periodic-workers[88934]: DEBUG dbcounter [-] [88934] Writing DB stats neutron:SELECT=1 {{(pid=88934) stat_writer /opt/stack/data/venv/lib/python3.12/site-packages/dbcounter.py:115}}
May 21 11:14:33.717824 np0000001148 neutron-periodic-workers[88926]: DEBUG dbcounter [-] [88926] Writing DB stats neutron:SELECT=3 {{(pid=88926) stat_writer /opt/stack/data/venv/lib/python3.12/site-packages/dbcounter.py:115}}
May 21 11:14:49.762690 np0000001148 neutron-periodic-workers[88940]: DEBUG oslo.service.backend._threading.loopingcall [None req-5431294b-5e8b-4d90-94e7-7f7b91f1ffd4 None None] Fixed interval looping call 'neutron.db.quota.driver_nolock.DbQuotaNoLockDriver._remove_expired_reservations' sleeping for 120.00 seconds {{(pid=88940) _run_loop /opt/stack/data/venv/lib/python3.12/site-packages/oslo_service/backend/_threading/loopingcall.py:125}}
May 21 11:14:58.729181 np0000001148 neutron-periodic-workers[88934]: DEBUG neutron.db.agents_db [None req-8778df6f-3294-4165-8c3c-18665f5e1902 None None] Agent healthcheck: found 0 active agents {{(pid=88934) agent_health_check /opt/stack/neutron/neutron/db/agents_db.py:322}}
May 21 11:14:58.729608 np0000001148 neutron-periodic-workers[88934]: DEBUG oslo.service.backend._threading.loopingcall [None req-8778df6f-3294-4165-8c3c-18665f5e1902 None None] Fixed interval looping call 'neutron.plugins.ml2.plugin.AgentDbMixin.agent_health_check' sleeping for 36.99 seconds {{(pid=88934) _run_loop /opt/stack/data/venv/lib/python3.12/site-packages/oslo_service/backend/_threading/loopingcall.py:125}}
May 21 11:14:59.761104 np0000001148 neutron-periodic-workers[88940]: DEBUG dbcounter [-] [88940] Writing DB stats neutron:DELETE=1 {{(pid=88940) stat_writer /opt/stack/data/venv/lib/python3.12/site-packages/dbcounter.py:115}}
May 21 11:15:00.725711 np0000001148 neutron-periodic-workers[88926]: DEBUG oslo.service.backend._threading.loopingcall [None req-0f5e8748-b84e-4191-a5c1-33edc4321931 None None] Fixed interval looping call 'neutron.plugins.ml2.plugin.DhcpAgentSchedulerDbMixin.remove_networks_from_down_agents' sleeping for 36.98 seconds {{(pid=88926) _run_loop /opt/stack/data/venv/lib/python3.12/site-packages/oslo_service/backend/_threading/loopingcall.py:125}}
May 21 11:15:08.729680 np0000001148 neutron-periodic-workers[88934]: DEBUG dbcounter [-] [88934] Writing DB stats neutron:SELECT=1 {{(pid=88934) stat_writer /opt/stack/data/venv/lib/python3.12/site-packages/dbcounter.py:115}}
May 21 11:15:10.729007 np0000001148 neutron-periodic-workers[88926]: DEBUG dbcounter [-] [88926] Writing DB stats neutron:SELECT=3 {{(pid=88926) stat_writer /opt/stack/data/venv/lib/python3.12/site-packages/dbcounter.py:115}}
May 21 11:15:20.743199 np0000001148 neutron-periodic-workers[88916]: DEBUG dbcounter [-] [88916] Writer thread running {{(pid=88916) stat_writer /opt/stack/data/venv/lib/python3.12/site-packages/dbcounter.py:102}}
May 21 11:15:20.761108 np0000001148 neutron-periodic-workers[88916]: DEBUG oslo.service.backend._threading.loopingcall [None req-d2ad8c8c-6345-4669-8564-e2f2d7d7dea5 None None] Fixed interval looping call 'neutron.services.ovn_l3.plugin.L3_NAT_dbonly_mixin._clean_garbage' sleeping for 299.93 seconds {{(pid=88916) _run_loop /opt/stack/data/venv/lib/python3.12/site-packages/oslo_service/backend/_threading/loopingcall.py:125}}
May 21 11:15:30.743947 np0000001148 neutron-periodic-workers[88916]: DEBUG dbcounter [-] [88916] Writing DB stats neutron:SELECT=1 {{(pid=88916) stat_writer /opt/stack/data/venv/lib/python3.12/site-packages/dbcounter.py:115}}
May 21 11:15:35.724156 np0000001148 neutron-periodic-workers[88934]: DEBUG neutron.db.agents_db [None req-8778df6f-3294-4165-8c3c-18665f5e1902 None None] Agent healthcheck: found 0 active agents {{(pid=88934) agent_health_check /opt/stack/neutron/neutron/db/agents_db.py:322}}
May 21 11:15:35.724835 np0000001148 neutron-periodic-workers[88934]: DEBUG oslo.service.backend._threading.loopingcall [None req-8778df6f-3294-4165-8c3c-18665f5e1902 None None] Fixed interval looping call 'neutron.plugins.ml2.plugin.AgentDbMixin.agent_health_check' sleeping for 37.00 seconds {{(pid=88934) _run_loop /opt/stack/data/venv/lib/python3.12/site-packages/oslo_service/backend/_threading/loopingcall.py:125}}
May 21 11:15:37.714786 np0000001148 neutron-periodic-workers[88926]: DEBUG oslo.service.backend._threading.loopingcall [None req-0f5e8748-b84e-4191-a5c1-33edc4321931 None None] Fixed interval looping call 'neutron.plugins.ml2.plugin.DhcpAgentSchedulerDbMixin.remove_networks_from_down_agents' sleeping for 36.99 seconds {{(pid=88926) _run_loop /opt/stack/data/venv/lib/python3.12/site-packages/oslo_service/backend/_threading/loopingcall.py:125}}
May 21 11:15:45.723194 np0000001148 neutron-periodic-workers[88934]: DEBUG dbcounter [-] [88934] Writing DB stats neutron:SELECT=1 {{(pid=88934) stat_writer /opt/stack/data/venv/lib/python3.12/site-packages/dbcounter.py:115}}
May 21 11:15:47.713430 np0000001148 neutron-periodic-workers[88926]: DEBUG dbcounter [-] [88926] Writing DB stats neutron:SELECT=3 {{(pid=88926) stat_writer /opt/stack/data/venv/lib/python3.12/site-packages/dbcounter.py:115}}
May 21 11:16:12.732621 np0000001148 neutron-periodic-workers[88934]: DEBUG neutron.db.agents_db [None req-8778df6f-3294-4165-8c3c-18665f5e1902 None None] Agent healthcheck: found 0 active agents {{(pid=88934) agent_health_check /opt/stack/neutron/neutron/db/agents_db.py:322}}
May 21 11:16:12.733015 np0000001148 neutron-periodic-workers[88934]: DEBUG oslo.service.backend._threading.loopingcall [None req-8778df6f-3294-4165-8c3c-18665f5e1902 None None] Fixed interval looping call 'neutron.plugins.ml2.plugin.AgentDbMixin.agent_health_check' sleeping for 36.99 seconds {{(pid=88934) _run_loop /opt/stack/data/venv/lib/python3.12/site-packages/oslo_service/backend/_threading/loopingcall.py:125}}
May 21 11:16:14.724644 np0000001148 neutron-periodic-workers[88926]: DEBUG oslo.service.backend._threading.loopingcall [None req-0f5e8748-b84e-4191-a5c1-33edc4321931 None None] Fixed interval looping call 'neutron.plugins.ml2.plugin.DhcpAgentSchedulerDbMixin.remove_networks_from_down_agents' sleeping for 36.98 seconds {{(pid=88926) _run_loop /opt/stack/data/venv/lib/python3.12/site-packages/oslo_service/backend/_threading/loopingcall.py:125}}
May 21 11:16:22.730244 np0000001148 neutron-periodic-workers[88934]: DEBUG dbcounter [-] [88934] Writing DB stats neutron:SELECT=1 {{(pid=88934) stat_writer /opt/stack/data/venv/lib/python3.12/site-packages/dbcounter.py:115}}
May 21 11:16:24.718692 np0000001148 neutron-periodic-workers[88926]: DEBUG dbcounter [-] [88926] Writing DB stats neutron:SELECT=3 {{(pid=88926) stat_writer /opt/stack/data/venv/lib/python3.12/site-packages/dbcounter.py:115}}
May 21 11:16:49.726231 np0000001148 neutron-periodic-workers[88934]: DEBUG neutron.db.agents_db [None req-8778df6f-3294-4165-8c3c-18665f5e1902 None None] Agent healthcheck: found 0 active agents {{(pid=88934) agent_health_check /opt/stack/neutron/neutron/db/agents_db.py:322}}
May 21 11:16:49.726769 np0000001148 neutron-periodic-workers[88934]: DEBUG oslo.service.backend._threading.loopingcall [None req-8778df6f-3294-4165-8c3c-18665f5e1902 None None] Fixed interval looping call 'neutron.plugins.ml2.plugin.AgentDbMixin.agent_health_check' sleeping for 37.00 seconds {{(pid=88934) _run_loop /opt/stack/data/venv/lib/python3.12/site-packages/oslo_service/backend/_threading/loopingcall.py:125}}
May 21 11:16:49.765702 np0000001148 neutron-periodic-workers[88940]: DEBUG oslo.service.backend._threading.loopingcall [None req-5431294b-5e8b-4d90-94e7-7f7b91f1ffd4 None None] Fixed interval looping call 'neutron.db.quota.driver_nolock.DbQuotaNoLockDriver._remove_expired_reservations' sleeping for 120.00 seconds {{(pid=88940) _run_loop /opt/stack/data/venv/lib/python3.12/site-packages/oslo_service/backend/_threading/loopingcall.py:125}}
May 21 11:16:51.726652 np0000001148 neutron-periodic-workers[88926]: DEBUG oslo.service.backend._threading.loopingcall [None req-0f5e8748-b84e-4191-a5c1-33edc4321931 None None] Fixed interval looping call 'neutron.plugins.ml2.plugin.DhcpAgentSchedulerDbMixin.remove_networks_from_down_agents' sleeping for 36.98 seconds {{(pid=88926) _run_loop /opt/stack/data/venv/lib/python3.12/site-packages/oslo_service/backend/_threading/loopingcall.py:125}}
May 21 11:16:59.725317 np0000001148 neutron-periodic-workers[88934]: DEBUG dbcounter [-] [88934] Writing DB stats neutron:SELECT=1 {{(pid=88934) stat_writer /opt/stack/data/venv/lib/python3.12/site-packages/dbcounter.py:115}}
May 21 11:16:59.765668 np0000001148 neutron-periodic-workers[88940]: DEBUG dbcounter [-] [88940] Writing DB stats neutron:DELETE=1 {{(pid=88940) stat_writer /opt/stack/data/venv/lib/python3.12/site-packages/dbcounter.py:115}}
May 21 11:17:01.726207 np0000001148 neutron-periodic-workers[88926]: DEBUG dbcounter [-] [88926] Writing DB stats neutron:SELECT=3 {{(pid=88926) stat_writer /opt/stack/data/venv/lib/python3.12/site-packages/dbcounter.py:115}}
May 21 11:17:26.730771 np0000001148 neutron-periodic-workers[88934]: DEBUG neutron.db.agents_db [None req-8778df6f-3294-4165-8c3c-18665f5e1902 None None] Agent healthcheck: found 0 active agents {{(pid=88934) agent_health_check /opt/stack/neutron/neutron/db/agents_db.py:322}}
May 21 11:17:26.730771 np0000001148 neutron-periodic-workers[88934]: DEBUG oslo.service.backend._threading.loopingcall [None req-8778df6f-3294-4165-8c3c-18665f5e1902 None None] Fixed interval looping call 'neutron.plugins.ml2.plugin.AgentDbMixin.agent_health_check' sleeping for 37.00 seconds {{(pid=88934) _run_loop /opt/stack/data/venv/lib/python3.12/site-packages/oslo_service/backend/_threading/loopingcall.py:125}}
May 21 11:17:28.717887 np0000001148 neutron-periodic-workers[88926]: DEBUG oslo.service.backend._threading.loopingcall [None req-0f5e8748-b84e-4191-a5c1-33edc4321931 None None] Fixed interval looping call 'neutron.plugins.ml2.plugin.DhcpAgentSchedulerDbMixin.remove_networks_from_down_agents' sleeping for 36.99 seconds {{(pid=88926) _run_loop /opt/stack/data/venv/lib/python3.12/site-packages/oslo_service/backend/_threading/loopingcall.py:125}}
May 21 11:17:36.729992 np0000001148 neutron-periodic-workers[88934]: DEBUG dbcounter [-] [88934] Writing DB stats neutron:SELECT=1 {{(pid=88934) stat_writer /opt/stack/data/venv/lib/python3.12/site-packages/dbcounter.py:115}}
May 21 11:17:38.717496 np0000001148 neutron-periodic-workers[88926]: DEBUG dbcounter [-] [88926] Writing DB stats neutron:SELECT=3 {{(pid=88926) stat_writer /opt/stack/data/venv/lib/python3.12/site-packages/dbcounter.py:115}}
May 21 11:18:03.733744 np0000001148 neutron-periodic-workers[88934]: DEBUG neutron.db.agents_db [None req-8778df6f-3294-4165-8c3c-18665f5e1902 None None] Agent healthcheck: found 0 active agents {{(pid=88934) agent_health_check /opt/stack/neutron/neutron/db/agents_db.py:322}}
May 21 11:18:03.734219 np0000001148 neutron-periodic-workers[88934]: DEBUG oslo.service.backend._threading.loopingcall [None req-8778df6f-3294-4165-8c3c-18665f5e1902 None None] Fixed interval looping call 'neutron.plugins.ml2.plugin.AgentDbMixin.agent_health_check' sleeping for 37.00 seconds {{(pid=88934) _run_loop /opt/stack/data/venv/lib/python3.12/site-packages/oslo_service/backend/_threading/loopingcall.py:125}}
May 21 11:18:05.716243 np0000001148 neutron-periodic-workers[88926]: DEBUG oslo.service.backend._threading.loopingcall [None req-0f5e8748-b84e-4191-a5c1-33edc4321931 None None] Fixed interval looping call 'neutron.plugins.ml2.plugin.DhcpAgentSchedulerDbMixin.remove_networks_from_down_agents' sleeping for 36.99 seconds {{(pid=88926) _run_loop /opt/stack/data/venv/lib/python3.12/site-packages/oslo_service/backend/_threading/loopingcall.py:125}}
May 21 11:18:13.733837 np0000001148 neutron-periodic-workers[88934]: DEBUG dbcounter [-] [88934] Writing DB stats neutron:SELECT=1 {{(pid=88934) stat_writer /opt/stack/data/venv/lib/python3.12/site-packages/dbcounter.py:115}}
May 21 11:18:15.714971 np0000001148 neutron-periodic-workers[88926]: DEBUG dbcounter [-] [88926] Writing DB stats neutron:SELECT=3 {{(pid=88926) stat_writer /opt/stack/data/venv/lib/python3.12/site-packages/dbcounter.py:115}}
May 21 11:18:40.740563 np0000001148 neutron-periodic-workers[88934]: DEBUG neutron.db.agents_db [None req-8778df6f-3294-4165-8c3c-18665f5e1902 None None] Agent healthcheck: found 0 active agents {{(pid=88934) agent_health_check /opt/stack/neutron/neutron/db/agents_db.py:322}}
May 21 11:18:40.741118 np0000001148 neutron-periodic-workers[88934]: DEBUG oslo.service.backend._threading.loopingcall [None req-8778df6f-3294-4165-8c3c-18665f5e1902 None None] Fixed interval looping call 'neutron.plugins.ml2.plugin.AgentDbMixin.agent_health_check' sleeping for 36.99 seconds {{(pid=88934) _run_loop /opt/stack/data/venv/lib/python3.12/site-packages/oslo_service/backend/_threading/loopingcall.py:125}}
May 21 11:18:42.724201 np0000001148 neutron-periodic-workers[88926]: DEBUG oslo.service.backend._threading.loopingcall [None req-0f5e8748-b84e-4191-a5c1-33edc4321931 None None] Fixed interval looping call 'neutron.plugins.ml2.plugin.DhcpAgentSchedulerDbMixin.remove_networks_from_down_agents' sleeping for 36.98 seconds {{(pid=88926) _run_loop /opt/stack/data/venv/lib/python3.12/site-packages/oslo_service/backend/_threading/loopingcall.py:125}}
May 21 11:18:49.773370 np0000001148 neutron-periodic-workers[88940]: DEBUG oslo.service.backend._threading.loopingcall [None req-5431294b-5e8b-4d90-94e7-7f7b91f1ffd4 None None] Fixed interval looping call 'neutron.db.quota.driver_nolock.DbQuotaNoLockDriver._remove_expired_reservations' sleeping for 119.99 seconds {{(pid=88940) _run_loop /opt/stack/data/venv/lib/python3.12/site-packages/oslo_service/backend/_threading/loopingcall.py:125}}
May 21 11:18:50.739197 np0000001148 neutron-periodic-workers[88934]: DEBUG dbcounter [-] [88934] Writing DB stats neutron:SELECT=1 {{(pid=88934) stat_writer /opt/stack/data/venv/lib/python3.12/site-packages/dbcounter.py:115}}
May 21 11:18:52.722681 np0000001148 neutron-periodic-workers[88926]: DEBUG dbcounter [-] [88926] Writing DB stats neutron:SELECT=3 {{(pid=88926) stat_writer /opt/stack/data/venv/lib/python3.12/site-packages/dbcounter.py:115}}
May 21 11:18:59.771443 np0000001148 neutron-periodic-workers[88940]: DEBUG dbcounter [-] [88940] Writing DB stats neutron:DELETE=1 {{(pid=88940) stat_writer /opt/stack/data/venv/lib/python3.12/site-packages/dbcounter.py:115}}
May 21 11:19:17.737576 np0000001148 neutron-periodic-workers[88934]: DEBUG neutron.db.agents_db [None req-8778df6f-3294-4165-8c3c-18665f5e1902 None None] Agent healthcheck: found 0 active agents {{(pid=88934) agent_health_check /opt/stack/neutron/neutron/db/agents_db.py:322}}
May 21 11:19:17.738091 np0000001148 neutron-periodic-workers[88934]: DEBUG oslo.service.backend._threading.loopingcall [None req-8778df6f-3294-4165-8c3c-18665f5e1902 None None] Fixed interval looping call 'neutron.plugins.ml2.plugin.AgentDbMixin.agent_health_check' sleeping for 36.99 seconds {{(pid=88934) _run_loop /opt/stack/data/venv/lib/python3.12/site-packages/oslo_service/backend/_threading/loopingcall.py:125}}
May 21 11:19:19.731518 np0000001148 neutron-periodic-workers[88926]: DEBUG oslo.service.backend._threading.loopingcall [None req-0f5e8748-b84e-4191-a5c1-33edc4321931 None None] Fixed interval looping call 'neutron.plugins.ml2.plugin.DhcpAgentSchedulerDbMixin.remove_networks_from_down_agents' sleeping for 36.97 seconds {{(pid=88926) _run_loop /opt/stack/data/venv/lib/python3.12/site-packages/oslo_service/backend/_threading/loopingcall.py:125}}
May 21 11:19:27.736781 np0000001148 neutron-periodic-workers[88934]: DEBUG dbcounter [-] [88934] Writing DB stats neutron:SELECT=1 {{(pid=88934) stat_writer /opt/stack/data/venv/lib/python3.12/site-packages/dbcounter.py:115}}
May 21 11:19:29.728986 np0000001148 neutron-periodic-workers[88926]: DEBUG dbcounter [-] [88926] Writing DB stats neutron:SELECT=3 {{(pid=88926) stat_writer /opt/stack/data/venv/lib/python3.12/site-packages/dbcounter.py:115}}
May 21 11:19:54.734234 np0000001148 neutron-periodic-workers[88934]: DEBUG neutron.db.agents_db [None req-8778df6f-3294-4165-8c3c-18665f5e1902 None None] Agent healthcheck: found 0 active agents {{(pid=88934) agent_health_check /opt/stack/neutron/neutron/db/agents_db.py:322}}
May 21 11:19:54.734705 np0000001148 neutron-periodic-workers[88934]: DEBUG oslo.service.backend._threading.loopingcall [None req-8778df6f-3294-4165-8c3c-18665f5e1902 None None] Fixed interval looping call 'neutron.plugins.ml2.plugin.AgentDbMixin.agent_health_check' sleeping for 36.99 seconds {{(pid=88934) _run_loop /opt/stack/data/venv/lib/python3.12/site-packages/oslo_service/backend/_threading/loopingcall.py:125}}
May 21 11:19:56.717416 np0000001148 neutron-periodic-workers[88926]: DEBUG oslo.service.backend._threading.loopingcall [None req-0f5e8748-b84e-4191-a5c1-33edc4321931 None None] Fixed interval looping call 'neutron.plugins.ml2.plugin.DhcpAgentSchedulerDbMixin.remove_networks_from_down_agents' sleeping for 36.99 seconds {{(pid=88926) _run_loop /opt/stack/data/venv/lib/python3.12/site-packages/oslo_service/backend/_threading/loopingcall.py:125}}
May 21 11:20:04.734203 np0000001148 neutron-periodic-workers[88934]: DEBUG dbcounter [-] [88934] Writing DB stats neutron:SELECT=1 {{(pid=88934) stat_writer /opt/stack/data/venv/lib/python3.12/site-packages/dbcounter.py:115}}
May 21 11:20:06.717605 np0000001148 neutron-periodic-workers[88926]: DEBUG dbcounter [-] [88926] Writing DB stats neutron:SELECT=3 {{(pid=88926) stat_writer /opt/stack/data/venv/lib/python3.12/site-packages/dbcounter.py:115}}
May 21 11:20:20.699881 np0000001148 neutron-periodic-workers[88916]: DEBUG oslo.service.backend._threading.loopingcall [None req-d2ad8c8c-6345-4669-8564-e2f2d7d7dea5 None None] Fixed interval looping call 'neutron.services.ovn_l3.plugin.L3_NAT_dbonly_mixin._clean_garbage' sleeping for 299.99 seconds {{(pid=88916) _run_loop /opt/stack/data/venv/lib/python3.12/site-packages/oslo_service/backend/_threading/loopingcall.py:125}}
May 21 11:20:30.693998 np0000001148 neutron-periodic-workers[88916]: DEBUG dbcounter [-] [88916] Writing DB stats neutron:SELECT=1 {{(pid=88916) stat_writer /opt/stack/data/venv/lib/python3.12/site-packages/dbcounter.py:115}}
May 21 11:20:31.729341 np0000001148 neutron-periodic-workers[88934]: DEBUG neutron.db.agents_db [None req-8778df6f-3294-4165-8c3c-18665f5e1902 None None] Agent healthcheck: found 0 active agents {{(pid=88934) agent_health_check /opt/stack/neutron/neutron/db/agents_db.py:322}}
May 21 11:20:31.729827 np0000001148 neutron-periodic-workers[88934]: DEBUG oslo.service.backend._threading.loopingcall [None req-8778df6f-3294-4165-8c3c-18665f5e1902 None None] Fixed interval looping call 'neutron.plugins.ml2.plugin.AgentDbMixin.agent_health_check' sleeping for 37.00 seconds {{(pid=88934) _run_loop /opt/stack/data/venv/lib/python3.12/site-packages/oslo_service/backend/_threading/loopingcall.py:125}}
May 21 11:20:33.714766 np0000001148 neutron-periodic-workers[88926]: DEBUG oslo.service.backend._threading.loopingcall [None req-0f5e8748-b84e-4191-a5c1-33edc4321931 None None] Fixed interval looping call 'neutron.plugins.ml2.plugin.DhcpAgentSchedulerDbMixin.remove_networks_from_down_agents' sleeping for 36.99 seconds {{(pid=88926) _run_loop /opt/stack/data/venv/lib/python3.12/site-packages/oslo_service/backend/_threading/loopingcall.py:125}}
May 21 11:20:41.729089 np0000001148 neutron-periodic-workers[88934]: DEBUG dbcounter [-] [88934] Writing DB stats neutron:SELECT=1 {{(pid=88934) stat_writer /opt/stack/data/venv/lib/python3.12/site-packages/dbcounter.py:115}}
May 21 11:20:43.715503 np0000001148 neutron-periodic-workers[88926]: DEBUG dbcounter [-] [88926] Writing DB stats neutron:SELECT=3 {{(pid=88926) stat_writer /opt/stack/data/venv/lib/python3.12/site-packages/dbcounter.py:115}}
May 21 11:20:49.770495 np0000001148 neutron-periodic-workers[88940]: DEBUG oslo.service.backend._threading.loopingcall [None req-5431294b-5e8b-4d90-94e7-7f7b91f1ffd4 None None] Fixed interval looping call 'neutron.db.quota.driver_nolock.DbQuotaNoLockDriver._remove_expired_reservations' sleeping for 120.00 seconds {{(pid=88940) _run_loop /opt/stack/data/venv/lib/python3.12/site-packages/oslo_service/backend/_threading/loopingcall.py:125}}
May 21 11:20:59.766463 np0000001148 neutron-periodic-workers[88940]: DEBUG dbcounter [-] [88940] Writing DB stats neutron:DELETE=1 {{(pid=88940) stat_writer /opt/stack/data/venv/lib/python3.12/site-packages/dbcounter.py:115}}
May 21 11:21:08.740591 np0000001148 neutron-periodic-workers[88934]: DEBUG neutron.db.agents_db [None req-8778df6f-3294-4165-8c3c-18665f5e1902 None None] Agent healthcheck: found 0 active agents {{(pid=88934) agent_health_check /opt/stack/neutron/neutron/db/agents_db.py:322}}
May 21 11:21:08.741297 np0000001148 neutron-periodic-workers[88934]: DEBUG oslo.service.backend._threading.loopingcall [None req-8778df6f-3294-4165-8c3c-18665f5e1902 None None] Fixed interval looping call 'neutron.plugins.ml2.plugin.AgentDbMixin.agent_health_check' sleeping for 36.99 seconds {{(pid=88934) _run_loop /opt/stack/data/venv/lib/python3.12/site-packages/oslo_service/backend/_threading/loopingcall.py:125}}
May 21 11:21:10.721985 np0000001148 neutron-periodic-workers[88926]: DEBUG oslo.service.backend._threading.loopingcall [None req-0f5e8748-b84e-4191-a5c1-33edc4321931 None None] Fixed interval looping call 'neutron.plugins.ml2.plugin.DhcpAgentSchedulerDbMixin.remove_networks_from_down_agents' sleeping for 36.98 seconds {{(pid=88926) _run_loop /opt/stack/data/venv/lib/python3.12/site-packages/oslo_service/backend/_threading/loopingcall.py:125}}
May 21 11:21:18.741177 np0000001148 neutron-periodic-workers[88934]: DEBUG dbcounter [-] [88934] Writing DB stats neutron:SELECT=1 {{(pid=88934) stat_writer /opt/stack/data/venv/lib/python3.12/site-packages/dbcounter.py:115}}
May 21 11:21:20.719279 np0000001148 neutron-periodic-workers[88926]: DEBUG dbcounter [-] [88926] Writing DB stats neutron:SELECT=3 {{(pid=88926) stat_writer /opt/stack/data/venv/lib/python3.12/site-packages/dbcounter.py:115}}
May 21 11:21:45.737815 np0000001148 neutron-periodic-workers[88934]: DEBUG neutron.db.agents_db [None req-8778df6f-3294-4165-8c3c-18665f5e1902 None None] Agent healthcheck: found 0 active agents {{(pid=88934) agent_health_check /opt/stack/neutron/neutron/db/agents_db.py:322}}
May 21 11:21:45.738295 np0000001148 neutron-periodic-workers[88934]: DEBUG oslo.service.backend._threading.loopingcall [None req-8778df6f-3294-4165-8c3c-18665f5e1902 None None] Fixed interval looping call 'neutron.plugins.ml2.plugin.AgentDbMixin.agent_health_check' sleeping for 36.99 seconds {{(pid=88934) _run_loop /opt/stack/data/venv/lib/python3.12/site-packages/oslo_service/backend/_threading/loopingcall.py:125}}
May 21 11:21:47.724789 np0000001148 neutron-periodic-workers[88926]: DEBUG oslo.service.backend._threading.loopingcall [None req-0f5e8748-b84e-4191-a5c1-33edc4321931 None None] Fixed interval looping call 'neutron.plugins.ml2.plugin.DhcpAgentSchedulerDbMixin.remove_networks_from_down_agents' sleeping for 36.98 seconds {{(pid=88926) _run_loop /opt/stack/data/venv/lib/python3.12/site-packages/oslo_service/backend/_threading/loopingcall.py:125}}
May 21 11:21:55.737599 np0000001148 neutron-periodic-workers[88934]: DEBUG dbcounter [-] [88934] Writing DB stats neutron:SELECT=1 {{(pid=88934) stat_writer /opt/stack/data/venv/lib/python3.12/site-packages/dbcounter.py:115}}
May 21 11:21:57.721384 np0000001148 neutron-periodic-workers[88926]: DEBUG dbcounter [-] [88926] Writing DB stats neutron:SELECT=3 {{(pid=88926) stat_writer /opt/stack/data/venv/lib/python3.12/site-packages/dbcounter.py:115}}
May 21 11:22:22.732645 np0000001148 neutron-periodic-workers[88934]: DEBUG neutron.db.agents_db [None req-8778df6f-3294-4165-8c3c-18665f5e1902 None None] Agent healthcheck: found 0 active agents {{(pid=88934) agent_health_check /opt/stack/neutron/neutron/db/agents_db.py:322}}
May 21 11:22:22.734219 np0000001148 neutron-periodic-workers[88934]: DEBUG oslo.service.backend._threading.loopingcall [None req-8778df6f-3294-4165-8c3c-18665f5e1902 None None] Fixed interval looping call 'neutron.plugins.ml2.plugin.AgentDbMixin.agent_health_check' sleeping for 37.00 seconds {{(pid=88934) _run_loop /opt/stack/data/venv/lib/python3.12/site-packages/oslo_service/backend/_threading/loopingcall.py:125}}
May 21 11:22:24.717551 np0000001148 neutron-periodic-workers[88926]: DEBUG oslo.service.backend._threading.loopingcall [None req-0f5e8748-b84e-4191-a5c1-33edc4321931 None None] Fixed interval looping call 'neutron.plugins.ml2.plugin.DhcpAgentSchedulerDbMixin.remove_networks_from_down_agents' sleeping for 36.99 seconds {{(pid=88926) _run_loop /opt/stack/data/venv/lib/python3.12/site-packages/oslo_service/backend/_threading/loopingcall.py:125}}
May 21 11:22:32.730824 np0000001148 neutron-periodic-workers[88934]: DEBUG dbcounter [-] [88934] Writing DB stats neutron:SELECT=1 {{(pid=88934) stat_writer /opt/stack/data/venv/lib/python3.12/site-packages/dbcounter.py:115}}
May 21 11:22:34.716728 np0000001148 neutron-periodic-workers[88926]: DEBUG dbcounter [-] [88926] Writing DB stats neutron:SELECT=3 {{(pid=88926) stat_writer /opt/stack/data/venv/lib/python3.12/site-packages/dbcounter.py:115}}
May 21 11:22:49.775121 np0000001148 neutron-periodic-workers[88940]: DEBUG oslo.service.backend._threading.loopingcall [None req-5431294b-5e8b-4d90-94e7-7f7b91f1ffd4 None None] Fixed interval looping call 'neutron.db.quota.driver_nolock.DbQuotaNoLockDriver._remove_expired_reservations' sleeping for 119.99 seconds {{(pid=88940) _run_loop /opt/stack/data/venv/lib/python3.12/site-packages/oslo_service/backend/_threading/loopingcall.py:125}}
May 21 11:22:59.736566 np0000001148 neutron-periodic-workers[88934]: DEBUG neutron.db.agents_db [None req-8778df6f-3294-4165-8c3c-18665f5e1902 None None] Agent healthcheck: found 0 active agents {{(pid=88934) agent_health_check /opt/stack/neutron/neutron/db/agents_db.py:322}}
May 21 11:22:59.737041 np0000001148 neutron-periodic-workers[88934]: DEBUG oslo.service.backend._threading.loopingcall [None req-8778df6f-3294-4165-8c3c-18665f5e1902 None None] Fixed interval looping call 'neutron.plugins.ml2.plugin.AgentDbMixin.agent_health_check' sleeping for 37.00 seconds {{(pid=88934) _run_loop /opt/stack/data/venv/lib/python3.12/site-packages/oslo_service/backend/_threading/loopingcall.py:125}}
May 21 11:22:59.770844 np0000001148 neutron-periodic-workers[88940]: DEBUG dbcounter [-] [88940] Writing DB stats neutron:DELETE=1 {{(pid=88940) stat_writer /opt/stack/data/venv/lib/python3.12/site-packages/dbcounter.py:115}}
May 21 11:23:01.714012 np0000001148 neutron-periodic-workers[88926]: DEBUG oslo.service.backend._threading.loopingcall [None req-0f5e8748-b84e-4191-a5c1-33edc4321931 None None] Fixed interval looping call 'neutron.plugins.ml2.plugin.DhcpAgentSchedulerDbMixin.remove_networks_from_down_agents' sleeping for 36.99 seconds {{(pid=88926) _run_loop /opt/stack/data/venv/lib/python3.12/site-packages/oslo_service/backend/_threading/loopingcall.py:125}}
May 21 11:23:09.735304 np0000001148 neutron-periodic-workers[88934]: DEBUG dbcounter [-] [88934] Writing DB stats neutron:SELECT=1 {{(pid=88934) stat_writer /opt/stack/data/venv/lib/python3.12/site-packages/dbcounter.py:115}}
May 21 11:23:11.713112 np0000001148 neutron-periodic-workers[88926]: DEBUG dbcounter [-] [88926] Writing DB stats neutron:SELECT=3 {{(pid=88926) stat_writer /opt/stack/data/venv/lib/python3.12/site-packages/dbcounter.py:115}}
May 21 11:23:36.744647 np0000001148 neutron-periodic-workers[88934]: DEBUG neutron.db.agents_db [None req-8778df6f-3294-4165-8c3c-18665f5e1902 None None] Agent healthcheck: found 0 active agents {{(pid=88934) agent_health_check /opt/stack/neutron/neutron/db/agents_db.py:322}}
May 21 11:23:36.745920 np0000001148 neutron-periodic-workers[88934]: DEBUG oslo.service.backend._threading.loopingcall [None req-8778df6f-3294-4165-8c3c-18665f5e1902 None None] Fixed interval looping call 'neutron.plugins.ml2.plugin.AgentDbMixin.agent_health_check' sleeping for 36.99 seconds {{(pid=88934) _run_loop /opt/stack/data/venv/lib/python3.12/site-packages/oslo_service/backend/_threading/loopingcall.py:125}}
May 21 11:23:38.712384 np0000001148 neutron-periodic-workers[88926]: DEBUG oslo.service.backend._threading.loopingcall [None req-0f5e8748-b84e-4191-a5c1-33edc4321931 None None] Fixed interval looping call 'neutron.plugins.ml2.plugin.DhcpAgentSchedulerDbMixin.remove_networks_from_down_agents' sleeping for 36.99 seconds {{(pid=88926) _run_loop /opt/stack/data/venv/lib/python3.12/site-packages/oslo_service/backend/_threading/loopingcall.py:125}}
May 21 11:23:46.745865 np0000001148 neutron-periodic-workers[88934]: DEBUG dbcounter [-] [88934] Writing DB stats neutron:SELECT=1 {{(pid=88934) stat_writer /opt/stack/data/venv/lib/python3.12/site-packages/dbcounter.py:115}}
May 21 11:23:48.711067 np0000001148 neutron-periodic-workers[88926]: DEBUG dbcounter [-] [88926] Writing DB stats neutron:SELECT=3 {{(pid=88926) stat_writer /opt/stack/data/venv/lib/python3.12/site-packages/dbcounter.py:115}}
