Aug 03 21:00:30.915512 np0000006374 devstack@g-api.service[99718]: DEBUG swiftclient [None req-4e4f74b2-0723-4c3f-b1b2-f5e4a1baa3c9 tempest-VolumesActionsTest-1144752605 tempest-VolumesActionsTest-1144752605-project-member] RESP HEADERS: {'Date': 'Mon, 03 Aug 2026 21:00:30 GMT', 'Server': 'Apache/2.4.58 (Ubuntu)', 'Content-Type': 'text/html; charset=UTF-8', 'Content-Length': '0', 'Etag': 'eda9a9889837ac4bc81d6387d92c1bec', 'Last-Modified': 'Mon, 03 Aug 2026 21:00:29 GMT', 'X-Trans-Id': 'txee1c3eab23634af7af1c1-006a71016c', 'X-Openstack-Request-Id': 'txee1c3eab23634af7af1c1-006a71016c', 'Connection': 'close'} {{(pid=99718) http_log /opt/stack/data/venv/lib/python3.12/site-packages/swiftclient/client.py:162}}
Aug 03 21:00:30.915512 np0000006374 devstack@g-api.service[99718]: DEBUG glance_store._drivers.swift.store [None req-4e4f74b2-0723-4c3f-b1b2-f5e4a1baa3c9 tempest-VolumesActionsTest-1144752605 tempest-VolumesActionsTest-1144752605-project-member] Wrote chunk 90c9b327-c21d-49ad-b222-e1108cf74c55-00001 (1/?) of length 204800000 to Swift returning MD5 of content: eda9a9889837ac4bc81d6387d92c1bec {{(pid=99718) add /opt/stack/data/venv/lib/python3.12/site-packages/glance_store/_drivers/swift/store.py:1059}}
Aug 03 21:00:31.384344 np0000006374 devstack@g-api.service[99719]: DEBUG glance.api.middleware.version_negotiation [None req-daa174b3-e49f-4ff3-bc95-a937badd435c tempest-VolumesActionsTest-1144752605 tempest-VolumesActionsTest-1144752605-project-member] Determining version of request: GET /v2/images/90c9b327-c21d-49ad-b222-e1108cf74c55 Accept: application/json {{(pid=99719) process_request /opt/stack/glance/glance/api/middleware/version_negotiation.py:44}}
Aug 03 21:00:31.384749 np0000006374 devstack@g-api.service[99719]: DEBUG glance.api.middleware.version_negotiation [None req-daa174b3-e49f-4ff3-bc95-a937badd435c tempest-VolumesActionsTest-1144752605 tempest-VolumesActionsTest-1144752605-project-member] Using url versioning {{(pid=99719) process_request /opt/stack/glance/glance/api/middleware/version_negotiation.py:57}}
Aug 03 21:00:31.384749 np0000006374 devstack@g-api.service[99719]: DEBUG glance.api.middleware.version_negotiation [None req-daa174b3-e49f-4ff3-bc95-a937badd435c tempest-VolumesActionsTest-1144752605 tempest-VolumesActionsTest-1144752605-project-member] Matched version: v2 {{(pid=99719) process_request /opt/stack/glance/glance/api/middleware/version_negotiation.py:69}}
Aug 03 21:00:31.384749 np0000006374 devstack@g-api.service[99719]: DEBUG glance.api.middleware.version_negotiation [None req-daa174b3-e49f-4ff3-bc95-a937badd435c tempest-VolumesActionsTest-1144752605 tempest-VolumesActionsTest-1144752605-project-member] new path /v2/images/90c9b327-c21d-49ad-b222-e1108cf74c55 {{(pid=99719) process_request /opt/stack/glance/glance/api/middleware/version_negotiation.py:70}}
Aug 03 21:00:31.413343 np0000006374 devstack@g-api.service[99719]: [pid: 99719|app: 0|req: 36/122] 127.0.0.1 () {40 vars in 838 bytes} [Mon Aug 3 21:00:31 2026] GET /v2/images/90c9b327-c21d-49ad-b222-e1108cf74c55 => generated 649 bytes in 29 msecs (HTTP/1.1 200) 4 headers in 157 bytes (1 switches on core 0)
Aug 03 21:00:32.423987 np0000006374 devstack@g-api.service[99717]: DEBUG glance.api.middleware.version_negotiation [None req-52c50d75-9e5a-4a01-9275-52df96b64165 tempest-VolumesActionsTest-1144752605 tempest-VolumesActionsTest-1144752605-project-member] Determining version of request: GET /v2/images/90c9b327-c21d-49ad-b222-e1108cf74c55 Accept: application/json {{(pid=99717) process_request /opt/stack/glance/glance/api/middleware/version_negotiation.py:44}}
Aug 03 21:00:32.424520 np0000006374 devstack@g-api.service[99717]: DEBUG glance.api.middleware.version_negotiation [None req-52c50d75-9e5a-4a01-9275-52df96b64165 tempest-VolumesActionsTest-1144752605 tempest-VolumesActionsTest-1144752605-project-member] Using url versioning {{(pid=99717) process_request /opt/stack/glance/glance/api/middleware/version_negotiation.py:57}}
Aug 03 21:00:32.424520 np0000006374 devstack@g-api.service[99717]: DEBUG glance.api.middleware.version_negotiation [None req-52c50d75-9e5a-4a01-9275-52df96b64165 tempest-VolumesActionsTest-1144752605 tempest-VolumesActionsTest-1144752605-project-member] Matched version: v2 {{(pid=99717) process_request /opt/stack/glance/glance/api/middleware/version_negotiation.py:69}}
Aug 03 21:00:32.424520 np0000006374 devstack@g-api.service[99717]: DEBUG glance.api.middleware.version_negotiation [None req-52c50d75-9e5a-4a01-9275-52df96b64165 tempest-VolumesActionsTest-1144752605 tempest-VolumesActionsTest-1144752605-project-member] new path /v2/images/90c9b327-c21d-49ad-b222-e1108cf74c55 {{(pid=99717) process_request /opt/stack/glance/glance/api/middleware/version_negotiation.py:70}}
Aug 03 21:00:32.444376 np0000006374 devstack@g-api.service[99717]: [pid: 99717|app: 0|req: 51/123] 127.0.0.1 () {40 vars in 838 bytes} [Mon Aug 3 21:00:32 2026] GET /v2/images/90c9b327-c21d-49ad-b222-e1108cf74c55 => generated 649 bytes in 20 msecs (HTTP/1.1 200) 4 headers in 157 bytes (1 switches on core 0)
Aug 03 21:00:33.351653 np0000006374 devstack@g-api.service[99718]: DEBUG swiftclient [None req-4e4f74b2-0723-4c3f-b1b2-f5e4a1baa3c9 tempest-VolumesActionsTest-1144752605 tempest-VolumesActionsTest-1144752605-project-member] REQ: curl -i https://10.4.3.149:8080/v1/AUTH_8b819955d54a4227b37601242cfc05cf/glance/90c9b327-c21d-49ad-b222-e1108cf74c55-00002 -X PUT -H "X-Auth-Token: gAAAAABqcQFrRDn8..." {{(pid=99718) http_log /opt/stack/data/venv/lib/python3.12/site-packages/swiftclient/client.py:160}}
Aug 03 21:00:33.352163 np0000006374 devstack@g-api.service[99718]: DEBUG swiftclient [None req-4e4f74b2-0723-4c3f-b1b2-f5e4a1baa3c9 tempest-VolumesActionsTest-1144752605 tempest-VolumesActionsTest-1144752605-project-member] RESP STATUS: 201 Created {{(pid=99718) http_log /opt/stack/data/venv/lib/python3.12/site-packages/swiftclient/client.py:161}}
Aug 03 21:00:33.352163 np0000006374 devstack@g-api.service[99718]: DEBUG swiftclient [None req-4e4f74b2-0723-4c3f-b1b2-f5e4a1baa3c9 tempest-VolumesActionsTest-1144752605 tempest-VolumesActionsTest-1144752605-project-member] RESP HEADERS: {'Date': 'Mon, 03 Aug 2026 21:00:33 GMT', 'Server': 'Apache/2.4.58 (Ubuntu)', 'Content-Type': 'text/html; charset=UTF-8', 'Content-Length': '0', 'Etag': 'eda9a9889837ac4bc81d6387d92c1bec', 'Last-Modified': 'Mon, 03 Aug 2026 21:00:31 GMT', 'X-Trans-Id': 'tx2b23f79da8284b5591322-006a71016e', 'X-Openstack-Request-Id': 'tx2b23f79da8284b5591322-006a71016e', 'Connection': 'close'} {{(pid=99718) http_log /opt/stack/data/venv/lib/python3.12/site-packages/swiftclient/client.py:162}}
Aug 03 21:00:33.352329 np0000006374 devstack@g-api.service[99718]: DEBUG glance_store._drivers.swift.store [None req-4e4f74b2-0723-4c3f-b1b2-f5e4a1baa3c9 tempest-VolumesActionsTest-1144752605 tempest-VolumesActionsTest-1144752605-project-member] Wrote chunk 90c9b327-c21d-49ad-b222-e1108cf74c55-00002 (2/?) of length 204800000 to Swift returning MD5 of content: eda9a9889837ac4bc81d6387d92c1bec {{(pid=99718) add /opt/stack/data/venv/lib/python3.12/site-packages/glance_store/_drivers/swift/store.py:1059}}
Aug 03 21:00:33.458718 np0000006374 devstack@g-api.service[99719]: DEBUG glance.api.middleware.version_negotiation [None req-b60f6a4a-216b-44bf-ab91-d023f820a273 tempest-VolumesActionsTest-1144752605 tempest-VolumesActionsTest-1144752605-project-member] Determining version of request: GET /v2/images/90c9b327-c21d-49ad-b222-e1108cf74c55 Accept: application/json {{(pid=99719) process_request /opt/stack/glance/glance/api/middleware/version_negotiation.py:44}}
Aug 03 21:00:33.459233 np0000006374 devstack@g-api.service[99719]: DEBUG glance.api.middleware.version_negotiation [None req-b60f6a4a-216b-44bf-ab91-d023f820a273 tempest-VolumesActionsTest-1144752605 tempest-VolumesActionsTest-1144752605-project-member] Using url versioning {{(pid=99719) process_request /opt/stack/glance/glance/api/middleware/version_negotiation.py:57}}
Aug 03 21:00:33.459233 np0000006374 devstack@g-api.service[99719]: DEBUG glance.api.middleware.version_negotiation [None req-b60f6a4a-216b-44bf-ab91-d023f820a273 tempest-VolumesActionsTest-1144752605 tempest-VolumesActionsTest-1144752605-project-member] Matched version: v2 {{(pid=99719) process_request /opt/stack/glance/glance/api/middleware/version_negotiation.py:69}}
Aug 03 21:00:33.459331 np0000006374 devstack@g-api.service[99719]: DEBUG glance.api.middleware.version_negotiation [None req-b60f6a4a-216b-44bf-ab91-d023f820a273 tempest-VolumesActionsTest-1144752605 tempest-VolumesActionsTest-1144752605-project-member] new path /v2/images/90c9b327-c21d-49ad-b222-e1108cf74c55 {{(pid=99719) process_request /opt/stack/glance/glance/api/middleware/version_negotiation.py:70}}
Aug 03 21:00:33.478252 np0000006374 devstack@g-api.service[99719]: [pid: 99719|app: 0|req: 37/124] 127.0.0.1 () {40 vars in 838 bytes} [Mon Aug 3 21:00:33 2026] GET /v2/images/90c9b327-c21d-49ad-b222-e1108cf74c55 => generated 649 bytes in 19 msecs (HTTP/1.1 200) 4 headers in 157 bytes (1 switches on core 0)
Aug 03 21:00:34.492383 np0000006374 devstack@g-api.service[99717]: DEBUG glance.api.middleware.version_negotiation [None req-2cbafa3f-543f-42d2-8555-6500eeb43f66 tempest-VolumesActionsTest-1144752605 tempest-VolumesActionsTest-1144752605-project-member] Determining version of request: GET /v2/images/90c9b327-c21d-49ad-b222-e1108cf74c55 Accept: application/json {{(pid=99717) process_request /opt/stack/glance/glance/api/middleware/version_negotiation.py:44}}
Aug 03 21:00:34.493390 np0000006374 devstack@g-api.service[99717]: DEBUG glance.api.middleware.version_negotiation [None req-2cbafa3f-543f-42d2-8555-6500eeb43f66 tempest-VolumesActionsTest-1144752605 tempest-VolumesActionsTest-1144752605-project-member] Using url versioning {{(pid=99717) process_request /opt/stack/glance/glance/api/middleware/version_negotiation.py:57}}
Aug 03 21:00:34.493390 np0000006374 devstack@g-api.service[99717]: DEBUG glance.api.middleware.version_negotiation [None req-2cbafa3f-543f-42d2-8555-6500eeb43f66 tempest-VolumesActionsTest-1144752605 tempest-VolumesActionsTest-1144752605-project-member] Matched version: v2 {{(pid=99717) process_request /opt/stack/glance/glance/api/middleware/version_negotiation.py:69}}
Aug 03 21:00:34.493390 np0000006374 devstack@g-api.service[99717]: DEBUG glance.api.middleware.version_negotiation [None req-2cbafa3f-543f-42d2-8555-6500eeb43f66 tempest-VolumesActionsTest-1144752605 tempest-VolumesActionsTest-1144752605-project-member] new path /v2/images/90c9b327-c21d-49ad-b222-e1108cf74c55 {{(pid=99717) process_request /opt/stack/glance/glance/api/middleware/version_negotiation.py:70}}
Aug 03 21:00:34.516215 np0000006374 devstack@g-api.service[99717]: [pid: 99717|app: 0|req: 52/125] 127.0.0.1 () {40 vars in 838 bytes} [Mon Aug 3 21:00:34 2026] GET /v2/images/90c9b327-c21d-49ad-b222-e1108cf74c55 => generated 649 bytes in 24 msecs (HTTP/1.1 200) 4 headers in 157 bytes (1 switches on core 0)
Aug 03 21:00:35.527593 np0000006374 devstack@g-api.service[99719]: DEBUG glance.api.middleware.version_negotiation [None req-0e307e5c-0f53-4a5b-9d30-153301ea89a7 tempest-VolumesActionsTest-1144752605 tempest-VolumesActionsTest-1144752605-project-member] Determining version of request: GET /v2/images/90c9b327-c21d-49ad-b222-e1108cf74c55 Accept: application/json {{(pid=99719) process_request /opt/stack/glance/glance/api/middleware/version_negotiation.py:44}}
Aug 03 21:00:35.528269 np0000006374 devstack@g-api.service[99719]: DEBUG glance.api.middleware.version_negotiation [None req-0e307e5c-0f53-4a5b-9d30-153301ea89a7 tempest-VolumesActionsTest-1144752605 tempest-VolumesActionsTest-1144752605-project-member] Using url versioning {{(pid=99719) process_request /opt/stack/glance/glance/api/middleware/version_negotiation.py:57}}
Aug 03 21:00:35.530192 np0000006374 devstack@g-api.service[99719]: DEBUG glance.api.middleware.version_negotiation [None req-0e307e5c-0f53-4a5b-9d30-153301ea89a7 tempest-VolumesActionsTest-1144752605 tempest-VolumesActionsTest-1144752605-project-member] Matched version: v2 {{(pid=99719) process_request /opt/stack/glance/glance/api/middleware/version_negotiation.py:69}}
Aug 03 21:00:35.530192 np0000006374 devstack@g-api.service[99719]: DEBUG glance.api.middleware.version_negotiation [None req-0e307e5c-0f53-4a5b-9d30-153301ea89a7 tempest-VolumesActionsTest-1144752605 tempest-VolumesActionsTest-1144752605-project-member] new path /v2/images/90c9b327-c21d-49ad-b222-e1108cf74c55 {{(pid=99719) process_request /opt/stack/glance/glance/api/middleware/version_negotiation.py:70}}
Aug 03 21:00:35.542447 np0000006374 devstack@g-api.service[99719]: [pid: 99719|app: 0|req: 38/126] 127.0.0.1 () {40 vars in 838 bytes} [Mon Aug 3 21:00:35 2026] GET /v2/images/90c9b327-c21d-49ad-b222-e1108cf74c55 => generated 649 bytes in 15 msecs (HTTP/1.1 200) 4 headers in 157 bytes (1 switches on core 0)
Aug 03 21:00:35.671403 np0000006374 devstack@g-api.service[99718]: DEBUG swiftclient [None req-4e4f74b2-0723-4c3f-b1b2-f5e4a1baa3c9 tempest-VolumesActionsTest-1144752605 tempest-VolumesActionsTest-1144752605-project-member] REQ: curl -i https://10.4.3.149:8080/v1/AUTH_8b819955d54a4227b37601242cfc05cf/glance/90c9b327-c21d-49ad-b222-e1108cf74c55-00003 -X PUT -H "X-Auth-Token: gAAAAABqcQFrRDn8..." {{(pid=99718) http_log /opt/stack/data/venv/lib/python3.12/site-packages/swiftclient/client.py:160}}
Aug 03 21:00:35.671720 np0000006374 devstack@g-api.service[99718]: DEBUG swiftclient [None req-4e4f74b2-0723-4c3f-b1b2-f5e4a1baa3c9 tempest-VolumesActionsTest-1144752605 tempest-VolumesActionsTest-1144752605-project-member] RESP STATUS: 201 Created {{(pid=99718) http_log /opt/stack/data/venv/lib/python3.12/site-packages/swiftclient/client.py:161}}
Aug 03 21:00:35.674330 np0000006374 devstack@g-api.service[99718]: DEBUG swiftclient [None req-4e4f74b2-0723-4c3f-b1b2-f5e4a1baa3c9 tempest-VolumesActionsTest-1144752605 tempest-VolumesActionsTest-1144752605-project-member] RESP HEADERS: {'Date': 'Mon, 03 Aug 2026 21:00:35 GMT', 'Server': 'Apache/2.4.58 (Ubuntu)', 'Content-Type': 'text/html; charset=UTF-8', 'Content-Length': '0', 'Etag': 'eda9a9889837ac4bc81d6387d92c1bec', 'Last-Modified': 'Mon, 03 Aug 2026 21:00:34 GMT', 'X-Trans-Id': 'tx32835ef036d94760a8d84-006a710171', 'X-Openstack-Request-Id': 'tx32835ef036d94760a8d84-006a710171', 'Connection': 'close'} {{(pid=99718) http_log /opt/stack/data/venv/lib/python3.12/site-packages/swiftclient/client.py:162}}
Aug 03 21:00:35.676093 np0000006374 devstack@g-api.service[99718]: DEBUG glance_store._drivers.swift.store [None req-4e4f74b2-0723-4c3f-b1b2-f5e4a1baa3c9 tempest-VolumesActionsTest-1144752605 tempest-VolumesActionsTest-1144752605-project-member] Wrote chunk 90c9b327-c21d-49ad-b222-e1108cf74c55-00003 (3/?) of length 204800000 to Swift returning MD5 of content: eda9a9889837ac4bc81d6387d92c1bec {{(pid=99718) add /opt/stack/data/venv/lib/python3.12/site-packages/glance_store/_drivers/swift/store.py:1059}}
Aug 03 21:00:36.550829 np0000006374 devstack@g-api.service[99717]: DEBUG glance.api.middleware.version_negotiation [None req-d8353e4b-d40e-40d2-bda8-b524f06ee401 tempest-VolumesActionsTest-1144752605 tempest-VolumesActionsTest-1144752605-project-member] Determining version of request: GET /v2/images/90c9b327-c21d-49ad-b222-e1108cf74c55 Accept: application/json {{(pid=99717) process_request /opt/stack/glance/glance/api/middleware/version_negotiation.py:44}}
Aug 03 21:00:36.550829 np0000006374 devstack@g-api.service[99717]: DEBUG glance.api.middleware.version_negotiation [None req-d8353e4b-d40e-40d2-bda8-b524f06ee401 tempest-VolumesActionsTest-1144752605 tempest-VolumesActionsTest-1144752605-project-member] Using url versioning {{(pid=99717) process_request /opt/stack/glance/glance/api/middleware/version_negotiation.py:57}}
Aug 03 21:00:36.550829 np0000006374 devstack@g-api.service[99717]: DEBUG glance.api.middleware.version_negotiation [None req-d8353e4b-d40e-40d2-bda8-b524f06ee401 tempest-VolumesActionsTest-1144752605 tempest-VolumesActionsTest-1144752605-project-member] Matched version: v2 {{(pid=99717) process_request /opt/stack/glance/glance/api/middleware/version_negotiation.py:69}}
Aug 03 21:00:36.550829 np0000006374 devstack@g-api.service[99717]: DEBUG glance.api.middleware.version_negotiation [None req-d8353e4b-d40e-40d2-bda8-b524f06ee401 tempest-VolumesActionsTest-1144752605 tempest-VolumesActionsTest-1144752605-project-member] new path /v2/images/90c9b327-c21d-49ad-b222-e1108cf74c55 {{(pid=99717) process_request /opt/stack/glance/glance/api/middleware/version_negotiation.py:70}}
Aug 03 21:00:36.566042 np0000006374 devstack@g-api.service[99717]: [pid: 99717|app: 0|req: 53/127] 127.0.0.1 () {40 vars in 838 bytes} [Mon Aug 3 21:00:36 2026] GET /v2/images/90c9b327-c21d-49ad-b222-e1108cf74c55 => generated 649 bytes in 16 msecs (HTTP/1.1 200) 4 headers in 157 bytes (1 switches on core 0)
Aug 03 21:00:37.575711 np0000006374 devstack@g-api.service[99719]: DEBUG glance.api.middleware.version_negotiation [None req-7e27bf49-c90b-44d6-be46-c218fd6ac1ee tempest-VolumesActionsTest-1144752605 tempest-VolumesActionsTest-1144752605-project-member] Determining version of request: GET /v2/images/90c9b327-c21d-49ad-b222-e1108cf74c55 Accept: application/json {{(pid=99719) process_request /opt/stack/glance/glance/api/middleware/version_negotiation.py:44}}
Aug 03 21:00:37.576135 np0000006374 devstack@g-api.service[99719]: DEBUG glance.api.middleware.version_negotiation [None req-7e27bf49-c90b-44d6-be46-c218fd6ac1ee tempest-VolumesActionsTest-1144752605 tempest-VolumesActionsTest-1144752605-project-member] Using url versioning {{(pid=99719) process_request /opt/stack/glance/glance/api/middleware/version_negotiation.py:57}}
Aug 03 21:00:37.576135 np0000006374 devstack@g-api.service[99719]: DEBUG glance.api.middleware.version_negotiation [None req-7e27bf49-c90b-44d6-be46-c218fd6ac1ee tempest-VolumesActionsTest-1144752605 tempest-VolumesActionsTest-1144752605-project-member] Matched version: v2 {{(pid=99719) process_request /opt/stack/glance/glance/api/middleware/version_negotiation.py:69}}
Aug 03 21:00:37.576237 np0000006374 devstack@g-api.service[99719]: DEBUG glance.api.middleware.version_negotiation [None req-7e27bf49-c90b-44d6-be46-c218fd6ac1ee tempest-VolumesActionsTest-1144752605 tempest-VolumesActionsTest-1144752605-project-member] new path /v2/images/90c9b327-c21d-49ad-b222-e1108cf74c55 {{(pid=99719) process_request /opt/stack/glance/glance/api/middleware/version_negotiation.py:70}}
Aug 03 21:00:37.591138 np0000006374 devstack@g-api.service[99719]: [pid: 99719|app: 0|req: 39/128] 127.0.0.1 () {40 vars in 838 bytes} [Mon Aug 3 21:00:37 2026] GET /v2/images/90c9b327-c21d-49ad-b222-e1108cf74c55 => generated 649 bytes in 16 msecs (HTTP/1.1 200) 4 headers in 157 bytes (1 switches on core 0)
Aug 03 21:00:37.881507 np0000006374 devstack@g-api.service[99718]: DEBUG dbcounter [-] [99718] Writing DB stats glance:SELECT=10,glance:UPDATE=1 {{(pid=99718) stat_writer /opt/stack/data/venv/lib/python3.12/site-packages/dbcounter.py:115}}
Aug 03 21:00:37.982327 np0000006374 devstack@g-api.service[99718]: DEBUG swiftclient [None req-4e4f74b2-0723-4c3f-b1b2-f5e4a1baa3c9 tempest-VolumesActionsTest-1144752605 tempest-VolumesActionsTest-1144752605-project-member] REQ: curl -i https://10.4.3.149:8080/v1/AUTH_8b819955d54a4227b37601242cfc05cf/glance/90c9b327-c21d-49ad-b222-e1108cf74c55-00004 -X PUT -H "X-Auth-Token: gAAAAABqcQFrRDn8..." {{(pid=99718) http_log /opt/stack/data/venv/lib/python3.12/site-packages/swiftclient/client.py:160}}
Aug 03 21:00:37.982450 np0000006374 devstack@g-api.service[99718]: DEBUG swiftclient [None req-4e4f74b2-0723-4c3f-b1b2-f5e4a1baa3c9 tempest-VolumesActionsTest-1144752605 tempest-VolumesActionsTest-1144752605-project-member] RESP STATUS: 201 Created {{(pid=99718) http_log /opt/stack/data/venv/lib/python3.12/site-packages/swiftclient/client.py:161}}
Aug 03 21:00:37.982630 np0000006374 devstack@g-api.service[99718]: DEBUG swiftclient [None req-4e4f74b2-0723-4c3f-b1b2-f5e4a1baa3c9 tempest-VolumesActionsTest-1144752605 tempest-VolumesActionsTest-1144752605-project-member] RESP HEADERS: {'Date': 'Mon, 03 Aug 2026 21:00:37 GMT', 'Server': 'Apache/2.4.58 (Ubuntu)', 'Content-Type': 'text/html; charset=UTF-8', 'Content-Length': '0', 'Etag': 'eda9a9889837ac4bc81d6387d92c1bec', 'Last-Modified': 'Mon, 03 Aug 2026 21:00:36 GMT', 'X-Trans-Id': 'txd9f73c690a3d44fe80806-006a710173', 'X-Openstack-Request-Id': 'txd9f73c690a3d44fe80806-006a710173', 'Connection': 'close'} {{(pid=99718) http_log /opt/stack/data/venv/lib/python3.12/site-packages/swiftclient/client.py:162}}
Aug 03 21:00:37.982767 np0000006374 devstack@g-api.service[99718]: DEBUG glance_store._drivers.swift.store [None req-4e4f74b2-0723-4c3f-b1b2-f5e4a1baa3c9 tempest-VolumesActionsTest-1144752605 tempest-VolumesActionsTest-1144752605-project-member] Wrote chunk 90c9b327-c21d-49ad-b222-e1108cf74c55-00004 (4/?) of length 204800000 to Swift returning MD5 of content: eda9a9889837ac4bc81d6387d92c1bec {{(pid=99718) add /opt/stack/data/venv/lib/python3.12/site-packages/glance_store/_drivers/swift/store.py:1059}}
Aug 03 21:00:38.600895 np0000006374 devstack@g-api.service[99717]: DEBUG glance.api.middleware.version_negotiation [None req-8121a359-af00-4164-964b-ec0820f76652 tempest-VolumesActionsTest-1144752605 tempest-VolumesActionsTest-1144752605-project-member] Determining version of request: GET /v2/images/90c9b327-c21d-49ad-b222-e1108cf74c55 Accept: application/json {{(pid=99717) process_request /opt/stack/glance/glance/api/middleware/version_negotiation.py:44}}
Aug 03 21:00:38.601529 np0000006374 devstack@g-api.service[99717]: DEBUG glance.api.middleware.version_negotiation [None req-8121a359-af00-4164-964b-ec0820f76652 tempest-VolumesActionsTest-1144752605 tempest-VolumesActionsTest-1144752605-project-member] Using url versioning {{(pid=99717) process_request /opt/stack/glance/glance/api/middleware/version_negotiation.py:57}}
Aug 03 21:00:38.601529 np0000006374 devstack@g-api.service[99717]: DEBUG glance.api.middleware.version_negotiation [None req-8121a359-af00-4164-964b-ec0820f76652 tempest-VolumesActionsTest-1144752605 tempest-VolumesActionsTest-1144752605-project-member] Matched version: v2 {{(pid=99717) process_request /opt/stack/glance/glance/api/middleware/version_negotiation.py:69}}
Aug 03 21:00:38.601529 np0000006374 devstack@g-api.service[99717]: DEBUG glance.api.middleware.version_negotiation [None req-8121a359-af00-4164-964b-ec0820f76652 tempest-VolumesActionsTest-1144752605 tempest-VolumesActionsTest-1144752605-project-member] new path /v2/images/90c9b327-c21d-49ad-b222-e1108cf74c55 {{(pid=99717) process_request /opt/stack/glance/glance/api/middleware/version_negotiation.py:70}}
Aug 03 21:00:38.610694 np0000006374 devstack@g-api.service[99717]: [pid: 99717|app: 0|req: 54/129] 127.0.0.1 () {40 vars in 838 bytes} [Mon Aug 3 21:00:38 2026] GET /v2/images/90c9b327-c21d-49ad-b222-e1108cf74c55 => generated 649 bytes in 10 msecs (HTTP/1.1 200) 4 headers in 157 bytes (1 switches on core 0)
Aug 03 21:00:39.624427 np0000006374 devstack@g-api.service[99719]: DEBUG glance.api.middleware.version_negotiation [None req-cdeaf7cf-8d02-45d6-805a-f2a687e9ca61 tempest-VolumesActionsTest-1144752605 tempest-VolumesActionsTest-1144752605-project-member] Determining version of request: GET /v2/images/90c9b327-c21d-49ad-b222-e1108cf74c55 Accept: application/json {{(pid=99719) process_request /opt/stack/glance/glance/api/middleware/version_negotiation.py:44}}
Aug 03 21:00:39.624909 np0000006374 devstack@g-api.service[99719]: DEBUG glance.api.middleware.version_negotiation [None req-cdeaf7cf-8d02-45d6-805a-f2a687e9ca61 tempest-VolumesActionsTest-1144752605 tempest-VolumesActionsTest-1144752605-project-member] Using url versioning {{(pid=99719) process_request /opt/stack/glance/glance/api/middleware/version_negotiation.py:57}}
Aug 03 21:00:39.624909 np0000006374 devstack@g-api.service[99719]: DEBUG glance.api.middleware.version_negotiation [None req-cdeaf7cf-8d02-45d6-805a-f2a687e9ca61 tempest-VolumesActionsTest-1144752605 tempest-VolumesActionsTest-1144752605-project-member] Matched version: v2 {{(pid=99719) process_request /opt/stack/glance/glance/api/middleware/version_negotiation.py:69}}
Aug 03 21:00:39.624909 np0000006374 devstack@g-api.service[99719]: DEBUG glance.api.middleware.version_negotiation [None req-cdeaf7cf-8d02-45d6-805a-f2a687e9ca61 tempest-VolumesActionsTest-1144752605 tempest-VolumesActionsTest-1144752605-project-member] new path /v2/images/90c9b327-c21d-49ad-b222-e1108cf74c55 {{(pid=99719) process_request /opt/stack/glance/glance/api/middleware/version_negotiation.py:70}}
Aug 03 21:00:39.638219 np0000006374 devstack@g-api.service[99719]: [pid: 99719|app: 0|req: 40/130] 127.0.0.1 () {40 vars in 838 bytes} [Mon Aug 3 21:00:39 2026] GET /v2/images/90c9b327-c21d-49ad-b222-e1108cf74c55 => generated 649 bytes in 14 msecs (HTTP/1.1 200) 4 headers in 157 bytes (1 switches on core 0)
Aug 03 21:00:40.022214 np0000006374 devstack@g-api.service[99718]: DEBUG swiftclient [None req-4e4f74b2-0723-4c3f-b1b2-f5e4a1baa3c9 tempest-VolumesActionsTest-1144752605 tempest-VolumesActionsTest-1144752605-project-member] REQ: curl -i https://10.4.3.149:8080/v1/AUTH_8b819955d54a4227b37601242cfc05cf/glance/90c9b327-c21d-49ad-b222-e1108cf74c55-00005 -X PUT -H "X-Auth-Token: gAAAAABqcQFrRDn8..." {{(pid=99718) http_log /opt/stack/data/venv/lib/python3.12/site-packages/swiftclient/client.py:160}}
Aug 03 21:00:40.022526 np0000006374 devstack@g-api.service[99718]: DEBUG swiftclient [None req-4e4f74b2-0723-4c3f-b1b2-f5e4a1baa3c9 tempest-VolumesActionsTest-1144752605 tempest-VolumesActionsTest-1144752605-project-member] RESP STATUS: 201 Created {{(pid=99718) http_log /opt/stack/data/venv/lib/python3.12/site-packages/swiftclient/client.py:161}}
Aug 03 21:00:40.022526 np0000006374 devstack@g-api.service[99718]: DEBUG swiftclient [None req-4e4f74b2-0723-4c3f-b1b2-f5e4a1baa3c9 tempest-VolumesActionsTest-1144752605 tempest-VolumesActionsTest-1144752605-project-member] RESP HEADERS: {'Date': 'Mon, 03 Aug 2026 21:00:40 GMT', 'Server': 'Apache/2.4.58 (Ubuntu)', 'Content-Type': 'text/html; charset=UTF-8', 'Content-Length': '0', 'Etag': 'eda9a9889837ac4bc81d6387d92c1bec', 'Last-Modified': 'Mon, 03 Aug 2026 21:00:38 GMT', 'X-Trans-Id': 'tx3171fbae61454d9b95e87-006a710175', 'X-Openstack-Request-Id': 'tx3171fbae61454d9b95e87-006a710175', 'Connection': 'close'} {{(pid=99718) http_log /opt/stack/data/venv/lib/python3.12/site-packages/swiftclient/client.py:162}}
Aug 03 21:00:40.022675 np0000006374 devstack@g-api.service[99718]: DEBUG glance_store._drivers.swift.store [None req-4e4f74b2-0723-4c3f-b1b2-f5e4a1baa3c9 tempest-VolumesActionsTest-1144752605 tempest-VolumesActionsTest-1144752605-project-member] Wrote chunk 90c9b327-c21d-49ad-b222-e1108cf74c55-00005 (5/?) of length 204800000 to Swift returning MD5 of content: eda9a9889837ac4bc81d6387d92c1bec {{(pid=99718) add /opt/stack/data/venv/lib/python3.12/site-packages/glance_store/_drivers/swift/store.py:1059}}
Aug 03 21:00:40.523300 np0000006374 devstack@g-api.service[99718]: DEBUG swiftclient [None req-4e4f74b2-0723-4c3f-b1b2-f5e4a1baa3c9 tempest-VolumesActionsTest-1144752605 tempest-VolumesActionsTest-1144752605-project-member] REQ: curl -i https://10.4.3.149:8080/v1/AUTH_8b819955d54a4227b37601242cfc05cf/glance/90c9b327-c21d-49ad-b222-e1108cf74c55-00006 -X PUT -H "X-Auth-Token: gAAAAABqcQFrRDn8..." {{(pid=99718) http_log /opt/stack/data/venv/lib/python3.12/site-packages/swiftclient/client.py:160}}
Aug 03 21:00:40.523523 np0000006374 devstack@g-api.service[99718]: DEBUG swiftclient [None req-4e4f74b2-0723-4c3f-b1b2-f5e4a1baa3c9 tempest-VolumesActionsTest-1144752605 tempest-VolumesActionsTest-1144752605-project-member] RESP STATUS: 201 Created {{(pid=99718) http_log /opt/stack/data/venv/lib/python3.12/site-packages/swiftclient/client.py:161}}
Aug 03 21:00:40.523697 np0000006374 devstack@g-api.service[99718]: DEBUG swiftclient [None req-4e4f74b2-0723-4c3f-b1b2-f5e4a1baa3c9 tempest-VolumesActionsTest-1144752605 tempest-VolumesActionsTest-1144752605-project-member] RESP HEADERS: {'Date': 'Mon, 03 Aug 2026 21:00:40 GMT', 'Server': 'Apache/2.4.58 (Ubuntu)', 'Content-Type': 'text/html; charset=UTF-8', 'Content-Length': '0', 'Etag': '708761f3b8777ec77058e63da08eeeb6', 'Last-Modified': 'Mon, 03 Aug 2026 21:00:41 GMT', 'X-Trans-Id': 'txcf836442bbaa4ceeb010e-006a710178', 'X-Openstack-Request-Id': 'txcf836442bbaa4ceeb010e-006a710178', 'Connection': 'close'} {{(pid=99718) http_log /opt/stack/data/venv/lib/python3.12/site-packages/swiftclient/client.py:162}}
Aug 03 21:00:40.523958 np0000006374 devstack@g-api.service[99718]: DEBUG glance_store._drivers.swift.store [None req-4e4f74b2-0723-4c3f-b1b2-f5e4a1baa3c9 tempest-VolumesActionsTest-1144752605 tempest-VolumesActionsTest-1144752605-project-member] Wrote chunk 90c9b327-c21d-49ad-b222-e1108cf74c55-00006 (6/?) of length 49741824 to Swift returning MD5 of content: 708761f3b8777ec77058e63da08eeeb6 {{(pid=99718) add /opt/stack/data/venv/lib/python3.12/site-packages/glance_store/_drivers/swift/store.py:1059}}
Aug 03 21:00:40.524233 np0000006374 devstack@g-api.service[99718]: DEBUG glance_store._drivers.swift.store [None req-4e4f74b2-0723-4c3f-b1b2-f5e4a1baa3c9 tempest-VolumesActionsTest-1144752605 tempest-VolumesActionsTest-1144752605-project-member] Not writing zero-length chunk. {{(pid=99718) add /opt/stack/data/venv/lib/python3.12/site-packages/glance_store/_drivers/swift/store.py:1028}}
Aug 03 21:00:40.545251 np0000006374 devstack@g-api.service[99718]: DEBUG swiftclient [None req-4e4f74b2-0723-4c3f-b1b2-f5e4a1baa3c9 tempest-VolumesActionsTest-1144752605 tempest-VolumesActionsTest-1144752605-project-member] REQ: curl -i https://10.4.3.149:8080/v1/AUTH_8b819955d54a4227b37601242cfc05cf/glance/90c9b327-c21d-49ad-b222-e1108cf74c55 -X PUT -H "X-Object-Manifest: glance/90c9b327-c21d-49ad-b222-e1108cf74c55-" -H "X-Auth-Token: gAAAAABqcQFrRDn8..." -H "Content-Length: 0" {{(pid=99718) http_log /opt/stack/data/venv/lib/python3.12/site-packages/swiftclient/client.py:160}}
Aug 03 21:00:40.545374 np0000006374 devstack@g-api.service[99718]: DEBUG swiftclient [None req-4e4f74b2-0723-4c3f-b1b2-f5e4a1baa3c9 tempest-VolumesActionsTest-1144752605 tempest-VolumesActionsTest-1144752605-project-member] RESP STATUS: 201 Created {{(pid=99718) http_log /opt/stack/data/venv/lib/python3.12/site-packages/swiftclient/client.py:161}}
Aug 03 21:00:40.545527 np0000006374 devstack@g-api.service[99718]: DEBUG swiftclient [None req-4e4f74b2-0723-4c3f-b1b2-f5e4a1baa3c9 tempest-VolumesActionsTest-1144752605 tempest-VolumesActionsTest-1144752605-project-member] RESP HEADERS: {'Date': 'Mon, 03 Aug 2026 21:00:40 GMT', 'Server': 'Apache/2.4.58 (Ubuntu)', 'Content-Type': 'text/html; charset=UTF-8', 'Content-Length': '0', 'Etag': 'd41d8cd98f00b204e9800998ecf8427e', 'Last-Modified': 'Mon, 03 Aug 2026 21:00:41 GMT', 'X-Trans-Id': 'tx264d53e37e5d48dab2be3-006a710178', 'X-Openstack-Request-Id': 'tx264d53e37e5d48dab2be3-006a710178', 'Connection': 'close'} {{(pid=99718) http_log /opt/stack/data/venv/lib/python3.12/site-packages/swiftclient/client.py:162}}
Aug 03 21:00:40.545981 np0000006374 devstack@g-api.service[99718]: INFO glance.location [None req-4e4f74b2-0723-4c3f-b1b2-f5e4a1baa3c9 tempest-VolumesActionsTest-1144752605 tempest-VolumesActionsTest-1144752605-project-member] Image format matched and virtual size computed: 1073741824
Aug 03 21:00:40.579212 np0000006374 devstack@g-api.service[99718]: DEBUG glance_store.backend [None req-4e4f74b2-0723-4c3f-b1b2-f5e4a1baa3c9 tempest-VolumesActionsTest-1144752605 tempest-VolumesActionsTest-1144752605-project-member] Attempting to import store swift {{(pid=99718) _load_store /opt/stack/data/venv/lib/python3.12/site-packages/glance_store/backend.py:215}}
Aug 03 21:00:40.581183 np0000006374 devstack@g-api.service[99718]: DEBUG glance_store.capabilities [None req-4e4f74b2-0723-4c3f-b1b2-f5e4a1baa3c9 tempest-VolumesActionsTest-1144752605 tempest-VolumesActionsTest-1144752605-project-member] Store glance_store._drivers.swift.store.SingleTenantStore doesn't support updating dynamic storage capabilities. Please overwrite 'update_capabilities' method of the store to implement updating logics if needed. {{(pid=99718) update_capabilities /opt/stack/data/venv/lib/python3.12/site-packages/glance_store/capabilities.py:91}}
Aug 03 21:00:40.581289 np0000006374 devstack@g-api.service[99718]: DEBUG glance_store.driver [None req-4e4f74b2-0723-4c3f-b1b2-f5e4a1baa3c9 tempest-VolumesActionsTest-1144752605 tempest-VolumesActionsTest-1144752605-project-member] Late loading location class glance_store._drivers.swift.store.StoreLocation {{(pid=99718) get_store_location_class /opt/stack/data/venv/lib/python3.12/site-packages/glance_store/driver.py:134}}
Aug 03 21:00:40.581391 np0000006374 devstack@g-api.service[99718]: DEBUG glance_store.location [None req-4e4f74b2-0723-4c3f-b1b2-f5e4a1baa3c9 tempest-VolumesActionsTest-1144752605 tempest-VolumesActionsTest-1144752605-project-member] Registering scheme swift+https with {'store': , 'location_class': , 'store_entry': 'swift'} {{(pid=99718) register_scheme_map /opt/stack/data/venv/lib/python3.12/site-packages/glance_store/location.py:146}}
Aug 03 21:00:40.581489 np0000006374 devstack@g-api.service[99718]: DEBUG glance_store.location [None req-4e4f74b2-0723-4c3f-b1b2-f5e4a1baa3c9 tempest-VolumesActionsTest-1144752605 tempest-VolumesActionsTest-1144752605-project-member] Registering scheme swift+https with {'store': , 'location_class': , 'store_entry': 'swift'} {{(pid=99718) register_scheme_map /opt/stack/data/venv/lib/python3.12/site-packages/glance_store/location.py:146}}
Aug 03 21:00:40.581573 np0000006374 devstack@g-api.service[99718]: DEBUG glance_store.location [None req-4e4f74b2-0723-4c3f-b1b2-f5e4a1baa3c9 tempest-VolumesActionsTest-1144752605 tempest-VolumesActionsTest-1144752605-project-member] Registering scheme swift with {'store': , 'location_class': , 'store_entry': 'swift'} {{(pid=99718) register_scheme_map /opt/stack/data/venv/lib/python3.12/site-packages/glance_store/location.py:146}}
Aug 03 21:00:40.581642 np0000006374 devstack@g-api.service[99718]: DEBUG glance_store.location [None req-4e4f74b2-0723-4c3f-b1b2-f5e4a1baa3c9 tempest-VolumesActionsTest-1144752605 tempest-VolumesActionsTest-1144752605-project-member] Registering scheme swift+https with {'store': , 'location_class': , 'store_entry': 'swift'} {{(pid=99718) register_scheme_map /opt/stack/data/venv/lib/python3.12/site-packages/glance_store/location.py:146}}
Aug 03 21:00:40.581714 np0000006374 devstack@g-api.service[99718]: DEBUG glance_store.location [None req-4e4f74b2-0723-4c3f-b1b2-f5e4a1baa3c9 tempest-VolumesActionsTest-1144752605 tempest-VolumesActionsTest-1144752605-project-member] Registering scheme swift with {'store': , 'location_class': , 'store_entry': 'swift'} {{(pid=99718) register_scheme_map /opt/stack/data/venv/lib/python3.12/site-packages/glance_store/location.py:146}}
Aug 03 21:00:40.581797 np0000006374 devstack@g-api.service[99718]: DEBUG glance_store.location [None req-4e4f74b2-0723-4c3f-b1b2-f5e4a1baa3c9 tempest-VolumesActionsTest-1144752605 tempest-VolumesActionsTest-1144752605-project-member] Registering scheme swift+http with {'store': , 'location_class': , 'store_entry': 'swift'} {{(pid=99718) register_scheme_map /opt/stack/data/venv/lib/python3.12/site-packages/glance_store/location.py:146}}
Aug 03 21:00:40.581933 np0000006374 devstack@g-api.service[99718]: DEBUG glance_store.location [None req-4e4f74b2-0723-4c3f-b1b2-f5e4a1baa3c9 tempest-VolumesActionsTest-1144752605 tempest-VolumesActionsTest-1144752605-project-member] Registering scheme swift+https with {'store': , 'location_class': , 'store_entry': 'swift'} {{(pid=99718) register_scheme_map /opt/stack/data/venv/lib/python3.12/site-packages/glance_store/location.py:146}}
Aug 03 21:00:40.581983 np0000006374 devstack@g-api.service[99718]: DEBUG glance_store.location [None req-4e4f74b2-0723-4c3f-b1b2-f5e4a1baa3c9 tempest-VolumesActionsTest-1144752605 tempest-VolumesActionsTest-1144752605-project-member] Registering scheme swift with {'store': , 'location_class': , 'store_entry': 'swift'} {{(pid=99718) register_scheme_map /opt/stack/data/venv/lib/python3.12/site-packages/glance_store/location.py:146}}
Aug 03 21:00:40.582058 np0000006374 devstack@g-api.service[99718]: DEBUG glance_store.location [None req-4e4f74b2-0723-4c3f-b1b2-f5e4a1baa3c9 tempest-VolumesActionsTest-1144752605 tempest-VolumesActionsTest-1144752605-project-member] Registering scheme swift+http with {'store': , 'location_class': , 'store_entry': 'swift'} {{(pid=99718) register_scheme_map /opt/stack/data/venv/lib/python3.12/site-packages/glance_store/location.py:146}}
Aug 03 21:00:40.582187 np0000006374 devstack@g-api.service[99718]: DEBUG glance_store.location [None req-4e4f74b2-0723-4c3f-b1b2-f5e4a1baa3c9 tempest-VolumesActionsTest-1144752605 tempest-VolumesActionsTest-1144752605-project-member] Registering scheme swift+config with {'store': , 'location_class': , 'store_entry': 'swift'} {{(pid=99718) register_scheme_map /opt/stack/data/venv/lib/python3.12/site-packages/glance_store/location.py:146}}
Aug 03 21:00:40.582317 np0000006374 devstack@g-api.service[99718]: DEBUG glance_store.backend [None req-4e4f74b2-0723-4c3f-b1b2-f5e4a1baa3c9 tempest-VolumesActionsTest-1144752605 tempest-VolumesActionsTest-1144752605-project-member] Skipping store.set_acls... not implemented. {{(pid=99718) set_acls /opt/stack/data/venv/lib/python3.12/site-packages/glance_store/backend.py:507}}
Aug 03 21:00:40.584382 np0000006374 devstack@g-api.service[99718]: [pid: 99718|app: 0|req: 37/131] 127.0.0.1 () {46 vars in 1158 bytes} [Mon Aug 3 21:00:26 2026] PUT /v2/images/90c9b327-c21d-49ad-b222-e1108cf74c55/file => generated 0 bytes in 14053 msecs (HTTP/1.1 204) 4 headers in 171 bytes (1 switches on core 0)
Aug 03 21:00:40.593168 np0000006374 devstack@g-api.service[99717]: DEBUG glance.api.middleware.version_negotiation [None req-b33b962c-6d8d-47df-adcf-88f6328f137c tempest-VolumesActionsTest-1144752605 tempest-VolumesActionsTest-1144752605-project-member] Determining version of request: GET /v2/images/90c9b327-c21d-49ad-b222-e1108cf74c55 Accept: */* {{(pid=99717) process_request /opt/stack/glance/glance/api/middleware/version_negotiation.py:44}}
Aug 03 21:00:40.593168 np0000006374 devstack@g-api.service[99717]: DEBUG glance.api.middleware.version_negotiation [None req-b33b962c-6d8d-47df-adcf-88f6328f137c tempest-VolumesActionsTest-1144752605 tempest-VolumesActionsTest-1144752605-project-member] Using url versioning {{(pid=99717) process_request /opt/stack/glance/glance/api/middleware/version_negotiation.py:57}}
Aug 03 21:00:40.593168 np0000006374 devstack@g-api.service[99717]: DEBUG glance.api.middleware.version_negotiation [None req-b33b962c-6d8d-47df-adcf-88f6328f137c tempest-VolumesActionsTest-1144752605 tempest-VolumesActionsTest-1144752605-project-member] Matched version: v2 {{(pid=99717) process_request /opt/stack/glance/glance/api/middleware/version_negotiation.py:69}}
Aug 03 21:00:40.593168 np0000006374 devstack@g-api.service[99717]: DEBUG glance.api.middleware.version_negotiation [None req-b33b962c-6d8d-47df-adcf-88f6328f137c tempest-VolumesActionsTest-1144752605 tempest-VolumesActionsTest-1144752605-project-member] new path /v2/images/90c9b327-c21d-49ad-b222-e1108cf74c55 {{(pid=99717) process_request /opt/stack/glance/glance/api/middleware/version_negotiation.py:70}}
Aug 03 21:00:40.606503 np0000006374 devstack@g-api.service[99717]: [pid: 99717|app: 0|req: 55/132] 127.0.0.1 () {44 vars in 1115 bytes} [Mon Aug 3 21:00:40 2026] GET /v2/images/90c9b327-c21d-49ad-b222-e1108cf74c55 => generated 821 bytes in 13 msecs (HTTP/1.1 200) 4 headers in 157 bytes (1 switches on core 0)
Aug 03 21:00:40.614788 np0000006374 devstack@g-api.service[99719]: DEBUG glance.api.middleware.version_negotiation [None req-47421b7f-39ae-4132-b9d2-8a10e630a87b tempest-VolumesActionsTest-1144752605 tempest-VolumesActionsTest-1144752605-project-member] Determining version of request: GET /v2/schemas/image Accept: */* {{(pid=99719) process_request /opt/stack/glance/glance/api/middleware/version_negotiation.py:44}}
Aug 03 21:00:40.615021 np0000006374 devstack@g-api.service[99719]: DEBUG glance.api.middleware.version_negotiation [None req-47421b7f-39ae-4132-b9d2-8a10e630a87b tempest-VolumesActionsTest-1144752605 tempest-VolumesActionsTest-1144752605-project-member] Using url versioning {{(pid=99719) process_request /opt/stack/glance/glance/api/middleware/version_negotiation.py:57}}
Aug 03 21:00:40.615194 np0000006374 devstack@g-api.service[99719]: DEBUG glance.api.middleware.version_negotiation [None req-47421b7f-39ae-4132-b9d2-8a10e630a87b tempest-VolumesActionsTest-1144752605 tempest-VolumesActionsTest-1144752605-project-member] Matched version: v2 {{(pid=99719) process_request /opt/stack/glance/glance/api/middleware/version_negotiation.py:69}}
Aug 03 21:00:40.615317 np0000006374 devstack@g-api.service[99719]: DEBUG glance.api.middleware.version_negotiation [None req-47421b7f-39ae-4132-b9d2-8a10e630a87b tempest-VolumesActionsTest-1144752605 tempest-VolumesActionsTest-1144752605-project-member] new path /v2/schemas/image {{(pid=99719) process_request /opt/stack/glance/glance/api/middleware/version_negotiation.py:70}}
Aug 03 21:00:40.617968 np0000006374 devstack@g-api.service[99719]: [pid: 99719|app: 0|req: 41/133] 127.0.0.1 () {44 vars in 1055 bytes} [Mon Aug 3 21:00:40 2026] GET /v2/schemas/image => generated 6083 bytes in 3 msecs (HTTP/1.1 200) 4 headers in 158 bytes (1 switches on core 0)
Aug 03 21:00:40.626709 np0000006374 devstack@g-api.service[99718]: DEBUG glance.api.middleware.version_negotiation [None req-4e4f74b2-0723-4c3f-b1b2-f5e4a1baa3c9 tempest-VolumesActionsTest-1144752605 tempest-VolumesActionsTest-1144752605-project-member] Determining version of request: GET /v2/schemas/image Accept: */* {{(pid=99718) process_request /opt/stack/glance/glance/api/middleware/version_negotiation.py:44}}
Aug 03 21:00:40.626896 np0000006374 devstack@g-api.service[99718]: DEBUG glance.api.middleware.version_negotiation [None req-4e4f74b2-0723-4c3f-b1b2-f5e4a1baa3c9 tempest-VolumesActionsTest-1144752605 tempest-VolumesActionsTest-1144752605-project-member] Using url versioning {{(pid=99718) process_request /opt/stack/glance/glance/api/middleware/version_negotiation.py:57}}
Aug 03 21:00:40.626978 np0000006374 devstack@g-api.service[99718]: DEBUG glance.api.middleware.version_negotiation [None req-4e4f74b2-0723-4c3f-b1b2-f5e4a1baa3c9 tempest-VolumesActionsTest-1144752605 tempest-VolumesActionsTest-1144752605-project-member] Matched version: v2 {{(pid=99718) process_request /opt/stack/glance/glance/api/middleware/version_negotiation.py:69}}
Aug 03 21:00:40.627248 np0000006374 devstack@g-api.service[99718]: DEBUG glance.api.middleware.version_negotiation [None req-4e4f74b2-0723-4c3f-b1b2-f5e4a1baa3c9 tempest-VolumesActionsTest-1144752605 tempest-VolumesActionsTest-1144752605-project-member] new path /v2/schemas/image {{(pid=99718) process_request /opt/stack/glance/glance/api/middleware/version_negotiation.py:70}}
Aug 03 21:00:40.630702 np0000006374 devstack@g-api.service[99718]: [pid: 99718|app: 0|req: 38/134] 127.0.0.1 () {44 vars in 1055 bytes} [Mon Aug 3 21:00:40 2026] GET /v2/schemas/image => generated 6083 bytes in 4 msecs (HTTP/1.1 200) 4 headers in 158 bytes (1 switches on core 0)
Aug 03 21:00:40.647124 np0000006374 devstack@g-api.service[99717]: DEBUG glance.api.middleware.version_negotiation [None req-4e4f74b2-0723-4c3f-b1b2-f5e4a1baa3c9 tempest-VolumesActionsTest-1144752605 tempest-VolumesActionsTest-1144752605-project-member] Determining version of request: GET /v2/images/90c9b327-c21d-49ad-b222-e1108cf74c55 Accept: application/json {{(pid=99717) process_request /opt/stack/glance/glance/api/middleware/version_negotiation.py:44}}
Aug 03 21:00:40.647124 np0000006374 devstack@g-api.service[99717]: DEBUG glance.api.middleware.version_negotiation [None req-4e4f74b2-0723-4c3f-b1b2-f5e4a1baa3c9 tempest-VolumesActionsTest-1144752605 tempest-VolumesActionsTest-1144752605-project-member] Using url versioning {{(pid=99717) process_request /opt/stack/glance/glance/api/middleware/version_negotiation.py:57}}
Aug 03 21:00:40.647124 np0000006374 devstack@g-api.service[99717]: DEBUG glance.api.middleware.version_negotiation [None req-4e4f74b2-0723-4c3f-b1b2-f5e4a1baa3c9 tempest-VolumesActionsTest-1144752605 tempest-VolumesActionsTest-1144752605-project-member] Matched version: v2 {{(pid=99717) process_request /opt/stack/glance/glance/api/middleware/version_negotiation.py:69}}
Aug 03 21:00:40.647124 np0000006374 devstack@g-api.service[99717]: DEBUG glance.api.middleware.version_negotiation [None req-4e4f74b2-0723-4c3f-b1b2-f5e4a1baa3c9 tempest-VolumesActionsTest-1144752605 tempest-VolumesActionsTest-1144752605-project-member] new path /v2/images/90c9b327-c21d-49ad-b222-e1108cf74c55 {{(pid=99717) process_request /opt/stack/glance/glance/api/middleware/version_negotiation.py:70}}
Aug 03 21:00:40.663249 np0000006374 devstack@g-api.service[99717]: [pid: 99717|app: 0|req: 56/135] 127.0.0.1 () {40 vars in 838 bytes} [Mon Aug 3 21:00:40 2026] GET /v2/images/90c9b327-c21d-49ad-b222-e1108cf74c55 => generated 821 bytes in 17 msecs (HTTP/1.1 200) 4 headers in 157 bytes (1 switches on core 0)
Aug 03 21:00:41.767477 np0000006374 devstack@g-api.service[99719]: DEBUG glance.api.middleware.version_negotiation [None req-4e4f74b2-0723-4c3f-b1b2-f5e4a1baa3c9 tempest-VolumesActionsTest-1144752605 tempest-VolumesActionsTest-1144752605-project-member] Determining version of request: GET /v2/images/90c9b327-c21d-49ad-b222-e1108cf74c55 Accept: application/json {{(pid=99719) process_request /opt/stack/glance/glance/api/middleware/version_negotiation.py:44}}
Aug 03 21:00:41.769048 np0000006374 devstack@g-api.service[99719]: DEBUG glance.api.middleware.version_negotiation [None req-4e4f74b2-0723-4c3f-b1b2-f5e4a1baa3c9 tempest-VolumesActionsTest-1144752605 tempest-VolumesActionsTest-1144752605-project-member] Using url versioning {{(pid=99719) process_request /opt/stack/glance/glance/api/middleware/version_negotiation.py:57}}
Aug 03 21:00:41.769048 np0000006374 devstack@g-api.service[99719]: DEBUG glance.api.middleware.version_negotiation [None req-4e4f74b2-0723-4c3f-b1b2-f5e4a1baa3c9 tempest-VolumesActionsTest-1144752605 tempest-VolumesActionsTest-1144752605-project-member] Matched version: v2 {{(pid=99719) process_request /opt/stack/glance/glance/api/middleware/version_negotiation.py:69}}
Aug 03 21:00:41.769048 np0000006374 devstack@g-api.service[99719]: DEBUG glance.api.middleware.version_negotiation [None req-4e4f74b2-0723-4c3f-b1b2-f5e4a1baa3c9 tempest-VolumesActionsTest-1144752605 tempest-VolumesActionsTest-1144752605-project-member] new path /v2/images/90c9b327-c21d-49ad-b222-e1108cf74c55 {{(pid=99719) process_request /opt/stack/glance/glance/api/middleware/version_negotiation.py:70}}
Aug 03 21:00:41.777723 np0000006374 devstack@g-api.service[99719]: [pid: 99719|app: 0|req: 42/136] 127.0.0.1 () {40 vars in 838 bytes} [Mon Aug 3 21:00:41 2026] GET /v2/images/90c9b327-c21d-49ad-b222-e1108cf74c55 => generated 821 bytes in 10 msecs (HTTP/1.1 200) 4 headers in 157 bytes (1 switches on core 0)
Aug 03 21:00:41.963752 np0000006374 devstack@g-api.service[99718]: DEBUG glance.api.middleware.version_negotiation [None req-4e4f74b2-0723-4c3f-b1b2-f5e4a1baa3c9 tempest-VolumesActionsTest-1144752605 tempest-VolumesActionsTest-1144752605-project-member] Determining version of request: GET /v2/schemas/image Accept: */* {{(pid=99718) process_request /opt/stack/glance/glance/api/middleware/version_negotiation.py:44}}
Aug 03 21:00:41.963752 np0000006374 devstack@g-api.service[99718]: DEBUG glance.api.middleware.version_negotiation [None req-4e4f74b2-0723-4c3f-b1b2-f5e4a1baa3c9 tempest-VolumesActionsTest-1144752605 tempest-VolumesActionsTest-1144752605-project-member] Using url versioning {{(pid=99718) process_request /opt/stack/glance/glance/api/middleware/version_negotiation.py:57}}
Aug 03 21:00:41.964244 np0000006374 devstack@g-api.service[99718]: DEBUG glance.api.middleware.version_negotiation [None req-4e4f74b2-0723-4c3f-b1b2-f5e4a1baa3c9 tempest-VolumesActionsTest-1144752605 tempest-VolumesActionsTest-1144752605-project-member] Matched version: v2 {{(pid=99718) process_request /opt/stack/glance/glance/api/middleware/version_negotiation.py:69}}
Aug 03 21:00:41.964244 np0000006374 devstack@g-api.service[99718]: DEBUG glance.api.middleware.version_negotiation [None req-4e4f74b2-0723-4c3f-b1b2-f5e4a1baa3c9 tempest-VolumesActionsTest-1144752605 tempest-VolumesActionsTest-1144752605-project-member] new path /v2/schemas/image {{(pid=99718) process_request /opt/stack/glance/glance/api/middleware/version_negotiation.py:70}}
Aug 03 21:00:42.202035 np0000006374 devstack@g-api.service[99718]: [pid: 99718|app: 0|req: 39/137] 127.0.0.1 () {44 vars in 1055 bytes} [Mon Aug 3 21:00:41 2026] GET /v2/schemas/image => generated 6083 bytes in 238 msecs (HTTP/1.1 200) 4 headers in 158 bytes (1 switches on core 0)
Aug 03 21:00:42.214431 np0000006374 devstack@g-api.service[99717]: DEBUG glance.api.middleware.version_negotiation [None req-159e581b-6298-426d-885c-1e1f6987199b tempest-VolumesActionsTest-1144752605 tempest-VolumesActionsTest-1144752605-project-member] Determining version of request: POST /v2/images Accept: */* {{(pid=99717) process_request /opt/stack/glance/glance/api/middleware/version_negotiation.py:44}}
Aug 03 21:00:42.214903 np0000006374 devstack@g-api.service[99717]: DEBUG glance.api.middleware.version_negotiation [None req-159e581b-6298-426d-885c-1e1f6987199b tempest-VolumesActionsTest-1144752605 tempest-VolumesActionsTest-1144752605-project-member] Using url versioning {{(pid=99717) process_request /opt/stack/glance/glance/api/middleware/version_negotiation.py:57}}
