Aug 03 20:57:11.203893 np0000006374 devstack@g-api.service[99719]: DEBUG glance_store.backend [-] Registering store swift with schemes ('swift+https', 'swift', 'swift+http', 'swift+config') {{(pid=99719) create_stores /opt/stack/data/venv/lib/python3.12/site-packages/glance_store/backend.py:261}}
Aug 03 20:57:11.203955 np0000006374 devstack@g-api.service[99719]: DEBUG glance_store.driver [-] Late loading location class glance_store._drivers.swift.store.StoreLocation {{(pid=99719) get_store_location_class /opt/stack/data/venv/lib/python3.12/site-packages/glance_store/driver.py:134}}
Aug 03 20:57:11.204035 np0000006374 devstack@g-api.service[99719]: DEBUG glance_store.location [-] Registering scheme swift+https with {'store': , 'location_class': , 'store_entry': 'swift'} {{(pid=99719) register_scheme_map /opt/stack/data/venv/lib/python3.12/site-packages/glance_store/location.py:146}}
Aug 03 20:57:11.204088 np0000006374 devstack@g-api.service[99719]: DEBUG glance_store.location [-] Registering scheme swift with {'store': , 'location_class': , 'store_entry': 'swift'} {{(pid=99719) register_scheme_map /opt/stack/data/venv/lib/python3.12/site-packages/glance_store/location.py:146}}
Aug 03 20:57:11.204132 np0000006374 devstack@g-api.service[99719]: DEBUG glance_store.location [-] Registering scheme swift+http with {'store': , 'location_class': , 'store_entry': 'swift'} {{(pid=99719) register_scheme_map /opt/stack/data/venv/lib/python3.12/site-packages/glance_store/location.py:146}}
Aug 03 20:57:11.204201 np0000006374 devstack@g-api.service[99719]: DEBUG glance_store.location [-] Registering scheme swift+config with {'store': , 'location_class': , 'store_entry': 'swift'} {{(pid=99719) register_scheme_map /opt/stack/data/venv/lib/python3.12/site-packages/glance_store/location.py:146}}
Aug 03 20:57:11.204269 np0000006374 devstack@g-api.service[99719]: DEBUG glance_store.backend [-] Attempting to import store http {{(pid=99719) _load_store /opt/stack/data/venv/lib/python3.12/site-packages/glance_store/backend.py:215}}
Aug 03 20:57:11.204438 np0000006374 devstack@g-api.service[99719]: DEBUG glance_store.capabilities [-] Store glance_store._drivers.http.Store doesn't support updating dynamic storage capabilities. Please overwrite 'update_capabilities' method of the store to implement updating logics if needed. {{(pid=99719) update_capabilities /opt/stack/data/venv/lib/python3.12/site-packages/glance_store/capabilities.py:91}}
Aug 03 20:57:11.204504 np0000006374 devstack@g-api.service[99719]: DEBUG glance_store.backend [-] Registering store http with schemes ('http', 'https') {{(pid=99719) create_stores /opt/stack/data/venv/lib/python3.12/site-packages/glance_store/backend.py:261}}
Aug 03 20:57:11.204559 np0000006374 devstack@g-api.service[99719]: DEBUG glance_store.driver [-] Late loading location class glance_store._drivers.http.StoreLocation {{(pid=99719) get_store_location_class /opt/stack/data/venv/lib/python3.12/site-packages/glance_store/driver.py:134}}
Aug 03 20:57:11.204622 np0000006374 devstack@g-api.service[99719]: DEBUG glance_store.location [-] Registering scheme http with {'store': , 'location_class': , 'store_entry': 'http'} {{(pid=99719) register_scheme_map /opt/stack/data/venv/lib/python3.12/site-packages/glance_store/location.py:146}}
Aug 03 20:57:11.204671 np0000006374 devstack@g-api.service[99719]: DEBUG glance_store.location [-] Registering scheme https with {'store': , 'location_class': , 'store_entry': 'http'} {{(pid=99719) register_scheme_map /opt/stack/data/venv/lib/python3.12/site-packages/glance_store/location.py:146}}
Aug 03 20:57:11.204794 np0000006374 devstack@g-api.service[99719]: DEBUG glance_store.backend [-] Attempting to import store swift {{(pid=99719) _load_store /opt/stack/data/venv/lib/python3.12/site-packages/glance_store/backend.py:215}}
Aug 03 20:57:11.205820 np0000006374 devstack@g-api.service[99719]: DEBUG glance_store.capabilities [-] Store glance_store._drivers.swift.store.SingleTenantStore doesn't support updating dynamic storage capabilities. Please overwrite 'update_capabilities' method of the store to implement updating logics if needed. {{(pid=99719) update_capabilities /opt/stack/data/venv/lib/python3.12/site-packages/glance_store/capabilities.py:91}}
Aug 03 20:57:11.205901 np0000006374 devstack@g-api.service[99719]: DEBUG glance_store.driver [-] Late loading location class glance_store._drivers.swift.store.StoreLocation {{(pid=99719) get_store_location_class /opt/stack/data/venv/lib/python3.12/site-packages/glance_store/driver.py:134}}
Aug 03 20:57:11.205946 np0000006374 devstack@g-api.service[99719]: DEBUG glance_store.location [-] Registering scheme swift+https with {'store': , 'location_class': , 'store_entry': 'swift'} {{(pid=99719) register_scheme_map /opt/stack/data/venv/lib/python3.12/site-packages/glance_store/location.py:146}}
Aug 03 20:57:11.206017 np0000006374 devstack@g-api.service[99719]: DEBUG glance_store.location [-] Registering scheme swift+https with {'store': , 'location_class': , 'store_entry': 'swift'} {{(pid=99719) register_scheme_map /opt/stack/data/venv/lib/python3.12/site-packages/glance_store/location.py:146}}
Aug 03 20:57:11.206063 np0000006374 devstack@g-api.service[99719]: DEBUG glance_store.location [-] Registering scheme swift with {'store': , 'location_class': , 'store_entry': 'swift'} {{(pid=99719) register_scheme_map /opt/stack/data/venv/lib/python3.12/site-packages/glance_store/location.py:146}}
Aug 03 20:57:11.206114 np0000006374 devstack@g-api.service[99719]: DEBUG glance_store.location [-] Registering scheme swift+https with {'store': , 'location_class': , 'store_entry': 'swift'} {{(pid=99719) register_scheme_map /opt/stack/data/venv/lib/python3.12/site-packages/glance_store/location.py:146}}
Aug 03 20:57:11.206158 np0000006374 devstack@g-api.service[99719]: DEBUG glance_store.location [-] Registering scheme swift with {'store': , 'location_class': , 'store_entry': 'swift'} {{(pid=99719) register_scheme_map /opt/stack/data/venv/lib/python3.12/site-packages/glance_store/location.py:146}}
Aug 03 20:57:11.206248 np0000006374 devstack@g-api.service[99719]: DEBUG glance_store.location [-] Registering scheme swift+http with {'store': , 'location_class': , 'store_entry': 'swift'} {{(pid=99719) register_scheme_map /opt/stack/data/venv/lib/python3.12/site-packages/glance_store/location.py:146}}
Aug 03 20:57:11.206329 np0000006374 devstack@g-api.service[99719]: DEBUG glance_store.location [-] Registering scheme swift+https with {'store': , 'location_class': , 'store_entry': 'swift'} {{(pid=99719) register_scheme_map /opt/stack/data/venv/lib/python3.12/site-packages/glance_store/location.py:146}}
Aug 03 20:57:11.206395 np0000006374 devstack@g-api.service[99719]: DEBUG glance_store.location [-] Registering scheme swift with {'store': , 'location_class': , 'store_entry': 'swift'} {{(pid=99719) register_scheme_map /opt/stack/data/venv/lib/python3.12/site-packages/glance_store/location.py:146}}
Aug 03 20:57:11.206464 np0000006374 devstack@g-api.service[99719]: DEBUG glance_store.location [-] Registering scheme swift+http with {'store': , 'location_class': , 'store_entry': 'swift'} {{(pid=99719) register_scheme_map /opt/stack/data/venv/lib/python3.12/site-packages/glance_store/location.py:146}}
Aug 03 20:57:11.206531 np0000006374 devstack@g-api.service[99719]: DEBUG glance_store.location [-] Registering scheme swift+config with {'store': , 'location_class': , 'store_entry': 'swift'} {{(pid=99719) register_scheme_map /opt/stack/data/venv/lib/python3.12/site-packages/glance_store/location.py:146}}
Aug 03 20:57:11.206813 np0000006374 devstack@g-api.service[99719]: DEBUG glance.sqlite_migration [-] SQLite caching database not located, skipping migration {{(pid=99719) get_db_path /opt/stack/glance/glance/sqlite_migration.py:68}}
Aug 03 20:57:11.207037 np0000006374 devstack@g-api.service[99719]: WARNING glance.common.wsgi_app [-] Import methods are enabled but staging directory /tmp/staging/ does not exist; Imports will fail!
Aug 03 20:57:11.304265 np0000006374 devstack@g-api.service[99717]: DEBUG glance.common.config [None req-838a1370-be1f-4777-897c-0867a15646b6 None None] Loading glance-api-keystone+cachemanagement from /etc/glance/glance-api-paste.ini {{(pid=99717) load_paste_app /opt/stack/glance/glance/common/config.py:765}}
Aug 03 20:57:11.306159 np0000006374 devstack@g-api.service[99718]: DEBUG glance.common.config [None req-9cf7f806-76d5-4f6a-a1bd-92676a4fe5d3 None None] Loading glance-api-keystone+cachemanagement from /etc/glance/glance-api-paste.ini {{(pid=99718) load_paste_app /opt/stack/glance/glance/common/config.py:765}}
Aug 03 20:57:11.348193 np0000006374 devstack@g-api.service[99719]: DEBUG glance.common.config [None req-22be553b-c4ec-497f-9f36-c6f249f53019 None None] Loading glance-api-keystone+cachemanagement from /etc/glance/glance-api-paste.ini {{(pid=99719) load_paste_app /opt/stack/glance/glance/common/config.py:765}}
Aug 03 20:57:11.937508 np0000006374 devstack@g-api.service[99717]: INFO glance.image_cache [None req-838a1370-be1f-4777-897c-0867a15646b6 None None] Image cache loaded driver 'centralized_db'.
Aug 03 20:57:11.939084 np0000006374 devstack@g-api.service[99718]: INFO glance.image_cache [None req-9cf7f806-76d5-4f6a-a1bd-92676a4fe5d3 None None] Image cache loaded driver 'centralized_db'.
Aug 03 20:57:11.944619 np0000006374 devstack@g-api.service[99719]: INFO glance.image_cache [None req-22be553b-c4ec-497f-9f36-c6f249f53019 None None] Image cache loaded driver 'centralized_db'.
Aug 03 20:57:11.991439 np0000006374 devstack@g-api.service[99718]: INFO dbcounter [None req-9cf7f806-76d5-4f6a-a1bd-92676a4fe5d3 None None] Registered counter for database glance
Aug 03 20:57:11.991762 np0000006374 devstack@g-api.service[99719]: INFO dbcounter [None req-22be553b-c4ec-497f-9f36-c6f249f53019 None None] Registered counter for database glance
Aug 03 20:57:11.998589 np0000006374 devstack@g-api.service[99717]: INFO dbcounter [None req-838a1370-be1f-4777-897c-0867a15646b6 None None] Registered counter for database glance
Aug 03 20:57:12.031158 np0000006374 devstack@g-api.service[99718]: DEBUG oslo_db.sqlalchemy.engines [None req-9cf7f806-76d5-4f6a-a1bd-92676a4fe5d3 None None] MySQL server mode set to STRICT_TRANS_TABLES,STRICT_ALL_TABLES,NO_ZERO_IN_DATE,NO_ZERO_DATE,ERROR_FOR_DIVISION_BY_ZERO,TRADITIONAL,NO_ENGINE_SUBSTITUTION {{(pid=99718) _check_effective_sql_mode /opt/stack/data/venv/lib/python3.12/site-packages/oslo_db/sqlalchemy/engines.py:325}}
Aug 03 20:57:12.031929 np0000006374 devstack@g-api.service[99719]: DEBUG oslo_db.sqlalchemy.engines [None req-22be553b-c4ec-497f-9f36-c6f249f53019 None None] MySQL server mode set to STRICT_TRANS_TABLES,STRICT_ALL_TABLES,NO_ZERO_IN_DATE,NO_ZERO_DATE,ERROR_FOR_DIVISION_BY_ZERO,TRADITIONAL,NO_ENGINE_SUBSTITUTION {{(pid=99719) _check_effective_sql_mode /opt/stack/data/venv/lib/python3.12/site-packages/oslo_db/sqlalchemy/engines.py:325}}
Aug 03 20:57:12.041088 np0000006374 devstack@g-api.service[99717]: DEBUG oslo_db.sqlalchemy.engines [None req-838a1370-be1f-4777-897c-0867a15646b6 None None] MySQL server mode set to STRICT_TRANS_TABLES,STRICT_ALL_TABLES,NO_ZERO_IN_DATE,NO_ZERO_DATE,ERROR_FOR_DIVISION_BY_ZERO,TRADITIONAL,NO_ENGINE_SUBSTITUTION {{(pid=99717) _check_effective_sql_mode /opt/stack/data/venv/lib/python3.12/site-packages/oslo_db/sqlalchemy/engines.py:325}}
Aug 03 20:57:12.148128 np0000006374 devstack@g-api.service[99718]: DEBUG dbcounter [-] [99718] Writer thread running {{(pid=99718) stat_writer /opt/stack/data/venv/lib/python3.12/site-packages/dbcounter.py:102}}
Aug 03 20:57:12.149383 np0000006374 devstack@g-api.service[99719]: DEBUG dbcounter [-] [99719] Writer thread running {{(pid=99719) stat_writer /opt/stack/data/venv/lib/python3.12/site-packages/dbcounter.py:102}}
Aug 03 20:57:12.151903 np0000006374 devstack@g-api.service[99717]: DEBUG dbcounter [-] [99717] Writer thread running {{(pid=99717) stat_writer /opt/stack/data/venv/lib/python3.12/site-packages/dbcounter.py:102}}
Aug 03 20:57:12.159171 np0000006374 devstack@g-api.service[99717]: DEBUG glance.image_cache.drivers.centralized_db [None req-838a1370-be1f-4777-897c-0867a15646b6 None None] Node reference is already recorded, ignoring it {{(pid=99717) configure /opt/stack/glance/glance/image_cache/drivers/centralized_db.py:71}}
Aug 03 20:57:12.159302 np0000006374 devstack@g-api.service[99719]: DEBUG glance.image_cache.drivers.centralized_db [None req-22be553b-c4ec-497f-9f36-c6f249f53019 None None] Node reference is already recorded, ignoring it {{(pid=99719) configure /opt/stack/glance/glance/image_cache/drivers/centralized_db.py:71}}
Aug 03 20:57:12.165472 np0000006374 devstack@g-api.service[99717]: INFO glance.image_cache [None req-838a1370-be1f-4777-897c-0867a15646b6 None None] Image cache loaded driver 'centralized_db'.
Aug 03 20:57:12.165929 np0000006374 devstack@g-api.service[99718]: INFO glance.image_cache [None req-9cf7f806-76d5-4f6a-a1bd-92676a4fe5d3 None None] Image cache loaded driver 'centralized_db'.
Aug 03 20:57:12.166364 np0000006374 devstack@g-api.service[99719]: INFO glance.image_cache [None req-22be553b-c4ec-497f-9f36-c6f249f53019 None None] Image cache loaded driver 'centralized_db'.
Aug 03 20:57:12.173762 np0000006374 devstack@g-api.service[99717]: DEBUG glance.image_cache.drivers.centralized_db [None req-838a1370-be1f-4777-897c-0867a15646b6 None None] Node reference is already recorded, ignoring it {{(pid=99717) configure /opt/stack/glance/glance/image_cache/drivers/centralized_db.py:71}}
Aug 03 20:57:12.176754 np0000006374 devstack@g-api.service[99719]: DEBUG glance.image_cache.drivers.centralized_db [None req-22be553b-c4ec-497f-9f36-c6f249f53019 None None] Node reference is already recorded, ignoring it {{(pid=99719) configure /opt/stack/glance/glance/image_cache/drivers/centralized_db.py:71}}
Aug 03 20:57:12.177874 np0000006374 devstack@g-api.service[99717]: DEBUG glance.api.v2.cached_images [None req-838a1370-be1f-4777-897c-0867a15646b6 None None] Started cache worker thread {{(pid=99717) __init__ /opt/stack/glance/glance/api/v2/cached_images.py:71}}
Aug 03 20:57:12.178437 np0000006374 devstack@g-api.service[99717]: INFO glance.image_cache [None req-838a1370-be1f-4777-897c-0867a15646b6 None None] Image cache loaded driver 'centralized_db'.
Aug 03 20:57:12.182375 np0000006374 devstack@g-api.service[99719]: DEBUG glance.api.v2.cached_images [None req-22be553b-c4ec-497f-9f36-c6f249f53019 None None] Started cache worker thread {{(pid=99719) __init__ /opt/stack/glance/glance/api/v2/cached_images.py:71}}
Aug 03 20:57:12.182587 np0000006374 devstack@g-api.service[99718]: DEBUG glance.image_cache.drivers.centralized_db [None req-9cf7f806-76d5-4f6a-a1bd-92676a4fe5d3 None None] Node reference is already recorded, ignoring it {{(pid=99718) configure /opt/stack/glance/glance/image_cache/drivers/centralized_db.py:71}}
Aug 03 20:57:12.183232 np0000006374 devstack@g-api.service[99719]: INFO glance.image_cache [None req-22be553b-c4ec-497f-9f36-c6f249f53019 None None] Image cache loaded driver 'centralized_db'.
Aug 03 20:57:12.185552 np0000006374 devstack@g-api.service[99717]: DEBUG glance.image_cache.drivers.centralized_db [None req-838a1370-be1f-4777-897c-0867a15646b6 None None] Node reference is already recorded, ignoring it {{(pid=99717) configure /opt/stack/glance/glance/image_cache/drivers/centralized_db.py:71}}
Aug 03 20:57:12.189396 np0000006374 devstack@g-api.service[99718]: DEBUG glance.api.v2.cached_images [None req-9cf7f806-76d5-4f6a-a1bd-92676a4fe5d3 None None] Started cache worker thread {{(pid=99718) __init__ /opt/stack/glance/glance/api/v2/cached_images.py:71}}
Aug 03 20:57:12.190423 np0000006374 devstack@g-api.service[99718]: INFO glance.image_cache [None req-9cf7f806-76d5-4f6a-a1bd-92676a4fe5d3 None None] Image cache loaded driver 'centralized_db'.
Aug 03 20:57:12.190482 np0000006374 devstack@g-api.service[99717]: INFO glance.api.middleware.cache_manage [None req-838a1370-be1f-4777-897c-0867a15646b6 None None] Initialized image cache management middleware
Aug 03 20:57:12.190557 np0000006374 devstack@g-api.service[99717]: INFO glance.image_cache [None req-838a1370-be1f-4777-897c-0867a15646b6 None None] Image cache loaded driver 'centralized_db'.
Aug 03 20:57:12.196017 np0000006374 devstack@g-api.service[99719]: DEBUG glance.image_cache.drivers.centralized_db [None req-22be553b-c4ec-497f-9f36-c6f249f53019 None None] Node reference is already recorded, ignoring it {{(pid=99719) configure /opt/stack/glance/glance/image_cache/drivers/centralized_db.py:71}}
Aug 03 20:57:12.197957 np0000006374 devstack@g-api.service[99717]: DEBUG glance.image_cache.drivers.centralized_db [None req-838a1370-be1f-4777-897c-0867a15646b6 None None] Node reference is already recorded, ignoring it {{(pid=99717) configure /opt/stack/glance/glance/image_cache/drivers/centralized_db.py:71}}
Aug 03 20:57:12.201081 np0000006374 devstack@g-api.service[99719]: INFO glance.api.middleware.cache_manage [None req-22be553b-c4ec-497f-9f36-c6f249f53019 None None] Initialized image cache management middleware
Aug 03 20:57:12.201229 np0000006374 devstack@g-api.service[99717]: INFO glance.api.middleware.cache [None req-838a1370-be1f-4777-897c-0867a15646b6 None None] Initialized image cache middleware
Aug 03 20:57:12.201291 np0000006374 devstack@g-api.service[99719]: INFO glance.image_cache [None req-22be553b-c4ec-497f-9f36-c6f249f53019 None None] Image cache loaded driver 'centralized_db'.
Aug 03 20:57:12.201667 np0000006374 devstack@g-api.service[99718]: DEBUG glance.image_cache.drivers.centralized_db [None req-9cf7f806-76d5-4f6a-a1bd-92676a4fe5d3 None None] Node reference is already recorded, ignoring it {{(pid=99718) configure /opt/stack/glance/glance/image_cache/drivers/centralized_db.py:71}}
Aug 03 20:57:12.209834 np0000006374 devstack@g-api.service[99719]: DEBUG glance.image_cache.drivers.centralized_db [None req-22be553b-c4ec-497f-9f36-c6f249f53019 None None] Node reference is already recorded, ignoring it {{(pid=99719) configure /opt/stack/glance/glance/image_cache/drivers/centralized_db.py:71}}
Aug 03 20:57:12.209944 np0000006374 devstack@g-api.service[99718]: INFO glance.api.middleware.cache_manage [None req-9cf7f806-76d5-4f6a-a1bd-92676a4fe5d3 None None] Initialized image cache management middleware
Aug 03 20:57:12.210165 np0000006374 devstack@g-api.service[99718]: INFO glance.image_cache [None req-9cf7f806-76d5-4f6a-a1bd-92676a4fe5d3 None None] Image cache loaded driver 'centralized_db'.
Aug 03 20:57:12.210564 np0000006374 devstack@g-api.service[99717]: DEBUG glance.common.config [None req-838a1370-be1f-4777-897c-0867a15646b6 None None] ******************************************************************************** {{(pid=99717) log_opt_values /opt/stack/data/venv/lib/python3.12/site-packages/oslo_config/cfg.py:3518}}
Aug 03 20:57:12.210646 np0000006374 devstack@g-api.service[99717]: DEBUG glance.common.config [None req-838a1370-be1f-4777-897c-0867a15646b6 None None] Configuration options gathered from: {{(pid=99717) log_opt_values /opt/stack/data/venv/lib/python3.12/site-packages/oslo_config/cfg.py:3519}}
Aug 03 20:57:12.210930 np0000006374 devstack@g-api.service[99717]: DEBUG glance.common.config [None req-838a1370-be1f-4777-897c-0867a15646b6 None None] command line args: [] {{(pid=99717) log_opt_values /opt/stack/data/venv/lib/python3.12/site-packages/oslo_config/cfg.py:3520}}
Aug 03 20:57:12.211104 np0000006374 devstack@g-api.service[99717]: DEBUG glance.common.config [None req-838a1370-be1f-4777-897c-0867a15646b6 None None] config files: ['/etc/glance/glance-image-import.conf', '/etc/glance/glance-api.conf'] {{(pid=99717) log_opt_values /opt/stack/data/venv/lib/python3.12/site-packages/oslo_config/cfg.py:3521}}
Aug 03 20:57:12.211104 np0000006374 devstack@g-api.service[99717]: DEBUG glance.common.config [None req-838a1370-be1f-4777-897c-0867a15646b6 None None] ================================================================================ {{(pid=99717) log_opt_values /opt/stack/data/venv/lib/python3.12/site-packages/oslo_config/cfg.py:3526}}
Aug 03 20:57:12.211333 np0000006374 devstack@g-api.service[99717]: DEBUG glance.common.config [None req-838a1370-be1f-4777-897c-0867a15646b6 None None] allow_anonymous_access = False {{(pid=99717) log_opt_values /opt/stack/data/venv/lib/python3.12/site-packages/oslo_config/cfg.py:3534}}
Aug 03 20:57:12.211427 np0000006374 devstack@g-api.service[99717]: DEBUG glance.common.config [None req-838a1370-be1f-4777-897c-0867a15646b6 None None] api_limit_max = 1000 {{(pid=99717) log_opt_values /opt/stack/data/venv/lib/python3.12/site-packages/oslo_config/cfg.py:3534}}
Aug 03 20:57:12.211521 np0000006374 devstack@g-api.service[99717]: DEBUG glance.common.config [None req-838a1370-be1f-4777-897c-0867a15646b6 None None] config_dir = [] {{(pid=99717) log_opt_values /opt/stack/data/venv/lib/python3.12/site-packages/oslo_config/cfg.py:3534}}
Aug 03 20:57:12.211584 np0000006374 devstack@g-api.service[99717]: DEBUG glance.common.config [None req-838a1370-be1f-4777-897c-0867a15646b6 None None] config_file = ['/etc/glance/glance-image-import.conf', '/etc/glance/glance-api.conf'] {{(pid=99717) log_opt_values /opt/stack/data/venv/lib/python3.12/site-packages/oslo_config/cfg.py:3534}}
Aug 03 20:57:12.211673 np0000006374 devstack@g-api.service[99717]: DEBUG glance.common.config [None req-838a1370-be1f-4777-897c-0867a15646b6 None None] config_source = [] {{(pid=99717) log_opt_values /opt/stack/data/venv/lib/python3.12/site-packages/oslo_config/cfg.py:3534}}
Aug 03 20:57:12.211774 np0000006374 devstack@g-api.service[99717]: DEBUG glance.common.config [None req-838a1370-be1f-4777-897c-0867a15646b6 None None] control_exchange = glance {{(pid=99717) log_opt_values /opt/stack/data/venv/lib/python3.12/site-packages/oslo_config/cfg.py:3534}}
Aug 03 20:57:12.211834 np0000006374 devstack@g-api.service[99717]: DEBUG glance.common.config [None req-838a1370-be1f-4777-897c-0867a15646b6 None None] debug = True {{(pid=99717) log_opt_values /opt/stack/data/venv/lib/python3.12/site-packages/oslo_config/cfg.py:3534}}
Aug 03 20:57:12.211993 np0000006374 devstack@g-api.service[99717]: DEBUG glance.common.config [None req-838a1370-be1f-4777-897c-0867a15646b6 None None] default_log_levels = ['amqp=WARN', 'boto=WARN', 'sqlalchemy=WARN', 'suds=INFO', 'oslo.messaging=INFO', 'oslo_messaging=INFO', 'iso8601=WARN', 'requests.packages.urllib3.connectionpool=WARN', 'urllib3.connectionpool=WARN', 'websocket=WARN', 'requests.packages.urllib3.util.retry=WARN', 'urllib3.util.retry=WARN', 'keystonemiddleware=WARN', 'routes.middleware=WARN', 'stevedore=WARN', 'taskflow=WARN', 'keystoneauth=WARN', 'oslo.cache=INFO', 'oslo_policy=INFO', 'dogpile.core.dogpile=INFO'] {{(pid=99717) log_opt_values /opt/stack/data/venv/lib/python3.12/site-packages/oslo_config/cfg.py:3534}}
Aug 03 20:57:12.212124 np0000006374 devstack@g-api.service[99717]: DEBUG glance.common.config [None req-838a1370-be1f-4777-897c-0867a15646b6 None None] default_publisher_id = image.localhost {{(pid=99717) log_opt_values /opt/stack/data/venv/lib/python3.12/site-packages/oslo_config/cfg.py:3534}}
Aug 03 20:57:12.212215 np0000006374 devstack@g-api.service[99717]: DEBUG glance.common.config [None req-838a1370-be1f-4777-897c-0867a15646b6 None None] delayed_delete = False {{(pid=99717) log_opt_values /opt/stack/data/venv/lib/python3.12/site-packages/oslo_config/cfg.py:3534}}
Aug 03 20:57:12.212305 np0000006374 devstack@g-api.service[99717]: DEBUG glance.common.config [None req-838a1370-be1f-4777-897c-0867a15646b6 None None] digest_algorithm = sha256 {{(pid=99717) log_opt_values /opt/stack/data/venv/lib/python3.12/site-packages/oslo_config/cfg.py:3534}}
Aug 03 20:57:12.212391 np0000006374 devstack@g-api.service[99717]: DEBUG glance.common.config [None req-838a1370-be1f-4777-897c-0867a15646b6 None None] disabled_notifications = [] {{(pid=99717) log_opt_values /opt/stack/data/venv/lib/python3.12/site-packages/oslo_config/cfg.py:3534}}
Aug 03 20:57:12.212478 np0000006374 devstack@g-api.service[99717]: DEBUG glance.common.config [None req-838a1370-be1f-4777-897c-0867a15646b6 None None] do_secure_hash = True {{(pid=99717) log_opt_values /opt/stack/data/venv/lib/python3.12/site-packages/oslo_config/cfg.py:3534}}
Aug 03 20:57:12.212563 np0000006374 devstack@g-api.service[99717]: DEBUG glance.common.config [None req-838a1370-be1f-4777-897c-0867a15646b6 None None] enabled_backends = None {{(pid=99717) log_opt_values /opt/stack/data/venv/lib/python3.12/site-packages/oslo_config/cfg.py:3534}}
Aug 03 20:57:12.212667 np0000006374 devstack@g-api.service[99717]: DEBUG glance.common.config [None req-838a1370-be1f-4777-897c-0867a15646b6 None None] enabled_import_methods = ['glance-direct', 'web-download', 'copy-image'] {{(pid=99717) log_opt_values /opt/stack/data/venv/lib/python3.12/site-packages/oslo_config/cfg.py:3534}}
Aug 03 20:57:12.212796 np0000006374 devstack@g-api.service[99717]: DEBUG glance.common.config [None req-838a1370-be1f-4777-897c-0867a15646b6 None None] fatal_deprecations = False {{(pid=99717) log_opt_values /opt/stack/data/venv/lib/python3.12/site-packages/oslo_config/cfg.py:3534}}
Aug 03 20:57:12.212852 np0000006374 devstack@g-api.service[99717]: DEBUG glance.common.config [None req-838a1370-be1f-4777-897c-0867a15646b6 None None] hashing_algorithm = sha512 {{(pid=99717) log_opt_values /opt/stack/data/venv/lib/python3.12/site-packages/oslo_config/cfg.py:3534}}
Aug 03 20:57:12.212945 np0000006374 devstack@g-api.service[99717]: DEBUG glance.common.config [None req-838a1370-be1f-4777-897c-0867a15646b6 None None] http_retries = 3 {{(pid=99717) log_opt_values /opt/stack/data/venv/lib/python3.12/site-packages/oslo_config/cfg.py:3534}}
Aug 03 20:57:12.213057 np0000006374 devstack@g-api.service[99717]: DEBUG glance.common.config [None req-838a1370-be1f-4777-897c-0867a15646b6 None None] image_cache_dir = /opt/stack/data/glance/cache/ {{(pid=99717) log_opt_values /opt/stack/data/venv/lib/python3.12/site-packages/oslo_config/cfg.py:3534}}
Aug 03 20:57:12.213142 np0000006374 devstack@g-api.service[99717]: DEBUG glance.common.config [None req-838a1370-be1f-4777-897c-0867a15646b6 None None] image_cache_driver = centralized_db {{(pid=99717) log_opt_values /opt/stack/data/venv/lib/python3.12/site-packages/oslo_config/cfg.py:3534}}
Aug 03 20:57:12.213231 np0000006374 devstack@g-api.service[99717]: DEBUG glance.common.config [None req-838a1370-be1f-4777-897c-0867a15646b6 None None] image_cache_max_size = 10737418240 {{(pid=99717) log_opt_values /opt/stack/data/venv/lib/python3.12/site-packages/oslo_config/cfg.py:3534}}
Aug 03 20:57:12.213349 np0000006374 devstack@g-api.service[99717]: DEBUG glance.common.config [None req-838a1370-be1f-4777-897c-0867a15646b6 None None] image_cache_sqlite_db = cache.db {{(pid=99717) log_opt_values /opt/stack/data/venv/lib/python3.12/site-packages/oslo_config/cfg.py:3534}}
Aug 03 20:57:12.213439 np0000006374 devstack@g-api.service[99717]: DEBUG glance.common.config [None req-838a1370-be1f-4777-897c-0867a15646b6 None None] image_cache_stall_time = 86400 {{(pid=99717) log_opt_values /opt/stack/data/venv/lib/python3.12/site-packages/oslo_config/cfg.py:3534}}
Aug 03 20:57:12.213526 np0000006374 devstack@g-api.service[99717]: DEBUG glance.common.config [None req-838a1370-be1f-4777-897c-0867a15646b6 None None] image_location_quota = 10 {{(pid=99717) log_opt_values /opt/stack/data/venv/lib/python3.12/site-packages/oslo_config/cfg.py:3534}}
Aug 03 20:57:12.213609 np0000006374 devstack@g-api.service[99717]: DEBUG glance.common.config [None req-838a1370-be1f-4777-897c-0867a15646b6 None None] image_member_quota = 128 {{(pid=99717) log_opt_values /opt/stack/data/venv/lib/python3.12/site-packages/oslo_config/cfg.py:3534}}
Aug 03 20:57:12.213692 np0000006374 devstack@g-api.service[99717]: DEBUG glance.common.config [None req-838a1370-be1f-4777-897c-0867a15646b6 None None] image_property_quota = 128 {{(pid=99717) log_opt_values /opt/stack/data/venv/lib/python3.12/site-packages/oslo_config/cfg.py:3534}}
Aug 03 20:57:12.213776 np0000006374 devstack@g-api.service[99717]: DEBUG glance.common.config [None req-838a1370-be1f-4777-897c-0867a15646b6 None None] image_size_cap = 1099511627776 {{(pid=99717) log_opt_values /opt/stack/data/venv/lib/python3.12/site-packages/oslo_config/cfg.py:3534}}
Aug 03 20:57:12.213860 np0000006374 devstack@g-api.service[99717]: DEBUG glance.common.config [None req-838a1370-be1f-4777-897c-0867a15646b6 None None] image_tag_quota = 128 {{(pid=99717) log_opt_values /opt/stack/data/venv/lib/python3.12/site-packages/oslo_config/cfg.py:3534}}
Aug 03 20:57:12.213964 np0000006374 devstack@g-api.service[99717]: DEBUG glance.common.config [None req-838a1370-be1f-4777-897c-0867a15646b6 None None] instance_format = [instance: %(uuid)s] {{(pid=99717) log_opt_values /opt/stack/data/venv/lib/python3.12/site-packages/oslo_config/cfg.py:3534}}
Aug 03 20:57:12.214097 np0000006374 devstack@g-api.service[99717]: DEBUG glance.common.config [None req-838a1370-be1f-4777-897c-0867a15646b6 None None] instance_uuid_format = [instance: %(uuid)s] {{(pid=99717) log_opt_values /opt/stack/data/venv/lib/python3.12/site-packages/oslo_config/cfg.py:3534}}
Aug 03 20:57:12.214189 np0000006374 devstack@g-api.service[99717]: DEBUG glance.common.config [None req-838a1370-be1f-4777-897c-0867a15646b6 None None] limit_param_default = 25 {{(pid=99717) log_opt_values /opt/stack/data/venv/lib/python3.12/site-packages/oslo_config/cfg.py:3534}}
Aug 03 20:57:12.214283 np0000006374 devstack@g-api.service[99717]: DEBUG glance.common.config [None req-838a1370-be1f-4777-897c-0867a15646b6 None None] log_color = False {{(pid=99717) log_opt_values /opt/stack/data/venv/lib/python3.12/site-packages/oslo_config/cfg.py:3534}}
Aug 03 20:57:12.214372 np0000006374 devstack@g-api.service[99717]: DEBUG glance.common.config [None req-838a1370-be1f-4777-897c-0867a15646b6 None None] log_config_append = None {{(pid=99717) log_opt_values /opt/stack/data/venv/lib/python3.12/site-packages/oslo_config/cfg.py:3534}}
Aug 03 20:57:12.214464 np0000006374 devstack@g-api.service[99717]: DEBUG glance.common.config [None req-838a1370-be1f-4777-897c-0867a15646b6 None None] log_date_format = %Y-%m-%d %H:%M:%S {{(pid=99717) log_opt_values /opt/stack/data/venv/lib/python3.12/site-packages/oslo_config/cfg.py:3534}}
Aug 03 20:57:12.214550 np0000006374 devstack@g-api.service[99717]: DEBUG glance.common.config [None req-838a1370-be1f-4777-897c-0867a15646b6 None None] log_dir = None {{(pid=99717) log_opt_values /opt/stack/data/venv/lib/python3.12/site-packages/oslo_config/cfg.py:3534}}
Aug 03 20:57:12.214633 np0000006374 devstack@g-api.service[99717]: DEBUG glance.common.config [None req-838a1370-be1f-4777-897c-0867a15646b6 None None] log_file = None {{(pid=99717) log_opt_values /opt/stack/data/venv/lib/python3.12/site-packages/oslo_config/cfg.py:3534}}
Aug 03 20:57:12.214719 np0000006374 devstack@g-api.service[99717]: DEBUG glance.common.config [None req-838a1370-be1f-4777-897c-0867a15646b6 None None] log_rotate_interval = 1 {{(pid=99717) log_opt_values /opt/stack/data/venv/lib/python3.12/site-packages/oslo_config/cfg.py:3534}}
Aug 03 20:57:12.214808 np0000006374 devstack@g-api.service[99717]: DEBUG glance.common.config [None req-838a1370-be1f-4777-897c-0867a15646b6 None None] log_rotate_interval_type = days {{(pid=99717) log_opt_values /opt/stack/data/venv/lib/python3.12/site-packages/oslo_config/cfg.py:3534}}
Aug 03 20:57:12.214909 np0000006374 devstack@g-api.service[99717]: DEBUG glance.common.config [None req-838a1370-be1f-4777-897c-0867a15646b6 None None] log_rotation_type = none {{(pid=99717) log_opt_values /opt/stack/data/venv/lib/python3.12/site-packages/oslo_config/cfg.py:3534}}
Aug 03 20:57:12.214975 np0000006374 devstack@g-api.service[99717]: DEBUG glance.common.config [None req-838a1370-be1f-4777-897c-0867a15646b6 None None] logging_context_format_string = %(color)s%(levelname)s %(name)s [%(global_request_id)s %(request_id)s %(project_name)s %(user_name)s%(color)s] %(instance)s%(color)s%(message)s {{(pid=99717) log_opt_values /opt/stack/data/venv/lib/python3.12/site-packages/oslo_config/cfg.py:3534}}
Aug 03 20:57:12.215069 np0000006374 devstack@g-api.service[99717]: DEBUG glance.common.config [None req-838a1370-be1f-4777-897c-0867a15646b6 None None] logging_debug_format_suffix = {{(pid=%(process)d) %(funcName)s %(pathname)s:%(lineno)d}} {{(pid=99717) log_opt_values /opt/stack/data/venv/lib/python3.12/site-packages/oslo_config/cfg.py:3534}}
Aug 03 20:57:12.215166 np0000006374 devstack@g-api.service[99719]: INFO glance.api.middleware.cache [None req-22be553b-c4ec-497f-9f36-c6f249f53019 None None] Initialized image cache middleware
Aug 03 20:57:12.215218 np0000006374 devstack@g-api.service[99717]: DEBUG glance.common.config [None req-838a1370-be1f-4777-897c-0867a15646b6 None None] logging_default_format_string = %(color)s%(levelname)s %(name)s [-%(color)s] %(instance)s%(color)s%(message)s {{(pid=99717) log_opt_values /opt/stack/data/venv/lib/python3.12/site-packages/oslo_config/cfg.py:3534}}
Aug 03 20:57:12.215266 np0000006374 devstack@g-api.service[99717]: DEBUG glance.common.config [None req-838a1370-be1f-4777-897c-0867a15646b6 None None] logging_exception_prefix = ERROR %(name)s %(instance)s {{(pid=99717) log_opt_values /opt/stack/data/venv/lib/python3.12/site-packages/oslo_config/cfg.py:3534}}
Aug 03 20:57:12.215317 np0000006374 devstack@g-api.service[99717]: DEBUG glance.common.config [None req-838a1370-be1f-4777-897c-0867a15646b6 None None] logging_user_identity_format = %(user)s %(project)s %(domain)s %(system_scope)s %(user_domain)s %(project_domain)s {{(pid=99717) log_opt_values /opt/stack/data/venv/lib/python3.12/site-packages/oslo_config/cfg.py:3534}}
Aug 03 20:57:12.215403 np0000006374 devstack@g-api.service[99717]: DEBUG glance.common.config [None req-838a1370-be1f-4777-897c-0867a15646b6 None None] max_logfile_count = 30 {{(pid=99717) log_opt_values /opt/stack/data/venv/lib/python3.12/site-packages/oslo_config/cfg.py:3534}}
Aug 03 20:57:12.215488 np0000006374 devstack@g-api.service[99717]: DEBUG glance.common.config [None req-838a1370-be1f-4777-897c-0867a15646b6 None None] max_logfile_size_mb = 200 {{(pid=99717) log_opt_values /opt/stack/data/venv/lib/python3.12/site-packages/oslo_config/cfg.py:3534}}
Aug 03 20:57:12.215571 np0000006374 devstack@g-api.service[99717]: DEBUG glance.common.config [None req-838a1370-be1f-4777-897c-0867a15646b6 None None] max_request_id_length = 64 {{(pid=99717) log_opt_values /opt/stack/data/venv/lib/python3.12/site-packages/oslo_config/cfg.py:3534}}
Aug 03 20:57:12.215658 np0000006374 devstack@g-api.service[99717]: DEBUG glance.common.config [None req-838a1370-be1f-4777-897c-0867a15646b6 None None] metadata_encryption_key = **** {{(pid=99717) log_opt_values /opt/stack/data/venv/lib/python3.12/site-packages/oslo_config/cfg.py:3534}}
Aug 03 20:57:12.215746 np0000006374 devstack@g-api.service[99717]: DEBUG glance.common.config [None req-838a1370-be1f-4777-897c-0867a15646b6 None None] node_staging_uri = file:///tmp/staging/ {{(pid=99717) log_opt_values /opt/stack/data/venv/lib/python3.12/site-packages/oslo_config/cfg.py:3534}}
Aug 03 20:57:12.215828 np0000006374 devstack@g-api.service[99717]: DEBUG glance.common.config [None req-838a1370-be1f-4777-897c-0867a15646b6 None None] property_protection_file = None {{(pid=99717) log_opt_values /opt/stack/data/venv/lib/python3.12/site-packages/oslo_config/cfg.py:3534}}
Aug 03 20:57:12.215928 np0000006374 devstack@g-api.service[99717]: DEBUG glance.common.config [None req-838a1370-be1f-4777-897c-0867a15646b6 None None] property_protection_rule_format = roles {{(pid=99717) log_opt_values /opt/stack/data/venv/lib/python3.12/site-packages/oslo_config/cfg.py:3534}}
Aug 03 20:57:12.216037 np0000006374 devstack@g-api.service[99717]: DEBUG glance.common.config [None req-838a1370-be1f-4777-897c-0867a15646b6 None None] public_endpoint = https://10.4.3.149/image {{(pid=99717) log_opt_values /opt/stack/data/venv/lib/python3.12/site-packages/oslo_config/cfg.py:3534}}
Aug 03 20:57:12.216141 np0000006374 devstack@g-api.service[99717]: DEBUG glance.common.config [None req-838a1370-be1f-4777-897c-0867a15646b6 None None] publish_errors = False {{(pid=99717) log_opt_values /opt/stack/data/venv/lib/python3.12/site-packages/oslo_config/cfg.py:3534}}
Aug 03 20:57:12.216231 np0000006374 devstack@g-api.service[99717]: DEBUG glance.common.config [None req-838a1370-be1f-4777-897c-0867a15646b6 None None] pydev_worker_debug_host = None {{(pid=99717) log_opt_values /opt/stack/data/venv/lib/python3.12/site-packages/oslo_config/cfg.py:3534}}
Aug 03 20:57:12.216322 np0000006374 devstack@g-api.service[99717]: DEBUG glance.common.config [None req-838a1370-be1f-4777-897c-0867a15646b6 None None] pydev_worker_debug_port = 5678 {{(pid=99717) log_opt_values /opt/stack/data/venv/lib/python3.12/site-packages/oslo_config/cfg.py:3534}}
Aug 03 20:57:12.216414 np0000006374 devstack@g-api.service[99717]: DEBUG glance.common.config [None req-838a1370-be1f-4777-897c-0867a15646b6 None None] rate_limit_burst = 0 {{(pid=99717) log_opt_values /opt/stack/data/venv/lib/python3.12/site-packages/oslo_config/cfg.py:3534}}
Aug 03 20:57:12.216502 np0000006374 devstack@g-api.service[99717]: DEBUG glance.common.config [None req-838a1370-be1f-4777-897c-0867a15646b6 None None] rate_limit_except_level = CRITICAL {{(pid=99717) log_opt_values /opt/stack/data/venv/lib/python3.12/site-packages/oslo_config/cfg.py:3534}}
Aug 03 20:57:12.216588 np0000006374 devstack@g-api.service[99717]: DEBUG glance.common.config [None req-838a1370-be1f-4777-897c-0867a15646b6 None None] rate_limit_interval = 0 {{(pid=99717) log_opt_values /opt/stack/data/venv/lib/python3.12/site-packages/oslo_config/cfg.py:3534}}
Aug 03 20:57:12.216674 np0000006374 devstack@g-api.service[99717]: DEBUG glance.common.config [None req-838a1370-be1f-4777-897c-0867a15646b6 None None] scrub_pool_size = 1 {{(pid=99717) log_opt_values /opt/stack/data/venv/lib/python3.12/site-packages/oslo_config/cfg.py:3534}}
Aug 03 20:57:12.216759 np0000006374 devstack@g-api.service[99717]: DEBUG glance.common.config [None req-838a1370-be1f-4777-897c-0867a15646b6 None None] scrub_time = 0 {{(pid=99717) log_opt_values /opt/stack/data/venv/lib/python3.12/site-packages/oslo_config/cfg.py:3534}}
Aug 03 20:57:12.216892 np0000006374 devstack@g-api.service[99717]: DEBUG glance.common.config [None req-838a1370-be1f-4777-897c-0867a15646b6 None None] shell_completion = None {{(pid=99717) log_opt_values /opt/stack/data/venv/lib/python3.12/site-packages/oslo_config/cfg.py:3534}}
Aug 03 20:57:12.216947 np0000006374 devstack@g-api.service[99717]: DEBUG glance.common.config [None req-838a1370-be1f-4777-897c-0867a15646b6 None None] show_image_direct_url = False {{(pid=99717) log_opt_values /opt/stack/data/venv/lib/python3.12/site-packages/oslo_config/cfg.py:3534}}
Aug 03 20:57:12.217160 np0000006374 devstack@g-api.service[99717]: WARNING oslo_config.cfg [None req-838a1370-be1f-4777-897c-0867a15646b6 None None] Deprecated: Option "show_multiple_locations" from group "DEFAULT" is deprecated for removal (Use of this option, deprecated since Newton, is a security risk and will be removed once we figure out a way to satisfy those use cases that currently require it. An earlier announcement that the same functionality can be achieved with greater granularity by using policies is incorrect. You cannot work around this option via policy configuration at the present time, though that is the direction we believe the fix will take. Please keep an eye on the Glance release notes to stay up to date on progress in addressing this issue.). Its value may be silently ignored in the future.
Aug 03 20:57:12.217261 np0000006374 devstack@g-api.service[99717]: DEBUG glance.common.config [None req-838a1370-be1f-4777-897c-0867a15646b6 None None] show_multiple_locations = False {{(pid=99717) log_opt_values /opt/stack/data/venv/lib/python3.12/site-packages/oslo_config/cfg.py:3534}}
Aug 03 20:57:12.217355 np0000006374 devstack@g-api.service[99717]: DEBUG glance.common.config [None req-838a1370-be1f-4777-897c-0867a15646b6 None None] syslog_log_facility = LOG_USER {{(pid=99717) log_opt_values /opt/stack/data/venv/lib/python3.12/site-packages/oslo_config/cfg.py:3534}}
Aug 03 20:57:12.217446 np0000006374 devstack@g-api.service[99717]: DEBUG glance.common.config [None req-838a1370-be1f-4777-897c-0867a15646b6 None None] transport_url = **** {{(pid=99717) log_opt_values /opt/stack/data/venv/lib/python3.12/site-packages/oslo_config/cfg.py:3534}}
Aug 03 20:57:12.217829 np0000006374 devstack@g-api.service[99717]: DEBUG glance.common.config [None req-838a1370-be1f-4777-897c-0867a15646b6 None None] use_journal = False {{(pid=99717) log_opt_values /opt/stack/data/venv/lib/python3.12/site-packages/oslo_config/cfg.py:3534}}
Aug 03 20:57:12.217829 np0000006374 devstack@g-api.service[99717]: DEBUG glance.common.config [None req-838a1370-be1f-4777-897c-0867a15646b6 None None] use_json = False {{(pid=99717) log_opt_values /opt/stack/data/venv/lib/python3.12/site-packages/oslo_config/cfg.py:3534}}
Aug 03 20:57:12.217829 np0000006374 devstack@g-api.service[99717]: DEBUG glance.common.config [None req-838a1370-be1f-4777-897c-0867a15646b6 None None] use_keystone_limits = True {{(pid=99717) log_opt_values /opt/stack/data/venv/lib/python3.12/site-packages/oslo_config/cfg.py:3534}}
Aug 03 20:57:12.217829 np0000006374 devstack@g-api.service[99717]: DEBUG glance.common.config [None req-838a1370-be1f-4777-897c-0867a15646b6 None None] use_stderr = False {{(pid=99717) log_opt_values /opt/stack/data/venv/lib/python3.12/site-packages/oslo_config/cfg.py:3534}}
Aug 03 20:57:12.218022 np0000006374 devstack@g-api.service[99717]: DEBUG glance.common.config [None req-838a1370-be1f-4777-897c-0867a15646b6 None None] use_syslog = False {{(pid=99717) log_opt_values /opt/stack/data/venv/lib/python3.12/site-packages/oslo_config/cfg.py:3534}}
Aug 03 20:57:12.218022 np0000006374 devstack@g-api.service[99717]: DEBUG glance.common.config [None req-838a1370-be1f-4777-897c-0867a15646b6 None None] user_storage_quota = 0 {{(pid=99717) log_opt_values /opt/stack/data/venv/lib/python3.12/site-packages/oslo_config/cfg.py:3534}}
Aug 03 20:57:12.218097 np0000006374 devstack@g-api.service[99717]: DEBUG glance.common.config [None req-838a1370-be1f-4777-897c-0867a15646b6 None None] worker_self_reference_url = http://127.0.0.1:60999 {{(pid=99717) log_opt_values /opt/stack/data/venv/lib/python3.12/site-packages/oslo_config/cfg.py:3534}}
Aug 03 20:57:12.218195 np0000006374 devstack@g-api.service[99717]: DEBUG glance.common.config [None req-838a1370-be1f-4777-897c-0867a15646b6 None None] oslo_concurrency.disable_process_locking = False {{(pid=99717) log_opt_values /opt/stack/data/venv/lib/python3.12/site-packages/oslo_config/cfg.py:3545}}
Aug 03 20:57:12.218272 np0000006374 devstack@g-api.service[99717]: DEBUG glance.common.config [None req-838a1370-be1f-4777-897c-0867a15646b6 None None] oslo_concurrency.lock_path = /opt/stack/data/glance/locks {{(pid=99717) log_opt_values /opt/stack/data/venv/lib/python3.12/site-packages/oslo_config/cfg.py:3545}}
Aug 03 20:57:12.218367 np0000006374 devstack@g-api.service[99717]: DEBUG glance.common.config [None req-838a1370-be1f-4777-897c-0867a15646b6 None None] oslo_middleware.enable_proxy_headers_parsing = False {{(pid=99717) log_opt_values /opt/stack/data/venv/lib/python3.12/site-packages/oslo_config/cfg.py:3545}}
Aug 03 20:57:12.218461 np0000006374 devstack@g-api.service[99717]: DEBUG glance.common.config [None req-838a1370-be1f-4777-897c-0867a15646b6 None None] oslo_middleware.http_basic_auth_user_file = /etc/htpasswd {{(pid=99717) log_opt_values /opt/stack/data/venv/lib/python3.12/site-packages/oslo_config/cfg.py:3545}}
Aug 03 20:57:12.218550 np0000006374 devstack@g-api.service[99717]: DEBUG glance.common.config [None req-838a1370-be1f-4777-897c-0867a15646b6 None None] paste_deploy.config_file = None {{(pid=99717) log_opt_values /opt/stack/data/venv/lib/python3.12/site-packages/oslo_config/cfg.py:3545}}
Aug 03 20:57:12.218640 np0000006374 devstack@g-api.service[99717]: DEBUG glance.common.config [None req-838a1370-be1f-4777-897c-0867a15646b6 None None] paste_deploy.flavor = keystone+cachemanagement {{(pid=99717) log_opt_values /opt/stack/data/venv/lib/python3.12/site-packages/oslo_config/cfg.py:3545}}
Aug 03 20:57:12.218769 np0000006374 devstack@g-api.service[99717]: DEBUG glance.common.config [None req-838a1370-be1f-4777-897c-0867a15646b6 None None] image_format.container_formats = ['ami', 'ari', 'aki', 'bare', 'ovf', 'ova', 'docker', 'compressed'] {{(pid=99717) log_opt_values /opt/stack/data/venv/lib/python3.12/site-packages/oslo_config/cfg.py:3545}}
Aug 03 20:57:12.218919 np0000006374 devstack@g-api.service[99717]: DEBUG glance.common.config [None req-838a1370-be1f-4777-897c-0867a15646b6 None None] image_format.disk_formats = ['ami', 'ari', 'aki', 'vhd', 'vhdx', 'vmdk', 'raw', 'qcow2', 'vdi', 'iso', 'ploop'] {{(pid=99717) log_opt_values /opt/stack/data/venv/lib/python3.12/site-packages/oslo_config/cfg.py:3545}}
Aug 03 20:57:12.218986 np0000006374 devstack@g-api.service[99717]: DEBUG glance.common.config [None req-838a1370-be1f-4777-897c-0867a15646b6 None None] image_format.gpt_safety_checks_nonfatal = [] {{(pid=99717) log_opt_values /opt/stack/data/venv/lib/python3.12/site-packages/oslo_config/cfg.py:3545}}
Aug 03 20:57:12.219116 np0000006374 devstack@g-api.service[99717]: DEBUG glance.common.config [None req-838a1370-be1f-4777-897c-0867a15646b6 None None] image_format.require_image_format_match = True {{(pid=99717) log_opt_values /opt/stack/data/venv/lib/python3.12/site-packages/oslo_config/cfg.py:3545}}
Aug 03 20:57:12.219217 np0000006374 devstack@g-api.service[99717]: DEBUG glance.common.config [None req-838a1370-be1f-4777-897c-0867a15646b6 None None] image_format.vmdk_allowed_types = ['streamOptimized', 'monolithicSparse'] {{(pid=99717) log_opt_values /opt/stack/data/venv/lib/python3.12/site-packages/oslo_config/cfg.py:3545}}
Aug 03 20:57:12.219316 np0000006374 devstack@g-api.service[99717]: DEBUG glance.common.config [None req-838a1370-be1f-4777-897c-0867a15646b6 None None] task.task_executor = taskflow {{(pid=99717) log_opt_values /opt/stack/data/venv/lib/python3.12/site-packages/oslo_config/cfg.py:3545}}
Aug 03 20:57:12.219408 np0000006374 devstack@g-api.service[99717]: DEBUG glance.common.config [None req-838a1370-be1f-4777-897c-0867a15646b6 None None] task.task_time_to_live = 48 {{(pid=99717) log_opt_values /opt/stack/data/venv/lib/python3.12/site-packages/oslo_config/cfg.py:3545}}
Aug 03 20:57:12.219505 np0000006374 devstack@g-api.service[99717]: DEBUG glance.common.config [None req-838a1370-be1f-4777-897c-0867a15646b6 None None] task.work_dir = None {{(pid=99717) log_opt_values /opt/stack/data/venv/lib/python3.12/site-packages/oslo_config/cfg.py:3545}}
Aug 03 20:57:12.219636 np0000006374 devstack@g-api.service[99717]: DEBUG glance.common.config [None req-838a1370-be1f-4777-897c-0867a15646b6 None None] wsgi.python_interpreter = /opt/stack/data/venv/bin/python3 {{(pid=99717) log_opt_values /opt/stack/data/venv/lib/python3.12/site-packages/oslo_config/cfg.py:3545}}
Aug 03 20:57:12.219681 np0000006374 devstack@g-api.service[99717]: DEBUG glance.common.config [None req-838a1370-be1f-4777-897c-0867a15646b6 None None] wsgi.task_pool_threads = 16 {{(pid=99717) log_opt_values /opt/stack/data/venv/lib/python3.12/site-packages/oslo_config/cfg.py:3545}}
Aug 03 20:57:12.219767 np0000006374 devstack@g-api.service[99717]: DEBUG glance.common.config [None req-838a1370-be1f-4777-897c-0867a15646b6 None None] import_filtering_opts.allowed_hosts = [] {{(pid=99717) log_opt_values /opt/stack/data/venv/lib/python3.12/site-packages/oslo_config/cfg.py:3545}}
Aug 03 20:57:12.219858 np0000006374 devstack@g-api.service[99717]: DEBUG glance.common.config [None req-838a1370-be1f-4777-897c-0867a15646b6 None None] import_filtering_opts.allowed_ports = [80, 443] {{(pid=99717) log_opt_values /opt/stack/data/venv/lib/python3.12/site-packages/oslo_config/cfg.py:3545}}
Aug 03 20:57:12.219969 np0000006374 devstack@g-api.service[99717]: DEBUG glance.common.config [None req-838a1370-be1f-4777-897c-0867a15646b6 None None] import_filtering_opts.allowed_schemes = ['http', 'https'] {{(pid=99717) log_opt_values /opt/stack/data/venv/lib/python3.12/site-packages/oslo_config/cfg.py:3545}}
Aug 03 20:57:12.220019 np0000006374 devstack@g-api.service[99718]: DEBUG glance.image_cache.drivers.centralized_db [None req-9cf7f806-76d5-4f6a-a1bd-92676a4fe5d3 None None] Node reference is already recorded, ignoring it {{(pid=99718) configure /opt/stack/glance/glance/image_cache/drivers/centralized_db.py:71}}
Aug 03 20:57:12.220094 np0000006374 devstack@g-api.service[99717]: DEBUG glance.common.config [None req-838a1370-be1f-4777-897c-0867a15646b6 None None] import_filtering_opts.disallowed_hosts = [] {{(pid=99717) log_opt_values /opt/stack/data/venv/lib/python3.12/site-packages/oslo_config/cfg.py:3545}}
Aug 03 20:57:12.220188 np0000006374 devstack@g-api.service[99717]: DEBUG glance.common.config [None req-838a1370-be1f-4777-897c-0867a15646b6 None None] import_filtering_opts.disallowed_ports = [] {{(pid=99717) log_opt_values /opt/stack/data/venv/lib/python3.12/site-packages/oslo_config/cfg.py:3545}}
Aug 03 20:57:12.220274 np0000006374 devstack@g-api.service[99717]: DEBUG glance.common.config [None req-838a1370-be1f-4777-897c-0867a15646b6 None None] import_filtering_opts.disallowed_schemes = [] {{(pid=99717) log_opt_values /opt/stack/data/venv/lib/python3.12/site-packages/oslo_config/cfg.py:3545}}
Aug 03 20:57:12.220366 np0000006374 devstack@g-api.service[99717]: DEBUG glance.common.config [None req-838a1370-be1f-4777-897c-0867a15646b6 None None] oslo_messaging_metrics.metrics_buffer_size = 1000 {{(pid=99717) log_opt_values /opt/stack/data/venv/lib/python3.12/site-packages/oslo_config/cfg.py:3545}}
