Aug 16 23:43:49.897086 np0000007430 devstack@g-api.service[99808]: DEBUG glance.api.middleware.version_negotiation [None req-9e3f9d90-f85a-4947-a105-8576cd25f808 tempest-AttachVolumeShelveTestJSON-79237774 tempest-AttachVolumeShelveTestJSON-79237774-project-member] Matched version: v2 {{(pid=99808) process_request /opt/stack/glance/glance/api/middleware/version_negotiation.py:69}}
Aug 16 23:43:49.897086 np0000007430 devstack@g-api.service[99808]: DEBUG glance.api.middleware.version_negotiation [None req-9e3f9d90-f85a-4947-a105-8576cd25f808 tempest-AttachVolumeShelveTestJSON-79237774 tempest-AttachVolumeShelveTestJSON-79237774-project-member] new path /v2/images/836a2705-3800-400a-a5d4-accb48b206f1 {{(pid=99808) process_request /opt/stack/glance/glance/api/middleware/version_negotiation.py:70}}
Aug 16 23:43:49.898679 np0000007430 devstack@g-api.service[99809]: DEBUG glance.api.middleware.version_negotiation [None req-9e3f9d90-f85a-4947-a105-8576cd25f808 tempest-AttachVolumeShelveTestJSON-79237774 tempest-AttachVolumeShelveTestJSON-79237774-project-member] Determining version of request: GET /v2/images/10ab64fe-5cd1-491a-a362-a6dc8684dd3b Accept: application/json {{(pid=99809) process_request /opt/stack/glance/glance/api/middleware/version_negotiation.py:44}}
Aug 16 23:43:49.899140 np0000007430 devstack@g-api.service[99809]: DEBUG glance.api.middleware.version_negotiation [None req-9e3f9d90-f85a-4947-a105-8576cd25f808 tempest-AttachVolumeShelveTestJSON-79237774 tempest-AttachVolumeShelveTestJSON-79237774-project-member] Using url versioning {{(pid=99809) process_request /opt/stack/glance/glance/api/middleware/version_negotiation.py:57}}
Aug 16 23:43:49.899372 np0000007430 devstack@g-api.service[99809]: DEBUG glance.api.middleware.version_negotiation [None req-9e3f9d90-f85a-4947-a105-8576cd25f808 tempest-AttachVolumeShelveTestJSON-79237774 tempest-AttachVolumeShelveTestJSON-79237774-project-member] Matched version: v2 {{(pid=99809) process_request /opt/stack/glance/glance/api/middleware/version_negotiation.py:69}}
Aug 16 23:43:49.899533 np0000007430 devstack@g-api.service[99809]: DEBUG glance.api.middleware.version_negotiation [None req-9e3f9d90-f85a-4947-a105-8576cd25f808 tempest-AttachVolumeShelveTestJSON-79237774 tempest-AttachVolumeShelveTestJSON-79237774-project-member] new path /v2/images/10ab64fe-5cd1-491a-a362-a6dc8684dd3b {{(pid=99809) process_request /opt/stack/glance/glance/api/middleware/version_negotiation.py:70}}
Aug 16 23:43:49.914295 np0000007430 devstack@g-api.service[99808]: [pid: 99808|app: 0|req: 121/393] 127.0.0.1 () {44 vars in 1115 bytes} [Sun Aug 16 23:43:49 2026] GET /v2/images/836a2705-3800-400a-a5d4-accb48b206f1 => generated 1445 bytes in 18 msecs (HTTP/1.1 200) 4 headers in 158 bytes (1 switches on core 0)
Aug 16 23:43:49.918033 np0000007430 devstack@g-api.service[99809]: [pid: 99809|app: 0|req: 136/394] 127.0.0.1 () {40 vars in 838 bytes} [Sun Aug 16 23:43:49 2026] GET /v2/images/10ab64fe-5cd1-491a-a362-a6dc8684dd3b => generated 810 bytes in 19 msecs (HTTP/1.1 200) 4 headers in 157 bytes (1 switches on core 0)
Aug 16 23:43:49.928241 np0000007430 devstack@g-api.service[99807]: DEBUG glance.api.middleware.version_negotiation [None req-2b7cafb2-66b1-412a-a216-8887d806a6c0 tempest-VolumesNegativeTest-562996110 tempest-VolumesNegativeTest-562996110-project-member] Determining version of request: POST /v2/images/10ab64fe-5cd1-491a-a362-a6dc8684dd3b/actions/deactivate Accept: application/json {{(pid=99807) process_request /opt/stack/glance/glance/api/middleware/version_negotiation.py:44}}
Aug 16 23:43:49.928460 np0000007430 devstack@g-api.service[99807]: DEBUG glance.api.middleware.version_negotiation [None req-2b7cafb2-66b1-412a-a216-8887d806a6c0 tempest-VolumesNegativeTest-562996110 tempest-VolumesNegativeTest-562996110-project-member] Using url versioning {{(pid=99807) process_request /opt/stack/glance/glance/api/middleware/version_negotiation.py:57}}
Aug 16 23:43:49.928696 np0000007430 devstack@g-api.service[99807]: DEBUG glance.api.middleware.version_negotiation [None req-2b7cafb2-66b1-412a-a216-8887d806a6c0 tempest-VolumesNegativeTest-562996110 tempest-VolumesNegativeTest-562996110-project-member] Matched version: v2 {{(pid=99807) process_request /opt/stack/glance/glance/api/middleware/version_negotiation.py:69}}
Aug 16 23:43:49.928822 np0000007430 devstack@g-api.service[99807]: DEBUG glance.api.middleware.version_negotiation [None req-2b7cafb2-66b1-412a-a216-8887d806a6c0 tempest-VolumesNegativeTest-562996110 tempest-VolumesNegativeTest-562996110-project-member] new path /v2/images/10ab64fe-5cd1-491a-a362-a6dc8684dd3b/actions/deactivate {{(pid=99807) process_request /opt/stack/glance/glance/api/middleware/version_negotiation.py:70}}
Aug 16 23:43:49.996490 np0000007430 devstack@g-api.service[99808]: DEBUG glance.api.middleware.version_negotiation [None req-9e3f9d90-f85a-4947-a105-8576cd25f808 tempest-AttachVolumeShelveTestJSON-79237774 tempest-AttachVolumeShelveTestJSON-79237774-project-member] Determining version of request: PUT /v2/images/836a2705-3800-400a-a5d4-accb48b206f1/file Accept: */* {{(pid=99808) process_request /opt/stack/glance/glance/api/middleware/version_negotiation.py:44}}
Aug 16 23:43:49.996490 np0000007430 devstack@g-api.service[99808]: DEBUG glance.api.middleware.version_negotiation [None req-9e3f9d90-f85a-4947-a105-8576cd25f808 tempest-AttachVolumeShelveTestJSON-79237774 tempest-AttachVolumeShelveTestJSON-79237774-project-member] Using url versioning {{(pid=99808) process_request /opt/stack/glance/glance/api/middleware/version_negotiation.py:57}}
Aug 16 23:43:49.996490 np0000007430 devstack@g-api.service[99808]: DEBUG glance.api.middleware.version_negotiation [None req-9e3f9d90-f85a-4947-a105-8576cd25f808 tempest-AttachVolumeShelveTestJSON-79237774 tempest-AttachVolumeShelveTestJSON-79237774-project-member] Matched version: v2 {{(pid=99808) process_request /opt/stack/glance/glance/api/middleware/version_negotiation.py:69}}
Aug 16 23:43:49.996490 np0000007430 devstack@g-api.service[99808]: DEBUG glance.api.middleware.version_negotiation [None req-9e3f9d90-f85a-4947-a105-8576cd25f808 tempest-AttachVolumeShelveTestJSON-79237774 tempest-AttachVolumeShelveTestJSON-79237774-project-member] new path /v2/images/836a2705-3800-400a-a5d4-accb48b206f1/file {{(pid=99808) process_request /opt/stack/glance/glance/api/middleware/version_negotiation.py:70}}
Aug 16 23:43:50.000540 np0000007430 devstack@g-api.service[99807]: DEBUG glance_store.backend [None req-07bf7197-0346-4133-9c96-ba07e8678e60 tempest-VolumesNegativeTest-562996110 tempest-VolumesNegativeTest-562996110-project-member] Attempting to import store swift {{(pid=99807) _load_store /opt/stack/data/venv/lib/python3.12/site-packages/glance_store/backend.py:215}}
Aug 16 23:43:50.002134 np0000007430 devstack@g-api.service[99807]: DEBUG glance_store.capabilities [None req-07bf7197-0346-4133-9c96-ba07e8678e60 tempest-VolumesNegativeTest-562996110 tempest-VolumesNegativeTest-562996110-project-member] Store glance_store._drivers.swift.store.SingleTenantStore doesn't support updating dynamic storage capabilities. Please overwrite 'update_capabilities' method of the store to implement updating logics if needed. {{(pid=99807) update_capabilities /opt/stack/data/venv/lib/python3.12/site-packages/glance_store/capabilities.py:91}}
Aug 16 23:43:50.002312 np0000007430 devstack@g-api.service[99807]: DEBUG glance_store.driver [None req-07bf7197-0346-4133-9c96-ba07e8678e60 tempest-VolumesNegativeTest-562996110 tempest-VolumesNegativeTest-562996110-project-member] Late loading location class glance_store._drivers.swift.store.StoreLocation {{(pid=99807) get_store_location_class /opt/stack/data/venv/lib/python3.12/site-packages/glance_store/driver.py:134}}
Aug 16 23:43:50.002395 np0000007430 devstack@g-api.service[99807]: DEBUG glance_store.location [None req-07bf7197-0346-4133-9c96-ba07e8678e60 tempest-VolumesNegativeTest-562996110 tempest-VolumesNegativeTest-562996110-project-member] Registering scheme swift+https with {'store': , 'location_class': , 'store_entry': 'swift'} {{(pid=99807) register_scheme_map /opt/stack/data/venv/lib/python3.12/site-packages/glance_store/location.py:146}}
Aug 16 23:43:50.002506 np0000007430 devstack@g-api.service[99807]: DEBUG glance_store.location [None req-07bf7197-0346-4133-9c96-ba07e8678e60 tempest-VolumesNegativeTest-562996110 tempest-VolumesNegativeTest-562996110-project-member] Registering scheme swift+https with {'store': , 'location_class': , 'store_entry': 'swift'} {{(pid=99807) register_scheme_map /opt/stack/data/venv/lib/python3.12/site-packages/glance_store/location.py:146}}
Aug 16 23:43:50.002598 np0000007430 devstack@g-api.service[99807]: DEBUG glance_store.location [None req-07bf7197-0346-4133-9c96-ba07e8678e60 tempest-VolumesNegativeTest-562996110 tempest-VolumesNegativeTest-562996110-project-member] Registering scheme swift with {'store': , 'location_class': , 'store_entry': 'swift'} {{(pid=99807) register_scheme_map /opt/stack/data/venv/lib/python3.12/site-packages/glance_store/location.py:146}}
Aug 16 23:43:50.002718 np0000007430 devstack@g-api.service[99807]: DEBUG glance_store.location [None req-07bf7197-0346-4133-9c96-ba07e8678e60 tempest-VolumesNegativeTest-562996110 tempest-VolumesNegativeTest-562996110-project-member] Registering scheme swift+https with {'store': , 'location_class': , 'store_entry': 'swift'} {{(pid=99807) register_scheme_map /opt/stack/data/venv/lib/python3.12/site-packages/glance_store/location.py:146}}
Aug 16 23:43:50.002718 np0000007430 devstack@g-api.service[99807]: DEBUG glance_store.location [None req-07bf7197-0346-4133-9c96-ba07e8678e60 tempest-VolumesNegativeTest-562996110 tempest-VolumesNegativeTest-562996110-project-member] Registering scheme swift with {'store': , 'location_class': , 'store_entry': 'swift'} {{(pid=99807) register_scheme_map /opt/stack/data/venv/lib/python3.12/site-packages/glance_store/location.py:146}}
Aug 16 23:43:50.002914 np0000007430 devstack@g-api.service[99807]: DEBUG glance_store.location [None req-07bf7197-0346-4133-9c96-ba07e8678e60 tempest-VolumesNegativeTest-562996110 tempest-VolumesNegativeTest-562996110-project-member] Registering scheme swift+http with {'store': , 'location_class': , 'store_entry': 'swift'} {{(pid=99807) register_scheme_map /opt/stack/data/venv/lib/python3.12/site-packages/glance_store/location.py:146}}
Aug 16 23:43:50.002914 np0000007430 devstack@g-api.service[99807]: DEBUG glance_store.location [None req-07bf7197-0346-4133-9c96-ba07e8678e60 tempest-VolumesNegativeTest-562996110 tempest-VolumesNegativeTest-562996110-project-member] Registering scheme swift+https with {'store': , 'location_class': , 'store_entry': 'swift'} {{(pid=99807) register_scheme_map /opt/stack/data/venv/lib/python3.12/site-packages/glance_store/location.py:146}}
Aug 16 23:43:50.002914 np0000007430 devstack@g-api.service[99807]: DEBUG glance_store.location [None req-07bf7197-0346-4133-9c96-ba07e8678e60 tempest-VolumesNegativeTest-562996110 tempest-VolumesNegativeTest-562996110-project-member] Registering scheme swift with {'store': , 'location_class': , 'store_entry': 'swift'} {{(pid=99807) register_scheme_map /opt/stack/data/venv/lib/python3.12/site-packages/glance_store/location.py:146}}
Aug 16 23:43:50.003265 np0000007430 devstack@g-api.service[99807]: DEBUG glance_store.location [None req-07bf7197-0346-4133-9c96-ba07e8678e60 tempest-VolumesNegativeTest-562996110 tempest-VolumesNegativeTest-562996110-project-member] Registering scheme swift+http with {'store': , 'location_class': , 'store_entry': 'swift'} {{(pid=99807) register_scheme_map /opt/stack/data/venv/lib/python3.12/site-packages/glance_store/location.py:146}}
Aug 16 23:43:50.003364 np0000007430 devstack@g-api.service[99807]: DEBUG glance_store.location [None req-07bf7197-0346-4133-9c96-ba07e8678e60 tempest-VolumesNegativeTest-562996110 tempest-VolumesNegativeTest-562996110-project-member] Registering scheme swift+config with {'store': , 'location_class': , 'store_entry': 'swift'} {{(pid=99807) register_scheme_map /opt/stack/data/venv/lib/python3.12/site-packages/glance_store/location.py:146}}
Aug 16 23:43:50.003506 np0000007430 devstack@g-api.service[99807]: DEBUG glance_store.backend [None req-07bf7197-0346-4133-9c96-ba07e8678e60 tempest-VolumesNegativeTest-562996110 tempest-VolumesNegativeTest-562996110-project-member] Skipping store.set_acls... not implemented. {{(pid=99807) set_acls /opt/stack/data/venv/lib/python3.12/site-packages/glance_store/backend.py:507}}
Aug 16 23:43:50.021642 np0000007430 devstack@g-api.service[99807]: INFO glance.api.v2.image_actions [None req-07bf7197-0346-4133-9c96-ba07e8678e60 tempest-VolumesNegativeTest-562996110 tempest-VolumesNegativeTest-562996110-project-member] Image 10ab64fe-5cd1-491a-a362-a6dc8684dd3b is deactivated
Aug 16 23:43:50.022261 np0000007430 devstack@g-api.service[99807]: [pid: 99807|app: 0|req: 138/395] 127.0.0.1 () {42 vars in 896 bytes} [Sun Aug 16 23:43:49 2026] POST /v2/images/10ab64fe-5cd1-491a-a362-a6dc8684dd3b/actions/deactivate => generated 0 bytes in 94 msecs (HTTP/1.1 204) 4 headers in 171 bytes (1 switches on core 0)
Aug 16 23:43:50.033222 np0000007430 devstack@g-api.service[99809]: DEBUG glance.api.middleware.version_negotiation [None req-906f69a2-2eab-4a88-b1f0-0d94d557a344 tempest-VolumesNegativeTest-562996110 tempest-VolumesNegativeTest-562996110-project-member] Determining version of request: GET /v2/images/10ab64fe-5cd1-491a-a362-a6dc8684dd3b Accept: application/json {{(pid=99809) process_request /opt/stack/glance/glance/api/middleware/version_negotiation.py:44}}
Aug 16 23:43:50.033442 np0000007430 devstack@g-api.service[99809]: DEBUG glance.api.middleware.version_negotiation [None req-906f69a2-2eab-4a88-b1f0-0d94d557a344 tempest-VolumesNegativeTest-562996110 tempest-VolumesNegativeTest-562996110-project-member] Using url versioning {{(pid=99809) process_request /opt/stack/glance/glance/api/middleware/version_negotiation.py:57}}
Aug 16 23:43:50.033512 np0000007430 devstack@g-api.service[99809]: DEBUG glance.api.middleware.version_negotiation [None req-906f69a2-2eab-4a88-b1f0-0d94d557a344 tempest-VolumesNegativeTest-562996110 tempest-VolumesNegativeTest-562996110-project-member] Matched version: v2 {{(pid=99809) process_request /opt/stack/glance/glance/api/middleware/version_negotiation.py:69}}
Aug 16 23:43:50.033698 np0000007430 devstack@g-api.service[99809]: DEBUG glance.api.middleware.version_negotiation [None req-906f69a2-2eab-4a88-b1f0-0d94d557a344 tempest-VolumesNegativeTest-562996110 tempest-VolumesNegativeTest-562996110-project-member] new path /v2/images/10ab64fe-5cd1-491a-a362-a6dc8684dd3b {{(pid=99809) process_request /opt/stack/glance/glance/api/middleware/version_negotiation.py:70}}
Aug 16 23:43:50.052519 np0000007430 devstack@g-api.service[99809]: [pid: 99809|app: 0|req: 137/396] 127.0.0.1 () {40 vars in 838 bytes} [Sun Aug 16 23:43:50 2026] GET /v2/images/10ab64fe-5cd1-491a-a362-a6dc8684dd3b => generated 815 bytes in 19 msecs (HTTP/1.1 200) 4 headers in 157 bytes (1 switches on core 0)
Aug 16 23:43:50.065500 np0000007430 devstack@g-api.service[99807]: DEBUG glance.api.middleware.version_negotiation [None req-07bf7197-0346-4133-9c96-ba07e8678e60 tempest-VolumesNegativeTest-562996110 tempest-VolumesNegativeTest-562996110-project-member] Determining version of request: GET /v2/images/10ab64fe-5cd1-491a-a362-a6dc8684dd3b Accept: application/json {{(pid=99807) process_request /opt/stack/glance/glance/api/middleware/version_negotiation.py:44}}
Aug 16 23:43:50.065674 np0000007430 devstack@g-api.service[99807]: DEBUG glance.api.middleware.version_negotiation [None req-07bf7197-0346-4133-9c96-ba07e8678e60 tempest-VolumesNegativeTest-562996110 tempest-VolumesNegativeTest-562996110-project-member] Using url versioning {{(pid=99807) process_request /opt/stack/glance/glance/api/middleware/version_negotiation.py:57}}
Aug 16 23:43:50.065788 np0000007430 devstack@g-api.service[99807]: DEBUG glance.api.middleware.version_negotiation [None req-07bf7197-0346-4133-9c96-ba07e8678e60 tempest-VolumesNegativeTest-562996110 tempest-VolumesNegativeTest-562996110-project-member] Matched version: v2 {{(pid=99807) process_request /opt/stack/glance/glance/api/middleware/version_negotiation.py:69}}
Aug 16 23:43:50.065874 np0000007430 devstack@g-api.service[99807]: DEBUG glance.api.middleware.version_negotiation [None req-07bf7197-0346-4133-9c96-ba07e8678e60 tempest-VolumesNegativeTest-562996110 tempest-VolumesNegativeTest-562996110-project-member] new path /v2/images/10ab64fe-5cd1-491a-a362-a6dc8684dd3b {{(pid=99807) process_request /opt/stack/glance/glance/api/middleware/version_negotiation.py:70}}
Aug 16 23:43:50.233434 np0000007430 devstack@g-api.service[99807]: [pid: 99807|app: 0|req: 139/397] 127.0.0.1 () {40 vars in 838 bytes} [Sun Aug 16 23:43:50 2026] GET /v2/images/10ab64fe-5cd1-491a-a362-a6dc8684dd3b => generated 815 bytes in 168 msecs (HTTP/1.1 200) 4 headers in 157 bytes (1 switches on core 0)
Aug 16 23:43:50.260763 np0000007430 devstack@g-api.service[99809]: DEBUG glance.api.middleware.version_negotiation [None req-16316a38-29a5-4775-a161-41e2ba40131a tempest-VolumesNegativeTest-562996110 tempest-VolumesNegativeTest-562996110-project-member] Determining version of request: GET /v2/images/10ab64fe-5cd1-491a-a362-a6dc8684dd3b Accept: */* {{(pid=99809) process_request /opt/stack/glance/glance/api/middleware/version_negotiation.py:44}}
Aug 16 23:43:50.260763 np0000007430 devstack@g-api.service[99809]: DEBUG glance.api.middleware.version_negotiation [None req-16316a38-29a5-4775-a161-41e2ba40131a tempest-VolumesNegativeTest-562996110 tempest-VolumesNegativeTest-562996110-project-member] Using url versioning {{(pid=99809) process_request /opt/stack/glance/glance/api/middleware/version_negotiation.py:57}}
Aug 16 23:43:50.261118 np0000007430 devstack@g-api.service[99809]: DEBUG glance.api.middleware.version_negotiation [None req-16316a38-29a5-4775-a161-41e2ba40131a tempest-VolumesNegativeTest-562996110 tempest-VolumesNegativeTest-562996110-project-member] Matched version: v2 {{(pid=99809) process_request /opt/stack/glance/glance/api/middleware/version_negotiation.py:69}}
Aug 16 23:43:50.261118 np0000007430 devstack@g-api.service[99809]: DEBUG glance.api.middleware.version_negotiation [None req-16316a38-29a5-4775-a161-41e2ba40131a tempest-VolumesNegativeTest-562996110 tempest-VolumesNegativeTest-562996110-project-member] new path /v2/images/10ab64fe-5cd1-491a-a362-a6dc8684dd3b {{(pid=99809) process_request /opt/stack/glance/glance/api/middleware/version_negotiation.py:70}}
Aug 16 23:43:50.276862 np0000007430 devstack@g-api.service[99809]: [pid: 99809|app: 0|req: 138/398] 127.0.0.1 () {44 vars in 1115 bytes} [Sun Aug 16 23:43:50 2026] GET /v2/images/10ab64fe-5cd1-491a-a362-a6dc8684dd3b => generated 815 bytes in 16 msecs (HTTP/1.1 200) 4 headers in 157 bytes (1 switches on core 0)
Aug 16 23:43:50.290342 np0000007430 devstack@g-api.service[99807]: DEBUG glance.api.middleware.version_negotiation [None req-d782284f-c8e8-4110-8ebc-bcb4ed47573f tempest-VolumesNegativeTest-562996110 tempest-VolumesNegativeTest-562996110-project-member] Determining version of request: GET /v2/schemas/image Accept: */* {{(pid=99807) process_request /opt/stack/glance/glance/api/middleware/version_negotiation.py:44}}
Aug 16 23:43:50.290569 np0000007430 devstack@g-api.service[99807]: DEBUG glance.api.middleware.version_negotiation [None req-d782284f-c8e8-4110-8ebc-bcb4ed47573f tempest-VolumesNegativeTest-562996110 tempest-VolumesNegativeTest-562996110-project-member] Using url versioning {{(pid=99807) process_request /opt/stack/glance/glance/api/middleware/version_negotiation.py:57}}
Aug 16 23:43:50.291000 np0000007430 devstack@g-api.service[99807]: DEBUG glance.api.middleware.version_negotiation [None req-d782284f-c8e8-4110-8ebc-bcb4ed47573f tempest-VolumesNegativeTest-562996110 tempest-VolumesNegativeTest-562996110-project-member] Matched version: v2 {{(pid=99807) process_request /opt/stack/glance/glance/api/middleware/version_negotiation.py:69}}
Aug 16 23:43:50.291000 np0000007430 devstack@g-api.service[99807]: DEBUG glance.api.middleware.version_negotiation [None req-d782284f-c8e8-4110-8ebc-bcb4ed47573f tempest-VolumesNegativeTest-562996110 tempest-VolumesNegativeTest-562996110-project-member] new path /v2/schemas/image {{(pid=99807) process_request /opt/stack/glance/glance/api/middleware/version_negotiation.py:70}}
Aug 16 23:43:50.292897 np0000007430 devstack@g-api.service[99807]: [pid: 99807|app: 0|req: 140/399] 127.0.0.1 () {44 vars in 1055 bytes} [Sun Aug 16 23:43:50 2026] GET /v2/schemas/image => generated 6083 bytes in 3 msecs (HTTP/1.1 200) 4 headers in 158 bytes (1 switches on core 0)
Aug 16 23:43:50.303838 np0000007430 devstack@g-api.service[99809]: DEBUG glance.api.middleware.version_negotiation [None req-cf1ac0b3-171b-4517-bef2-bf3385de3673 tempest-VolumesNegativeTest-562996110 tempest-VolumesNegativeTest-562996110-project-member] Determining version of request: GET /v2/schemas/image Accept: */* {{(pid=99809) process_request /opt/stack/glance/glance/api/middleware/version_negotiation.py:44}}
Aug 16 23:43:50.304126 np0000007430 devstack@g-api.service[99809]: DEBUG glance.api.middleware.version_negotiation [None req-cf1ac0b3-171b-4517-bef2-bf3385de3673 tempest-VolumesNegativeTest-562996110 tempest-VolumesNegativeTest-562996110-project-member] Using url versioning {{(pid=99809) process_request /opt/stack/glance/glance/api/middleware/version_negotiation.py:57}}
Aug 16 23:43:50.304335 np0000007430 devstack@g-api.service[99809]: DEBUG glance.api.middleware.version_negotiation [None req-cf1ac0b3-171b-4517-bef2-bf3385de3673 tempest-VolumesNegativeTest-562996110 tempest-VolumesNegativeTest-562996110-project-member] Matched version: v2 {{(pid=99809) process_request /opt/stack/glance/glance/api/middleware/version_negotiation.py:69}}
Aug 16 23:43:50.304484 np0000007430 devstack@g-api.service[99809]: DEBUG glance.api.middleware.version_negotiation [None req-cf1ac0b3-171b-4517-bef2-bf3385de3673 tempest-VolumesNegativeTest-562996110 tempest-VolumesNegativeTest-562996110-project-member] new path /v2/schemas/image {{(pid=99809) process_request /opt/stack/glance/glance/api/middleware/version_negotiation.py:70}}
Aug 16 23:43:50.307535 np0000007430 devstack@g-api.service[99809]: [pid: 99809|app: 0|req: 139/400] 127.0.0.1 () {44 vars in 1055 bytes} [Sun Aug 16 23:43:50 2026] GET /v2/schemas/image => generated 6083 bytes in 4 msecs (HTTP/1.1 200) 4 headers in 158 bytes (1 switches on core 0)
Aug 16 23:43:50.317267 np0000007430 devstack@g-api.service[99807]: DEBUG glance.api.middleware.version_negotiation [None req-cf1ac0b3-171b-4517-bef2-bf3385de3673 tempest-VolumesNegativeTest-562996110 tempest-VolumesNegativeTest-562996110-project-member] Determining version of request: GET /v2/images/10ab64fe-5cd1-491a-a362-a6dc8684dd3b Accept: */* {{(pid=99807) process_request /opt/stack/glance/glance/api/middleware/version_negotiation.py:44}}
Aug 16 23:43:50.317527 np0000007430 devstack@g-api.service[99807]: DEBUG glance.api.middleware.version_negotiation [None req-cf1ac0b3-171b-4517-bef2-bf3385de3673 tempest-VolumesNegativeTest-562996110 tempest-VolumesNegativeTest-562996110-project-member] Using url versioning {{(pid=99807) process_request /opt/stack/glance/glance/api/middleware/version_negotiation.py:57}}
Aug 16 23:43:50.317637 np0000007430 devstack@g-api.service[99807]: DEBUG glance.api.middleware.version_negotiation [None req-cf1ac0b3-171b-4517-bef2-bf3385de3673 tempest-VolumesNegativeTest-562996110 tempest-VolumesNegativeTest-562996110-project-member] Matched version: v2 {{(pid=99807) process_request /opt/stack/glance/glance/api/middleware/version_negotiation.py:69}}
Aug 16 23:43:50.317733 np0000007430 devstack@g-api.service[99807]: DEBUG glance.api.middleware.version_negotiation [None req-cf1ac0b3-171b-4517-bef2-bf3385de3673 tempest-VolumesNegativeTest-562996110 tempest-VolumesNegativeTest-562996110-project-member] new path /v2/images/10ab64fe-5cd1-491a-a362-a6dc8684dd3b {{(pid=99807) process_request /opt/stack/glance/glance/api/middleware/version_negotiation.py:70}}
Aug 16 23:43:50.330156 np0000007430 devstack@g-api.service[99807]: [pid: 99807|app: 0|req: 141/401] 127.0.0.1 () {44 vars in 1115 bytes} [Sun Aug 16 23:43:50 2026] GET /v2/images/10ab64fe-5cd1-491a-a362-a6dc8684dd3b => generated 815 bytes in 13 msecs (HTTP/1.1 200) 4 headers in 157 bytes (1 switches on core 0)
Aug 16 23:43:50.339595 np0000007430 devstack@g-api.service[99809]: DEBUG glance.api.middleware.version_negotiation [None req-cf1ac0b3-171b-4517-bef2-bf3385de3673 tempest-VolumesNegativeTest-562996110 tempest-VolumesNegativeTest-562996110-project-member] Determining version of request: GET /v2/schemas/image Accept: */* {{(pid=99809) process_request /opt/stack/glance/glance/api/middleware/version_negotiation.py:44}}
Aug 16 23:43:50.339811 np0000007430 devstack@g-api.service[99809]: DEBUG glance.api.middleware.version_negotiation [None req-cf1ac0b3-171b-4517-bef2-bf3385de3673 tempest-VolumesNegativeTest-562996110 tempest-VolumesNegativeTest-562996110-project-member] Using url versioning {{(pid=99809) process_request /opt/stack/glance/glance/api/middleware/version_negotiation.py:57}}
Aug 16 23:43:50.339908 np0000007430 devstack@g-api.service[99809]: DEBUG glance.api.middleware.version_negotiation [None req-cf1ac0b3-171b-4517-bef2-bf3385de3673 tempest-VolumesNegativeTest-562996110 tempest-VolumesNegativeTest-562996110-project-member] Matched version: v2 {{(pid=99809) process_request /opt/stack/glance/glance/api/middleware/version_negotiation.py:69}}
Aug 16 23:43:50.340041 np0000007430 devstack@g-api.service[99809]: DEBUG glance.api.middleware.version_negotiation [None req-cf1ac0b3-171b-4517-bef2-bf3385de3673 tempest-VolumesNegativeTest-562996110 tempest-VolumesNegativeTest-562996110-project-member] new path /v2/schemas/image {{(pid=99809) process_request /opt/stack/glance/glance/api/middleware/version_negotiation.py:70}}
Aug 16 23:43:50.342379 np0000007430 devstack@g-api.service[99809]: [pid: 99809|app: 0|req: 140/402] 127.0.0.1 () {44 vars in 1055 bytes} [Sun Aug 16 23:43:50 2026] GET /v2/schemas/image => generated 6083 bytes in 3 msecs (HTTP/1.1 200) 4 headers in 158 bytes (1 switches on core 0)
Aug 16 23:43:50.353223 np0000007430 devstack@g-api.service[99807]: DEBUG glance.api.middleware.version_negotiation [None req-cf1ac0b3-171b-4517-bef2-bf3385de3673 tempest-VolumesNegativeTest-562996110 tempest-VolumesNegativeTest-562996110-project-member] Determining version of request: GET /v2/schemas/image Accept: */* {{(pid=99807) process_request /opt/stack/glance/glance/api/middleware/version_negotiation.py:44}}
Aug 16 23:43:50.353490 np0000007430 devstack@g-api.service[99807]: DEBUG glance.api.middleware.version_negotiation [None req-cf1ac0b3-171b-4517-bef2-bf3385de3673 tempest-VolumesNegativeTest-562996110 tempest-VolumesNegativeTest-562996110-project-member] Using url versioning {{(pid=99807) process_request /opt/stack/glance/glance/api/middleware/version_negotiation.py:57}}
Aug 16 23:43:50.353725 np0000007430 devstack@g-api.service[99807]: DEBUG glance.api.middleware.version_negotiation [None req-cf1ac0b3-171b-4517-bef2-bf3385de3673 tempest-VolumesNegativeTest-562996110 tempest-VolumesNegativeTest-562996110-project-member] Matched version: v2 {{(pid=99807) process_request /opt/stack/glance/glance/api/middleware/version_negotiation.py:69}}
Aug 16 23:43:50.353850 np0000007430 devstack@g-api.service[99807]: DEBUG glance.api.middleware.version_negotiation [None req-cf1ac0b3-171b-4517-bef2-bf3385de3673 tempest-VolumesNegativeTest-562996110 tempest-VolumesNegativeTest-562996110-project-member] new path /v2/schemas/image {{(pid=99807) process_request /opt/stack/glance/glance/api/middleware/version_negotiation.py:70}}
Aug 16 23:43:50.356696 np0000007430 devstack@g-api.service[99807]: [pid: 99807|app: 0|req: 142/403] 127.0.0.1 () {44 vars in 1055 bytes} [Sun Aug 16 23:43:50 2026] GET /v2/schemas/image => generated 6083 bytes in 4 msecs (HTTP/1.1 200) 4 headers in 158 bytes (1 switches on core 0)
Aug 16 23:43:50.388622 np0000007430 devstack@g-api.service[99809]: DEBUG glance.api.middleware.version_negotiation [None req-cf1ac0b3-171b-4517-bef2-bf3385de3673 tempest-VolumesNegativeTest-562996110 tempest-VolumesNegativeTest-562996110-project-member] Determining version of request: GET /v2/images/10ab64fe-5cd1-491a-a362-a6dc8684dd3b Accept: */* {{(pid=99809) process_request /opt/stack/glance/glance/api/middleware/version_negotiation.py:44}}
Aug 16 23:43:50.388831 np0000007430 devstack@g-api.service[99809]: DEBUG glance.api.middleware.version_negotiation [None req-cf1ac0b3-171b-4517-bef2-bf3385de3673 tempest-VolumesNegativeTest-562996110 tempest-VolumesNegativeTest-562996110-project-member] Using url versioning {{(pid=99809) process_request /opt/stack/glance/glance/api/middleware/version_negotiation.py:57}}
Aug 16 23:43:50.389051 np0000007430 devstack@g-api.service[99809]: DEBUG glance.api.middleware.version_negotiation [None req-cf1ac0b3-171b-4517-bef2-bf3385de3673 tempest-VolumesNegativeTest-562996110 tempest-VolumesNegativeTest-562996110-project-member] Matched version: v2 {{(pid=99809) process_request /opt/stack/glance/glance/api/middleware/version_negotiation.py:69}}
Aug 16 23:43:50.389198 np0000007430 devstack@g-api.service[99809]: DEBUG glance.api.middleware.version_negotiation [None req-cf1ac0b3-171b-4517-bef2-bf3385de3673 tempest-VolumesNegativeTest-562996110 tempest-VolumesNegativeTest-562996110-project-member] new path /v2/images/10ab64fe-5cd1-491a-a362-a6dc8684dd3b {{(pid=99809) process_request /opt/stack/glance/glance/api/middleware/version_negotiation.py:70}}
Aug 16 23:43:50.409887 np0000007430 devstack@g-api.service[99809]: [pid: 99809|app: 0|req: 141/404] 127.0.0.1 () {44 vars in 1115 bytes} [Sun Aug 16 23:43:50 2026] GET /v2/images/10ab64fe-5cd1-491a-a362-a6dc8684dd3b => generated 815 bytes in 21 msecs (HTTP/1.1 200) 4 headers in 157 bytes (1 switches on core 0)
Aug 16 23:43:50.424736 np0000007430 devstack@g-api.service[99807]: DEBUG glance.api.middleware.version_negotiation [None req-cf1ac0b3-171b-4517-bef2-bf3385de3673 tempest-VolumesNegativeTest-562996110 tempest-VolumesNegativeTest-562996110-project-member] Determining version of request: GET /v2/schemas/image Accept: */* {{(pid=99807) process_request /opt/stack/glance/glance/api/middleware/version_negotiation.py:44}}
Aug 16 23:43:50.424908 np0000007430 devstack@g-api.service[99807]: DEBUG glance.api.middleware.version_negotiation [None req-cf1ac0b3-171b-4517-bef2-bf3385de3673 tempest-VolumesNegativeTest-562996110 tempest-VolumesNegativeTest-562996110-project-member] Using url versioning {{(pid=99807) process_request /opt/stack/glance/glance/api/middleware/version_negotiation.py:57}}
Aug 16 23:43:50.426217 np0000007430 devstack@g-api.service[99807]: DEBUG glance.api.middleware.version_negotiation [None req-cf1ac0b3-171b-4517-bef2-bf3385de3673 tempest-VolumesNegativeTest-562996110 tempest-VolumesNegativeTest-562996110-project-member] Matched version: v2 {{(pid=99807) process_request /opt/stack/glance/glance/api/middleware/version_negotiation.py:69}}
Aug 16 23:43:50.426413 np0000007430 devstack@g-api.service[99807]: DEBUG glance.api.middleware.version_negotiation [None req-cf1ac0b3-171b-4517-bef2-bf3385de3673 tempest-VolumesNegativeTest-562996110 tempest-VolumesNegativeTest-562996110-project-member] new path /v2/schemas/image {{(pid=99807) process_request /opt/stack/glance/glance/api/middleware/version_negotiation.py:70}}
Aug 16 23:43:50.430731 np0000007430 devstack@g-api.service[99807]: [pid: 99807|app: 0|req: 143/405] 127.0.0.1 () {44 vars in 1055 bytes} [Sun Aug 16 23:43:50 2026] GET /v2/schemas/image => generated 6083 bytes in 6 msecs (HTTP/1.1 200) 4 headers in 158 bytes (1 switches on core 0)
Aug 16 23:43:50.451593 np0000007430 devstack@g-api.service[99809]: DEBUG glance.api.middleware.version_negotiation [None req-cf1ac0b3-171b-4517-bef2-bf3385de3673 tempest-VolumesNegativeTest-562996110 tempest-VolumesNegativeTest-562996110-project-member] Determining version of request: POST /v2/images/10ab64fe-5cd1-491a-a362-a6dc8684dd3b/actions/reactivate Accept: application/json {{(pid=99809) process_request /opt/stack/glance/glance/api/middleware/version_negotiation.py:44}}
Aug 16 23:43:50.451798 np0000007430 devstack@g-api.service[99809]: DEBUG glance.api.middleware.version_negotiation [None req-cf1ac0b3-171b-4517-bef2-bf3385de3673 tempest-VolumesNegativeTest-562996110 tempest-VolumesNegativeTest-562996110-project-member] Using url versioning {{(pid=99809) process_request /opt/stack/glance/glance/api/middleware/version_negotiation.py:57}}
Aug 16 23:43:50.451951 np0000007430 devstack@g-api.service[99809]: DEBUG glance.api.middleware.version_negotiation [None req-cf1ac0b3-171b-4517-bef2-bf3385de3673 tempest-VolumesNegativeTest-562996110 tempest-VolumesNegativeTest-562996110-project-member] Matched version: v2 {{(pid=99809) process_request /opt/stack/glance/glance/api/middleware/version_negotiation.py:69}}
Aug 16 23:43:50.452236 np0000007430 devstack@g-api.service[99809]: DEBUG glance.api.middleware.version_negotiation [None req-cf1ac0b3-171b-4517-bef2-bf3385de3673 tempest-VolumesNegativeTest-562996110 tempest-VolumesNegativeTest-562996110-project-member] new path /v2/images/10ab64fe-5cd1-491a-a362-a6dc8684dd3b/actions/reactivate {{(pid=99809) process_request /opt/stack/glance/glance/api/middleware/version_negotiation.py:70}}
Aug 16 23:43:50.495297 np0000007430 devstack@g-api.service[99809]: INFO glance.api.v2.image_actions [None req-d8d38d96-78db-420e-b4d0-686c210bc290 tempest-VolumesNegativeTest-562996110 tempest-VolumesNegativeTest-562996110-project-member] Image 10ab64fe-5cd1-491a-a362-a6dc8684dd3b is reactivated
Aug 16 23:43:50.495907 np0000007430 devstack@g-api.service[99809]: [pid: 99809|app: 0|req: 142/406] 127.0.0.1 () {42 vars in 896 bytes} [Sun Aug 16 23:43:50 2026] POST /v2/images/10ab64fe-5cd1-491a-a362-a6dc8684dd3b/actions/reactivate => generated 0 bytes in 44 msecs (HTTP/1.1 204) 4 headers in 171 bytes (1 switches on core 0)
Aug 16 23:43:50.504459 np0000007430 devstack@g-api.service[99807]: DEBUG glance.api.middleware.version_negotiation [None req-cf1ac0b3-171b-4517-bef2-bf3385de3673 tempest-VolumesNegativeTest-562996110 tempest-VolumesNegativeTest-562996110-project-member] Determining version of request: DELETE /v2/images/10ab64fe-5cd1-491a-a362-a6dc8684dd3b Accept: application/json {{(pid=99807) process_request /opt/stack/glance/glance/api/middleware/version_negotiation.py:44}}
Aug 16 23:43:50.504634 np0000007430 devstack@g-api.service[99807]: DEBUG glance.api.middleware.version_negotiation [None req-cf1ac0b3-171b-4517-bef2-bf3385de3673 tempest-VolumesNegativeTest-562996110 tempest-VolumesNegativeTest-562996110-project-member] Using url versioning {{(pid=99807) process_request /opt/stack/glance/glance/api/middleware/version_negotiation.py:57}}
Aug 16 23:43:50.504807 np0000007430 devstack@g-api.service[99807]: DEBUG glance.api.middleware.version_negotiation [None req-cf1ac0b3-171b-4517-bef2-bf3385de3673 tempest-VolumesNegativeTest-562996110 tempest-VolumesNegativeTest-562996110-project-member] Matched version: v2 {{(pid=99807) process_request /opt/stack/glance/glance/api/middleware/version_negotiation.py:69}}
Aug 16 23:43:50.505026 np0000007430 devstack@g-api.service[99807]: DEBUG glance.api.middleware.version_negotiation [None req-cf1ac0b3-171b-4517-bef2-bf3385de3673 tempest-VolumesNegativeTest-562996110 tempest-VolumesNegativeTest-562996110-project-member] new path /v2/images/10ab64fe-5cd1-491a-a362-a6dc8684dd3b {{(pid=99807) process_request /opt/stack/glance/glance/api/middleware/version_negotiation.py:70}}
Aug 16 23:43:50.532903 np0000007430 devstack@g-api.service[99807]: WARNING glance.api.v2.images [None req-86365d3c-2a7a-4fb5-97e0-c2380fe61836 tempest-VolumesNegativeTest-562996110 tempest-VolumesNegativeTest-562996110-project-member] After upload to backend, deletion of staged image data has failed because it cannot be found at /tmp/staging//10ab64fe-5cd1-491a-a362-a6dc8684dd3b
Aug 16 23:43:50.533380 np0000007430 devstack@g-api.service[99807]: DEBUG glance_store.backend [None req-86365d3c-2a7a-4fb5-97e0-c2380fe61836 tempest-VolumesNegativeTest-562996110 tempest-VolumesNegativeTest-562996110-project-member] Attempting to import store swift {{(pid=99807) _load_store /opt/stack/data/venv/lib/python3.12/site-packages/glance_store/backend.py:215}}
Aug 16 23:43:50.536747 np0000007430 devstack@g-api.service[99807]: DEBUG glance_store.capabilities [None req-86365d3c-2a7a-4fb5-97e0-c2380fe61836 tempest-VolumesNegativeTest-562996110 tempest-VolumesNegativeTest-562996110-project-member] Store glance_store._drivers.swift.store.SingleTenantStore doesn't support updating dynamic storage capabilities. Please overwrite 'update_capabilities' method of the store to implement updating logics if needed. {{(pid=99807) update_capabilities /opt/stack/data/venv/lib/python3.12/site-packages/glance_store/capabilities.py:91}}
Aug 16 23:43:50.536908 np0000007430 devstack@g-api.service[99807]: DEBUG glance_store.driver [None req-86365d3c-2a7a-4fb5-97e0-c2380fe61836 tempest-VolumesNegativeTest-562996110 tempest-VolumesNegativeTest-562996110-project-member] Late loading location class glance_store._drivers.swift.store.StoreLocation {{(pid=99807) get_store_location_class /opt/stack/data/venv/lib/python3.12/site-packages/glance_store/driver.py:134}}
Aug 16 23:43:50.537100 np0000007430 devstack@g-api.service[99807]: DEBUG glance_store.location [None req-86365d3c-2a7a-4fb5-97e0-c2380fe61836 tempest-VolumesNegativeTest-562996110 tempest-VolumesNegativeTest-562996110-project-member] Registering scheme swift+https with {'store': , 'location_class': , 'store_entry': 'swift'} {{(pid=99807) register_scheme_map /opt/stack/data/venv/lib/python3.12/site-packages/glance_store/location.py:146}}
Aug 16 23:43:50.537212 np0000007430 devstack@g-api.service[99807]: DEBUG glance_store.location [None req-86365d3c-2a7a-4fb5-97e0-c2380fe61836 tempest-VolumesNegativeTest-562996110 tempest-VolumesNegativeTest-562996110-project-member] Registering scheme swift+https with {'store': , 'location_class': , 'store_entry': 'swift'} {{(pid=99807) register_scheme_map /opt/stack/data/venv/lib/python3.12/site-packages/glance_store/location.py:146}}
Aug 16 23:43:50.537292 np0000007430 devstack@g-api.service[99807]: DEBUG glance_store.location [None req-86365d3c-2a7a-4fb5-97e0-c2380fe61836 tempest-VolumesNegativeTest-562996110 tempest-VolumesNegativeTest-562996110-project-member] Registering scheme swift with {'store': , 'location_class': , 'store_entry': 'swift'} {{(pid=99807) register_scheme_map /opt/stack/data/venv/lib/python3.12/site-packages/glance_store/location.py:146}}
Aug 16 23:43:50.537448 np0000007430 devstack@g-api.service[99807]: DEBUG glance_store.location [None req-86365d3c-2a7a-4fb5-97e0-c2380fe61836 tempest-VolumesNegativeTest-562996110 tempest-VolumesNegativeTest-562996110-project-member] Registering scheme swift+https with {'store': , 'location_class': , 'store_entry': 'swift'} {{(pid=99807) register_scheme_map /opt/stack/data/venv/lib/python3.12/site-packages/glance_store/location.py:146}}
Aug 16 23:43:50.537448 np0000007430 devstack@g-api.service[99807]: DEBUG glance_store.location [None req-86365d3c-2a7a-4fb5-97e0-c2380fe61836 tempest-VolumesNegativeTest-562996110 tempest-VolumesNegativeTest-562996110-project-member] Registering scheme swift with {'store': , 'location_class': , 'store_entry': 'swift'} {{(pid=99807) register_scheme_map /opt/stack/data/venv/lib/python3.12/site-packages/glance_store/location.py:146}}
Aug 16 23:43:50.537663 np0000007430 devstack@g-api.service[99807]: DEBUG glance_store.location [None req-86365d3c-2a7a-4fb5-97e0-c2380fe61836 tempest-VolumesNegativeTest-562996110 tempest-VolumesNegativeTest-562996110-project-member] Registering scheme swift+http with {'store': , 'location_class': , 'store_entry': 'swift'} {{(pid=99807) register_scheme_map /opt/stack/data/venv/lib/python3.12/site-packages/glance_store/location.py:146}}
Aug 16 23:43:50.537663 np0000007430 devstack@g-api.service[99807]: DEBUG glance_store.location [None req-86365d3c-2a7a-4fb5-97e0-c2380fe61836 tempest-VolumesNegativeTest-562996110 tempest-VolumesNegativeTest-562996110-project-member] Registering scheme swift+https with {'store': , 'location_class': , 'store_entry': 'swift'} {{(pid=99807) register_scheme_map /opt/stack/data/venv/lib/python3.12/site-packages/glance_store/location.py:146}}
Aug 16 23:43:50.537741 np0000007430 devstack@g-api.service[99807]: DEBUG glance_store.location [None req-86365d3c-2a7a-4fb5-97e0-c2380fe61836 tempest-VolumesNegativeTest-562996110 tempest-VolumesNegativeTest-562996110-project-member] Registering scheme swift with {'store': , 'location_class': , 'store_entry': 'swift'} {{(pid=99807) register_scheme_map /opt/stack/data/venv/lib/python3.12/site-packages/glance_store/location.py:146}}
Aug 16 23:43:50.537867 np0000007430 devstack@g-api.service[99807]: DEBUG glance_store.location [None req-86365d3c-2a7a-4fb5-97e0-c2380fe61836 tempest-VolumesNegativeTest-562996110 tempest-VolumesNegativeTest-562996110-project-member] Registering scheme swift+http with {'store': , 'location_class': , 'store_entry': 'swift'} {{(pid=99807) register_scheme_map /opt/stack/data/venv/lib/python3.12/site-packages/glance_store/location.py:146}}
Aug 16 23:43:50.537960 np0000007430 devstack@g-api.service[99807]: DEBUG glance_store.location [None req-86365d3c-2a7a-4fb5-97e0-c2380fe61836 tempest-VolumesNegativeTest-562996110 tempest-VolumesNegativeTest-562996110-project-member] Registering scheme swift+config with {'store': , 'location_class': , 'store_entry': 'swift'} {{(pid=99807) register_scheme_map /opt/stack/data/venv/lib/python3.12/site-packages/glance_store/location.py:146}}
Aug 16 23:43:50.538726 np0000007430 devstack@g-api.service[99807]: DEBUG keystoneclient.auth.identity.v3.base [None req-86365d3c-2a7a-4fb5-97e0-c2380fe61836 tempest-VolumesNegativeTest-562996110 tempest-VolumesNegativeTest-562996110-project-member] Making authentication request to https://10.4.3.206/identity/v3/auth/tokens {{(pid=99807) get_auth_ref /opt/stack/data/venv/lib/python3.12/site-packages/keystoneclient/auth/identity/v3/base.py:185}}
Aug 16 23:43:50.587842 np0000007430 devstack@g-api.service[99808]: INFO glance.api.v2.image_data [None req-9e3f9d90-f85a-4947-a105-8576cd25f808 tempest-AttachVolumeShelveTestJSON-79237774 tempest-AttachVolumeShelveTestJSON-79237774-project-member] Unable to create trust: no such option collect_timing in group [keystone_authtoken] Use the existing user token.
Aug 16 23:43:50.603066 np0000007430 devstack@g-api.service[99807]: DEBUG keystoneclient.auth.identity.v3.base [None req-86365d3c-2a7a-4fb5-97e0-c2380fe61836 tempest-VolumesNegativeTest-562996110 tempest-VolumesNegativeTest-562996110-project-member] {"token": {"methods": ["password"], "user": {"domain": {"id": "default", "name": "Default"}, "id": "90451723696347658dee66afc06f689e", "name": "glance-swift", "password_expires_at": null}, "audit_ids": ["yccVFs8pT-eD8VtnRcCPdw"], "expires_at": "2026-08-17T00:43:50.000000Z", "issued_at": "2026-08-16T23:43:50.000000Z", "project": {"domain": {"id": "default", "name": "Default"}, "id": "d14d4943e6ba4932ba802e1682c0d1be", "name": "service"}, "is_domain": false, "roles": [{"id": "a556ca410791462b85f0924597f4f051", "name": "ResellerAdmin"}, {"id": "4023cf9912f7488383706d742339a892", "name": "service"}], "catalog": [{"endpoints": [{"id": "34f2a4b49db74d748861f45fac18d8b5", "interface": "public", "region_id": "RegionOne", "url": "https://10.4.3.206/volume/v3", "region": "RegionOne"}], "id": "094899f3bb82466a99ddf2e0f5e69bbd", "type": "block-storage", "name": "cinder"}, {"endpoints": [{"id": "840fb4ff66ee44a48d8108497552bf08", "interface": "public", "region_id": "RegionOne", "url": "https://10.4.3.206/placement", "region": "RegionOne"}], "id": "71265f3244a7470a909247458bf20ca6", "type": "placement", "name": "placement"}, {"endpoints": [{"id": "a5fedc8464de45c88006145a6422e36d", "interface": "public", "region_id": "RegionOne", "url": "https://10.4.3.206/image", "region": "RegionOne"}], "id": "9ac4ace479194b319914102bd1681d17", "type": "image", "name": "glance"}, {"endpoints": [{"id": "c754b66a3a964c22a6e73b6092162213", "interface": "public", "region_id": "RegionOne", "url": "https://10.4.3.206/networking", "region": "RegionOne"}], "id": "b1920fd8464f4220b7e0bae44b7ef356", "type": "network", "name": "neutron"}, {"endpoints": [{"id": "e8e09495cad148d7b2ca0c1f77dc3168", "interface": "public", "region_id": "RegionOne", "url": "https://10.4.3.206/compute/v2/d14d4943e6ba4932ba802e1682c0d1be", "region": "RegionOne"}], "id": "b4e1e83d723e4d2ab23aea982a312656", "type": "compute_legacy", "name": "nova_legacy"}, {"endpoints": [{"id": "02ce6005457e428d9178c18a017ab08a", "interface": "public", "region_id": "RegionOne", "url": "https://10.4.3.206:8080/v1/AUTH_d14d4943e6ba4932ba802e1682c0d1be", "region": "RegionOne"}, {"id": "08e3f4f7d4a54c9fb683555fc6a3cf86", "interface": "admin", "region_id": "RegionOne", "url": "https://10.4.3.206:8080", "region": "RegionOne"}], "id": "d0a49365acf449f78077ea5c8f98c649", "type": "object-store", "name": "swift"}, {"endpoints": [{"id": "ff32268aaa7844baae604fc3a1c36480", "interface": "public", "region_id": "RegionOne", "url": "https://10.4.3.206/identity", "region": "RegionOne"}], "id": "d617c216e23b4e7a9d38958b94dab416", "type": "identity", "name": "keystone"}, {"endpoints": [{"id": "d7ad4caa1ccc4b36b6da1bd4c5576b36", "interface": "public", "region_id": "RegionOne", "url": "https://10.4.3.206/compute/v2.1", "region": "RegionOne"}], "id": "d976f47e0c584a5cb5655e8233735951", "type": "compute", "name": "nova"}]}} {{(pid=99807) get_auth_ref /opt/stack/data/venv/lib/python3.12/site-packages/keystoneclient/auth/identity/v3/base.py:190}}
Aug 16 23:43:50.603966 np0000007430 devstack@g-api.service[99807]: DEBUG keystoneclient.httpclient [None req-86365d3c-2a7a-4fb5-97e0-c2380fe61836 tempest-VolumesNegativeTest-562996110 tempest-VolumesNegativeTest-562996110-project-member] Failed to find endpoint for management url admin endpoint for identity service not found {{(pid=99807) _process_management_url /opt/stack/data/venv/lib/python3.12/site-packages/keystoneclient/httpclient.py:670}}
Aug 16 23:43:50.692216 np0000007430 devstack@g-api.service[99807]: DEBUG swiftclient [None req-86365d3c-2a7a-4fb5-97e0-c2380fe61836 tempest-VolumesNegativeTest-562996110 tempest-VolumesNegativeTest-562996110-project-member] REQ: curl -i https://10.4.3.206:8080/v1/AUTH_d14d4943e6ba4932ba802e1682c0d1be/glance/10ab64fe-5cd1-491a-a362-a6dc8684dd3b -I -H "X-Auth-Token: gAAAAABqgks2YDzx..." {{(pid=99807) http_log /opt/stack/data/venv/lib/python3.12/site-packages/swiftclient/client.py:160}}
Aug 16 23:43:50.692409 np0000007430 devstack@g-api.service[99807]: DEBUG swiftclient [None req-86365d3c-2a7a-4fb5-97e0-c2380fe61836 tempest-VolumesNegativeTest-562996110 tempest-VolumesNegativeTest-562996110-project-member] RESP STATUS: 200 OK {{(pid=99807) http_log /opt/stack/data/venv/lib/python3.12/site-packages/swiftclient/client.py:161}}
Aug 16 23:43:50.694626 np0000007430 devstack@g-api.service[99807]: DEBUG swiftclient [None req-86365d3c-2a7a-4fb5-97e0-c2380fe61836 tempest-VolumesNegativeTest-562996110 tempest-VolumesNegativeTest-562996110-project-member] RESP HEADERS: {'Date': 'Sun, 16 Aug 2026 23:43:50 GMT', 'Server': 'Apache/2.4.58 (Ubuntu)', 'Content-Type': 'application/octet-stream', 'Content-Length': '1024', 'Etag': 'c872ee582a1243313b7aac1d78117113', 'Last-Modified': 'Sun, 16 Aug 2026 23:43:50 GMT', 'X-Timestamp': '1786923829.79632', 'Accept-Ranges': 'bytes', 'X-Trans-Id': 'tx9c27ca34881b454685c83-006a824b36', 'X-Openstack-Request-Id': 'tx9c27ca34881b454685c83-006a824b36', 'Connection': 'close'} {{(pid=99807) http_log /opt/stack/data/venv/lib/python3.12/site-packages/swiftclient/client.py:162}}
Aug 16 23:43:50.733890 np0000007430 devstack@g-api.service[99807]: DEBUG swiftclient [None req-86365d3c-2a7a-4fb5-97e0-c2380fe61836 tempest-VolumesNegativeTest-562996110 tempest-VolumesNegativeTest-562996110-project-member] REQ: curl -i https://10.4.3.206:8080/v1/AUTH_d14d4943e6ba4932ba802e1682c0d1be/glance/10ab64fe-5cd1-491a-a362-a6dc8684dd3b DELETE -H "X-Auth-Token: gAAAAABqgks2YDzx..." {{(pid=99807) http_log /opt/stack/data/venv/lib/python3.12/site-packages/swiftclient/client.py:160}}
Aug 16 23:43:50.734106 np0000007430 devstack@g-api.service[99807]: DEBUG swiftclient [None req-86365d3c-2a7a-4fb5-97e0-c2380fe61836 tempest-VolumesNegativeTest-562996110 tempest-VolumesNegativeTest-562996110-project-member] RESP STATUS: 204 No Content {{(pid=99807) http_log /opt/stack/data/venv/lib/python3.12/site-packages/swiftclient/client.py:161}}
Aug 16 23:43:50.735352 np0000007430 devstack@g-api.service[99807]: DEBUG swiftclient [None req-86365d3c-2a7a-4fb5-97e0-c2380fe61836 tempest-VolumesNegativeTest-562996110 tempest-VolumesNegativeTest-562996110-project-member] RESP HEADERS: {'Date': 'Sun, 16 Aug 2026 23:43:50 GMT', 'Server': 'Apache/2.4.58 (Ubuntu)', 'Content-Type': 'text/html; charset=UTF-8', 'X-Trans-Id': 'tx13d7a25f43354caeb155e-006a824b36', 'X-Openstack-Request-Id': 'tx13d7a25f43354caeb155e-006a824b36', 'Connection': 'close'} {{(pid=99807) http_log /opt/stack/data/venv/lib/python3.12/site-packages/swiftclient/client.py:162}}
Aug 16 23:43:50.797652 np0000007430 devstack@g-api.service[99807]: [pid: 99807|app: 0|req: 144/407] 127.0.0.1 () {40 vars in 841 bytes} [Sun Aug 16 23:43:50 2026] DELETE /v2/images/10ab64fe-5cd1-491a-a362-a6dc8684dd3b => generated 0 bytes in 293 msecs (HTTP/1.1 204) 4 headers in 171 bytes (1 switches on core 0)
