Aug 16 23:41:52.410156 np0000007430 devstack@g-api.service[99807]: DEBUG glance.api.middleware.version_negotiation [None req-02c44a6f-defe-418e-bbdd-8f336df38058 tempest-AttachVolumeShelveTestJSON-79237774 tempest-AttachVolumeShelveTestJSON-79237774-project-member] new path /v2/schemas/image {{(pid=99807) process_request /opt/stack/glance/glance/api/middleware/version_negotiation.py:70}}
Aug 16 23:41:52.412622 np0000007430 devstack@g-api.service[99807]: [pid: 99807|app: 0|req: 82/226] 127.0.0.1 () {44 vars in 1055 bytes} [Sun Aug 16 23:41:52 2026] GET /v2/schemas/image => generated 6083 bytes in 5 msecs (HTTP/1.1 200) 4 headers in 158 bytes (1 switches on core 0)
Aug 16 23:41:52.963031 np0000007430 devstack@g-api.service[99809]: DEBUG glance.api.middleware.version_negotiation [None req-2a1ecf0e-d705-44b1-9655-8e7293ccf835 tempest-ServerActionsV293TestJSON-1045167562 tempest-ServerActionsV293TestJSON-1045167562-project-member] Determining version of request: GET /versions Accept: */* {{(pid=99809) process_request /opt/stack/glance/glance/api/middleware/version_negotiation.py:44}}
Aug 16 23:41:52.963938 np0000007430 devstack@g-api.service[99809]: [pid: 99809|app: 0|req: 84/227] 127.0.0.1 () {44 vars in 1039 bytes} [Sun Aug 16 23:41:52 2026] GET /versions => generated 1515 bytes in 1 msecs (HTTP/1.1 200) 3 headers in 92 bytes (1 switches on core 0)
Aug 16 23:41:52.973847 np0000007430 devstack@g-api.service[99807]: DEBUG glance.api.middleware.version_negotiation [None req-2a1ecf0e-d705-44b1-9655-8e7293ccf835 tempest-ServerActionsV293TestJSON-1045167562 tempest-ServerActionsV293TestJSON-1045167562-project-member] Determining version of request: GET /v2/images/7754d1b6-2889-490f-a429-69c7f9ff8a9f/locations Accept: */* {{(pid=99807) process_request /opt/stack/glance/glance/api/middleware/version_negotiation.py:44}}
Aug 16 23:41:52.973847 np0000007430 devstack@g-api.service[99807]: DEBUG glance.api.middleware.version_negotiation [None req-2a1ecf0e-d705-44b1-9655-8e7293ccf835 tempest-ServerActionsV293TestJSON-1045167562 tempest-ServerActionsV293TestJSON-1045167562-project-member] Using url versioning {{(pid=99807) process_request /opt/stack/glance/glance/api/middleware/version_negotiation.py:57}}
Aug 16 23:41:52.974467 np0000007430 devstack@g-api.service[99807]: DEBUG glance.api.middleware.version_negotiation [None req-2a1ecf0e-d705-44b1-9655-8e7293ccf835 tempest-ServerActionsV293TestJSON-1045167562 tempest-ServerActionsV293TestJSON-1045167562-project-member] Matched version: v2 {{(pid=99807) process_request /opt/stack/glance/glance/api/middleware/version_negotiation.py:69}}
Aug 16 23:41:52.974467 np0000007430 devstack@g-api.service[99807]: DEBUG glance.api.middleware.version_negotiation [None req-2a1ecf0e-d705-44b1-9655-8e7293ccf835 tempest-ServerActionsV293TestJSON-1045167562 tempest-ServerActionsV293TestJSON-1045167562-project-member] new path /v2/images/7754d1b6-2889-490f-a429-69c7f9ff8a9f/locations {{(pid=99807) process_request /opt/stack/glance/glance/api/middleware/version_negotiation.py:70}}
Aug 16 23:41:53.005872 np0000007430 devstack@g-api.service[99808]: INFO glance.api.v2.image_data [None req-02c44a6f-defe-418e-bbdd-8f336df38058 tempest-AttachVolumeShelveTestJSON-79237774 tempest-AttachVolumeShelveTestJSON-79237774-project-member] Unable to create trust: no such option collect_timing in group [keystone_authtoken] Use the existing user token.
Aug 16 23:41:53.035902 np0000007430 devstack@g-api.service[99807]: [pid: 99807|app: 0|req: 83/228] 127.0.0.1 () {44 vars in 1135 bytes} [Sun Aug 16 23:41:52 2026] GET /v2/images/7754d1b6-2889-490f-a429-69c7f9ff8a9f/locations => generated 92 bytes in 62 msecs (HTTP/1.1 200) 4 headers in 156 bytes (1 switches on core 0)
Aug 16 23:41:53.046811 np0000007430 devstack@g-api.service[99809]: DEBUG glance.api.middleware.version_negotiation [None req-2a1ecf0e-d705-44b1-9655-8e7293ccf835 tempest-ServerActionsV293TestJSON-1045167562 tempest-ServerActionsV293TestJSON-1045167562-project-member] Determining version of request: GET /v2/images/7754d1b6-2889-490f-a429-69c7f9ff8a9f Accept: */* {{(pid=99809) process_request /opt/stack/glance/glance/api/middleware/version_negotiation.py:44}}
Aug 16 23:41:53.047220 np0000007430 devstack@g-api.service[99809]: DEBUG glance.api.middleware.version_negotiation [None req-2a1ecf0e-d705-44b1-9655-8e7293ccf835 tempest-ServerActionsV293TestJSON-1045167562 tempest-ServerActionsV293TestJSON-1045167562-project-member] Using url versioning {{(pid=99809) process_request /opt/stack/glance/glance/api/middleware/version_negotiation.py:57}}
Aug 16 23:41:53.047351 np0000007430 devstack@g-api.service[99809]: DEBUG glance.api.middleware.version_negotiation [None req-2a1ecf0e-d705-44b1-9655-8e7293ccf835 tempest-ServerActionsV293TestJSON-1045167562 tempest-ServerActionsV293TestJSON-1045167562-project-member] Matched version: v2 {{(pid=99809) process_request /opt/stack/glance/glance/api/middleware/version_negotiation.py:69}}
Aug 16 23:41:53.047556 np0000007430 devstack@g-api.service[99809]: DEBUG glance.api.middleware.version_negotiation [None req-2a1ecf0e-d705-44b1-9655-8e7293ccf835 tempest-ServerActionsV293TestJSON-1045167562 tempest-ServerActionsV293TestJSON-1045167562-project-member] new path /v2/images/7754d1b6-2889-490f-a429-69c7f9ff8a9f {{(pid=99809) process_request /opt/stack/glance/glance/api/middleware/version_negotiation.py:70}}
Aug 16 23:41:53.065355 np0000007430 devstack@g-api.service[99809]: [pid: 99809|app: 0|req: 85/229] 127.0.0.1 () {44 vars in 1115 bytes} [Sun Aug 16 23:41:53 2026] GET /v2/images/7754d1b6-2889-490f-a429-69c7f9ff8a9f => generated 1044 bytes in 18 msecs (HTTP/1.1 200) 4 headers in 158 bytes (1 switches on core 0)
Aug 16 23:41:53.083262 np0000007430 devstack@g-api.service[99807]: DEBUG glance.api.middleware.version_negotiation [None req-2a1ecf0e-d705-44b1-9655-8e7293ccf835 service glance] Determining version of request: GET /v2/schemas/image Accept: */* {{(pid=99807) process_request /opt/stack/glance/glance/api/middleware/version_negotiation.py:44}}
Aug 16 23:41:53.083262 np0000007430 devstack@g-api.service[99807]: DEBUG glance.api.middleware.version_negotiation [None req-2a1ecf0e-d705-44b1-9655-8e7293ccf835 service glance] Using url versioning {{(pid=99807) process_request /opt/stack/glance/glance/api/middleware/version_negotiation.py:57}}
Aug 16 23:41:53.083719 np0000007430 devstack@g-api.service[99807]: DEBUG glance.api.middleware.version_negotiation [None req-2a1ecf0e-d705-44b1-9655-8e7293ccf835 service glance] Matched version: v2 {{(pid=99807) process_request /opt/stack/glance/glance/api/middleware/version_negotiation.py:69}}
Aug 16 23:41:53.084137 np0000007430 devstack@g-api.service[99807]: DEBUG glance.api.middleware.version_negotiation [None req-2a1ecf0e-d705-44b1-9655-8e7293ccf835 service glance] new path /v2/schemas/image {{(pid=99807) process_request /opt/stack/glance/glance/api/middleware/version_negotiation.py:70}}
Aug 16 23:41:53.088425 np0000007430 devstack@g-api.service[99807]: [pid: 99807|app: 0|req: 84/230] 127.0.0.1 () {44 vars in 1055 bytes} [Sun Aug 16 23:41:53 2026] GET /v2/schemas/image => generated 6083 bytes in 6 msecs (HTTP/1.1 200) 4 headers in 158 bytes (1 switches on core 0)
Aug 16 23:41:53.105621 np0000007430 devstack@g-api.service[99809]: DEBUG glance.api.middleware.version_negotiation [None req-2a1ecf0e-d705-44b1-9655-8e7293ccf835 tempest-ServerActionsV293TestJSON-1045167562 tempest-ServerActionsV293TestJSON-1045167562-project-member] Determining version of request: GET /v2/schemas/image Accept: */* {{(pid=99809) process_request /opt/stack/glance/glance/api/middleware/version_negotiation.py:44}}
Aug 16 23:41:53.107322 np0000007430 devstack@g-api.service[99809]: DEBUG glance.api.middleware.version_negotiation [None req-2a1ecf0e-d705-44b1-9655-8e7293ccf835 tempest-ServerActionsV293TestJSON-1045167562 tempest-ServerActionsV293TestJSON-1045167562-project-member] Using url versioning {{(pid=99809) process_request /opt/stack/glance/glance/api/middleware/version_negotiation.py:57}}
Aug 16 23:41:53.107322 np0000007430 devstack@g-api.service[99809]: DEBUG glance.api.middleware.version_negotiation [None req-2a1ecf0e-d705-44b1-9655-8e7293ccf835 tempest-ServerActionsV293TestJSON-1045167562 tempest-ServerActionsV293TestJSON-1045167562-project-member] Matched version: v2 {{(pid=99809) process_request /opt/stack/glance/glance/api/middleware/version_negotiation.py:69}}
Aug 16 23:41:53.107322 np0000007430 devstack@g-api.service[99809]: DEBUG glance.api.middleware.version_negotiation [None req-2a1ecf0e-d705-44b1-9655-8e7293ccf835 tempest-ServerActionsV293TestJSON-1045167562 tempest-ServerActionsV293TestJSON-1045167562-project-member] new path /v2/schemas/image {{(pid=99809) process_request /opt/stack/glance/glance/api/middleware/version_negotiation.py:70}}
Aug 16 23:41:53.110838 np0000007430 devstack@g-api.service[99809]: [pid: 99809|app: 0|req: 86/231] 127.0.0.1 () {44 vars in 1055 bytes} [Sun Aug 16 23:41:53 2026] GET /v2/schemas/image => generated 6083 bytes in 5 msecs (HTTP/1.1 200) 4 headers in 158 bytes (1 switches on core 0)
Aug 16 23:41:53.621431 np0000007430 devstack@g-api.service[99808]: DEBUG glance.location [None req-02c44a6f-defe-418e-bbdd-8f336df38058 tempest-AttachVolumeShelveTestJSON-79237774 tempest-AttachVolumeShelveTestJSON-79237774-project-member] Enabling in-flight format inspection for qcow2 {{(pid=99808) set_data /opt/stack/glance/glance/location.py:596}}
Aug 16 23:41:53.621880 np0000007430 devstack@g-api.service[99808]: DEBUG glance_store.backend [None req-02c44a6f-defe-418e-bbdd-8f336df38058 tempest-AttachVolumeShelveTestJSON-79237774 tempest-AttachVolumeShelveTestJSON-79237774-project-member] Attempting to import store swift {{(pid=99808) _load_store /opt/stack/data/venv/lib/python3.12/site-packages/glance_store/backend.py:215}}
Aug 16 23:41:53.623203 np0000007430 devstack@g-api.service[99808]: DEBUG glance_store.capabilities [None req-02c44a6f-defe-418e-bbdd-8f336df38058 tempest-AttachVolumeShelveTestJSON-79237774 tempest-AttachVolumeShelveTestJSON-79237774-project-member] Store glance_store._drivers.swift.store.SingleTenantStore doesn't support updating dynamic storage capabilities. Please overwrite 'update_capabilities' method of the store to implement updating logics if needed. {{(pid=99808) update_capabilities /opt/stack/data/venv/lib/python3.12/site-packages/glance_store/capabilities.py:91}}
Aug 16 23:41:53.623372 np0000007430 devstack@g-api.service[99808]: DEBUG glance_store.driver [None req-02c44a6f-defe-418e-bbdd-8f336df38058 tempest-AttachVolumeShelveTestJSON-79237774 tempest-AttachVolumeShelveTestJSON-79237774-project-member] Late loading location class glance_store._drivers.swift.store.StoreLocation {{(pid=99808) get_store_location_class /opt/stack/data/venv/lib/python3.12/site-packages/glance_store/driver.py:134}}
Aug 16 23:41:53.623448 np0000007430 devstack@g-api.service[99808]: DEBUG glance_store.location [None req-02c44a6f-defe-418e-bbdd-8f336df38058 tempest-AttachVolumeShelveTestJSON-79237774 tempest-AttachVolumeShelveTestJSON-79237774-project-member] Registering scheme swift+https with {'store': , 'location_class': , 'store_entry': 'swift'} {{(pid=99808) register_scheme_map /opt/stack/data/venv/lib/python3.12/site-packages/glance_store/location.py:146}}
Aug 16 23:41:53.623506 np0000007430 devstack@g-api.service[99808]: DEBUG glance_store.location [None req-02c44a6f-defe-418e-bbdd-8f336df38058 tempest-AttachVolumeShelveTestJSON-79237774 tempest-AttachVolumeShelveTestJSON-79237774-project-member] Registering scheme swift+https with {'store': , 'location_class': , 'store_entry': 'swift'} {{(pid=99808) register_scheme_map /opt/stack/data/venv/lib/python3.12/site-packages/glance_store/location.py:146}}
Aug 16 23:41:53.623624 np0000007430 devstack@g-api.service[99808]: DEBUG glance_store.location [None req-02c44a6f-defe-418e-bbdd-8f336df38058 tempest-AttachVolumeShelveTestJSON-79237774 tempest-AttachVolumeShelveTestJSON-79237774-project-member] Registering scheme swift with {'store': , 'location_class': , 'store_entry': 'swift'} {{(pid=99808) register_scheme_map /opt/stack/data/venv/lib/python3.12/site-packages/glance_store/location.py:146}}
Aug 16 23:41:53.623624 np0000007430 devstack@g-api.service[99808]: DEBUG glance_store.location [None req-02c44a6f-defe-418e-bbdd-8f336df38058 tempest-AttachVolumeShelveTestJSON-79237774 tempest-AttachVolumeShelveTestJSON-79237774-project-member] Registering scheme swift+https with {'store': , 'location_class': , 'store_entry': 'swift'} {{(pid=99808) register_scheme_map /opt/stack/data/venv/lib/python3.12/site-packages/glance_store/location.py:146}}
Aug 16 23:41:53.623756 np0000007430 devstack@g-api.service[99808]: DEBUG glance_store.location [None req-02c44a6f-defe-418e-bbdd-8f336df38058 tempest-AttachVolumeShelveTestJSON-79237774 tempest-AttachVolumeShelveTestJSON-79237774-project-member] Registering scheme swift with {'store': , 'location_class': , 'store_entry': 'swift'} {{(pid=99808) register_scheme_map /opt/stack/data/venv/lib/python3.12/site-packages/glance_store/location.py:146}}
Aug 16 23:41:53.623756 np0000007430 devstack@g-api.service[99808]: DEBUG glance_store.location [None req-02c44a6f-defe-418e-bbdd-8f336df38058 tempest-AttachVolumeShelveTestJSON-79237774 tempest-AttachVolumeShelveTestJSON-79237774-project-member] Registering scheme swift+http with {'store': , 'location_class': , 'store_entry': 'swift'} {{(pid=99808) register_scheme_map /opt/stack/data/venv/lib/python3.12/site-packages/glance_store/location.py:146}}
Aug 16 23:41:53.623864 np0000007430 devstack@g-api.service[99808]: DEBUG glance_store.location [None req-02c44a6f-defe-418e-bbdd-8f336df38058 tempest-AttachVolumeShelveTestJSON-79237774 tempest-AttachVolumeShelveTestJSON-79237774-project-member] Registering scheme swift+https with {'store': , 'location_class': , 'store_entry': 'swift'} {{(pid=99808) register_scheme_map /opt/stack/data/venv/lib/python3.12/site-packages/glance_store/location.py:146}}
Aug 16 23:41:53.623864 np0000007430 devstack@g-api.service[99808]: DEBUG glance_store.location [None req-02c44a6f-defe-418e-bbdd-8f336df38058 tempest-AttachVolumeShelveTestJSON-79237774 tempest-AttachVolumeShelveTestJSON-79237774-project-member] Registering scheme swift with {'store': , 'location_class': , 'store_entry': 'swift'} {{(pid=99808) register_scheme_map /opt/stack/data/venv/lib/python3.12/site-packages/glance_store/location.py:146}}
Aug 16 23:41:53.624069 np0000007430 devstack@g-api.service[99808]: DEBUG glance_store.location [None req-02c44a6f-defe-418e-bbdd-8f336df38058 tempest-AttachVolumeShelveTestJSON-79237774 tempest-AttachVolumeShelveTestJSON-79237774-project-member] Registering scheme swift+http with {'store': , 'location_class': , 'store_entry': 'swift'} {{(pid=99808) register_scheme_map /opt/stack/data/venv/lib/python3.12/site-packages/glance_store/location.py:146}}
Aug 16 23:41:53.624069 np0000007430 devstack@g-api.service[99808]: DEBUG glance_store.location [None req-02c44a6f-defe-418e-bbdd-8f336df38058 tempest-AttachVolumeShelveTestJSON-79237774 tempest-AttachVolumeShelveTestJSON-79237774-project-member] Registering scheme swift+config with {'store': , 'location_class': , 'store_entry': 'swift'} {{(pid=99808) register_scheme_map /opt/stack/data/venv/lib/python3.12/site-packages/glance_store/location.py:146}}
Aug 16 23:41:54.011449 np0000007430 devstack@g-api.service[99808]: DEBUG swiftclient [None req-02c44a6f-defe-418e-bbdd-8f336df38058 tempest-AttachVolumeShelveTestJSON-79237774 tempest-AttachVolumeShelveTestJSON-79237774-project-member] REQ: curl -i https://10.4.3.206:8080/v1/AUTH_d14d4943e6ba4932ba802e1682c0d1be/glance -I -H "X-Auth-Token: gAAAAABqgkrB7B_X..." {{(pid=99808) http_log /opt/stack/data/venv/lib/python3.12/site-packages/swiftclient/client.py:160}}
Aug 16 23:41:54.011564 np0000007430 devstack@g-api.service[99808]: DEBUG swiftclient [None req-02c44a6f-defe-418e-bbdd-8f336df38058 tempest-AttachVolumeShelveTestJSON-79237774 tempest-AttachVolumeShelveTestJSON-79237774-project-member] RESP STATUS: 204 No Content {{(pid=99808) http_log /opt/stack/data/venv/lib/python3.12/site-packages/swiftclient/client.py:161}}
Aug 16 23:41:54.012370 np0000007430 devstack@g-api.service[99808]: DEBUG swiftclient [None req-02c44a6f-defe-418e-bbdd-8f336df38058 tempest-AttachVolumeShelveTestJSON-79237774 tempest-AttachVolumeShelveTestJSON-79237774-project-member] RESP HEADERS: {'Date': 'Sun, 16 Aug 2026 23:41:54 GMT', 'Server': 'Apache/2.4.58 (Ubuntu)', 'Content-Type': 'text/plain; charset=utf-8', 'X-Container-Object-Count': '3', 'X-Container-Bytes-Used': '64356352', 'X-Timestamp': '1786923425.45446', 'Last-Modified': 'Sun, 16 Aug 2026 23:37:06 GMT', 'Accept-Ranges': 'bytes', 'X-Storage-Policy': 'Policy-0', 'X-Container-Sharding': 'False', 'Vary': 'Accept', 'X-Trans-Id': 'tx6d9ab838487b41e89f50a-006a824ac1', 'X-Openstack-Request-Id': 'tx6d9ab838487b41e89f50a-006a824ac1', 'Connection': 'close'} {{(pid=99808) http_log /opt/stack/data/venv/lib/python3.12/site-packages/swiftclient/client.py:162}}
Aug 16 23:41:54.012370 np0000007430 devstack@g-api.service[99808]: DEBUG glance_store._drivers.swift.store [None req-02c44a6f-defe-418e-bbdd-8f336df38058 tempest-AttachVolumeShelveTestJSON-79237774 tempest-AttachVolumeShelveTestJSON-79237774-project-member] Adding image object 'b7cc03ae-ee9d-4ea7-9b85-e00803eba398' to Swift {{(pid=99808) add /opt/stack/data/venv/lib/python3.12/site-packages/glance_store/_drivers/swift/store.py:970}}
Aug 16 23:41:54.012370 np0000007430 devstack@g-api.service[99808]: DEBUG glance_store._drivers.swift.store [None req-02c44a6f-defe-418e-bbdd-8f336df38058 tempest-AttachVolumeShelveTestJSON-79237774 tempest-AttachVolumeShelveTestJSON-79237774-project-member] Cannot determine image size because it is either not provided in the request or chunked-transfer encoding is used. Adding image as a segmented object to Swift. {{(pid=99808) add /opt/stack/data/venv/lib/python3.12/site-packages/glance_store/_drivers/swift/store.py:994}}
Aug 16 23:41:54.030132 np0000007430 devstack@g-api.service[99808]: DEBUG oslo_utils.imageutils.format_inspector [None req-02c44a6f-defe-418e-bbdd-8f336df38058 tempest-AttachVolumeShelveTestJSON-79237774 tempest-AttachVolumeShelveTestJSON-79237774-project-member] Format inspector for vmdk does not match, excluding from consideration (Signature KDMV not found: b'QFI\xfb') {{(pid=99808) _process_chunk /opt/stack/data/venv/lib/python3.12/site-packages/oslo_utils/imageutils/format_inspector.py:1758}}
Aug 16 23:41:54.038278 np0000007430 devstack@g-api.service[99808]: DEBUG oslo_utils.imageutils.format_inspector [None req-02c44a6f-defe-418e-bbdd-8f336df38058 tempest-AttachVolumeShelveTestJSON-79237774 tempest-AttachVolumeShelveTestJSON-79237774-project-member] Format inspector for vhdx does not match, excluding from consideration (Region signature not found at 30000) {{(pid=99808) _process_chunk /opt/stack/data/venv/lib/python3.12/site-packages/oslo_utils/imageutils/format_inspector.py:1758}}
Aug 16 23:41:54.793227 np0000007430 devstack@g-api.service[99808]: DEBUG swiftclient [None req-02c44a6f-defe-418e-bbdd-8f336df38058 tempest-AttachVolumeShelveTestJSON-79237774 tempest-AttachVolumeShelveTestJSON-79237774-project-member] REQ: curl -i https://10.4.3.206:8080/v1/AUTH_d14d4943e6ba4932ba802e1682c0d1be/glance/b7cc03ae-ee9d-4ea7-9b85-e00803eba398-00001 -X PUT -H "X-Auth-Token: gAAAAABqgkrB7B_X..." {{(pid=99808) http_log /opt/stack/data/venv/lib/python3.12/site-packages/swiftclient/client.py:160}}
Aug 16 23:41:54.793780 np0000007430 devstack@g-api.service[99808]: DEBUG swiftclient [None req-02c44a6f-defe-418e-bbdd-8f336df38058 tempest-AttachVolumeShelveTestJSON-79237774 tempest-AttachVolumeShelveTestJSON-79237774-project-member] RESP STATUS: 201 Created {{(pid=99808) http_log /opt/stack/data/venv/lib/python3.12/site-packages/swiftclient/client.py:161}}
Aug 16 23:41:54.793780 np0000007430 devstack@g-api.service[99808]: DEBUG swiftclient [None req-02c44a6f-defe-418e-bbdd-8f336df38058 tempest-AttachVolumeShelveTestJSON-79237774 tempest-AttachVolumeShelveTestJSON-79237774-project-member] RESP HEADERS: {'Date': 'Sun, 16 Aug 2026 23:41:54 GMT', 'Server': 'Apache/2.4.58 (Ubuntu)', 'Content-Type': 'text/html; charset=UTF-8', 'Content-Length': '0', 'Etag': '9a898d34f48931c2378c50703e6eedb7', 'Last-Modified': 'Sun, 16 Aug 2026 23:41:55 GMT', 'X-Trans-Id': 'txb9cd14d5210d41bc91caa-006a824ac2', 'X-Openstack-Request-Id': 'txb9cd14d5210d41bc91caa-006a824ac2', 'Connection': 'close'} {{(pid=99808) http_log /opt/stack/data/venv/lib/python3.12/site-packages/swiftclient/client.py:162}}
Aug 16 23:41:54.793969 np0000007430 devstack@g-api.service[99808]: DEBUG glance_store._drivers.swift.store [None req-02c44a6f-defe-418e-bbdd-8f336df38058 tempest-AttachVolumeShelveTestJSON-79237774 tempest-AttachVolumeShelveTestJSON-79237774-project-member] Wrote chunk b7cc03ae-ee9d-4ea7-9b85-e00803eba398-00001 (1/?) of length 53936128 to Swift returning MD5 of content: 9a898d34f48931c2378c50703e6eedb7 {{(pid=99808) add /opt/stack/data/venv/lib/python3.12/site-packages/glance_store/_drivers/swift/store.py:1059}}
Aug 16 23:41:54.794415 np0000007430 devstack@g-api.service[99808]: DEBUG glance_store._drivers.swift.store [None req-02c44a6f-defe-418e-bbdd-8f336df38058 tempest-AttachVolumeShelveTestJSON-79237774 tempest-AttachVolumeShelveTestJSON-79237774-project-member] Not writing zero-length chunk. {{(pid=99808) add /opt/stack/data/venv/lib/python3.12/site-packages/glance_store/_drivers/swift/store.py:1028}}
Aug 16 23:41:54.831442 np0000007430 devstack@g-api.service[99808]: DEBUG swiftclient [None req-02c44a6f-defe-418e-bbdd-8f336df38058 tempest-AttachVolumeShelveTestJSON-79237774 tempest-AttachVolumeShelveTestJSON-79237774-project-member] REQ: curl -i https://10.4.3.206:8080/v1/AUTH_d14d4943e6ba4932ba802e1682c0d1be/glance/b7cc03ae-ee9d-4ea7-9b85-e00803eba398 -X PUT -H "X-Object-Manifest: glance/b7cc03ae-ee9d-4ea7-9b85-e00803eba398-" -H "X-Auth-Token: gAAAAABqgkrB7B_X..." -H "Content-Length: 0" {{(pid=99808) http_log /opt/stack/data/venv/lib/python3.12/site-packages/swiftclient/client.py:160}}
Aug 16 23:41:54.831607 np0000007430 devstack@g-api.service[99808]: DEBUG swiftclient [None req-02c44a6f-defe-418e-bbdd-8f336df38058 tempest-AttachVolumeShelveTestJSON-79237774 tempest-AttachVolumeShelveTestJSON-79237774-project-member] RESP STATUS: 201 Created {{(pid=99808) http_log /opt/stack/data/venv/lib/python3.12/site-packages/swiftclient/client.py:161}}
Aug 16 23:41:54.831797 np0000007430 devstack@g-api.service[99808]: DEBUG swiftclient [None req-02c44a6f-defe-418e-bbdd-8f336df38058 tempest-AttachVolumeShelveTestJSON-79237774 tempest-AttachVolumeShelveTestJSON-79237774-project-member] RESP HEADERS: {'Date': 'Sun, 16 Aug 2026 23:41:54 GMT', 'Server': 'Apache/2.4.58 (Ubuntu)', 'Content-Type': 'text/html; charset=UTF-8', 'Content-Length': '0', 'Etag': 'd41d8cd98f00b204e9800998ecf8427e', 'Last-Modified': 'Sun, 16 Aug 2026 23:41:55 GMT', 'X-Trans-Id': 'tx4099206eb0aa406082980-006a824ac2', 'X-Openstack-Request-Id': 'tx4099206eb0aa406082980-006a824ac2', 'Connection': 'close'} {{(pid=99808) http_log /opt/stack/data/venv/lib/python3.12/site-packages/swiftclient/client.py:162}}
Aug 16 23:41:54.832354 np0000007430 devstack@g-api.service[99808]: INFO glance.location [None req-02c44a6f-defe-418e-bbdd-8f336df38058 tempest-AttachVolumeShelveTestJSON-79237774 tempest-AttachVolumeShelveTestJSON-79237774-project-member] Image format matched and virtual size computed: 1073741824
Aug 16 23:41:54.871315 np0000007430 devstack@g-api.service[99807]: DEBUG glance.api.middleware.version_negotiation [None req-2a1ecf0e-d705-44b1-9655-8e7293ccf835 tempest-ServerActionsV293TestJSON-1045167562 tempest-ServerActionsV293TestJSON-1045167562-project-member] Determining version of request: GET /v2/schemas/image Accept: */* {{(pid=99807) process_request /opt/stack/glance/glance/api/middleware/version_negotiation.py:44}}
Aug 16 23:41:54.871729 np0000007430 devstack@g-api.service[99807]: DEBUG glance.api.middleware.version_negotiation [None req-2a1ecf0e-d705-44b1-9655-8e7293ccf835 tempest-ServerActionsV293TestJSON-1045167562 tempest-ServerActionsV293TestJSON-1045167562-project-member] Using url versioning {{(pid=99807) process_request /opt/stack/glance/glance/api/middleware/version_negotiation.py:57}}
Aug 16 23:41:54.871785 np0000007430 devstack@g-api.service[99807]: DEBUG glance.api.middleware.version_negotiation [None req-2a1ecf0e-d705-44b1-9655-8e7293ccf835 tempest-ServerActionsV293TestJSON-1045167562 tempest-ServerActionsV293TestJSON-1045167562-project-member] Matched version: v2 {{(pid=99807) process_request /opt/stack/glance/glance/api/middleware/version_negotiation.py:69}}
Aug 16 23:41:54.871909 np0000007430 devstack@g-api.service[99807]: DEBUG glance.api.middleware.version_negotiation [None req-2a1ecf0e-d705-44b1-9655-8e7293ccf835 tempest-ServerActionsV293TestJSON-1045167562 tempest-ServerActionsV293TestJSON-1045167562-project-member] new path /v2/schemas/image {{(pid=99807) process_request /opt/stack/glance/glance/api/middleware/version_negotiation.py:70}}
Aug 16 23:41:54.879287 np0000007430 devstack@g-api.service[99807]: [pid: 99807|app: 0|req: 85/232] 127.0.0.1 () {44 vars in 1055 bytes} [Sun Aug 16 23:41:54 2026] GET /v2/schemas/image => generated 6083 bytes in 8 msecs (HTTP/1.1 200) 4 headers in 158 bytes (1 switches on core 0)
Aug 16 23:41:54.902284 np0000007430 devstack@g-api.service[99808]: DEBUG glance_store.backend [None req-02c44a6f-defe-418e-bbdd-8f336df38058 tempest-AttachVolumeShelveTestJSON-79237774 tempest-AttachVolumeShelveTestJSON-79237774-project-member] Attempting to import store swift {{(pid=99808) _load_store /opt/stack/data/venv/lib/python3.12/site-packages/glance_store/backend.py:215}}
Aug 16 23:41:54.902494 np0000007430 devstack@g-api.service[99808]: DEBUG glance_store.capabilities [None req-02c44a6f-defe-418e-bbdd-8f336df38058 tempest-AttachVolumeShelveTestJSON-79237774 tempest-AttachVolumeShelveTestJSON-79237774-project-member] Store glance_store._drivers.swift.store.SingleTenantStore doesn't support updating dynamic storage capabilities. Please overwrite 'update_capabilities' method of the store to implement updating logics if needed. {{(pid=99808) update_capabilities /opt/stack/data/venv/lib/python3.12/site-packages/glance_store/capabilities.py:91}}
Aug 16 23:41:54.902777 np0000007430 devstack@g-api.service[99808]: DEBUG glance_store.driver [None req-02c44a6f-defe-418e-bbdd-8f336df38058 tempest-AttachVolumeShelveTestJSON-79237774 tempest-AttachVolumeShelveTestJSON-79237774-project-member] Late loading location class glance_store._drivers.swift.store.StoreLocation {{(pid=99808) get_store_location_class /opt/stack/data/venv/lib/python3.12/site-packages/glance_store/driver.py:134}}
Aug 16 23:41:54.902777 np0000007430 devstack@g-api.service[99808]: DEBUG glance_store.location [None req-02c44a6f-defe-418e-bbdd-8f336df38058 tempest-AttachVolumeShelveTestJSON-79237774 tempest-AttachVolumeShelveTestJSON-79237774-project-member] Registering scheme swift+https with {'store': , 'location_class': , 'store_entry': 'swift'} {{(pid=99808) register_scheme_map /opt/stack/data/venv/lib/python3.12/site-packages/glance_store/location.py:146}}
Aug 16 23:41:54.903082 np0000007430 devstack@g-api.service[99808]: DEBUG glance_store.location [None req-02c44a6f-defe-418e-bbdd-8f336df38058 tempest-AttachVolumeShelveTestJSON-79237774 tempest-AttachVolumeShelveTestJSON-79237774-project-member] Registering scheme swift+https with {'store': , 'location_class': , 'store_entry': 'swift'} {{(pid=99808) register_scheme_map /opt/stack/data/venv/lib/python3.12/site-packages/glance_store/location.py:146}}
Aug 16 23:41:54.903082 np0000007430 devstack@g-api.service[99808]: DEBUG glance_store.location [None req-02c44a6f-defe-418e-bbdd-8f336df38058 tempest-AttachVolumeShelveTestJSON-79237774 tempest-AttachVolumeShelveTestJSON-79237774-project-member] Registering scheme swift with {'store': , 'location_class': , 'store_entry': 'swift'} {{(pid=99808) register_scheme_map /opt/stack/data/venv/lib/python3.12/site-packages/glance_store/location.py:146}}
Aug 16 23:41:54.903226 np0000007430 devstack@g-api.service[99808]: DEBUG glance_store.location [None req-02c44a6f-defe-418e-bbdd-8f336df38058 tempest-AttachVolumeShelveTestJSON-79237774 tempest-AttachVolumeShelveTestJSON-79237774-project-member] Registering scheme swift+https with {'store': , 'location_class': , 'store_entry': 'swift'} {{(pid=99808) register_scheme_map /opt/stack/data/venv/lib/python3.12/site-packages/glance_store/location.py:146}}
Aug 16 23:41:54.903291 np0000007430 devstack@g-api.service[99808]: DEBUG glance_store.location [None req-02c44a6f-defe-418e-bbdd-8f336df38058 tempest-AttachVolumeShelveTestJSON-79237774 tempest-AttachVolumeShelveTestJSON-79237774-project-member] Registering scheme swift with {'store': , 'location_class': , 'store_entry': 'swift'} {{(pid=99808) register_scheme_map /opt/stack/data/venv/lib/python3.12/site-packages/glance_store/location.py:146}}
Aug 16 23:41:54.903495 np0000007430 devstack@g-api.service[99808]: DEBUG glance_store.location [None req-02c44a6f-defe-418e-bbdd-8f336df38058 tempest-AttachVolumeShelveTestJSON-79237774 tempest-AttachVolumeShelveTestJSON-79237774-project-member] Registering scheme swift+http with {'store': , 'location_class': , 'store_entry': 'swift'} {{(pid=99808) register_scheme_map /opt/stack/data/venv/lib/python3.12/site-packages/glance_store/location.py:146}}
Aug 16 23:41:54.903587 np0000007430 devstack@g-api.service[99808]: DEBUG glance_store.location [None req-02c44a6f-defe-418e-bbdd-8f336df38058 tempest-AttachVolumeShelveTestJSON-79237774 tempest-AttachVolumeShelveTestJSON-79237774-project-member] Registering scheme swift+https with {'store': , 'location_class': , 'store_entry': 'swift'} {{(pid=99808) register_scheme_map /opt/stack/data/venv/lib/python3.12/site-packages/glance_store/location.py:146}}
Aug 16 23:41:54.903697 np0000007430 devstack@g-api.service[99808]: DEBUG glance_store.location [None req-02c44a6f-defe-418e-bbdd-8f336df38058 tempest-AttachVolumeShelveTestJSON-79237774 tempest-AttachVolumeShelveTestJSON-79237774-project-member] Registering scheme swift with {'store': , 'location_class': , 'store_entry': 'swift'} {{(pid=99808) register_scheme_map /opt/stack/data/venv/lib/python3.12/site-packages/glance_store/location.py:146}}
Aug 16 23:41:54.903822 np0000007430 devstack@g-api.service[99808]: DEBUG glance_store.location [None req-02c44a6f-defe-418e-bbdd-8f336df38058 tempest-AttachVolumeShelveTestJSON-79237774 tempest-AttachVolumeShelveTestJSON-79237774-project-member] Registering scheme swift+http with {'store': , 'location_class': , 'store_entry': 'swift'} {{(pid=99808) register_scheme_map /opt/stack/data/venv/lib/python3.12/site-packages/glance_store/location.py:146}}
Aug 16 23:41:54.903900 np0000007430 devstack@g-api.service[99808]: DEBUG glance_store.location [None req-02c44a6f-defe-418e-bbdd-8f336df38058 tempest-AttachVolumeShelveTestJSON-79237774 tempest-AttachVolumeShelveTestJSON-79237774-project-member] Registering scheme swift+config with {'store': , 'location_class': , 'store_entry': 'swift'} {{(pid=99808) register_scheme_map /opt/stack/data/venv/lib/python3.12/site-packages/glance_store/location.py:146}}
Aug 16 23:41:54.904080 np0000007430 devstack@g-api.service[99808]: DEBUG glance_store.backend [None req-02c44a6f-defe-418e-bbdd-8f336df38058 tempest-AttachVolumeShelveTestJSON-79237774 tempest-AttachVolumeShelveTestJSON-79237774-project-member] Skipping store.set_acls... not implemented. {{(pid=99808) set_acls /opt/stack/data/venv/lib/python3.12/site-packages/glance_store/backend.py:507}}
Aug 16 23:41:54.907131 np0000007430 devstack@g-api.service[99808]: [pid: 99808|app: 0|req: 62/233] 127.0.0.1 () {46 vars in 1158 bytes} [Sun Aug 16 23:41:52 2026] PUT /v2/images/b7cc03ae-ee9d-4ea7-9b85-e00803eba398/file => generated 0 bytes in 2510 msecs (HTTP/1.1 204) 4 headers in 171 bytes (1 switches on core 0)
Aug 16 23:41:54.934988 np0000007430 devstack@g-api.service[99809]: DEBUG glance.api.middleware.version_negotiation [None req-2a1ecf0e-d705-44b1-9655-8e7293ccf835 tempest-ServerActionsV293TestJSON-1045167562 tempest-ServerActionsV293TestJSON-1045167562-project-member] Determining version of request: POST /v2/images Accept: */* {{(pid=99809) process_request /opt/stack/glance/glance/api/middleware/version_negotiation.py:44}}
Aug 16 23:41:54.936365 np0000007430 devstack@g-api.service[99809]: DEBUG glance.api.middleware.version_negotiation [None req-2a1ecf0e-d705-44b1-9655-8e7293ccf835 tempest-ServerActionsV293TestJSON-1045167562 tempest-ServerActionsV293TestJSON-1045167562-project-member] Using url versioning {{(pid=99809) process_request /opt/stack/glance/glance/api/middleware/version_negotiation.py:57}}
Aug 16 23:41:54.938108 np0000007430 devstack@g-api.service[99809]: DEBUG glance.api.middleware.version_negotiation [None req-2a1ecf0e-d705-44b1-9655-8e7293ccf835 tempest-ServerActionsV293TestJSON-1045167562 tempest-ServerActionsV293TestJSON-1045167562-project-member] Matched version: v2 {{(pid=99809) process_request /opt/stack/glance/glance/api/middleware/version_negotiation.py:69}}
Aug 16 23:41:54.938108 np0000007430 devstack@g-api.service[99809]: DEBUG glance.api.middleware.version_negotiation [None req-2a1ecf0e-d705-44b1-9655-8e7293ccf835 tempest-ServerActionsV293TestJSON-1045167562 tempest-ServerActionsV293TestJSON-1045167562-project-member] new path /v2/images {{(pid=99809) process_request /opt/stack/glance/glance/api/middleware/version_negotiation.py:70}}
Aug 16 23:41:54.971724 np0000007430 devstack@g-api.service[99807]: DEBUG glance.api.middleware.version_negotiation [None req-5ed185f3-1420-4fa9-8af5-53b573709204 tempest-ServerStableDeviceRescueTest-1980032543 tempest-ServerStableDeviceRescueTest-1980032543-project-member] Determining version of request: GET /v2/images/b7cc03ae-ee9d-4ea7-9b85-e00803eba398 Accept: */* {{(pid=99807) process_request /opt/stack/glance/glance/api/middleware/version_negotiation.py:44}}
Aug 16 23:41:54.971724 np0000007430 devstack@g-api.service[99807]: DEBUG glance.api.middleware.version_negotiation [None req-5ed185f3-1420-4fa9-8af5-53b573709204 tempest-ServerStableDeviceRescueTest-1980032543 tempest-ServerStableDeviceRescueTest-1980032543-project-member] Using url versioning {{(pid=99807) process_request /opt/stack/glance/glance/api/middleware/version_negotiation.py:57}}
Aug 16 23:41:54.971724 np0000007430 devstack@g-api.service[99807]: DEBUG glance.api.middleware.version_negotiation [None req-5ed185f3-1420-4fa9-8af5-53b573709204 tempest-ServerStableDeviceRescueTest-1980032543 tempest-ServerStableDeviceRescueTest-1980032543-project-member] Matched version: v2 {{(pid=99807) process_request /opt/stack/glance/glance/api/middleware/version_negotiation.py:69}}
Aug 16 23:41:54.971993 np0000007430 devstack@g-api.service[99807]: DEBUG glance.api.middleware.version_negotiation [None req-5ed185f3-1420-4fa9-8af5-53b573709204 tempest-ServerStableDeviceRescueTest-1980032543 tempest-ServerStableDeviceRescueTest-1980032543-project-member] new path /v2/images/b7cc03ae-ee9d-4ea7-9b85-e00803eba398 {{(pid=99807) process_request /opt/stack/glance/glance/api/middleware/version_negotiation.py:70}}
Aug 16 23:41:54.991959 np0000007430 devstack@g-api.service[99807]: [pid: 99807|app: 0|req: 86/234] 127.0.0.1 () {44 vars in 1115 bytes} [Sun Aug 16 23:41:54 2026] GET /v2/images/b7cc03ae-ee9d-4ea7-9b85-e00803eba398 => generated 1614 bytes in 21 msecs (HTTP/1.1 200) 4 headers in 158 bytes (1 switches on core 0)
Aug 16 23:41:55.039952 np0000007430 devstack@g-api.service[99808]: DEBUG glance.api.middleware.version_negotiation [None req-02c44a6f-defe-418e-bbdd-8f336df38058 tempest-AttachVolumeShelveTestJSON-79237774 tempest-AttachVolumeShelveTestJSON-79237774-project-member] Determining version of request: GET /v2/schemas/image Accept: */* {{(pid=99808) process_request /opt/stack/glance/glance/api/middleware/version_negotiation.py:44}}
Aug 16 23:41:55.040133 np0000007430 devstack@g-api.service[99808]: DEBUG glance.api.middleware.version_negotiation [None req-02c44a6f-defe-418e-bbdd-8f336df38058 tempest-AttachVolumeShelveTestJSON-79237774 tempest-AttachVolumeShelveTestJSON-79237774-project-member] Using url versioning {{(pid=99808) process_request /opt/stack/glance/glance/api/middleware/version_negotiation.py:57}}
Aug 16 23:41:55.041098 np0000007430 devstack@g-api.service[99808]: DEBUG glance.api.middleware.version_negotiation [None req-02c44a6f-defe-418e-bbdd-8f336df38058 tempest-AttachVolumeShelveTestJSON-79237774 tempest-AttachVolumeShelveTestJSON-79237774-project-member] Matched version: v2 {{(pid=99808) process_request /opt/stack/glance/glance/api/middleware/version_negotiation.py:69}}
Aug 16 23:41:55.041098 np0000007430 devstack@g-api.service[99808]: DEBUG glance.api.middleware.version_negotiation [None req-02c44a6f-defe-418e-bbdd-8f336df38058 tempest-AttachVolumeShelveTestJSON-79237774 tempest-AttachVolumeShelveTestJSON-79237774-project-member] new path /v2/schemas/image {{(pid=99808) process_request /opt/stack/glance/glance/api/middleware/version_negotiation.py:70}}
Aug 16 23:41:55.044623 np0000007430 devstack@g-api.service[99808]: [pid: 99808|app: 0|req: 63/235] 127.0.0.1 () {44 vars in 1055 bytes} [Sun Aug 16 23:41:55 2026] GET /v2/schemas/image => generated 6083 bytes in 5 msecs (HTTP/1.1 200) 4 headers in 158 bytes (1 switches on core 0)
Aug 16 23:41:55.607078 np0000007430 devstack@g-api.service[99809]: [pid: 99809|app: 0|req: 87/236] 127.0.0.1 () {46 vars in 1055 bytes} [Sun Aug 16 23:41:54 2026] POST /v2/images => generated 1336 bytes in 673 msecs (HTTP/1.1 201) 6 headers in 316 bytes (1 switches on core 0)
Aug 16 23:41:55.667473 np0000007430 devstack@g-api.service[99807]: DEBUG glance.api.middleware.version_negotiation [None req-02c44a6f-defe-418e-bbdd-8f336df38058 tempest-AttachVolumeShelveTestJSON-79237774 tempest-AttachVolumeShelveTestJSON-79237774-project-member] Determining version of request: GET /v2/images/a8695408-3b05-4c9d-89e4-0a0a38bab637 Accept: */* {{(pid=99807) process_request /opt/stack/glance/glance/api/middleware/version_negotiation.py:44}}
Aug 16 23:41:55.667671 np0000007430 devstack@g-api.service[99807]: DEBUG glance.api.middleware.version_negotiation [None req-02c44a6f-defe-418e-bbdd-8f336df38058 tempest-AttachVolumeShelveTestJSON-79237774 tempest-AttachVolumeShelveTestJSON-79237774-project-member] Using url versioning {{(pid=99807) process_request /opt/stack/glance/glance/api/middleware/version_negotiation.py:57}}
Aug 16 23:41:55.668138 np0000007430 devstack@g-api.service[99807]: DEBUG glance.api.middleware.version_negotiation [None req-02c44a6f-defe-418e-bbdd-8f336df38058 tempest-AttachVolumeShelveTestJSON-79237774 tempest-AttachVolumeShelveTestJSON-79237774-project-member] Matched version: v2 {{(pid=99807) process_request /opt/stack/glance/glance/api/middleware/version_negotiation.py:69}}
Aug 16 23:41:55.668138 np0000007430 devstack@g-api.service[99807]: DEBUG glance.api.middleware.version_negotiation [None req-02c44a6f-defe-418e-bbdd-8f336df38058 tempest-AttachVolumeShelveTestJSON-79237774 tempest-AttachVolumeShelveTestJSON-79237774-project-member] new path /v2/images/a8695408-3b05-4c9d-89e4-0a0a38bab637 {{(pid=99807) process_request /opt/stack/glance/glance/api/middleware/version_negotiation.py:70}}
Aug 16 23:41:55.695319 np0000007430 devstack@g-api.service[99807]: [pid: 99807|app: 0|req: 87/237] 127.0.0.1 () {44 vars in 1115 bytes} [Sun Aug 16 23:41:55 2026] GET /v2/images/a8695408-3b05-4c9d-89e4-0a0a38bab637 => generated 1044 bytes in 28 msecs (HTTP/1.1 200) 4 headers in 158 bytes (1 switches on core 0)
Aug 16 23:41:55.755761 np0000007430 devstack@g-api.service[99808]: DEBUG glance.api.middleware.version_negotiation [None req-02c44a6f-defe-418e-bbdd-8f336df38058 tempest-AttachVolumeShelveTestJSON-79237774 tempest-AttachVolumeShelveTestJSON-79237774-project-member] Determining version of request: GET /v2/images/7adc3309-1858-4382-9736-bd0ad1deb518 Accept: */* {{(pid=99808) process_request /opt/stack/glance/glance/api/middleware/version_negotiation.py:44}}
Aug 16 23:41:55.755968 np0000007430 devstack@g-api.service[99808]: DEBUG glance.api.middleware.version_negotiation [None req-02c44a6f-defe-418e-bbdd-8f336df38058 tempest-AttachVolumeShelveTestJSON-79237774 tempest-AttachVolumeShelveTestJSON-79237774-project-member] Using url versioning {{(pid=99808) process_request /opt/stack/glance/glance/api/middleware/version_negotiation.py:57}}
Aug 16 23:41:55.756690 np0000007430 devstack@g-api.service[99808]: DEBUG glance.api.middleware.version_negotiation [None req-02c44a6f-defe-418e-bbdd-8f336df38058 tempest-AttachVolumeShelveTestJSON-79237774 tempest-AttachVolumeShelveTestJSON-79237774-project-member] Matched version: v2 {{(pid=99808) process_request /opt/stack/glance/glance/api/middleware/version_negotiation.py:69}}
Aug 16 23:41:55.756690 np0000007430 devstack@g-api.service[99808]: DEBUG glance.api.middleware.version_negotiation [None req-02c44a6f-defe-418e-bbdd-8f336df38058 tempest-AttachVolumeShelveTestJSON-79237774 tempest-AttachVolumeShelveTestJSON-79237774-project-member] new path /v2/images/7adc3309-1858-4382-9736-bd0ad1deb518 {{(pid=99808) process_request /opt/stack/glance/glance/api/middleware/version_negotiation.py:70}}
Aug 16 23:41:55.756875 np0000007430 devstack@g-api.service[99809]: DEBUG glance.api.middleware.version_negotiation [None req-5ed185f3-1420-4fa9-8af5-53b573709204 tempest-ServerStableDeviceRescueTest-1980032543 tempest-ServerStableDeviceRescueTest-1980032543-project-member] Determining version of request: GET /v2/schemas/image Accept: */* {{(pid=99809) process_request /opt/stack/glance/glance/api/middleware/version_negotiation.py:44}}
Aug 16 23:41:55.757647 np0000007430 devstack@g-api.service[99809]: DEBUG glance.api.middleware.version_negotiation [None req-5ed185f3-1420-4fa9-8af5-53b573709204 tempest-ServerStableDeviceRescueTest-1980032543 tempest-ServerStableDeviceRescueTest-1980032543-project-member] Using url versioning {{(pid=99809) process_request /opt/stack/glance/glance/api/middleware/version_negotiation.py:57}}
Aug 16 23:41:55.757647 np0000007430 devstack@g-api.service[99809]: DEBUG glance.api.middleware.version_negotiation [None req-5ed185f3-1420-4fa9-8af5-53b573709204 tempest-ServerStableDeviceRescueTest-1980032543 tempest-ServerStableDeviceRescueTest-1980032543-project-member] Matched version: v2 {{(pid=99809) process_request /opt/stack/glance/glance/api/middleware/version_negotiation.py:69}}
Aug 16 23:41:55.757647 np0000007430 devstack@g-api.service[99809]: DEBUG glance.api.middleware.version_negotiation [None req-5ed185f3-1420-4fa9-8af5-53b573709204 tempest-ServerStableDeviceRescueTest-1980032543 tempest-ServerStableDeviceRescueTest-1980032543-project-member] new path /v2/schemas/image {{(pid=99809) process_request /opt/stack/glance/glance/api/middleware/version_negotiation.py:70}}
Aug 16 23:41:55.764225 np0000007430 devstack@g-api.service[99809]: [pid: 99809|app: 0|req: 88/238] 127.0.0.1 () {44 vars in 1055 bytes} [Sun Aug 16 23:41:55 2026] GET /v2/schemas/image => generated 6083 bytes in 8 msecs (HTTP/1.1 200) 4 headers in 158 bytes (1 switches on core 0)
Aug 16 23:41:55.771228 np0000007430 devstack@g-api.service[99808]: [pid: 99808|app: 0|req: 64/239] 127.0.0.1 () {44 vars in 1115 bytes} [Sun Aug 16 23:41:55 2026] GET /v2/images/7adc3309-1858-4382-9736-bd0ad1deb518 => generated 1336 bytes in 15 msecs (HTTP/1.1 200) 4 headers in 158 bytes (1 switches on core 0)
Aug 16 23:41:55.813610 np0000007430 devstack@g-api.service[99807]: DEBUG glance.api.middleware.version_negotiation [None req-ea125812-d1b4-49bb-9f11-050e7582cbb7 tempest-ServerActionsTestOtherA-919063423 tempest-ServerActionsTestOtherA-919063423-project-member] Determining version of request: GET /v2/schemas/image Accept: */* {{(pid=99807) process_request /opt/stack/glance/glance/api/middleware/version_negotiation.py:44}}
Aug 16 23:41:55.814803 np0000007430 devstack@g-api.service[99807]: DEBUG glance.api.middleware.version_negotiation [None req-ea125812-d1b4-49bb-9f11-050e7582cbb7 tempest-ServerActionsTestOtherA-919063423 tempest-ServerActionsTestOtherA-919063423-project-member] Using url versioning {{(pid=99807) process_request /opt/stack/glance/glance/api/middleware/version_negotiation.py:57}}
Aug 16 23:41:55.816636 np0000007430 devstack@g-api.service[99807]: DEBUG glance.api.middleware.version_negotiation [None req-ea125812-d1b4-49bb-9f11-050e7582cbb7 tempest-ServerActionsTestOtherA-919063423 tempest-ServerActionsTestOtherA-919063423-project-member] Matched version: v2 {{(pid=99807) process_request /opt/stack/glance/glance/api/middleware/version_negotiation.py:69}}
Aug 16 23:41:55.817323 np0000007430 devstack@g-api.service[99807]: DEBUG glance.api.middleware.version_negotiation [None req-ea125812-d1b4-49bb-9f11-050e7582cbb7 tempest-ServerActionsTestOtherA-919063423 tempest-ServerActionsTestOtherA-919063423-project-member] new path /v2/schemas/image {{(pid=99807) process_request /opt/stack/glance/glance/api/middleware/version_negotiation.py:70}}
Aug 16 23:41:55.825749 np0000007430 devstack@g-api.service[99807]: [pid: 99807|app: 0|req: 88/240] 127.0.0.1 () {44 vars in 1055 bytes} [Sun Aug 16 23:41:55 2026] GET /v2/schemas/image => generated 6083 bytes in 13 msecs (HTTP/1.1 200) 4 headers in 158 bytes (1 switches on core 0)
Aug 16 23:41:55.949265 np0000007430 devstack@g-api.service[99809]: DEBUG glance.api.middleware.version_negotiation [None req-ea125812-d1b4-49bb-9f11-050e7582cbb7 tempest-ServerActionsTestOtherA-919063423 tempest-ServerActionsTestOtherA-919063423-project-member] Determining version of request: GET /v2/images/7adc3309-1858-4382-9736-bd0ad1deb518 Accept: */* {{(pid=99809) process_request /opt/stack/glance/glance/api/middleware/version_negotiation.py:44}}
Aug 16 23:41:55.949779 np0000007430 devstack@g-api.service[99809]: DEBUG glance.api.middleware.version_negotiation [None req-ea125812-d1b4-49bb-9f11-050e7582cbb7 tempest-ServerActionsTestOtherA-919063423 tempest-ServerActionsTestOtherA-919063423-project-member] Using url versioning {{(pid=99809) process_request /opt/stack/glance/glance/api/middleware/version_negotiation.py:57}}
Aug 16 23:41:55.950557 np0000007430 devstack@g-api.service[99809]: DEBUG glance.api.middleware.version_negotiation [None req-ea125812-d1b4-49bb-9f11-050e7582cbb7 tempest-ServerActionsTestOtherA-919063423 tempest-ServerActionsTestOtherA-919063423-project-member] Matched version: v2 {{(pid=99809) process_request /opt/stack/glance/glance/api/middleware/version_negotiation.py:69}}
Aug 16 23:41:55.950777 np0000007430 devstack@g-api.service[99809]: DEBUG glance.api.middleware.version_negotiation [None req-ea125812-d1b4-49bb-9f11-050e7582cbb7 tempest-ServerActionsTestOtherA-919063423 tempest-ServerActionsTestOtherA-919063423-project-member] new path /v2/images/7adc3309-1858-4382-9736-bd0ad1deb518 {{(pid=99809) process_request /opt/stack/glance/glance/api/middleware/version_negotiation.py:70}}
Aug 16 23:41:55.970377 np0000007430 devstack@g-api.service[99809]: [pid: 99809|app: 0|req: 89/241] 127.0.0.1 () {44 vars in 1115 bytes} [Sun Aug 16 23:41:55 2026] GET /v2/images/7adc3309-1858-4382-9736-bd0ad1deb518 => generated 1336 bytes in 21 msecs (HTTP/1.1 200) 4 headers in 158 bytes (1 switches on core 0)
Aug 16 23:41:56.028174 np0000007430 devstack@g-api.service[99808]: DEBUG glance.api.middleware.version_negotiation [None req-82bda90e-0400-4a74-81ad-de69e14920e3 tempest-ServerStableDeviceRescueTest-1980032543 tempest-ServerStableDeviceRescueTest-1980032543-project-member] Determining version of request: GET /v2/schemas/image Accept: */* {{(pid=99808) process_request /opt/stack/glance/glance/api/middleware/version_negotiation.py:44}}
Aug 16 23:41:56.028915 np0000007430 devstack@g-api.service[99808]: DEBUG glance.api.middleware.version_negotiation [None req-82bda90e-0400-4a74-81ad-de69e14920e3 tempest-ServerStableDeviceRescueTest-1980032543 tempest-ServerStableDeviceRescueTest-1980032543-project-member] Using url versioning {{(pid=99808) process_request /opt/stack/glance/glance/api/middleware/version_negotiation.py:57}}
Aug 16 23:41:56.028915 np0000007430 devstack@g-api.service[99808]: DEBUG glance.api.middleware.version_negotiation [None req-82bda90e-0400-4a74-81ad-de69e14920e3 tempest-ServerStableDeviceRescueTest-1980032543 tempest-ServerStableDeviceRescueTest-1980032543-project-member] Matched version: v2 {{(pid=99808) process_request /opt/stack/glance/glance/api/middleware/version_negotiation.py:69}}
Aug 16 23:41:56.028915 np0000007430 devstack@g-api.service[99808]: DEBUG glance.api.middleware.version_negotiation [None req-82bda90e-0400-4a74-81ad-de69e14920e3 tempest-ServerStableDeviceRescueTest-1980032543 tempest-ServerStableDeviceRescueTest-1980032543-project-member] new path /v2/schemas/image {{(pid=99808) process_request /opt/stack/glance/glance/api/middleware/version_negotiation.py:70}}
Aug 16 23:41:56.032128 np0000007430 devstack@g-api.service[99808]: [pid: 99808|app: 0|req: 65/242] 127.0.0.1 () {44 vars in 1055 bytes} [Sun Aug 16 23:41:56 2026] GET /v2/schemas/image => generated 6083 bytes in 4 msecs (HTTP/1.1 200) 4 headers in 158 bytes (1 switches on core 0)
Aug 16 23:41:56.204917 np0000007430 devstack@g-api.service[99807]: DEBUG glance.api.middleware.version_negotiation [None req-82bda90e-0400-4a74-81ad-de69e14920e3 tempest-ServerStableDeviceRescueTest-1980032543 tempest-ServerStableDeviceRescueTest-1980032543-project-member] Determining version of request: GET /v2/images/a8695408-3b05-4c9d-89e4-0a0a38bab637 Accept: */* {{(pid=99807) process_request /opt/stack/glance/glance/api/middleware/version_negotiation.py:44}}
