Aug 16 23:36:37.190091 np0000007430 nova-scheduler[93512]: DEBUG cotyledon.oslo_config_glue [-] oslo_messaging_rabbit.rabbit_qos_prefetch_count = 0 {{(pid=93512) log_opt_values /opt/stack/data/venv/lib/python3.12/site-packages/oslo_config/cfg.py:3560}}
Aug 16 23:36:37.190091 np0000007430 nova-scheduler[93512]: DEBUG cotyledon.oslo_config_glue [-] oslo_messaging_rabbit.rabbit_quorum_delivery_limit = 0 {{(pid=93512) log_opt_values /opt/stack/data/venv/lib/python3.12/site-packages/oslo_config/cfg.py:3560}}
Aug 16 23:36:37.190091 np0000007430 nova-scheduler[93512]: DEBUG cotyledon.oslo_config_glue [-] oslo_messaging_rabbit.rabbit_quorum_max_memory_bytes = 0 {{(pid=93512) log_opt_values /opt/stack/data/venv/lib/python3.12/site-packages/oslo_config/cfg.py:3560}}
Aug 16 23:36:37.190091 np0000007430 nova-scheduler[93512]: DEBUG cotyledon.oslo_config_glue [-] oslo_messaging_rabbit.rabbit_quorum_max_memory_length = 0 {{(pid=93512) log_opt_values /opt/stack/data/venv/lib/python3.12/site-packages/oslo_config/cfg.py:3560}}
Aug 16 23:36:37.190091 np0000007430 nova-scheduler[93512]: DEBUG cotyledon.oslo_config_glue [-] oslo_messaging_rabbit.rabbit_quorum_queue = False {{(pid=93512) log_opt_values /opt/stack/data/venv/lib/python3.12/site-packages/oslo_config/cfg.py:3560}}
Aug 16 23:36:37.190091 np0000007430 nova-scheduler[93512]: DEBUG cotyledon.oslo_config_glue [-] oslo_messaging_rabbit.rabbit_retry_backoff = 2 {{(pid=93512) log_opt_values /opt/stack/data/venv/lib/python3.12/site-packages/oslo_config/cfg.py:3560}}
Aug 16 23:36:37.190091 np0000007430 nova-scheduler[93512]: DEBUG cotyledon.oslo_config_glue [-] oslo_messaging_rabbit.rabbit_retry_interval = 1 {{(pid=93512) log_opt_values /opt/stack/data/venv/lib/python3.12/site-packages/oslo_config/cfg.py:3560}}
Aug 16 23:36:37.190091 np0000007430 nova-scheduler[93512]: DEBUG cotyledon.oslo_config_glue [-] oslo_messaging_rabbit.rabbit_stream_fanout = False {{(pid=93512) log_opt_values /opt/stack/data/venv/lib/python3.12/site-packages/oslo_config/cfg.py:3560}}
Aug 16 23:36:37.190303 np0000007430 nova-scheduler[93512]: DEBUG cotyledon.oslo_config_glue [-] oslo_messaging_rabbit.rabbit_transient_queues_ttl = 1800 {{(pid=93512) log_opt_values /opt/stack/data/venv/lib/python3.12/site-packages/oslo_config/cfg.py:3560}}
Aug 16 23:36:37.190303 np0000007430 nova-scheduler[93512]: DEBUG cotyledon.oslo_config_glue [-] oslo_messaging_rabbit.rabbit_transient_quorum_queue = False {{(pid=93512) log_opt_values /opt/stack/data/venv/lib/python3.12/site-packages/oslo_config/cfg.py:3560}}
Aug 16 23:36:37.190303 np0000007430 nova-scheduler[93512]: DEBUG cotyledon.oslo_config_glue [-] oslo_messaging_rabbit.rpc_conn_pool_size = 30 {{(pid=93512) log_opt_values /opt/stack/data/venv/lib/python3.12/site-packages/oslo_config/cfg.py:3560}}
Aug 16 23:36:37.190303 np0000007430 nova-scheduler[93512]: DEBUG cotyledon.oslo_config_glue [-] oslo_messaging_rabbit.ssl = False {{(pid=93512) log_opt_values /opt/stack/data/venv/lib/python3.12/site-packages/oslo_config/cfg.py:3560}}
Aug 16 23:36:37.190303 np0000007430 nova-scheduler[93512]: DEBUG cotyledon.oslo_config_glue [-] oslo_messaging_rabbit.ssl_ca_file = {{(pid=93512) log_opt_values /opt/stack/data/venv/lib/python3.12/site-packages/oslo_config/cfg.py:3560}}
Aug 16 23:36:37.190303 np0000007430 nova-scheduler[93512]: DEBUG cotyledon.oslo_config_glue [-] oslo_messaging_rabbit.ssl_cert_file = {{(pid=93512) log_opt_values /opt/stack/data/venv/lib/python3.12/site-packages/oslo_config/cfg.py:3560}}
Aug 16 23:36:37.190303 np0000007430 nova-scheduler[93512]: DEBUG cotyledon.oslo_config_glue [-] oslo_messaging_rabbit.ssl_enforce_fips_mode = False {{(pid=93512) log_opt_values /opt/stack/data/venv/lib/python3.12/site-packages/oslo_config/cfg.py:3560}}
Aug 16 23:36:37.190303 np0000007430 nova-scheduler[93512]: DEBUG cotyledon.oslo_config_glue [-] oslo_messaging_rabbit.ssl_enforce_hostname_verification = True {{(pid=93512) log_opt_values /opt/stack/data/venv/lib/python3.12/site-packages/oslo_config/cfg.py:3560}}
Aug 16 23:36:37.190303 np0000007430 nova-scheduler[93512]: DEBUG cotyledon.oslo_config_glue [-] oslo_messaging_rabbit.ssl_key_file = {{(pid=93512) log_opt_values /opt/stack/data/venv/lib/python3.12/site-packages/oslo_config/cfg.py:3560}}
Aug 16 23:36:37.190581 np0000007430 nova-scheduler[93512]: DEBUG cotyledon.oslo_config_glue [-] oslo_messaging_rabbit.ssl_version = {{(pid=93512) log_opt_values /opt/stack/data/venv/lib/python3.12/site-packages/oslo_config/cfg.py:3560}}
Aug 16 23:36:37.190581 np0000007430 nova-scheduler[93512]: DEBUG cotyledon.oslo_config_glue [-] oslo_messaging_rabbit.use_queue_manager = False {{(pid=93512) log_opt_values /opt/stack/data/venv/lib/python3.12/site-packages/oslo_config/cfg.py:3560}}
Aug 16 23:36:37.190581 np0000007430 nova-scheduler[93512]: DEBUG cotyledon.oslo_config_glue [-] oslo_messaging_notifications.driver = ['messagingv2'] {{(pid=93512) log_opt_values /opt/stack/data/venv/lib/python3.12/site-packages/oslo_config/cfg.py:3560}}
Aug 16 23:36:37.190581 np0000007430 nova-scheduler[93512]: DEBUG cotyledon.oslo_config_glue [-] oslo_messaging_notifications.retry = -1 {{(pid=93512) log_opt_values /opt/stack/data/venv/lib/python3.12/site-packages/oslo_config/cfg.py:3560}}
Aug 16 23:36:37.190581 np0000007430 nova-scheduler[93512]: DEBUG cotyledon.oslo_config_glue [-] oslo_messaging_notifications.topics = ['notifications'] {{(pid=93512) log_opt_values /opt/stack/data/venv/lib/python3.12/site-packages/oslo_config/cfg.py:3560}}
Aug 16 23:36:37.190581 np0000007430 nova-scheduler[93512]: DEBUG cotyledon.oslo_config_glue [-] oslo_messaging_notifications.transport_url = **** {{(pid=93512) log_opt_values /opt/stack/data/venv/lib/python3.12/site-packages/oslo_config/cfg.py:3560}}
Aug 16 23:36:37.190581 np0000007430 nova-scheduler[93512]: DEBUG cotyledon.oslo_config_glue [-] oslo_limit.auth_section = None {{(pid=93512) log_opt_values /opt/stack/data/venv/lib/python3.12/site-packages/oslo_config/cfg.py:3560}}
Aug 16 23:36:37.190581 np0000007430 nova-scheduler[93512]: DEBUG cotyledon.oslo_config_glue [-] oslo_limit.auth_type = None {{(pid=93512) log_opt_values /opt/stack/data/venv/lib/python3.12/site-packages/oslo_config/cfg.py:3560}}
Aug 16 23:36:37.190581 np0000007430 nova-scheduler[93512]: DEBUG cotyledon.oslo_config_glue [-] oslo_limit.cafile = None {{(pid=93512) log_opt_values /opt/stack/data/venv/lib/python3.12/site-packages/oslo_config/cfg.py:3560}}
Aug 16 23:36:37.190900 np0000007430 nova-scheduler[93512]: DEBUG cotyledon.oslo_config_glue [-] oslo_limit.certfile = None {{(pid=93512) log_opt_values /opt/stack/data/venv/lib/python3.12/site-packages/oslo_config/cfg.py:3560}}
Aug 16 23:36:37.190900 np0000007430 nova-scheduler[93512]: DEBUG cotyledon.oslo_config_glue [-] oslo_limit.collect_timing = False {{(pid=93512) log_opt_values /opt/stack/data/venv/lib/python3.12/site-packages/oslo_config/cfg.py:3560}}
Aug 16 23:36:37.190900 np0000007430 nova-scheduler[93512]: DEBUG cotyledon.oslo_config_glue [-] oslo_limit.connect_retries = None {{(pid=93512) log_opt_values /opt/stack/data/venv/lib/python3.12/site-packages/oslo_config/cfg.py:3560}}
Aug 16 23:36:37.190900 np0000007430 nova-scheduler[93512]: DEBUG cotyledon.oslo_config_glue [-] oslo_limit.connect_retry_delay = None {{(pid=93512) log_opt_values /opt/stack/data/venv/lib/python3.12/site-packages/oslo_config/cfg.py:3560}}
Aug 16 23:36:37.190900 np0000007430 nova-scheduler[93512]: DEBUG cotyledon.oslo_config_glue [-] oslo_limit.endpoint_id = None {{(pid=93512) log_opt_values /opt/stack/data/venv/lib/python3.12/site-packages/oslo_config/cfg.py:3560}}
Aug 16 23:36:37.190900 np0000007430 nova-scheduler[93512]: DEBUG cotyledon.oslo_config_glue [-] oslo_limit.endpoint_interface = public {{(pid=93512) log_opt_values /opt/stack/data/venv/lib/python3.12/site-packages/oslo_config/cfg.py:3560}}
Aug 16 23:36:37.190900 np0000007430 nova-scheduler[93512]: DEBUG cotyledon.oslo_config_glue [-] oslo_limit.endpoint_override = None {{(pid=93512) log_opt_values /opt/stack/data/venv/lib/python3.12/site-packages/oslo_config/cfg.py:3560}}
Aug 16 23:36:37.190900 np0000007430 nova-scheduler[93512]: DEBUG cotyledon.oslo_config_glue [-] oslo_limit.endpoint_region_name = None {{(pid=93512) log_opt_values /opt/stack/data/venv/lib/python3.12/site-packages/oslo_config/cfg.py:3560}}
Aug 16 23:36:37.190900 np0000007430 nova-scheduler[93512]: DEBUG cotyledon.oslo_config_glue [-] oslo_limit.endpoint_service_name = None {{(pid=93512) log_opt_values /opt/stack/data/venv/lib/python3.12/site-packages/oslo_config/cfg.py:3560}}
Aug 16 23:36:37.191191 np0000007430 nova-scheduler[93512]: DEBUG cotyledon.oslo_config_glue [-] oslo_limit.endpoint_service_type = None {{(pid=93512) log_opt_values /opt/stack/data/venv/lib/python3.12/site-packages/oslo_config/cfg.py:3560}}
Aug 16 23:36:37.191191 np0000007430 nova-scheduler[93512]: DEBUG cotyledon.oslo_config_glue [-] oslo_limit.insecure = False {{(pid=93512) log_opt_values /opt/stack/data/venv/lib/python3.12/site-packages/oslo_config/cfg.py:3560}}
Aug 16 23:36:37.191191 np0000007430 nova-scheduler[93512]: DEBUG cotyledon.oslo_config_glue [-] oslo_limit.keyfile = None {{(pid=93512) log_opt_values /opt/stack/data/venv/lib/python3.12/site-packages/oslo_config/cfg.py:3560}}
Aug 16 23:36:37.191191 np0000007430 nova-scheduler[93512]: DEBUG cotyledon.oslo_config_glue [-] oslo_limit.max_version = None {{(pid=93512) log_opt_values /opt/stack/data/venv/lib/python3.12/site-packages/oslo_config/cfg.py:3560}}
Aug 16 23:36:37.191191 np0000007430 nova-scheduler[93512]: DEBUG cotyledon.oslo_config_glue [-] oslo_limit.min_version = None {{(pid=93512) log_opt_values /opt/stack/data/venv/lib/python3.12/site-packages/oslo_config/cfg.py:3560}}
Aug 16 23:36:37.191191 np0000007430 nova-scheduler[93512]: DEBUG cotyledon.oslo_config_glue [-] oslo_limit.region_name = None {{(pid=93512) log_opt_values /opt/stack/data/venv/lib/python3.12/site-packages/oslo_config/cfg.py:3560}}
Aug 16 23:36:37.191191 np0000007430 nova-scheduler[93512]: DEBUG cotyledon.oslo_config_glue [-] oslo_limit.retriable_status_codes = None {{(pid=93512) log_opt_values /opt/stack/data/venv/lib/python3.12/site-packages/oslo_config/cfg.py:3560}}
Aug 16 23:36:37.191191 np0000007430 nova-scheduler[93512]: DEBUG cotyledon.oslo_config_glue [-] oslo_limit.service_name = None {{(pid=93512) log_opt_values /opt/stack/data/venv/lib/python3.12/site-packages/oslo_config/cfg.py:3560}}
Aug 16 23:36:37.191191 np0000007430 nova-scheduler[93512]: DEBUG cotyledon.oslo_config_glue [-] oslo_limit.service_type = None {{(pid=93512) log_opt_values /opt/stack/data/venv/lib/python3.12/site-packages/oslo_config/cfg.py:3560}}
Aug 16 23:36:37.191420 np0000007430 nova-scheduler[93512]: DEBUG cotyledon.oslo_config_glue [-] oslo_limit.split_loggers = False {{(pid=93512) log_opt_values /opt/stack/data/venv/lib/python3.12/site-packages/oslo_config/cfg.py:3560}}
Aug 16 23:36:37.191420 np0000007430 nova-scheduler[93512]: DEBUG cotyledon.oslo_config_glue [-] oslo_limit.status_code_retries = None {{(pid=93512) log_opt_values /opt/stack/data/venv/lib/python3.12/site-packages/oslo_config/cfg.py:3560}}
Aug 16 23:36:37.191483 np0000007430 nova-scheduler[93510]: INFO dbcounter [None req-8cd97268-afca-42ff-86b1-5f6bb916cc76 None None] Registered counter for database nova_cell0
Aug 16 23:36:37.191516 np0000007430 nova-scheduler[93512]: DEBUG cotyledon.oslo_config_glue [-] oslo_limit.status_code_retry_delay = None {{(pid=93512) log_opt_values /opt/stack/data/venv/lib/python3.12/site-packages/oslo_config/cfg.py:3560}}
Aug 16 23:36:37.191516 np0000007430 nova-scheduler[93512]: DEBUG cotyledon.oslo_config_glue [-] oslo_limit.timeout = None {{(pid=93512) log_opt_values /opt/stack/data/venv/lib/python3.12/site-packages/oslo_config/cfg.py:3560}}
Aug 16 23:36:37.191516 np0000007430 nova-scheduler[93512]: DEBUG cotyledon.oslo_config_glue [-] oslo_limit.valid_interfaces = None {{(pid=93512) log_opt_values /opt/stack/data/venv/lib/python3.12/site-packages/oslo_config/cfg.py:3560}}
Aug 16 23:36:37.191516 np0000007430 nova-scheduler[93512]: DEBUG cotyledon.oslo_config_glue [-] oslo_limit.version = None {{(pid=93512) log_opt_values /opt/stack/data/venv/lib/python3.12/site-packages/oslo_config/cfg.py:3560}}
Aug 16 23:36:37.191516 np0000007430 nova-scheduler[93512]: DEBUG cotyledon.oslo_config_glue [-] oslo_reports.file_event_handler = None {{(pid=93512) log_opt_values /opt/stack/data/venv/lib/python3.12/site-packages/oslo_config/cfg.py:3560}}
Aug 16 23:36:37.191516 np0000007430 nova-scheduler[93512]: DEBUG cotyledon.oslo_config_glue [-] oslo_reports.file_event_handler_interval = 1 {{(pid=93512) log_opt_values /opt/stack/data/venv/lib/python3.12/site-packages/oslo_config/cfg.py:3560}}
Aug 16 23:36:37.191516 np0000007430 nova-scheduler[93512]: DEBUG cotyledon.oslo_config_glue [-] oslo_reports.log_dir = None {{(pid=93512) log_opt_values /opt/stack/data/venv/lib/python3.12/site-packages/oslo_config/cfg.py:3560}}
Aug 16 23:36:37.191516 np0000007430 nova-scheduler[93512]: DEBUG cotyledon.oslo_config_glue [-] ******************************************************************************** {{(pid=93512) log_opt_values /opt/stack/data/venv/lib/python3.12/site-packages/oslo_config/cfg.py:3567}}
Aug 16 23:36:37.191516 np0000007430 nova-scheduler[93512]: DEBUG cotyledon._service_worker [-] Run service ServiceWrapper(2) [93512] {{(pid=93512) wait_forever /opt/stack/data/venv/lib/python3.12/site-packages/cotyledon/_service_worker.py:218}}
Aug 16 23:36:37.191772 np0000007430 nova-scheduler[93512]: INFO nova.service [-] Starting scheduler node (version 33.1.0)
Aug 16 23:36:37.191802 np0000007430 nova-scheduler[93508]: DEBUG dbcounter [-] [93508] Writer thread running {{(pid=93508) stat_writer /opt/stack/data/venv/lib/python3.12/site-packages/dbcounter.py:102}}
Aug 16 23:36:37.191842 np0000007430 nova-scheduler[93512]: INFO dbcounter [None req-b636b0e9-ab71-40a1-99a6-547e9c829786 None None] Registered counter for database nova_cell0
Aug 16 23:36:37.191873 np0000007430 nova-scheduler[93508]: DEBUG nova.service [None req-3eb055f2-3d78-4f6f-b5a9-9422d6f6297c None None] Creating RPC server for service: nova-scheduler on topic: scheduler {{(pid=93508) start /opt/stack/nova/nova/service.py:262}}
Aug 16 23:36:37.203848 np0000007430 nova-scheduler[93510]: DEBUG oslo_db.sqlalchemy.engines [None req-8cd97268-afca-42ff-86b1-5f6bb916cc76 None None] MySQL server mode set to STRICT_TRANS_TABLES,STRICT_ALL_TABLES,NO_ZERO_IN_DATE,NO_ZERO_DATE,ERROR_FOR_DIVISION_BY_ZERO,TRADITIONAL,NO_ENGINE_SUBSTITUTION {{(pid=93510) _check_effective_sql_mode /opt/stack/data/venv/lib/python3.12/site-packages/oslo_db/sqlalchemy/engines.py:325}}
Aug 16 23:36:37.209553 np0000007430 nova-scheduler[93512]: DEBUG oslo_db.sqlalchemy.engines [None req-b636b0e9-ab71-40a1-99a6-547e9c829786 None None] MySQL server mode set to STRICT_TRANS_TABLES,STRICT_ALL_TABLES,NO_ZERO_IN_DATE,NO_ZERO_DATE,ERROR_FOR_DIVISION_BY_ZERO,TRADITIONAL,NO_ENGINE_SUBSTITUTION {{(pid=93512) _check_effective_sql_mode /opt/stack/data/venv/lib/python3.12/site-packages/oslo_db/sqlalchemy/engines.py:325}}
Aug 16 23:36:37.216856 np0000007430 nova-scheduler[93510]: DEBUG dbcounter [-] [93510] Writer thread running {{(pid=93510) stat_writer /opt/stack/data/venv/lib/python3.12/site-packages/dbcounter.py:102}}
Aug 16 23:36:37.220513 np0000007430 nova-scheduler[93510]: DEBUG nova.service [None req-8cd97268-afca-42ff-86b1-5f6bb916cc76 None None] Creating RPC server for service: nova-scheduler on topic: scheduler {{(pid=93510) start /opt/stack/nova/nova/service.py:262}}
Aug 16 23:36:37.220883 np0000007430 nova-scheduler[93512]: DEBUG dbcounter [-] [93512] Writer thread running {{(pid=93512) stat_writer /opt/stack/data/venv/lib/python3.12/site-packages/dbcounter.py:102}}
Aug 16 23:36:37.222651 np0000007430 nova-scheduler[93508]: DEBUG nova.service [None req-3eb055f2-3d78-4f6f-b5a9-9422d6f6297c None None] Join ServiceGroup membership for this service scheduler {{(pid=93508) start /opt/stack/nova/nova/service.py:288}}
Aug 16 23:36:37.222943 np0000007430 nova-scheduler[93508]: DEBUG nova.servicegroup.drivers.db [None req-3eb055f2-3d78-4f6f-b5a9-9422d6f6297c None None] DB_Driver: join new ServiceGroup member np0000007430 to the scheduler group, service = {{(pid=93508) join /opt/stack/nova/nova/servicegroup/drivers/db.py:44}}
Aug 16 23:36:37.224252 np0000007430 nova-scheduler[93512]: DEBUG nova.service [None req-b636b0e9-ab71-40a1-99a6-547e9c829786 None None] Creating RPC server for service: nova-scheduler on topic: scheduler {{(pid=93512) start /opt/stack/nova/nova/service.py:262}}
Aug 16 23:36:37.225134 np0000007430 nova-scheduler[93508]: DEBUG oslo.service.backend._threading.loopingcall [None req-906b1d08-48c7-46cd-b139-ab591ecf0c3f None None] Dynamic interval looping call 'nova.service.Service.periodic_tasks' sleeping for 60.00 seconds {{(pid=93508) _run_loop /opt/stack/data/venv/lib/python3.12/site-packages/oslo_service/backend/_threading/loopingcall.py:125}}
Aug 16 23:36:37.242319 np0000007430 nova-scheduler[93512]: DEBUG nova.service [None req-b636b0e9-ab71-40a1-99a6-547e9c829786 None None] Join ServiceGroup membership for this service scheduler {{(pid=93512) start /opt/stack/nova/nova/service.py:288}}
Aug 16 23:36:37.242503 np0000007430 nova-scheduler[93512]: DEBUG nova.servicegroup.drivers.db [None req-b636b0e9-ab71-40a1-99a6-547e9c829786 None None] DB_Driver: join new ServiceGroup member np0000007430 to the scheduler group, service = {{(pid=93512) join /opt/stack/nova/nova/servicegroup/drivers/db.py:44}}
Aug 16 23:36:37.243530 np0000007430 nova-scheduler[93510]: DEBUG nova.service [None req-8cd97268-afca-42ff-86b1-5f6bb916cc76 None None] Join ServiceGroup membership for this service scheduler {{(pid=93510) start /opt/stack/nova/nova/service.py:288}}
Aug 16 23:36:37.244177 np0000007430 nova-scheduler[93510]: DEBUG nova.servicegroup.drivers.db [None req-8cd97268-afca-42ff-86b1-5f6bb916cc76 None None] DB_Driver: join new ServiceGroup member np0000007430 to the scheduler group, service = {{(pid=93510) join /opt/stack/nova/nova/servicegroup/drivers/db.py:44}}
Aug 16 23:36:42.240066 np0000007430 nova-scheduler[93508]: DEBUG oslo.service.backend._threading.loopingcall [-] Fixed interval looping call 'nova.servicegroup.drivers.db.DbDriver._report_state' sleeping for 119.99 seconds {{(pid=93508) _run_loop /opt/stack/data/venv/lib/python3.12/site-packages/oslo_service/backend/_threading/loopingcall.py:125}}
Aug 16 23:36:42.254039 np0000007430 nova-scheduler[93512]: DEBUG oslo.service.backend._threading.loopingcall [-] Fixed interval looping call 'nova.servicegroup.drivers.db.DbDriver._report_state' sleeping for 119.99 seconds {{(pid=93512) _run_loop /opt/stack/data/venv/lib/python3.12/site-packages/oslo_service/backend/_threading/loopingcall.py:125}}
Aug 16 23:36:42.262148 np0000007430 nova-scheduler[93510]: DEBUG oslo.service.backend._threading.loopingcall [-] Fixed interval looping call 'nova.servicegroup.drivers.db.DbDriver._report_state' sleeping for 119.99 seconds {{(pid=93510) _run_loop /opt/stack/data/venv/lib/python3.12/site-packages/oslo_service/backend/_threading/loopingcall.py:125}}
Aug 16 23:36:45.771748 np0000007430 nova-scheduler[92217]: DEBUG dbcounter [-] [92217] Writing DB stats nova_api:SELECT=3 {{(pid=92217) stat_writer /opt/stack/data/venv/lib/python3.12/site-packages/dbcounter.py:115}}
Aug 16 23:36:45.901029 np0000007430 nova-scheduler[92217]: DEBUG dbcounter [-] [92217] Writing DB stats nova_cell0:SELECT=1 {{(pid=92217) stat_writer /opt/stack/data/venv/lib/python3.12/site-packages/dbcounter.py:115}}
Aug 16 23:36:45.904021 np0000007430 nova-scheduler[92217]: DEBUG dbcounter [-] [92217] Writing DB stats nova_cell1:SELECT=1 {{(pid=92217) stat_writer /opt/stack/data/venv/lib/python3.12/site-packages/dbcounter.py:115}}
Aug 16 23:36:52.235852 np0000007430 nova-scheduler[93508]: DEBUG dbcounter [-] [93508] Writing DB stats nova_cell0:SELECT=4,nova_cell0:INSERT=1,nova_cell0:UPDATE=1 {{(pid=93508) stat_writer /opt/stack/data/venv/lib/python3.12/site-packages/dbcounter.py:115}}
Aug 16 23:36:52.251199 np0000007430 nova-scheduler[93512]: DEBUG dbcounter [-] [93512] Writing DB stats nova_cell0:SELECT=3 {{(pid=93512) stat_writer /opt/stack/data/venv/lib/python3.12/site-packages/dbcounter.py:115}}
Aug 16 23:36:52.259482 np0000007430 nova-scheduler[93510]: DEBUG dbcounter [-] [93510] Writing DB stats nova_cell0:SELECT=3 {{(pid=93510) stat_writer /opt/stack/data/venv/lib/python3.12/site-packages/dbcounter.py:115}}
Aug 16 23:37:06.247215 np0000007430 nova-scheduler[93510]: DEBUG oslo.service.backend._threading.loopingcall [None req-c447f65f-a34d-4ce4-b1ad-431a906ef35d None None] Dynamic interval looping call 'nova.service.Service.periodic_tasks' sleeping for 60.00 seconds {{(pid=93510) _run_loop /opt/stack/data/venv/lib/python3.12/site-packages/oslo_service/backend/_threading/loopingcall.py:125}}
Aug 16 23:37:31.244955 np0000007430 nova-scheduler[93512]: DEBUG oslo.service.backend._threading.loopingcall [None req-6b612dd2-4a4d-41ef-ba63-6e690eba33a8 None None] Dynamic interval looping call 'nova.service.Service.periodic_tasks' sleeping for 60.00 seconds {{(pid=93512) _run_loop /opt/stack/data/venv/lib/python3.12/site-packages/oslo_service/backend/_threading/loopingcall.py:125}}
Aug 16 23:37:37.225692 np0000007430 nova-scheduler[93508]: DEBUG oslo.service.backend._threading.loopingcall [None req-906b1d08-48c7-46cd-b139-ab591ecf0c3f None None] Dynamic interval looping call 'nova.service.Service.periodic_tasks' sleeping for 60.00 seconds {{(pid=93508) _run_loop /opt/stack/data/venv/lib/python3.12/site-packages/oslo_service/backend/_threading/loopingcall.py:125}}
Aug 16 23:38:06.247780 np0000007430 nova-scheduler[93510]: DEBUG oslo.service.backend._threading.loopingcall [None req-c447f65f-a34d-4ce4-b1ad-431a906ef35d None None] Dynamic interval looping call 'nova.service.Service.periodic_tasks' sleeping for 60.00 seconds {{(pid=93510) _run_loop /opt/stack/data/venv/lib/python3.12/site-packages/oslo_service/backend/_threading/loopingcall.py:125}}
Aug 16 23:38:31.245631 np0000007430 nova-scheduler[93512]: DEBUG oslo.service.backend._threading.loopingcall [None req-6b612dd2-4a4d-41ef-ba63-6e690eba33a8 None None] Dynamic interval looping call 'nova.service.Service.periodic_tasks' sleeping for 60.00 seconds {{(pid=93512) _run_loop /opt/stack/data/venv/lib/python3.12/site-packages/oslo_service/backend/_threading/loopingcall.py:125}}
Aug 16 23:38:37.226282 np0000007430 nova-scheduler[93508]: DEBUG oslo.service.backend._threading.loopingcall [None req-906b1d08-48c7-46cd-b139-ab591ecf0c3f None None] Dynamic interval looping call 'nova.service.Service.periodic_tasks' sleeping for 60.00 seconds {{(pid=93508) _run_loop /opt/stack/data/venv/lib/python3.12/site-packages/oslo_service/backend/_threading/loopingcall.py:125}}
Aug 16 23:38:42.238498 np0000007430 nova-scheduler[93508]: DEBUG oslo.service.backend._threading.loopingcall [-] Fixed interval looping call 'nova.servicegroup.drivers.db.DbDriver._report_state' sleeping for 119.99 seconds {{(pid=93508) _run_loop /opt/stack/data/venv/lib/python3.12/site-packages/oslo_service/backend/_threading/loopingcall.py:125}}
Aug 16 23:38:42.252258 np0000007430 nova-scheduler[93512]: DEBUG oslo.service.backend._threading.loopingcall [-] Fixed interval looping call 'nova.servicegroup.drivers.db.DbDriver._report_state' sleeping for 119.99 seconds {{(pid=93512) _run_loop /opt/stack/data/venv/lib/python3.12/site-packages/oslo_service/backend/_threading/loopingcall.py:125}}
Aug 16 23:38:42.259725 np0000007430 nova-scheduler[93510]: DEBUG oslo.service.backend._threading.loopingcall [-] Fixed interval looping call 'nova.servicegroup.drivers.db.DbDriver._report_state' sleeping for 119.99 seconds {{(pid=93510) _run_loop /opt/stack/data/venv/lib/python3.12/site-packages/oslo_service/backend/_threading/loopingcall.py:125}}
Aug 16 23:38:52.234428 np0000007430 nova-scheduler[93508]: DEBUG dbcounter [-] [93508] Writing DB stats nova_cell0:SELECT=1,nova_cell0:UPDATE=1 {{(pid=93508) stat_writer /opt/stack/data/venv/lib/python3.12/site-packages/dbcounter.py:115}}
Aug 16 23:38:52.250569 np0000007430 nova-scheduler[93512]: DEBUG dbcounter [-] [93512] Writing DB stats nova_cell0:SELECT=1 {{(pid=93512) stat_writer /opt/stack/data/venv/lib/python3.12/site-packages/dbcounter.py:115}}
Aug 16 23:38:52.258007 np0000007430 nova-scheduler[93510]: DEBUG dbcounter [-] [93510] Writing DB stats nova_cell0:SELECT=1 {{(pid=93510) stat_writer /opt/stack/data/venv/lib/python3.12/site-packages/dbcounter.py:115}}
Aug 16 23:39:06.248316 np0000007430 nova-scheduler[93510]: DEBUG oslo.service.backend._threading.loopingcall [None req-c447f65f-a34d-4ce4-b1ad-431a906ef35d None None] Dynamic interval looping call 'nova.service.Service.periodic_tasks' sleeping for 60.00 seconds {{(pid=93510) _run_loop /opt/stack/data/venv/lib/python3.12/site-packages/oslo_service/backend/_threading/loopingcall.py:125}}
Aug 16 23:39:13.425691 np0000007430 nova-scheduler[93508]: DEBUG nova.scheduler.manager [None req-ecbd800e-98a5-419b-99ec-37c9b8ad584f tempest-DeleteServersTestJSON-124711955 tempest-DeleteServersTestJSON-124711955-project-member] Starting to schedule for instances: ['bc9abe14-f83a-42d1-8399-6de9379adcb0'] {{(pid=93508) select_destinations /opt/stack/nova/nova/scheduler/manager.py:197}}
Aug 16 23:39:13.426567 np0000007430 nova-scheduler[93508]: DEBUG nova.scheduler.request_filter [None req-ecbd800e-98a5-419b-99ec-37c9b8ad584f tempest-DeleteServersTestJSON-124711955 tempest-DeleteServersTestJSON-124711955-project-member] compute_status_filter request filter added forbidden trait COMPUTE_STATUS_DISABLED {{(pid=93508) compute_status_filter /opt/stack/nova/nova/scheduler/request_filter.py:253}}
Aug 16 23:39:13.426979 np0000007430 nova-scheduler[93508]: DEBUG nova.scheduler.request_filter [None req-ecbd800e-98a5-419b-99ec-37c9b8ad584f tempest-DeleteServersTestJSON-124711955 tempest-DeleteServersTestJSON-124711955-project-member] Request filter 'compute_status_filter' took 0.0 seconds {{(pid=93508) wrapper /opt/stack/nova/nova/scheduler/request_filter.py:46}}
Aug 16 23:39:13.428668 np0000007430 nova-scheduler[93508]: DEBUG nova.scheduler.request_filter [None req-ecbd800e-98a5-419b-99ec-37c9b8ad584f tempest-DeleteServersTestJSON-124711955 tempest-DeleteServersTestJSON-124711955-project-member] Request filter 'accelerators_filter' took 0.0 seconds {{(pid=93508) wrapper /opt/stack/nova/nova/scheduler/request_filter.py:46}}
Aug 16 23:39:13.428818 np0000007430 nova-scheduler[93508]: DEBUG nova.scheduler.request_filter [None req-ecbd800e-98a5-419b-99ec-37c9b8ad584f tempest-DeleteServersTestJSON-124711955 tempest-DeleteServersTestJSON-124711955-project-member] Request filter 'packed_virtqueue_filter' took 0.0 seconds {{(pid=93508) wrapper /opt/stack/nova/nova/scheduler/request_filter.py:46}}
Aug 16 23:39:13.429202 np0000007430 nova-scheduler[93508]: DEBUG nova.scheduler.request_filter [None req-ecbd800e-98a5-419b-99ec-37c9b8ad584f tempest-DeleteServersTestJSON-124711955 tempest-DeleteServersTestJSON-124711955-project-member] Request filter 'remote_managed_ports_filter' took 0.0 seconds {{(pid=93508) wrapper /opt/stack/nova/nova/scheduler/request_filter.py:46}}
Aug 16 23:39:13.430018 np0000007430 nova-scheduler[93508]: DEBUG nova.scheduler.request_filter [None req-ecbd800e-98a5-419b-99ec-37c9b8ad584f tempest-DeleteServersTestJSON-124711955 tempest-DeleteServersTestJSON-124711955-project-member] ephemeral_encryption_filter skipped {{(pid=93508) ephemeral_encryption_filter /opt/stack/nova/nova/scheduler/request_filter.py:426}}
Aug 16 23:39:13.430018 np0000007430 nova-scheduler[93508]: DEBUG nova.scheduler.request_filter [None req-ecbd800e-98a5-419b-99ec-37c9b8ad584f tempest-DeleteServersTestJSON-124711955 tempest-DeleteServersTestJSON-124711955-project-member] virtio_sound_filter skipped {{(pid=93508) virtio_sound_filter /opt/stack/nova/nova/scheduler/request_filter.py:460}}
Aug 16 23:39:13.430018 np0000007430 nova-scheduler[93508]: DEBUG nova.scheduler.request_filter [None req-ecbd800e-98a5-419b-99ec-37c9b8ad584f tempest-DeleteServersTestJSON-124711955 tempest-DeleteServersTestJSON-124711955-project-member] tpm_secret_security_filter skipped {{(pid=93508) tpm_secret_security_filter /opt/stack/nova/nova/scheduler/request_filter.py:477}}
Aug 16 23:39:14.107120 np0000007430 nova-scheduler[93508]: INFO nova.utils [None req-ecbd800e-98a5-419b-99ec-37c9b8ad584f tempest-DeleteServersTestJSON-124711955 tempest-DeleteServersTestJSON-124711955-project-member] The cell worker thread pool ForkProcess-1.cell_worker is initialized
Aug 16 23:39:14.108123 np0000007430 nova-scheduler[93508]: DEBUG oslo_concurrency.lockutils [None req-ecbd800e-98a5-419b-99ec-37c9b8ad584f tempest-DeleteServersTestJSON-124711955 tempest-DeleteServersTestJSON-124711955-project-member] Acquiring lock "ff3796eb-8f93-4eb5-b283-d715ca99e7ab" by "nova.context.set_target_cell..get_or_set_cached_cell_and_set_connections" {{(pid=93508) inner /opt/stack/data/venv/lib/python3.12/site-packages/oslo_concurrency/lockutils.py:512}}
Aug 16 23:39:14.108123 np0000007430 nova-scheduler[93508]: DEBUG oslo_concurrency.lockutils [None req-ecbd800e-98a5-419b-99ec-37c9b8ad584f tempest-DeleteServersTestJSON-124711955 tempest-DeleteServersTestJSON-124711955-project-member] Lock "ff3796eb-8f93-4eb5-b283-d715ca99e7ab" acquired by "nova.context.set_target_cell..get_or_set_cached_cell_and_set_connections" :: waited 0.000s {{(pid=93508) inner /opt/stack/data/venv/lib/python3.12/site-packages/oslo_concurrency/lockutils.py:525}}
Aug 16 23:39:14.110451 np0000007430 nova-scheduler[93508]: DEBUG oslo_concurrency.lockutils [None req-ecbd800e-98a5-419b-99ec-37c9b8ad584f tempest-DeleteServersTestJSON-124711955 tempest-DeleteServersTestJSON-124711955-project-member] Lock "ff3796eb-8f93-4eb5-b283-d715ca99e7ab" "released" by "nova.context.set_target_cell..get_or_set_cached_cell_and_set_connections" :: held 0.002s {{(pid=93508) inner /opt/stack/data/venv/lib/python3.12/site-packages/oslo_concurrency/lockutils.py:544}}
Aug 16 23:39:14.113437 np0000007430 nova-scheduler[93508]: INFO dbcounter [None req-ecbd800e-98a5-419b-99ec-37c9b8ad584f tempest-DeleteServersTestJSON-124711955 tempest-DeleteServersTestJSON-124711955-project-member] Registered counter for database nova_cell1
Aug 16 23:39:14.171551 np0000007430 nova-scheduler[93508]: DEBUG oslo_db.sqlalchemy.engines [None req-ecbd800e-98a5-419b-99ec-37c9b8ad584f tempest-DeleteServersTestJSON-124711955 tempest-DeleteServersTestJSON-124711955-project-member] MySQL server mode set to STRICT_TRANS_TABLES,STRICT_ALL_TABLES,NO_ZERO_IN_DATE,NO_ZERO_DATE,ERROR_FOR_DIVISION_BY_ZERO,TRADITIONAL,NO_ENGINE_SUBSTITUTION {{(pid=93508) _check_effective_sql_mode /opt/stack/data/venv/lib/python3.12/site-packages/oslo_db/sqlalchemy/engines.py:325}}
Aug 16 23:39:14.183693 np0000007430 nova-scheduler[93508]: DEBUG dbcounter [-] [93508] Writer thread running {{(pid=93508) stat_writer /opt/stack/data/venv/lib/python3.12/site-packages/dbcounter.py:102}}
Aug 16 23:39:14.209957 np0000007430 nova-scheduler[93508]: DEBUG oslo_db.sqlalchemy.engines [None req-ecbd800e-98a5-419b-99ec-37c9b8ad584f tempest-DeleteServersTestJSON-124711955 tempest-DeleteServersTestJSON-124711955-project-member] Parent process 92217 forked (93508) with an open database connection, which is being discarded and recreated. {{(pid=93508) checkout /opt/stack/data/venv/lib/python3.12/site-packages/oslo_db/sqlalchemy/engines.py:402}}
Aug 16 23:39:14.259868 np0000007430 nova-scheduler[93508]: DEBUG dbcounter [-] [93508] Writer thread running {{(pid=93508) stat_writer /opt/stack/data/venv/lib/python3.12/site-packages/dbcounter.py:102}}
Aug 16 23:39:14.263424 np0000007430 nova-scheduler[93508]: DEBUG oslo_concurrency.lockutils [None req-ecbd800e-98a5-419b-99ec-37c9b8ad584f tempest-DeleteServersTestJSON-124711955 tempest-DeleteServersTestJSON-124711955-project-member] Acquiring lock "ff3796eb-8f93-4eb5-b283-d715ca99e7ab" by "nova.context.set_target_cell..get_or_set_cached_cell_and_set_connections" {{(pid=93508) inner /opt/stack/data/venv/lib/python3.12/site-packages/oslo_concurrency/lockutils.py:512}}
Aug 16 23:39:14.263703 np0000007430 nova-scheduler[93508]: DEBUG oslo_concurrency.lockutils [None req-ecbd800e-98a5-419b-99ec-37c9b8ad584f tempest-DeleteServersTestJSON-124711955 tempest-DeleteServersTestJSON-124711955-project-member] Lock "ff3796eb-8f93-4eb5-b283-d715ca99e7ab" acquired by "nova.context.set_target_cell..get_or_set_cached_cell_and_set_connections" :: waited 0.000s {{(pid=93508) inner /opt/stack/data/venv/lib/python3.12/site-packages/oslo_concurrency/lockutils.py:525}}
Aug 16 23:39:14.263843 np0000007430 nova-scheduler[93508]: DEBUG oslo_concurrency.lockutils [None req-ecbd800e-98a5-419b-99ec-37c9b8ad584f tempest-DeleteServersTestJSON-124711955 tempest-DeleteServersTestJSON-124711955-project-member] Lock "ff3796eb-8f93-4eb5-b283-d715ca99e7ab" "released" by "nova.context.set_target_cell..get_or_set_cached_cell_and_set_connections" :: held 0.000s {{(pid=93508) inner /opt/stack/data/venv/lib/python3.12/site-packages/oslo_concurrency/lockutils.py:544}}
Aug 16 23:39:14.268396 np0000007430 nova-scheduler[93508]: DEBUG oslo_concurrency.lockutils [None req-ecbd800e-98a5-419b-99ec-37c9b8ad584f tempest-DeleteServersTestJSON-124711955 tempest-DeleteServersTestJSON-124711955-project-member] Acquiring lock "np0000007430-np0000007430" by "nova.scheduler.host_manager.HostState.update.._locked_update" {{(pid=93508) inner /opt/stack/data/venv/lib/python3.12/site-packages/oslo_concurrency/lockutils.py:512}}
Aug 16 23:39:14.268629 np0000007430 nova-scheduler[93508]: DEBUG oslo_concurrency.lockutils [None req-ecbd800e-98a5-419b-99ec-37c9b8ad584f tempest-DeleteServersTestJSON-124711955 tempest-DeleteServersTestJSON-124711955-project-member] Lock "np0000007430-np0000007430" acquired by "nova.scheduler.host_manager.HostState.update.._locked_update" :: waited 0.000s {{(pid=93508) inner /opt/stack/data/venv/lib/python3.12/site-packages/oslo_concurrency/lockutils.py:525}}
Aug 16 23:39:14.270185 np0000007430 nova-scheduler[93508]: DEBUG nova.scheduler.host_manager [None req-ecbd800e-98a5-419b-99ec-37c9b8ad584f tempest-DeleteServersTestJSON-124711955 tempest-DeleteServersTestJSON-124711955-project-member] Update host state from compute node: ComputeNode(cpu_allocation_ratio=4.0,cpu_info='{"arch": "x86_64", "model": "EPYC-Milan", "vendor": "AMD", "topology": {"cells": 1, "sockets": 16, "cores": 1, "threads": 1}, "maxphysaddr": {"mode": "emulate", "bits": 40}, "features": ["fxsr", "lahf_lm", "vpclmulqdq", "erms", "popcnt", "cmov", "xgetbv1", "vmcb-clean", "sep", "pni", "mtrr", "svme-addr-chk", "aes", "flushbyasid", "mca", "ibrs", "smap", "clflushopt", "adx", "osvw", "rdctl-no", "ssbd", "rdpid", "fsrm", "skip-l1dfl-vmentry", "sha-ni", "null-sel-clr-base", "svm", "tsc", "v-vmsave-vmload", "sse4a", "arat", "sse4.1", "xsaveerptr", "topoext", "ibpb", "no-nested-data-bp", "apic", "bmi2", "pause-filter", "tsc-deadline", "msr", "stibp", "pat", "mce", "clwb", "vgif", "lm", "misalignsse", "smep", "amd-psfd", "nx", "cr8legacy", "sse", "gds-no", "ssse3", "fsgsbase", "rdseed", "stibp-always-on", "spec-ctrl", "cx8", "virt-ssbd", "3dnowprefetch", "cmp_legacy", "vaes", "nrip-save", "de", "f16c", "pcid", "invpcid", "amd-ssbd", "pclmuldq", "bmi1", "arch-capabilities", "pschange-mc-no", "sse2", "pge", "mds-no", "mmx", "rdrand", "xsaves", "lfence-always-serializing", "pse", "x2apic", "fxsr_opt", "wbnoinvd", "umip", "clzero", "tsc_adjust", "movbe", "fpu", "xsaveopt", "rdtscp", "lbrv", "fma", "xsave", "npt", "mmxext", "hypervisor", "syscall", "pae", "perfctr_core", "pku", "abm", "avx2", "tsc-scale", "amd-stibp", "clflush", "pse36", "cx16", "sse4.2", "xsavec", "vme", "pdpe1gb", "avx", "pfthreshold"]}',created_at=2026-08-16T23:36:58Z,current_workload=0,deleted=False,deleted_at=None,disk_allocation_ratio=1.0,disk_available_least=73,free_disk_gb=95,free_ram_mb=62765,host='np0000007430',host_ip=10.4.3.206,hypervisor_hostname='np0000007430',hypervisor_type='QEMU',hypervisor_version=8002002,id=1,local_gb=95,local_gb_used=0,mapped=1,memory_mb=63277,memory_mb_used=512,metrics='[]',numa_topology='{"nova_object.name": "NUMATopology", "nova_object.namespace": "nova", "nova_object.version": "1.2", "nova_object.data": {"cells": [{"nova_object.name": "NUMACell", "nova_object.namespace": "nova", "nova_object.version": "1.5", "nova_object.data": {"id": 0, "cpuset": [0, 1, 2, 3, 4, 5, 6, 7, 8, 9, 10, 11, 12, 13, 14, 15], "pcpuset": [0, 1, 2, 3, 4, 5, 6, 7, 8, 9, 10, 11, 12, 13, 14, 15], "memory": 63277, "cpu_usage": 0, "memory_usage": 0, "pinned_cpus": [], "siblings": [[6], [12], [2], [15], [5], [11], [8], [14], [4], [1], [7], [10], [0], [13], [3], [9]], "mempages": [{"nova_object.name": "NUMAPagesTopology", "nova_object.namespace": "nova", "nova_object.version": "1.1", "nova_object.data": {"size_kb": 4, "total": 16177930, "used": 0, "reserved": 0}, "nova_object.changes": ["reserved", "total", "used", "size_kb"]}, {"nova_object.name": "NUMAPagesTopology", "nova_object.namespace": "nova", "nova_object.version": "1.1", "nova_object.data": {"size_kb": 2048, "total": 41, "used": 0, "reserved": 0}, "nova_object.changes": ["reserved", "total", "used", "size_kb"]}, {"nova_object.name": "NUMAPagesTopology", "nova_object.namespace": "nova", "nova_object.version": "1.1", "nova_object.data": {"size_kb": 1048576, "total": 0, "used": 0, "reserved": 0}, "nova_object.changes": ["reserved", "total", "used", "size_kb"]}], "network_metadata": {"nova_object.name": "NetworkMetadata", "nova_object.namespace": "nova", "nova_object.version": "1.0", "nova_object.data": {"physnets": [], "tunneled": false}, "nova_object.changes": ["physnets", "tunneled"]}, "socket": null}, "nova_object.changes": ["siblings", "memory_usage", "pinned_cpus", "network_metadata", "socket", "id", "memory", "pcpuset", "cpu_usage", "cpuset", "mempages"]}]}, "nova_object.changes": ["cells"]}',pci_device_pools=PciDevicePoolList,ram_allocation_ratio=1.0,running_vms=0,service_id=2,stats={failed_builds='0',uptime=' 23:38:46 up 13 min, 2 users, load average: 1.72, 1.47, 0.84
Aug 16 23:39:14.270185 np0000007430 nova-scheduler[93508]: '},supported_hv_specs=[HVSpec,HVSpec,HVSpec,HVSpec,HVSpec,HVSpec,HVSpec,HVSpec,HVSpec,HVSpec,HVSpec,HVSpec,HVSpec,HVSpec,HVSpec,HVSpec,HVSpec,HVSpec,HVSpec,HVSpec,HVSpec,HVSpec,HVSpec,HVSpec,HVSpec],updated_at=2026-08-16T23:38:47Z,uuid=f55cadaf-5a30-4fa0-a4ff-0bf1308d1132,vcpus=16,vcpus_used=0) {{(pid=93508) _locked_update /opt/stack/nova/nova/scheduler/host_manager.py:168}}
Aug 16 23:39:14.271298 np0000007430 nova-scheduler[93508]: DEBUG nova.scheduler.host_manager [None req-ecbd800e-98a5-419b-99ec-37c9b8ad584f tempest-DeleteServersTestJSON-124711955 tempest-DeleteServersTestJSON-124711955-project-member] Update host state with aggregates: [] {{(pid=93508) _locked_update /opt/stack/nova/nova/scheduler/host_manager.py:171}}
Aug 16 23:39:14.271466 np0000007430 nova-scheduler[93508]: DEBUG nova.scheduler.host_manager [None req-ecbd800e-98a5-419b-99ec-37c9b8ad584f tempest-DeleteServersTestJSON-124711955 tempest-DeleteServersTestJSON-124711955-project-member] Update host state with service dict: {'id': 2, 'uuid': '332b6f4a-af68-472d-92b2-9b31d8345140', 'host': 'np0000007430', 'binary': 'nova-compute', 'topic': 'compute', 'report_count': 2, 'disabled': False, 'disabled_reason': None, 'last_seen_up': datetime.datetime(2026, 8, 16, 23, 39, 4, tzinfo=datetime.timezone.utc), 'forced_down': False, 'version': 72, 'created_at': datetime.datetime(2026, 8, 16, 23, 36, 58, tzinfo=datetime.timezone.utc), 'updated_at': datetime.datetime(2026, 8, 16, 23, 39, 4, tzinfo=datetime.timezone.utc), 'deleted_at': None, 'deleted': False} {{(pid=93508) _locked_update /opt/stack/nova/nova/scheduler/host_manager.py:174}}
Aug 16 23:39:14.271666 np0000007430 nova-scheduler[93508]: DEBUG nova.scheduler.host_manager [None req-ecbd800e-98a5-419b-99ec-37c9b8ad584f tempest-DeleteServersTestJSON-124711955 tempest-DeleteServersTestJSON-124711955-project-member] Update host state with instances: [] {{(pid=93508) _locked_update /opt/stack/nova/nova/scheduler/host_manager.py:177}}
Aug 16 23:39:14.271793 np0000007430 nova-scheduler[93508]: DEBUG oslo_concurrency.lockutils [None req-ecbd800e-98a5-419b-99ec-37c9b8ad584f tempest-DeleteServersTestJSON-124711955 tempest-DeleteServersTestJSON-124711955-project-member] Lock "np0000007430-np0000007430" "released" by "nova.scheduler.host_manager.HostState.update.._locked_update" :: held 0.003s {{(pid=93508) inner /opt/stack/data/venv/lib/python3.12/site-packages/oslo_concurrency/lockutils.py:544}}
Aug 16 23:39:14.272682 np0000007430 nova-scheduler[93508]: DEBUG nova.filters [None req-ecbd800e-98a5-419b-99ec-37c9b8ad584f tempest-DeleteServersTestJSON-124711955 tempest-DeleteServersTestJSON-124711955-project-member] Starting with 1 host(s) {{(pid=93508) get_filtered_objects /opt/stack/nova/nova/filters.py:70}}
Aug 16 23:39:14.273011 np0000007430 nova-scheduler[93508]: DEBUG nova.filters [None req-ecbd800e-98a5-419b-99ec-37c9b8ad584f tempest-DeleteServersTestJSON-124711955 tempest-DeleteServersTestJSON-124711955-project-member] Filter ComputeFilter returned 1 host(s) {{(pid=93508) get_filtered_objects /opt/stack/nova/nova/filters.py:102}}
Aug 16 23:39:14.273293 np0000007430 nova-scheduler[93508]: DEBUG nova.filters [None req-ecbd800e-98a5-419b-99ec-37c9b8ad584f tempest-DeleteServersTestJSON-124711955 tempest-DeleteServersTestJSON-124711955-project-member] Filter ComputeCapabilitiesFilter returned 1 host(s) {{(pid=93508) get_filtered_objects /opt/stack/nova/nova/filters.py:102}}
Aug 16 23:39:14.273491 np0000007430 nova-scheduler[93508]: DEBUG nova.filters [None req-ecbd800e-98a5-419b-99ec-37c9b8ad584f tempest-DeleteServersTestJSON-124711955 tempest-DeleteServersTestJSON-124711955-project-member] Filter ImagePropertiesFilter returned 1 host(s) {{(pid=93508) get_filtered_objects /opt/stack/nova/nova/filters.py:102}}
Aug 16 23:39:14.273655 np0000007430 nova-scheduler[93508]: DEBUG nova.filters [None req-ecbd800e-98a5-419b-99ec-37c9b8ad584f tempest-DeleteServersTestJSON-124711955 tempest-DeleteServersTestJSON-124711955-project-member] Filter ServerGroupAntiAffinityFilter returned 1 host(s) {{(pid=93508) get_filtered_objects /opt/stack/nova/nova/filters.py:102}}
Aug 16 23:39:14.273809 np0000007430 nova-scheduler[93508]: DEBUG nova.filters [None req-ecbd800e-98a5-419b-99ec-37c9b8ad584f tempest-DeleteServersTestJSON-124711955 tempest-DeleteServersTestJSON-124711955-project-member] Filter ServerGroupAffinityFilter returned 1 host(s) {{(pid=93508) get_filtered_objects /opt/stack/nova/nova/filters.py:102}}
Aug 16 23:39:14.273991 np0000007430 nova-scheduler[93508]: DEBUG nova.filters [None req-ecbd800e-98a5-419b-99ec-37c9b8ad584f tempest-DeleteServersTestJSON-124711955 tempest-DeleteServersTestJSON-124711955-project-member] Filter SameHostFilter returned 1 host(s) {{(pid=93508) get_filtered_objects /opt/stack/nova/nova/filters.py:102}}
Aug 16 23:39:14.274164 np0000007430 nova-scheduler[93508]: DEBUG nova.filters [None req-ecbd800e-98a5-419b-99ec-37c9b8ad584f tempest-DeleteServersTestJSON-124711955 tempest-DeleteServersTestJSON-124711955-project-member] Filter DifferentHostFilter returned 1 host(s) {{(pid=93508) get_filtered_objects /opt/stack/nova/nova/filters.py:102}}
Aug 16 23:39:14.274302 np0000007430 nova-scheduler[93508]: DEBUG nova.scheduler.manager [None req-ecbd800e-98a5-419b-99ec-37c9b8ad584f tempest-DeleteServersTestJSON-124711955 tempest-DeleteServersTestJSON-124711955-project-member] Filtered [(np0000007430, np0000007430) ram: 62765MB disk: 74752MB io_ops: 0 instances: 0, allocation_candidates: 1] {{(pid=93508) _get_sorted_hosts /opt/stack/nova/nova/scheduler/manager.py:730}}
Aug 16 23:39:14.274550 np0000007430 nova-scheduler[93508]: DEBUG nova.scheduler.manager [None req-ecbd800e-98a5-419b-99ec-37c9b8ad584f tempest-DeleteServersTestJSON-124711955 tempest-DeleteServersTestJSON-124711955-project-member] Weighed [WeighedHost [host: (np0000007430, np0000007430) ram: 62765MB disk: 74752MB io_ops: 0 instances: 0, allocation_candidates: 1, weight: 0.0]] {{(pid=93508) _get_sorted_hosts /opt/stack/nova/nova/scheduler/manager.py:752}}
Aug 16 23:39:14.274884 np0000007430 nova-scheduler[93508]: DEBUG nova.scheduler.utils [None req-ecbd800e-98a5-419b-99ec-37c9b8ad584f tempest-DeleteServersTestJSON-124711955 tempest-DeleteServersTestJSON-124711955-project-member] Attempting to claim resources in the placement API for instance bc9abe14-f83a-42d1-8399-6de9379adcb0 {{(pid=93508) claim_resources /opt/stack/nova/nova/scheduler/utils.py:1345}}
Aug 16 23:39:14.471345 np0000007430 nova-scheduler[93508]: DEBUG nova.scheduler.manager [None req-ecbd800e-98a5-419b-99ec-37c9b8ad584f tempest-DeleteServersTestJSON-124711955 tempest-DeleteServersTestJSON-124711955-project-member] [instance: bc9abe14-f83a-42d1-8399-6de9379adcb0] Selected host: (np0000007430, np0000007430) ram: 62765MB disk: 74752MB io_ops: 0 instances: 0, allocation_candidates: 1 {{(pid=93508) _consume_selected_host /opt/stack/nova/nova/scheduler/manager.py:612}}
Aug 16 23:39:14.471953 np0000007430 nova-scheduler[93508]: DEBUG oslo_concurrency.lockutils [None req-ecbd800e-98a5-419b-99ec-37c9b8ad584f tempest-DeleteServersTestJSON-124711955 tempest-DeleteServersTestJSON-124711955-project-member] Acquiring lock "np0000007430-np0000007430" by "nova.scheduler.host_manager.HostState.consume_from_request.._locked" {{(pid=93508) inner /opt/stack/data/venv/lib/python3.12/site-packages/oslo_concurrency/lockutils.py:512}}
Aug 16 23:39:14.472157 np0000007430 nova-scheduler[93508]: DEBUG oslo_concurrency.lockutils [None req-ecbd800e-98a5-419b-99ec-37c9b8ad584f tempest-DeleteServersTestJSON-124711955 tempest-DeleteServersTestJSON-124711955-project-member] Lock "np0000007430-np0000007430" acquired by "nova.scheduler.host_manager.HostState.consume_from_request.._locked" :: waited 0.000s {{(pid=93508) inner /opt/stack/data/venv/lib/python3.12/site-packages/oslo_concurrency/lockutils.py:525}}
Aug 16 23:39:14.472543 np0000007430 nova-scheduler[93508]: DEBUG oslo_concurrency.lockutils [None req-ecbd800e-98a5-419b-99ec-37c9b8ad584f tempest-DeleteServersTestJSON-124711955 tempest-DeleteServersTestJSON-124711955-project-member] Lock "np0000007430-np0000007430" "released" by "nova.scheduler.host_manager.HostState.consume_from_request.._locked" :: held 0.001s {{(pid=93508) inner /opt/stack/data/venv/lib/python3.12/site-packages/oslo_concurrency/lockutils.py:544}}
Aug 16 23:39:16.673902 np0000007430 nova-scheduler[93510]: DEBUG nova.scheduler.manager [None req-53190bf9-13f3-497d-ac59-558dbe21375e tempest-ServerBootFromVolumeStableRescueTest-165643345 tempest-ServerBootFromVolumeStableRescueTest-165643345-project-member] Starting to schedule for instances: ['f742568e-aacb-4d81-9f9c-2ad860bb08ed'] {{(pid=93510) select_destinations /opt/stack/nova/nova/scheduler/manager.py:197}}
Aug 16 23:39:16.674913 np0000007430 nova-scheduler[93510]: DEBUG nova.scheduler.request_filter [None req-53190bf9-13f3-497d-ac59-558dbe21375e tempest-ServerBootFromVolumeStableRescueTest-165643345 tempest-ServerBootFromVolumeStableRescueTest-165643345-project-member] compute_status_filter request filter added forbidden trait COMPUTE_STATUS_DISABLED {{(pid=93510) compute_status_filter /opt/stack/nova/nova/scheduler/request_filter.py:253}}
Aug 16 23:39:16.675875 np0000007430 nova-scheduler[93510]: DEBUG nova.scheduler.request_filter [None req-53190bf9-13f3-497d-ac59-558dbe21375e tempest-ServerBootFromVolumeStableRescueTest-165643345 tempest-ServerBootFromVolumeStableRescueTest-165643345-project-member] Request filter 'compute_status_filter' took 0.0 seconds {{(pid=93510) wrapper /opt/stack/nova/nova/scheduler/request_filter.py:46}}
Aug 16 23:39:16.676271 np0000007430 nova-scheduler[93510]: DEBUG nova.scheduler.request_filter [None req-53190bf9-13f3-497d-ac59-558dbe21375e tempest-ServerBootFromVolumeStableRescueTest-165643345 tempest-ServerBootFromVolumeStableRescueTest-165643345-project-member] Request filter 'accelerators_filter' took 0.0 seconds {{(pid=93510) wrapper /opt/stack/nova/nova/scheduler/request_filter.py:46}}
Aug 16 23:39:16.676562 np0000007430 nova-scheduler[93510]: DEBUG nova.scheduler.request_filter [None req-53190bf9-13f3-497d-ac59-558dbe21375e tempest-ServerBootFromVolumeStableRescueTest-165643345 tempest-ServerBootFromVolumeStableRescueTest-165643345-project-member] Request filter 'packed_virtqueue_filter' took 0.0 seconds {{(pid=93510) wrapper /opt/stack/nova/nova/scheduler/request_filter.py:46}}
Aug 16 23:39:16.676999 np0000007430 nova-scheduler[93510]: DEBUG nova.scheduler.request_filter [None req-53190bf9-13f3-497d-ac59-558dbe21375e tempest-ServerBootFromVolumeStableRescueTest-165643345 tempest-ServerBootFromVolumeStableRescueTest-165643345-project-member] Request filter 'remote_managed_ports_filter' took 0.0 seconds {{(pid=93510) wrapper /opt/stack/nova/nova/scheduler/request_filter.py:46}}
Aug 16 23:39:16.677249 np0000007430 nova-scheduler[93510]: DEBUG nova.scheduler.request_filter [None req-53190bf9-13f3-497d-ac59-558dbe21375e tempest-ServerBootFromVolumeStableRescueTest-165643345 tempest-ServerBootFromVolumeStableRescueTest-165643345-project-member] ephemeral_encryption_filter skipped {{(pid=93510) ephemeral_encryption_filter /opt/stack/nova/nova/scheduler/request_filter.py:426}}
Aug 16 23:39:16.677454 np0000007430 nova-scheduler[93510]: DEBUG nova.scheduler.request_filter [None req-53190bf9-13f3-497d-ac59-558dbe21375e tempest-ServerBootFromVolumeStableRescueTest-165643345 tempest-ServerBootFromVolumeStableRescueTest-165643345-project-member] virtio_sound_filter skipped {{(pid=93510) virtio_sound_filter /opt/stack/nova/nova/scheduler/request_filter.py:460}}
