Aug 21 03:49:37.428082 np0000007880 nova-scheduler[96573]: DEBUG cotyledon.oslo_config_glue [-] workarounds.never_download_image_if_on_rbd = False {{(pid=96573) log_opt_values /opt/stack/data/venv/lib/python3.12/site-packages/oslo_config/cfg.py:3560}}
Aug 21 03:49:37.428082 np0000007880 nova-scheduler[96573]: DEBUG cotyledon.oslo_config_glue [-] workarounds.qemu_monitor_announce_self_count = 3 {{(pid=96573) log_opt_values /opt/stack/data/venv/lib/python3.12/site-packages/oslo_config/cfg.py:3560}}
Aug 21 03:49:37.428390 np0000007880 nova-scheduler[96573]: DEBUG cotyledon.oslo_config_glue [-] workarounds.qemu_monitor_announce_self_interval = 1 {{(pid=96573) log_opt_values /opt/stack/data/venv/lib/python3.12/site-packages/oslo_config/cfg.py:3560}}
Aug 21 03:49:37.428390 np0000007880 nova-scheduler[96573]: DEBUG cotyledon.oslo_config_glue [-] workarounds.reserve_disk_resource_for_image_cache = False {{(pid=96573) log_opt_values /opt/stack/data/venv/lib/python3.12/site-packages/oslo_config/cfg.py:3560}}
Aug 21 03:49:37.428390 np0000007880 nova-scheduler[96573]: DEBUG cotyledon.oslo_config_glue [-] workarounds.skip_cpu_compare_at_startup = False {{(pid=96573) log_opt_values /opt/stack/data/venv/lib/python3.12/site-packages/oslo_config/cfg.py:3560}}
Aug 21 03:49:37.428390 np0000007880 nova-scheduler[96573]: DEBUG cotyledon.oslo_config_glue [-] workarounds.skip_cpu_compare_on_dest = False {{(pid=96573) log_opt_values /opt/stack/data/venv/lib/python3.12/site-packages/oslo_config/cfg.py:3560}}
Aug 21 03:49:37.428390 np0000007880 nova-scheduler[96573]: DEBUG cotyledon.oslo_config_glue [-] workarounds.skip_hypervisor_version_check_on_lm = False {{(pid=96573) log_opt_values /opt/stack/data/venv/lib/python3.12/site-packages/oslo_config/cfg.py:3560}}
Aug 21 03:49:37.428390 np0000007880 nova-scheduler[96573]: DEBUG cotyledon.oslo_config_glue [-] workarounds.skip_reserve_in_use_ironic_nodes = False {{(pid=96573) log_opt_values /opt/stack/data/venv/lib/python3.12/site-packages/oslo_config/cfg.py:3560}}
Aug 21 03:49:37.428390 np0000007880 nova-scheduler[96573]: DEBUG cotyledon.oslo_config_glue [-] workarounds.unified_limits_count_pcpu_as_vcpu = False {{(pid=96573) log_opt_values /opt/stack/data/venv/lib/python3.12/site-packages/oslo_config/cfg.py:3560}}
Aug 21 03:49:37.428390 np0000007880 nova-scheduler[96573]: DEBUG cotyledon.oslo_config_glue [-] workarounds.wait_for_vif_plugged_event_during_hard_reboot = [] {{(pid=96573) log_opt_values /opt/stack/data/venv/lib/python3.12/site-packages/oslo_config/cfg.py:3560}}
Aug 21 03:49:37.428634 np0000007880 nova-scheduler[96573]: DEBUG cotyledon.oslo_config_glue [-] wsgi.api_paste_config = /etc/nova/api-paste.ini {{(pid=96573) log_opt_values /opt/stack/data/venv/lib/python3.12/site-packages/oslo_config/cfg.py:3560}}
Aug 21 03:49:37.428634 np0000007880 nova-scheduler[96573]: DEBUG cotyledon.oslo_config_glue [-] wsgi.secure_proxy_ssl_header = None {{(pid=96573) log_opt_values /opt/stack/data/venv/lib/python3.12/site-packages/oslo_config/cfg.py:3560}}
Aug 21 03:49:37.428634 np0000007880 nova-scheduler[96573]: DEBUG cotyledon.oslo_config_glue [-] zvm.ca_file = None {{(pid=96573) log_opt_values /opt/stack/data/venv/lib/python3.12/site-packages/oslo_config/cfg.py:3560}}
Aug 21 03:49:37.428634 np0000007880 nova-scheduler[96573]: DEBUG cotyledon.oslo_config_glue [-] zvm.cloud_connector_url = None {{(pid=96573) log_opt_values /opt/stack/data/venv/lib/python3.12/site-packages/oslo_config/cfg.py:3560}}
Aug 21 03:49:37.428634 np0000007880 nova-scheduler[96573]: DEBUG cotyledon.oslo_config_glue [-] zvm.image_tmp_path = /opt/stack/data/nova/images {{(pid=96573) log_opt_values /opt/stack/data/venv/lib/python3.12/site-packages/oslo_config/cfg.py:3560}}
Aug 21 03:49:37.428634 np0000007880 nova-scheduler[96573]: DEBUG cotyledon.oslo_config_glue [-] zvm.reachable_timeout = 300 {{(pid=96573) log_opt_values /opt/stack/data/venv/lib/python3.12/site-packages/oslo_config/cfg.py:3560}}
Aug 21 03:49:37.428634 np0000007880 nova-scheduler[96573]: DEBUG cotyledon.oslo_config_glue [-] oslo_versionedobjects.fatal_exception_format_errors = False {{(pid=96573) log_opt_values /opt/stack/data/venv/lib/python3.12/site-packages/oslo_config/cfg.py:3560}}
Aug 21 03:49:37.428634 np0000007880 nova-scheduler[96573]: DEBUG cotyledon.oslo_config_glue [-] oslo_middleware.http_basic_auth_user_file = /etc/htpasswd {{(pid=96573) log_opt_values /opt/stack/data/venv/lib/python3.12/site-packages/oslo_config/cfg.py:3560}}
Aug 21 03:49:37.428634 np0000007880 nova-scheduler[96573]: DEBUG cotyledon.oslo_config_glue [-] oslo_messaging_metrics.metrics_buffer_size = 1000 {{(pid=96573) log_opt_values /opt/stack/data/venv/lib/python3.12/site-packages/oslo_config/cfg.py:3560}}
Aug 21 03:49:37.428830 np0000007880 nova-scheduler[96573]: DEBUG cotyledon.oslo_config_glue [-] oslo_messaging_metrics.metrics_enabled = False {{(pid=96573) log_opt_values /opt/stack/data/venv/lib/python3.12/site-packages/oslo_config/cfg.py:3560}}
Aug 21 03:49:37.428830 np0000007880 nova-scheduler[96573]: DEBUG cotyledon.oslo_config_glue [-] oslo_messaging_metrics.metrics_process_name = {{(pid=96573) log_opt_values /opt/stack/data/venv/lib/python3.12/site-packages/oslo_config/cfg.py:3560}}
Aug 21 03:49:37.428830 np0000007880 nova-scheduler[96573]: DEBUG cotyledon.oslo_config_glue [-] oslo_messaging_metrics.metrics_socket_file = /var/tmp/metrics_collector.sock {{(pid=96573) log_opt_values /opt/stack/data/venv/lib/python3.12/site-packages/oslo_config/cfg.py:3560}}
Aug 21 03:49:37.428830 np0000007880 nova-scheduler[96573]: DEBUG cotyledon.oslo_config_glue [-] oslo_messaging_metrics.metrics_thread_stop_timeout = 10 {{(pid=96573) log_opt_values /opt/stack/data/venv/lib/python3.12/site-packages/oslo_config/cfg.py:3560}}
Aug 21 03:49:37.428830 np0000007880 nova-scheduler[96573]: DEBUG cotyledon.oslo_config_glue [-] profiler.connection_string = messaging:// {{(pid=96573) log_opt_values /opt/stack/data/venv/lib/python3.12/site-packages/oslo_config/cfg.py:3560}}
Aug 21 03:49:37.428830 np0000007880 nova-scheduler[96573]: DEBUG cotyledon.oslo_config_glue [-] profiler.enabled = False {{(pid=96573) log_opt_values /opt/stack/data/venv/lib/python3.12/site-packages/oslo_config/cfg.py:3560}}
Aug 21 03:49:37.428830 np0000007880 nova-scheduler[96573]: DEBUG cotyledon.oslo_config_glue [-] profiler.es_doc_type = notification {{(pid=96573) log_opt_values /opt/stack/data/venv/lib/python3.12/site-packages/oslo_config/cfg.py:3560}}
Aug 21 03:49:37.428830 np0000007880 nova-scheduler[96573]: DEBUG cotyledon.oslo_config_glue [-] profiler.es_scroll_size = 10000 {{(pid=96573) log_opt_values /opt/stack/data/venv/lib/python3.12/site-packages/oslo_config/cfg.py:3560}}
Aug 21 03:49:37.428830 np0000007880 nova-scheduler[96573]: DEBUG cotyledon.oslo_config_glue [-] profiler.es_scroll_time = 2m {{(pid=96573) log_opt_values /opt/stack/data/venv/lib/python3.12/site-packages/oslo_config/cfg.py:3560}}
Aug 21 03:49:37.429035 np0000007880 nova-scheduler[96573]: DEBUG cotyledon.oslo_config_glue [-] profiler.filter_error_trace = False {{(pid=96573) log_opt_values /opt/stack/data/venv/lib/python3.12/site-packages/oslo_config/cfg.py:3560}}
Aug 21 03:49:37.429035 np0000007880 nova-scheduler[96573]: DEBUG cotyledon.oslo_config_glue [-] profiler.hmac_keys = **** {{(pid=96573) log_opt_values /opt/stack/data/venv/lib/python3.12/site-packages/oslo_config/cfg.py:3560}}
Aug 21 03:49:37.429035 np0000007880 nova-scheduler[96573]: DEBUG cotyledon.oslo_config_glue [-] profiler.sentinel_service_name = mymaster {{(pid=96573) log_opt_values /opt/stack/data/venv/lib/python3.12/site-packages/oslo_config/cfg.py:3560}}
Aug 21 03:49:37.429035 np0000007880 nova-scheduler[96573]: DEBUG cotyledon.oslo_config_glue [-] profiler.socket_timeout = 0.1 {{(pid=96573) log_opt_values /opt/stack/data/venv/lib/python3.12/site-packages/oslo_config/cfg.py:3560}}
Aug 21 03:49:37.429035 np0000007880 nova-scheduler[96573]: DEBUG cotyledon.oslo_config_glue [-] profiler.trace_requests = False {{(pid=96573) log_opt_values /opt/stack/data/venv/lib/python3.12/site-packages/oslo_config/cfg.py:3560}}
Aug 21 03:49:37.429035 np0000007880 nova-scheduler[96573]: DEBUG cotyledon.oslo_config_glue [-] profiler.trace_sqlalchemy = False {{(pid=96573) log_opt_values /opt/stack/data/venv/lib/python3.12/site-packages/oslo_config/cfg.py:3560}}
Aug 21 03:49:37.429035 np0000007880 nova-scheduler[96573]: DEBUG cotyledon.oslo_config_glue [-] profiler_jaeger.process_tags = {} {{(pid=96573) log_opt_values /opt/stack/data/venv/lib/python3.12/site-packages/oslo_config/cfg.py:3560}}
Aug 21 03:49:37.429035 np0000007880 nova-scheduler[96573]: DEBUG cotyledon.oslo_config_glue [-] profiler_jaeger.service_name_prefix = None {{(pid=96573) log_opt_values /opt/stack/data/venv/lib/python3.12/site-packages/oslo_config/cfg.py:3560}}
Aug 21 03:49:37.429035 np0000007880 nova-scheduler[96573]: DEBUG cotyledon.oslo_config_glue [-] profiler_otlp.service_name_prefix = None {{(pid=96573) log_opt_values /opt/stack/data/venv/lib/python3.12/site-packages/oslo_config/cfg.py:3560}}
Aug 21 03:49:37.429207 np0000007880 nova-scheduler[96573]: DEBUG cotyledon.oslo_config_glue [-] oslo_messaging_rabbit.amqp_auto_delete = False {{(pid=96573) log_opt_values /opt/stack/data/venv/lib/python3.12/site-packages/oslo_config/cfg.py:3560}}
Aug 21 03:49:37.429207 np0000007880 nova-scheduler[96573]: DEBUG cotyledon.oslo_config_glue [-] oslo_messaging_rabbit.amqp_durable_queues = False {{(pid=96573) log_opt_values /opt/stack/data/venv/lib/python3.12/site-packages/oslo_config/cfg.py:3560}}
Aug 21 03:49:37.429207 np0000007880 nova-scheduler[96573]: DEBUG cotyledon.oslo_config_glue [-] oslo_messaging_rabbit.conn_pool_min_size = 2 {{(pid=96573) log_opt_values /opt/stack/data/venv/lib/python3.12/site-packages/oslo_config/cfg.py:3560}}
Aug 21 03:49:37.429207 np0000007880 nova-scheduler[96573]: DEBUG cotyledon.oslo_config_glue [-] oslo_messaging_rabbit.conn_pool_ttl = 1200 {{(pid=96573) log_opt_values /opt/stack/data/venv/lib/python3.12/site-packages/oslo_config/cfg.py:3560}}
Aug 21 03:49:37.429207 np0000007880 nova-scheduler[96573]: DEBUG cotyledon.oslo_config_glue [-] oslo_messaging_rabbit.direct_mandatory_flag = True {{(pid=96573) log_opt_values /opt/stack/data/venv/lib/python3.12/site-packages/oslo_config/cfg.py:3560}}
Aug 21 03:49:37.429207 np0000007880 nova-scheduler[96573]: DEBUG cotyledon.oslo_config_glue [-] oslo_messaging_rabbit.enable_cancel_on_failover = False {{(pid=96573) log_opt_values /opt/stack/data/venv/lib/python3.12/site-packages/oslo_config/cfg.py:3560}}
Aug 21 03:49:37.429207 np0000007880 nova-scheduler[96573]: DEBUG cotyledon.oslo_config_glue [-] oslo_messaging_rabbit.heartbeat_rate = 3 {{(pid=96573) log_opt_values /opt/stack/data/venv/lib/python3.12/site-packages/oslo_config/cfg.py:3560}}
Aug 21 03:49:37.429207 np0000007880 nova-scheduler[96573]: DEBUG cotyledon.oslo_config_glue [-] oslo_messaging_rabbit.heartbeat_timeout_threshold = 60 {{(pid=96573) log_opt_values /opt/stack/data/venv/lib/python3.12/site-packages/oslo_config/cfg.py:3560}}
Aug 21 03:49:37.429207 np0000007880 nova-scheduler[96573]: DEBUG cotyledon.oslo_config_glue [-] oslo_messaging_rabbit.hostname = np0000007880 {{(pid=96573) log_opt_values /opt/stack/data/venv/lib/python3.12/site-packages/oslo_config/cfg.py:3560}}
Aug 21 03:49:37.429403 np0000007880 nova-scheduler[96573]: DEBUG cotyledon.oslo_config_glue [-] oslo_messaging_rabbit.kombu_compression = None {{(pid=96573) log_opt_values /opt/stack/data/venv/lib/python3.12/site-packages/oslo_config/cfg.py:3560}}
Aug 21 03:49:37.429403 np0000007880 nova-scheduler[96573]: DEBUG cotyledon.oslo_config_glue [-] oslo_messaging_rabbit.kombu_failover_strategy = round-robin {{(pid=96573) log_opt_values /opt/stack/data/venv/lib/python3.12/site-packages/oslo_config/cfg.py:3560}}
Aug 21 03:49:37.429403 np0000007880 nova-scheduler[96573]: DEBUG cotyledon.oslo_config_glue [-] oslo_messaging_rabbit.kombu_missing_consumer_retry_timeout = 60 {{(pid=96573) log_opt_values /opt/stack/data/venv/lib/python3.12/site-packages/oslo_config/cfg.py:3560}}
Aug 21 03:49:37.429403 np0000007880 nova-scheduler[96573]: DEBUG cotyledon.oslo_config_glue [-] oslo_messaging_rabbit.kombu_reconnect_delay = 1.0 {{(pid=96573) log_opt_values /opt/stack/data/venv/lib/python3.12/site-packages/oslo_config/cfg.py:3560}}
Aug 21 03:49:37.429403 np0000007880 nova-scheduler[96573]: DEBUG cotyledon.oslo_config_glue [-] oslo_messaging_rabbit.kombu_reconnect_splay = 0.0 {{(pid=96573) log_opt_values /opt/stack/data/venv/lib/python3.12/site-packages/oslo_config/cfg.py:3560}}
Aug 21 03:49:37.429403 np0000007880 nova-scheduler[96573]: DEBUG cotyledon.oslo_config_glue [-] oslo_messaging_rabbit.processname = nova-scheduler {{(pid=96573) log_opt_values /opt/stack/data/venv/lib/python3.12/site-packages/oslo_config/cfg.py:3560}}
Aug 21 03:49:37.429403 np0000007880 nova-scheduler[96573]: DEBUG cotyledon.oslo_config_glue [-] oslo_messaging_rabbit.rabbit_ha_queues = False {{(pid=96573) log_opt_values /opt/stack/data/venv/lib/python3.12/site-packages/oslo_config/cfg.py:3560}}
Aug 21 03:49:37.429403 np0000007880 nova-scheduler[96573]: DEBUG cotyledon.oslo_config_glue [-] oslo_messaging_rabbit.rabbit_interval_max = 30 {{(pid=96573) log_opt_values /opt/stack/data/venv/lib/python3.12/site-packages/oslo_config/cfg.py:3560}}
Aug 21 03:49:37.429644 np0000007880 nova-scheduler[96571]: DEBUG oslo_db.sqlalchemy.engines [None req-2e95964a-6151-40b4-b540-666282e3f768 None None] MySQL server mode set to STRICT_TRANS_TABLES,STRICT_ALL_TABLES,NO_ZERO_IN_DATE,NO_ZERO_DATE,ERROR_FOR_DIVISION_BY_ZERO,TRADITIONAL,NO_ENGINE_SUBSTITUTION {{(pid=96571) _check_effective_sql_mode /opt/stack/data/venv/lib/python3.12/site-packages/oslo_db/sqlalchemy/engines.py:325}}
Aug 21 03:49:37.429694 np0000007880 nova-scheduler[96573]: DEBUG cotyledon.oslo_config_glue [-] oslo_messaging_rabbit.rabbit_login_method = AMQPLAIN {{(pid=96573) log_opt_values /opt/stack/data/venv/lib/python3.12/site-packages/oslo_config/cfg.py:3560}}
Aug 21 03:49:37.429694 np0000007880 nova-scheduler[96573]: DEBUG cotyledon.oslo_config_glue [-] oslo_messaging_rabbit.rabbit_qos_prefetch_count = 0 {{(pid=96573) log_opt_values /opt/stack/data/venv/lib/python3.12/site-packages/oslo_config/cfg.py:3560}}
Aug 21 03:49:37.429694 np0000007880 nova-scheduler[96573]: DEBUG cotyledon.oslo_config_glue [-] oslo_messaging_rabbit.rabbit_quorum_delivery_limit = 0 {{(pid=96573) log_opt_values /opt/stack/data/venv/lib/python3.12/site-packages/oslo_config/cfg.py:3560}}
Aug 21 03:49:37.429694 np0000007880 nova-scheduler[96573]: DEBUG cotyledon.oslo_config_glue [-] oslo_messaging_rabbit.rabbit_quorum_max_memory_bytes = 0 {{(pid=96573) log_opt_values /opt/stack/data/venv/lib/python3.12/site-packages/oslo_config/cfg.py:3560}}
Aug 21 03:49:37.429694 np0000007880 nova-scheduler[96573]: DEBUG cotyledon.oslo_config_glue [-] oslo_messaging_rabbit.rabbit_quorum_max_memory_length = 0 {{(pid=96573) log_opt_values /opt/stack/data/venv/lib/python3.12/site-packages/oslo_config/cfg.py:3560}}
Aug 21 03:49:37.429694 np0000007880 nova-scheduler[96573]: DEBUG cotyledon.oslo_config_glue [-] oslo_messaging_rabbit.rabbit_quorum_queue = False {{(pid=96573) log_opt_values /opt/stack/data/venv/lib/python3.12/site-packages/oslo_config/cfg.py:3560}}
Aug 21 03:49:37.429694 np0000007880 nova-scheduler[96573]: DEBUG cotyledon.oslo_config_glue [-] oslo_messaging_rabbit.rabbit_retry_backoff = 2 {{(pid=96573) log_opt_values /opt/stack/data/venv/lib/python3.12/site-packages/oslo_config/cfg.py:3560}}
Aug 21 03:49:37.429694 np0000007880 nova-scheduler[96573]: DEBUG cotyledon.oslo_config_glue [-] oslo_messaging_rabbit.rabbit_retry_interval = 1 {{(pid=96573) log_opt_values /opt/stack/data/venv/lib/python3.12/site-packages/oslo_config/cfg.py:3560}}
Aug 21 03:49:37.429694 np0000007880 nova-scheduler[96573]: DEBUG cotyledon.oslo_config_glue [-] oslo_messaging_rabbit.rabbit_stream_fanout = False {{(pid=96573) log_opt_values /opt/stack/data/venv/lib/python3.12/site-packages/oslo_config/cfg.py:3560}}
Aug 21 03:49:37.429933 np0000007880 nova-scheduler[96573]: DEBUG cotyledon.oslo_config_glue [-] oslo_messaging_rabbit.rabbit_transient_queues_ttl = 1800 {{(pid=96573) log_opt_values /opt/stack/data/venv/lib/python3.12/site-packages/oslo_config/cfg.py:3560}}
Aug 21 03:49:37.429933 np0000007880 nova-scheduler[96573]: DEBUG cotyledon.oslo_config_glue [-] oslo_messaging_rabbit.rabbit_transient_quorum_queue = False {{(pid=96573) log_opt_values /opt/stack/data/venv/lib/python3.12/site-packages/oslo_config/cfg.py:3560}}
Aug 21 03:49:37.429933 np0000007880 nova-scheduler[96573]: DEBUG cotyledon.oslo_config_glue [-] oslo_messaging_rabbit.rpc_conn_pool_size = 30 {{(pid=96573) log_opt_values /opt/stack/data/venv/lib/python3.12/site-packages/oslo_config/cfg.py:3560}}
Aug 21 03:49:37.429933 np0000007880 nova-scheduler[96573]: DEBUG cotyledon.oslo_config_glue [-] oslo_messaging_rabbit.ssl = False {{(pid=96573) log_opt_values /opt/stack/data/venv/lib/python3.12/site-packages/oslo_config/cfg.py:3560}}
Aug 21 03:49:37.429933 np0000007880 nova-scheduler[96573]: DEBUG cotyledon.oslo_config_glue [-] oslo_messaging_rabbit.ssl_ca_file = {{(pid=96573) log_opt_values /opt/stack/data/venv/lib/python3.12/site-packages/oslo_config/cfg.py:3560}}
Aug 21 03:49:37.429933 np0000007880 nova-scheduler[96573]: DEBUG cotyledon.oslo_config_glue [-] oslo_messaging_rabbit.ssl_cert_file = {{(pid=96573) log_opt_values /opt/stack/data/venv/lib/python3.12/site-packages/oslo_config/cfg.py:3560}}
Aug 21 03:49:37.429933 np0000007880 nova-scheduler[96573]: DEBUG cotyledon.oslo_config_glue [-] oslo_messaging_rabbit.ssl_enforce_fips_mode = False {{(pid=96573) log_opt_values /opt/stack/data/venv/lib/python3.12/site-packages/oslo_config/cfg.py:3560}}
Aug 21 03:49:37.429933 np0000007880 nova-scheduler[96573]: DEBUG cotyledon.oslo_config_glue [-] oslo_messaging_rabbit.ssl_enforce_hostname_verification = True {{(pid=96573) log_opt_values /opt/stack/data/venv/lib/python3.12/site-packages/oslo_config/cfg.py:3560}}
Aug 21 03:49:37.429933 np0000007880 nova-scheduler[96573]: DEBUG cotyledon.oslo_config_glue [-] oslo_messaging_rabbit.ssl_key_file = {{(pid=96573) log_opt_values /opt/stack/data/venv/lib/python3.12/site-packages/oslo_config/cfg.py:3560}}
Aug 21 03:49:37.430130 np0000007880 nova-scheduler[96573]: DEBUG cotyledon.oslo_config_glue [-] oslo_messaging_rabbit.ssl_version = {{(pid=96573) log_opt_values /opt/stack/data/venv/lib/python3.12/site-packages/oslo_config/cfg.py:3560}}
Aug 21 03:49:37.430130 np0000007880 nova-scheduler[96573]: DEBUG cotyledon.oslo_config_glue [-] oslo_messaging_rabbit.use_queue_manager = False {{(pid=96573) log_opt_values /opt/stack/data/venv/lib/python3.12/site-packages/oslo_config/cfg.py:3560}}
Aug 21 03:49:37.430130 np0000007880 nova-scheduler[96573]: DEBUG cotyledon.oslo_config_glue [-] oslo_messaging_notifications.driver = ['messagingv2'] {{(pid=96573) log_opt_values /opt/stack/data/venv/lib/python3.12/site-packages/oslo_config/cfg.py:3560}}
Aug 21 03:49:37.430130 np0000007880 nova-scheduler[96573]: DEBUG cotyledon.oslo_config_glue [-] oslo_messaging_notifications.retry = -1 {{(pid=96573) log_opt_values /opt/stack/data/venv/lib/python3.12/site-packages/oslo_config/cfg.py:3560}}
Aug 21 03:49:37.430130 np0000007880 nova-scheduler[96573]: DEBUG cotyledon.oslo_config_glue [-] oslo_messaging_notifications.topics = ['notifications'] {{(pid=96573) log_opt_values /opt/stack/data/venv/lib/python3.12/site-packages/oslo_config/cfg.py:3560}}
Aug 21 03:49:37.430130 np0000007880 nova-scheduler[96573]: DEBUG cotyledon.oslo_config_glue [-] oslo_messaging_notifications.transport_url = **** {{(pid=96573) log_opt_values /opt/stack/data/venv/lib/python3.12/site-packages/oslo_config/cfg.py:3560}}
Aug 21 03:49:37.430130 np0000007880 nova-scheduler[96573]: DEBUG cotyledon.oslo_config_glue [-] oslo_limit.auth_section = None {{(pid=96573) log_opt_values /opt/stack/data/venv/lib/python3.12/site-packages/oslo_config/cfg.py:3560}}
Aug 21 03:49:37.430130 np0000007880 nova-scheduler[96573]: DEBUG cotyledon.oslo_config_glue [-] oslo_limit.auth_type = None {{(pid=96573) log_opt_values /opt/stack/data/venv/lib/python3.12/site-packages/oslo_config/cfg.py:3560}}
Aug 21 03:49:37.430130 np0000007880 nova-scheduler[96573]: DEBUG cotyledon.oslo_config_glue [-] oslo_limit.cafile = None {{(pid=96573) log_opt_values /opt/stack/data/venv/lib/python3.12/site-packages/oslo_config/cfg.py:3560}}
Aug 21 03:49:37.430324 np0000007880 nova-scheduler[96573]: DEBUG cotyledon.oslo_config_glue [-] oslo_limit.certfile = None {{(pid=96573) log_opt_values /opt/stack/data/venv/lib/python3.12/site-packages/oslo_config/cfg.py:3560}}
Aug 21 03:49:37.430324 np0000007880 nova-scheduler[96573]: DEBUG cotyledon.oslo_config_glue [-] oslo_limit.collect_timing = False {{(pid=96573) log_opt_values /opt/stack/data/venv/lib/python3.12/site-packages/oslo_config/cfg.py:3560}}
Aug 21 03:49:37.430324 np0000007880 nova-scheduler[96573]: DEBUG cotyledon.oslo_config_glue [-] oslo_limit.connect_retries = None {{(pid=96573) log_opt_values /opt/stack/data/venv/lib/python3.12/site-packages/oslo_config/cfg.py:3560}}
Aug 21 03:49:37.430324 np0000007880 nova-scheduler[96573]: DEBUG cotyledon.oslo_config_glue [-] oslo_limit.connect_retry_delay = None {{(pid=96573) log_opt_values /opt/stack/data/venv/lib/python3.12/site-packages/oslo_config/cfg.py:3560}}
Aug 21 03:49:37.430324 np0000007880 nova-scheduler[96573]: DEBUG cotyledon.oslo_config_glue [-] oslo_limit.endpoint_id = None {{(pid=96573) log_opt_values /opt/stack/data/venv/lib/python3.12/site-packages/oslo_config/cfg.py:3560}}
Aug 21 03:49:37.430324 np0000007880 nova-scheduler[96573]: DEBUG cotyledon.oslo_config_glue [-] oslo_limit.endpoint_interface = public {{(pid=96573) log_opt_values /opt/stack/data/venv/lib/python3.12/site-packages/oslo_config/cfg.py:3560}}
Aug 21 03:49:37.430324 np0000007880 nova-scheduler[96573]: DEBUG cotyledon.oslo_config_glue [-] oslo_limit.endpoint_override = None {{(pid=96573) log_opt_values /opt/stack/data/venv/lib/python3.12/site-packages/oslo_config/cfg.py:3560}}
Aug 21 03:49:37.430324 np0000007880 nova-scheduler[96573]: DEBUG cotyledon.oslo_config_glue [-] oslo_limit.endpoint_region_name = None {{(pid=96573) log_opt_values /opt/stack/data/venv/lib/python3.12/site-packages/oslo_config/cfg.py:3560}}
Aug 21 03:49:37.430324 np0000007880 nova-scheduler[96573]: DEBUG cotyledon.oslo_config_glue [-] oslo_limit.endpoint_service_name = None {{(pid=96573) log_opt_values /opt/stack/data/venv/lib/python3.12/site-packages/oslo_config/cfg.py:3560}}
Aug 21 03:49:37.430517 np0000007880 nova-scheduler[96573]: DEBUG cotyledon.oslo_config_glue [-] oslo_limit.endpoint_service_type = None {{(pid=96573) log_opt_values /opt/stack/data/venv/lib/python3.12/site-packages/oslo_config/cfg.py:3560}}
Aug 21 03:49:37.430517 np0000007880 nova-scheduler[96573]: DEBUG cotyledon.oslo_config_glue [-] oslo_limit.insecure = False {{(pid=96573) log_opt_values /opt/stack/data/venv/lib/python3.12/site-packages/oslo_config/cfg.py:3560}}
Aug 21 03:49:37.430517 np0000007880 nova-scheduler[96573]: DEBUG cotyledon.oslo_config_glue [-] oslo_limit.keyfile = None {{(pid=96573) log_opt_values /opt/stack/data/venv/lib/python3.12/site-packages/oslo_config/cfg.py:3560}}
Aug 21 03:49:37.430517 np0000007880 nova-scheduler[96573]: DEBUG cotyledon.oslo_config_glue [-] oslo_limit.max_version = None {{(pid=96573) log_opt_values /opt/stack/data/venv/lib/python3.12/site-packages/oslo_config/cfg.py:3560}}
Aug 21 03:49:37.430517 np0000007880 nova-scheduler[96573]: DEBUG cotyledon.oslo_config_glue [-] oslo_limit.min_version = None {{(pid=96573) log_opt_values /opt/stack/data/venv/lib/python3.12/site-packages/oslo_config/cfg.py:3560}}
Aug 21 03:49:37.430517 np0000007880 nova-scheduler[96573]: DEBUG cotyledon.oslo_config_glue [-] oslo_limit.region_name = None {{(pid=96573) log_opt_values /opt/stack/data/venv/lib/python3.12/site-packages/oslo_config/cfg.py:3560}}
Aug 21 03:49:37.430517 np0000007880 nova-scheduler[96573]: DEBUG cotyledon.oslo_config_glue [-] oslo_limit.retriable_status_codes = None {{(pid=96573) log_opt_values /opt/stack/data/venv/lib/python3.12/site-packages/oslo_config/cfg.py:3560}}
Aug 21 03:49:37.430517 np0000007880 nova-scheduler[96573]: DEBUG cotyledon.oslo_config_glue [-] oslo_limit.service_name = None {{(pid=96573) log_opt_values /opt/stack/data/venv/lib/python3.12/site-packages/oslo_config/cfg.py:3560}}
Aug 21 03:49:37.430517 np0000007880 nova-scheduler[96573]: DEBUG cotyledon.oslo_config_glue [-] oslo_limit.service_type = None {{(pid=96573) log_opt_values /opt/stack/data/venv/lib/python3.12/site-packages/oslo_config/cfg.py:3560}}
Aug 21 03:49:37.430732 np0000007880 nova-scheduler[96573]: DEBUG cotyledon.oslo_config_glue [-] oslo_limit.split_loggers = False {{(pid=96573) log_opt_values /opt/stack/data/venv/lib/python3.12/site-packages/oslo_config/cfg.py:3560}}
Aug 21 03:49:37.430732 np0000007880 nova-scheduler[96573]: DEBUG cotyledon.oslo_config_glue [-] oslo_limit.status_code_retries = None {{(pid=96573) log_opt_values /opt/stack/data/venv/lib/python3.12/site-packages/oslo_config/cfg.py:3560}}
Aug 21 03:49:37.430732 np0000007880 nova-scheduler[96573]: DEBUG cotyledon.oslo_config_glue [-] oslo_limit.status_code_retry_delay = None {{(pid=96573) log_opt_values /opt/stack/data/venv/lib/python3.12/site-packages/oslo_config/cfg.py:3560}}
Aug 21 03:49:37.430732 np0000007880 nova-scheduler[96573]: DEBUG cotyledon.oslo_config_glue [-] oslo_limit.timeout = None {{(pid=96573) log_opt_values /opt/stack/data/venv/lib/python3.12/site-packages/oslo_config/cfg.py:3560}}
Aug 21 03:49:37.430732 np0000007880 nova-scheduler[96573]: DEBUG cotyledon.oslo_config_glue [-] oslo_limit.valid_interfaces = None {{(pid=96573) log_opt_values /opt/stack/data/venv/lib/python3.12/site-packages/oslo_config/cfg.py:3560}}
Aug 21 03:49:37.430732 np0000007880 nova-scheduler[96573]: DEBUG cotyledon.oslo_config_glue [-] oslo_limit.version = None {{(pid=96573) log_opt_values /opt/stack/data/venv/lib/python3.12/site-packages/oslo_config/cfg.py:3560}}
Aug 21 03:49:37.430732 np0000007880 nova-scheduler[96573]: DEBUG cotyledon.oslo_config_glue [-] oslo_reports.file_event_handler = None {{(pid=96573) log_opt_values /opt/stack/data/venv/lib/python3.12/site-packages/oslo_config/cfg.py:3560}}
Aug 21 03:49:37.430732 np0000007880 nova-scheduler[96573]: DEBUG cotyledon.oslo_config_glue [-] oslo_reports.file_event_handler_interval = 1 {{(pid=96573) log_opt_values /opt/stack/data/venv/lib/python3.12/site-packages/oslo_config/cfg.py:3560}}
Aug 21 03:49:37.430732 np0000007880 nova-scheduler[96573]: DEBUG cotyledon.oslo_config_glue [-] oslo_reports.log_dir = None {{(pid=96573) log_opt_values /opt/stack/data/venv/lib/python3.12/site-packages/oslo_config/cfg.py:3560}}
Aug 21 03:49:37.430911 np0000007880 nova-scheduler[96573]: DEBUG cotyledon.oslo_config_glue [-] ******************************************************************************** {{(pid=96573) log_opt_values /opt/stack/data/venv/lib/python3.12/site-packages/oslo_config/cfg.py:3567}}
Aug 21 03:49:37.430911 np0000007880 nova-scheduler[96573]: DEBUG cotyledon._service_worker [-] Run service ServiceWrapper(3) [96573] {{(pid=96573) wait_forever /opt/stack/data/venv/lib/python3.12/site-packages/cotyledon/_service_worker.py:218}}
Aug 21 03:49:37.430911 np0000007880 nova-scheduler[96573]: INFO nova.service [-] Starting scheduler node (version 33.1.0)
Aug 21 03:49:37.430977 np0000007880 nova-scheduler[96567]: DEBUG oslo_db.sqlalchemy.engines [None req-4bf4facf-a429-49cf-9b59-f66480f56754 None None] MySQL server mode set to STRICT_TRANS_TABLES,STRICT_ALL_TABLES,NO_ZERO_IN_DATE,NO_ZERO_DATE,ERROR_FOR_DIVISION_BY_ZERO,TRADITIONAL,NO_ENGINE_SUBSTITUTION {{(pid=96567) _check_effective_sql_mode /opt/stack/data/venv/lib/python3.12/site-packages/oslo_db/sqlalchemy/engines.py:325}}
Aug 21 03:49:37.431005 np0000007880 nova-scheduler[96573]: INFO dbcounter [None req-e00f087c-156b-4cff-a130-3d0260fd6096 None None] Registered counter for database nova_cell0
Aug 21 03:49:37.431029 np0000007880 nova-scheduler[96571]: DEBUG dbcounter [-] [96571] Writer thread running {{(pid=96571) stat_writer /opt/stack/data/venv/lib/python3.12/site-packages/dbcounter.py:102}}
Aug 21 03:49:37.431091 np0000007880 nova-scheduler[96567]: DEBUG dbcounter [-] [96567] Writer thread running {{(pid=96567) stat_writer /opt/stack/data/venv/lib/python3.12/site-packages/dbcounter.py:102}}
Aug 21 03:49:37.431122 np0000007880 nova-scheduler[96571]: DEBUG nova.service [None req-2e95964a-6151-40b4-b540-666282e3f768 None None] Creating RPC server for service: nova-scheduler on topic: scheduler {{(pid=96571) start /opt/stack/nova/nova/service.py:262}}
Aug 21 03:49:37.431144 np0000007880 nova-scheduler[96567]: DEBUG nova.service [None req-4bf4facf-a429-49cf-9b59-f66480f56754 None None] Creating RPC server for service: nova-scheduler on topic: scheduler {{(pid=96567) start /opt/stack/nova/nova/service.py:262}}
Aug 21 03:49:37.431167 np0000007880 nova-scheduler[96569]: DEBUG oslo_db.sqlalchemy.engines [None req-90d8b693-609d-4db4-b212-e8c8d4807f9f None None] MySQL server mode set to STRICT_TRANS_TABLES,STRICT_ALL_TABLES,NO_ZERO_IN_DATE,NO_ZERO_DATE,ERROR_FOR_DIVISION_BY_ZERO,TRADITIONAL,NO_ENGINE_SUBSTITUTION {{(pid=96569) _check_effective_sql_mode /opt/stack/data/venv/lib/python3.12/site-packages/oslo_db/sqlalchemy/engines.py:325}}
Aug 21 03:49:37.442509 np0000007880 nova-scheduler[96569]: DEBUG dbcounter [-] [96569] Writer thread running {{(pid=96569) stat_writer /opt/stack/data/venv/lib/python3.12/site-packages/dbcounter.py:102}}
Aug 21 03:49:37.446166 np0000007880 nova-scheduler[96569]: DEBUG nova.service [None req-90d8b693-609d-4db4-b212-e8c8d4807f9f None None] Creating RPC server for service: nova-scheduler on topic: scheduler {{(pid=96569) start /opt/stack/nova/nova/service.py:262}}
Aug 21 03:49:37.451501 np0000007880 nova-scheduler[96567]: DEBUG nova.service [None req-4bf4facf-a429-49cf-9b59-f66480f56754 None None] Join ServiceGroup membership for this service scheduler {{(pid=96567) start /opt/stack/nova/nova/service.py:288}}
Aug 21 03:49:37.451644 np0000007880 nova-scheduler[96573]: DEBUG oslo_db.sqlalchemy.engines [None req-e00f087c-156b-4cff-a130-3d0260fd6096 None None] MySQL server mode set to STRICT_TRANS_TABLES,STRICT_ALL_TABLES,NO_ZERO_IN_DATE,NO_ZERO_DATE,ERROR_FOR_DIVISION_BY_ZERO,TRADITIONAL,NO_ENGINE_SUBSTITUTION {{(pid=96573) _check_effective_sql_mode /opt/stack/data/venv/lib/python3.12/site-packages/oslo_db/sqlalchemy/engines.py:325}}
Aug 21 03:49:37.451739 np0000007880 nova-scheduler[96567]: DEBUG nova.servicegroup.drivers.db [None req-4bf4facf-a429-49cf-9b59-f66480f56754 None None] DB_Driver: join new ServiceGroup member np0000007880 to the scheduler group, service = {{(pid=96567) join /opt/stack/nova/nova/servicegroup/drivers/db.py:44}}
Aug 21 03:49:37.454574 np0000007880 nova-scheduler[96571]: DEBUG nova.service [None req-2e95964a-6151-40b4-b540-666282e3f768 None None] Join ServiceGroup membership for this service scheduler {{(pid=96571) start /opt/stack/nova/nova/service.py:288}}
Aug 21 03:49:37.454574 np0000007880 nova-scheduler[96571]: DEBUG nova.servicegroup.drivers.db [None req-2e95964a-6151-40b4-b540-666282e3f768 None None] DB_Driver: join new ServiceGroup member np0000007880 to the scheduler group, service = {{(pid=96571) join /opt/stack/nova/nova/servicegroup/drivers/db.py:44}}
Aug 21 03:49:37.462715 np0000007880 nova-scheduler[96573]: DEBUG dbcounter [-] [96573] Writer thread running {{(pid=96573) stat_writer /opt/stack/data/venv/lib/python3.12/site-packages/dbcounter.py:102}}
Aug 21 03:49:37.467746 np0000007880 nova-scheduler[96573]: DEBUG nova.service [None req-e00f087c-156b-4cff-a130-3d0260fd6096 None None] Creating RPC server for service: nova-scheduler on topic: scheduler {{(pid=96573) start /opt/stack/nova/nova/service.py:262}}
Aug 21 03:49:37.474360 np0000007880 nova-scheduler[96569]: DEBUG nova.service [None req-90d8b693-609d-4db4-b212-e8c8d4807f9f None None] Join ServiceGroup membership for this service scheduler {{(pid=96569) start /opt/stack/nova/nova/service.py:288}}
Aug 21 03:49:37.474643 np0000007880 nova-scheduler[96569]: DEBUG nova.servicegroup.drivers.db [None req-90d8b693-609d-4db4-b212-e8c8d4807f9f None None] DB_Driver: join new ServiceGroup member np0000007880 to the scheduler group, service = {{(pid=96569) join /opt/stack/nova/nova/servicegroup/drivers/db.py:44}}
Aug 21 03:49:37.488997 np0000007880 nova-scheduler[96573]: DEBUG nova.service [None req-e00f087c-156b-4cff-a130-3d0260fd6096 None None] Join ServiceGroup membership for this service scheduler {{(pid=96573) start /opt/stack/nova/nova/service.py:288}}
Aug 21 03:49:37.489258 np0000007880 nova-scheduler[96573]: DEBUG nova.servicegroup.drivers.db [None req-e00f087c-156b-4cff-a130-3d0260fd6096 None None] DB_Driver: join new ServiceGroup member np0000007880 to the scheduler group, service = {{(pid=96573) join /opt/stack/nova/nova/servicegroup/drivers/db.py:44}}
Aug 21 03:49:42.473001 np0000007880 nova-scheduler[96567]: DEBUG oslo.service.backend._threading.loopingcall [-] Fixed interval looping call 'nova.servicegroup.drivers.db.DbDriver._report_state' sleeping for 119.98 seconds {{(pid=96567) _run_loop /opt/stack/data/venv/lib/python3.12/site-packages/oslo_service/backend/_threading/loopingcall.py:125}}
Aug 21 03:49:42.473532 np0000007880 nova-scheduler[96571]: DEBUG oslo.service.backend._threading.loopingcall [-] Fixed interval looping call 'nova.servicegroup.drivers.db.DbDriver._report_state' sleeping for 119.98 seconds {{(pid=96571) _run_loop /opt/stack/data/venv/lib/python3.12/site-packages/oslo_service/backend/_threading/loopingcall.py:125}}
Aug 21 03:49:42.485576 np0000007880 nova-scheduler[96569]: DEBUG oslo.service.backend._threading.loopingcall [-] Fixed interval looping call 'nova.servicegroup.drivers.db.DbDriver._report_state' sleeping for 119.99 seconds {{(pid=96569) _run_loop /opt/stack/data/venv/lib/python3.12/site-packages/oslo_service/backend/_threading/loopingcall.py:125}}
Aug 21 03:49:42.502012 np0000007880 nova-scheduler[96573]: DEBUG oslo.service.backend._threading.loopingcall [-] Fixed interval looping call 'nova.servicegroup.drivers.db.DbDriver._report_state' sleeping for 119.99 seconds {{(pid=96573) _run_loop /opt/stack/data/venv/lib/python3.12/site-packages/oslo_service/backend/_threading/loopingcall.py:125}}
Aug 21 03:49:45.977244 np0000007880 nova-scheduler[95371]: DEBUG dbcounter [-] [95371] Writing DB stats nova_api:SELECT=3 {{(pid=95371) stat_writer /opt/stack/data/venv/lib/python3.12/site-packages/dbcounter.py:115}}
Aug 21 03:49:46.113305 np0000007880 nova-scheduler[95371]: DEBUG dbcounter [-] [95371] Writing DB stats nova_cell1:SELECT=1 {{(pid=95371) stat_writer /opt/stack/data/venv/lib/python3.12/site-packages/dbcounter.py:115}}
Aug 21 03:49:46.117210 np0000007880 nova-scheduler[95371]: DEBUG dbcounter [-] [95371] Writing DB stats nova_cell0:SELECT=1 {{(pid=95371) stat_writer /opt/stack/data/venv/lib/python3.12/site-packages/dbcounter.py:115}}
Aug 21 03:49:52.465958 np0000007880 nova-scheduler[96567]: DEBUG dbcounter [-] [96567] Writing DB stats nova_cell0:SELECT=5,nova_cell0:INSERT=1,nova_cell0:UPDATE=1 {{(pid=96567) stat_writer /opt/stack/data/venv/lib/python3.12/site-packages/dbcounter.py:115}}
Aug 21 03:49:52.470775 np0000007880 nova-scheduler[96571]: DEBUG dbcounter [-] [96571] Writing DB stats nova_cell0:SELECT=4,nova_cell0:INSERT=1,nova_cell0:UPDATE=1 {{(pid=96571) stat_writer /opt/stack/data/venv/lib/python3.12/site-packages/dbcounter.py:115}}
Aug 21 03:49:52.484475 np0000007880 nova-scheduler[96569]: DEBUG dbcounter [-] [96569] Writing DB stats nova_cell0:SELECT=3 {{(pid=96569) stat_writer /opt/stack/data/venv/lib/python3.12/site-packages/dbcounter.py:115}}
Aug 21 03:49:52.498891 np0000007880 nova-scheduler[96573]: DEBUG dbcounter [-] [96573] Writing DB stats nova_cell0:SELECT=3 {{(pid=96573) stat_writer /opt/stack/data/venv/lib/python3.12/site-packages/dbcounter.py:115}}
Aug 21 03:49:55.454297 np0000007880 nova-scheduler[96567]: DEBUG oslo.service.backend._threading.loopingcall [None req-900e9082-3bea-4e05-a7b9-f6c5e78bce63 None None] Dynamic interval looping call 'nova.service.Service.periodic_tasks' sleeping for 60.00 seconds {{(pid=96567) _run_loop /opt/stack/data/venv/lib/python3.12/site-packages/oslo_service/backend/_threading/loopingcall.py:125}}
Aug 21 03:49:58.476822 np0000007880 nova-scheduler[96569]: DEBUG oslo.service.backend._threading.loopingcall [None req-c52738b2-aea2-4eec-8009-086c0cf69538 None None] Dynamic interval looping call 'nova.service.Service.periodic_tasks' sleeping for 60.00 seconds {{(pid=96569) _run_loop /opt/stack/data/venv/lib/python3.12/site-packages/oslo_service/backend/_threading/loopingcall.py:125}}
Aug 21 03:50:11.454563 np0000007880 nova-scheduler[96571]: DEBUG oslo.service.backend._threading.loopingcall [None req-e12b1f01-c91f-4387-871a-989961950503 None None] Dynamic interval looping call 'nova.service.Service.periodic_tasks' sleeping for 60.00 seconds {{(pid=96571) _run_loop /opt/stack/data/venv/lib/python3.12/site-packages/oslo_service/backend/_threading/loopingcall.py:125}}
Aug 21 03:50:16.491476 np0000007880 nova-scheduler[96573]: DEBUG oslo.service.backend._threading.loopingcall [None req-570b9273-b496-4615-9d5e-031027904c7e None None] Dynamic interval looping call 'nova.service.Service.periodic_tasks' sleeping for 60.00 seconds {{(pid=96573) _run_loop /opt/stack/data/venv/lib/python3.12/site-packages/oslo_service/backend/_threading/loopingcall.py:125}}
Aug 21 03:50:55.454788 np0000007880 nova-scheduler[96567]: DEBUG oslo.service.backend._threading.loopingcall [None req-900e9082-3bea-4e05-a7b9-f6c5e78bce63 None None] Dynamic interval looping call 'nova.service.Service.periodic_tasks' sleeping for 60.00 seconds {{(pid=96567) _run_loop /opt/stack/data/venv/lib/python3.12/site-packages/oslo_service/backend/_threading/loopingcall.py:125}}
Aug 21 03:50:58.477420 np0000007880 nova-scheduler[96569]: DEBUG oslo.service.backend._threading.loopingcall [None req-c52738b2-aea2-4eec-8009-086c0cf69538 None None] Dynamic interval looping call 'nova.service.Service.periodic_tasks' sleeping for 60.00 seconds {{(pid=96569) _run_loop /opt/stack/data/venv/lib/python3.12/site-packages/oslo_service/backend/_threading/loopingcall.py:125}}
Aug 21 03:51:11.455157 np0000007880 nova-scheduler[96571]: DEBUG oslo.service.backend._threading.loopingcall [None req-e12b1f01-c91f-4387-871a-989961950503 None None] Dynamic interval looping call 'nova.service.Service.periodic_tasks' sleeping for 60.00 seconds {{(pid=96571) _run_loop /opt/stack/data/venv/lib/python3.12/site-packages/oslo_service/backend/_threading/loopingcall.py:125}}
Aug 21 03:51:16.492002 np0000007880 nova-scheduler[96573]: DEBUG oslo.service.backend._threading.loopingcall [None req-570b9273-b496-4615-9d5e-031027904c7e None None] Dynamic interval looping call 'nova.service.Service.periodic_tasks' sleeping for 60.00 seconds {{(pid=96573) _run_loop /opt/stack/data/venv/lib/python3.12/site-packages/oslo_service/backend/_threading/loopingcall.py:125}}
Aug 21 03:51:42.460486 np0000007880 nova-scheduler[96567]: DEBUG oslo.service.backend._threading.loopingcall [-] Fixed interval looping call 'nova.servicegroup.drivers.db.DbDriver._report_state' sleeping for 119.99 seconds {{(pid=96567) _run_loop /opt/stack/data/venv/lib/python3.12/site-packages/oslo_service/backend/_threading/loopingcall.py:125}}
Aug 21 03:51:42.461080 np0000007880 nova-scheduler[96571]: DEBUG oslo.service.backend._threading.loopingcall [-] Fixed interval looping call 'nova.servicegroup.drivers.db.DbDriver._report_state' sleeping for 119.99 seconds {{(pid=96571) _run_loop /opt/stack/data/venv/lib/python3.12/site-packages/oslo_service/backend/_threading/loopingcall.py:125}}
Aug 21 03:51:42.479423 np0000007880 nova-scheduler[96569]: DEBUG oslo.service.backend._threading.loopingcall [-] Fixed interval looping call 'nova.servicegroup.drivers.db.DbDriver._report_state' sleeping for 120.00 seconds {{(pid=96569) _run_loop /opt/stack/data/venv/lib/python3.12/site-packages/oslo_service/backend/_threading/loopingcall.py:125}}
Aug 21 03:51:42.496438 np0000007880 nova-scheduler[96573]: DEBUG oslo.service.backend._threading.loopingcall [-] Fixed interval looping call 'nova.servicegroup.drivers.db.DbDriver._report_state' sleeping for 120.00 seconds {{(pid=96573) _run_loop /opt/stack/data/venv/lib/python3.12/site-packages/oslo_service/backend/_threading/loopingcall.py:125}}
Aug 21 03:51:52.456246 np0000007880 nova-scheduler[96567]: DEBUG dbcounter [-] [96567] Writing DB stats nova_cell0:SELECT=1,nova_cell0:UPDATE=1 {{(pid=96567) stat_writer /opt/stack/data/venv/lib/python3.12/site-packages/dbcounter.py:115}}
Aug 21 03:51:52.456835 np0000007880 nova-scheduler[96571]: DEBUG dbcounter [-] [96571] Writing DB stats nova_cell0:SELECT=1,nova_cell0:UPDATE=1 {{(pid=96571) stat_writer /opt/stack/data/venv/lib/python3.12/site-packages/dbcounter.py:115}}
Aug 21 03:51:52.477791 np0000007880 nova-scheduler[96569]: DEBUG dbcounter [-] [96569] Writing DB stats nova_cell0:SELECT=1 {{(pid=96569) stat_writer /opt/stack/data/venv/lib/python3.12/site-packages/dbcounter.py:115}}
Aug 21 03:51:52.494114 np0000007880 nova-scheduler[96573]: DEBUG dbcounter [-] [96573] Writing DB stats nova_cell0:SELECT=1 {{(pid=96573) stat_writer /opt/stack/data/venv/lib/python3.12/site-packages/dbcounter.py:115}}
Aug 21 03:51:55.455472 np0000007880 nova-scheduler[96567]: DEBUG oslo.service.backend._threading.loopingcall [None req-900e9082-3bea-4e05-a7b9-f6c5e78bce63 None None] Dynamic interval looping call 'nova.service.Service.periodic_tasks' sleeping for 60.00 seconds {{(pid=96567) _run_loop /opt/stack/data/venv/lib/python3.12/site-packages/oslo_service/backend/_threading/loopingcall.py:125}}
Aug 21 03:51:58.478536 np0000007880 nova-scheduler[96569]: DEBUG oslo.service.backend._threading.loopingcall [None req-c52738b2-aea2-4eec-8009-086c0cf69538 None None] Dynamic interval looping call 'nova.service.Service.periodic_tasks' sleeping for 60.00 seconds {{(pid=96569) _run_loop /opt/stack/data/venv/lib/python3.12/site-packages/oslo_service/backend/_threading/loopingcall.py:125}}
Aug 21 03:52:04.099154 np0000007880 nova-scheduler[96567]: DEBUG nova.scheduler.manager [None req-e716c071-aa3e-4f22-866b-7906baed43ac tempest-ServerBootFromVolumeStableRescueTest-1870671345 tempest-ServerBootFromVolumeStableRescueTest-1870671345-project-member] Starting to schedule for instances: ['4773e435-049b-4fe9-ba7c-b4d25f85adae'] {{(pid=96567) select_destinations /opt/stack/nova/nova/scheduler/manager.py:197}}
Aug 21 03:52:04.102509 np0000007880 nova-scheduler[96567]: DEBUG nova.scheduler.request_filter [None req-e716c071-aa3e-4f22-866b-7906baed43ac tempest-ServerBootFromVolumeStableRescueTest-1870671345 tempest-ServerBootFromVolumeStableRescueTest-1870671345-project-member] compute_status_filter request filter added forbidden trait COMPUTE_STATUS_DISABLED {{(pid=96567) compute_status_filter /opt/stack/nova/nova/scheduler/request_filter.py:253}}
Aug 21 03:52:04.102509 np0000007880 nova-scheduler[96567]: DEBUG nova.scheduler.request_filter [None req-e716c071-aa3e-4f22-866b-7906baed43ac tempest-ServerBootFromVolumeStableRescueTest-1870671345 tempest-ServerBootFromVolumeStableRescueTest-1870671345-project-member] Request filter 'compute_status_filter' took 0.0 seconds {{(pid=96567) wrapper /opt/stack/nova/nova/scheduler/request_filter.py:46}}
Aug 21 03:52:04.102509 np0000007880 nova-scheduler[96567]: DEBUG nova.scheduler.request_filter [None req-e716c071-aa3e-4f22-866b-7906baed43ac tempest-ServerBootFromVolumeStableRescueTest-1870671345 tempest-ServerBootFromVolumeStableRescueTest-1870671345-project-member] Request filter 'accelerators_filter' took 0.0 seconds {{(pid=96567) wrapper /opt/stack/nova/nova/scheduler/request_filter.py:46}}
Aug 21 03:52:04.102509 np0000007880 nova-scheduler[96567]: DEBUG nova.scheduler.request_filter [None req-e716c071-aa3e-4f22-866b-7906baed43ac tempest-ServerBootFromVolumeStableRescueTest-1870671345 tempest-ServerBootFromVolumeStableRescueTest-1870671345-project-member] Request filter 'packed_virtqueue_filter' took 0.0 seconds {{(pid=96567) wrapper /opt/stack/nova/nova/scheduler/request_filter.py:46}}
Aug 21 03:52:04.102509 np0000007880 nova-scheduler[96567]: DEBUG nova.scheduler.request_filter [None req-e716c071-aa3e-4f22-866b-7906baed43ac tempest-ServerBootFromVolumeStableRescueTest-1870671345 tempest-ServerBootFromVolumeStableRescueTest-1870671345-project-member] Request filter 'remote_managed_ports_filter' took 0.0 seconds {{(pid=96567) wrapper /opt/stack/nova/nova/scheduler/request_filter.py:46}}
Aug 21 03:52:04.102984 np0000007880 nova-scheduler[96567]: DEBUG nova.scheduler.request_filter [None req-e716c071-aa3e-4f22-866b-7906baed43ac tempest-ServerBootFromVolumeStableRescueTest-1870671345 tempest-ServerBootFromVolumeStableRescueTest-1870671345-project-member] ephemeral_encryption_filter skipped {{(pid=96567) ephemeral_encryption_filter /opt/stack/nova/nova/scheduler/request_filter.py:426}}
Aug 21 03:52:04.102984 np0000007880 nova-scheduler[96567]: DEBUG nova.scheduler.request_filter [None req-e716c071-aa3e-4f22-866b-7906baed43ac tempest-ServerBootFromVolumeStableRescueTest-1870671345 tempest-ServerBootFromVolumeStableRescueTest-1870671345-project-member] virtio_sound_filter skipped {{(pid=96567) virtio_sound_filter /opt/stack/nova/nova/scheduler/request_filter.py:460}}
Aug 21 03:52:04.102984 np0000007880 nova-scheduler[96567]: DEBUG nova.scheduler.request_filter [None req-e716c071-aa3e-4f22-866b-7906baed43ac tempest-ServerBootFromVolumeStableRescueTest-1870671345 tempest-ServerBootFromVolumeStableRescueTest-1870671345-project-member] tpm_secret_security_filter skipped {{(pid=96567) tpm_secret_security_filter /opt/stack/nova/nova/scheduler/request_filter.py:477}}
Aug 21 03:52:04.164164 np0000007880 nova-scheduler[96571]: DEBUG nova.scheduler.manager [None req-424200a6-19f7-436e-854e-527b34ef9ca8 tempest-DeleteServersTestJSON-255057961 tempest-DeleteServersTestJSON-255057961-project-member] Starting to schedule for instances: ['5521b4a3-15d2-44cb-8a00-5e3f13e50c58'] {{(pid=96571) select_destinations /opt/stack/nova/nova/scheduler/manager.py:197}}
Aug 21 03:52:04.165566 np0000007880 nova-scheduler[96571]: DEBUG nova.scheduler.request_filter [None req-424200a6-19f7-436e-854e-527b34ef9ca8 tempest-DeleteServersTestJSON-255057961 tempest-DeleteServersTestJSON-255057961-project-member] compute_status_filter request filter added forbidden trait COMPUTE_STATUS_DISABLED {{(pid=96571) compute_status_filter /opt/stack/nova/nova/scheduler/request_filter.py:253}}
Aug 21 03:52:04.165566 np0000007880 nova-scheduler[96571]: DEBUG nova.scheduler.request_filter [None req-424200a6-19f7-436e-854e-527b34ef9ca8 tempest-DeleteServersTestJSON-255057961 tempest-DeleteServersTestJSON-255057961-project-member] Request filter 'compute_status_filter' took 0.0 seconds {{(pid=96571) wrapper /opt/stack/nova/nova/scheduler/request_filter.py:46}}
Aug 21 03:52:04.165782 np0000007880 nova-scheduler[96571]: DEBUG nova.scheduler.request_filter [None req-424200a6-19f7-436e-854e-527b34ef9ca8 tempest-DeleteServersTestJSON-255057961 tempest-DeleteServersTestJSON-255057961-project-member] Request filter 'accelerators_filter' took 0.0 seconds {{(pid=96571) wrapper /opt/stack/nova/nova/scheduler/request_filter.py:46}}
Aug 21 03:52:04.165986 np0000007880 nova-scheduler[96571]: DEBUG nova.scheduler.request_filter [None req-424200a6-19f7-436e-854e-527b34ef9ca8 tempest-DeleteServersTestJSON-255057961 tempest-DeleteServersTestJSON-255057961-project-member] Request filter 'packed_virtqueue_filter' took 0.0 seconds {{(pid=96571) wrapper /opt/stack/nova/nova/scheduler/request_filter.py:46}}
Aug 21 03:52:04.166307 np0000007880 nova-scheduler[96571]: DEBUG nova.scheduler.request_filter [None req-424200a6-19f7-436e-854e-527b34ef9ca8 tempest-DeleteServersTestJSON-255057961 tempest-DeleteServersTestJSON-255057961-project-member] Request filter 'remote_managed_ports_filter' took 0.0 seconds {{(pid=96571) wrapper /opt/stack/nova/nova/scheduler/request_filter.py:46}}
Aug 21 03:52:04.166789 np0000007880 nova-scheduler[96571]: DEBUG nova.scheduler.request_filter [None req-424200a6-19f7-436e-854e-527b34ef9ca8 tempest-DeleteServersTestJSON-255057961 tempest-DeleteServersTestJSON-255057961-project-member] ephemeral_encryption_filter skipped {{(pid=96571) ephemeral_encryption_filter /opt/stack/nova/nova/scheduler/request_filter.py:426}}
Aug 21 03:52:04.167411 np0000007880 nova-scheduler[96571]: DEBUG nova.scheduler.request_filter [None req-424200a6-19f7-436e-854e-527b34ef9ca8 tempest-DeleteServersTestJSON-255057961 tempest-DeleteServersTestJSON-255057961-project-member] virtio_sound_filter skipped {{(pid=96571) virtio_sound_filter /opt/stack/nova/nova/scheduler/request_filter.py:460}}
Aug 21 03:52:04.167470 np0000007880 nova-scheduler[96571]: DEBUG nova.scheduler.request_filter [None req-424200a6-19f7-436e-854e-527b34ef9ca8 tempest-DeleteServersTestJSON-255057961 tempest-DeleteServersTestJSON-255057961-project-member] tpm_secret_security_filter skipped {{(pid=96571) tpm_secret_security_filter /opt/stack/nova/nova/scheduler/request_filter.py:477}}
Aug 21 03:52:04.771985 np0000007880 nova-scheduler[96571]: DEBUG oslo_concurrency.lockutils [None req-424200a6-19f7-436e-854e-527b34ef9ca8 tempest-DeleteServersTestJSON-255057961 tempest-DeleteServersTestJSON-255057961-project-member] Acquiring lock "46c21c29-826b-4bbf-acd3-95d6f1ca877e" by "nova.context.set_target_cell..get_or_set_cached_cell_and_set_connections" {{(pid=96571) inner /opt/stack/data/venv/lib/python3.12/site-packages/oslo_concurrency/lockutils.py:512}}
