Aug 21 03:49:12.009086 np0000007880 devstack@neutron-api.service[90782]: DEBUG neutron.api.extensions [None req-fea23d80-2873-4078-a982-d80c44fa2544 None None] Loading extension file: segments_peer_subnet_host_routes.py {{(pid=90782) _load_all_extensions_from_path /opt/stack/neutron/neutron/api/extensions.py:449}}
Aug 21 03:49:12.009439 np0000007880 devstack@neutron-api.service[90782]: DEBUG neutron.api.extensions [None req-fea23d80-2873-4078-a982-d80c44fa2544 None None] Ext name="Segments peer-subnet host routes" alias="segments-peer-subnet-host-routes" description="Add host routes to subnets on a routed network (segments)" updated="2018-06-12T10:00:00-00:00" {{(pid=90782) _check_extension /opt/stack/neutron/neutron/api/extensions.py:415}}
Aug 21 03:49:12.009439 np0000007880 devstack@neutron-api.service[90782]: INFO neutron.api.extensions [None req-fea23d80-2873-4078-a982-d80c44fa2544 None None] Extension segments-peer-subnet-host-routes not supported by any of loaded plugins
Aug 21 03:49:12.009595 np0000007880 devstack@neutron-api.service[90782]: DEBUG neutron.api.extensions [None req-fea23d80-2873-4078-a982-d80c44fa2544 None None] Loading extension file: servicetype.py {{(pid=90782) _load_all_extensions_from_path /opt/stack/neutron/neutron/api/extensions.py:449}}
Aug 21 03:49:12.009908 np0000007880 devstack@neutron-api.service[90782]: DEBUG neutron.api.extensions [None req-fea23d80-2873-4078-a982-d80c44fa2544 None None] Ext name="Neutron Service Type Management" alias="service-type" description="API for retrieving service providers for Neutron advanced services" updated="2013-01-20T00:00:00-00:00" {{(pid=90782) _check_extension /opt/stack/neutron/neutron/api/extensions.py:415}}
Aug 21 03:49:12.010172 np0000007880 devstack@neutron-api.service[90782]: INFO neutron.api.extensions [None req-fea23d80-2873-4078-a982-d80c44fa2544 None None] Loaded extension: service-type
Aug 21 03:49:12.010172 np0000007880 devstack@neutron-api.service[90782]: DEBUG neutron.api.extensions [None req-fea23d80-2873-4078-a982-d80c44fa2544 None None] Loading extension file: sorting.py {{(pid=90782) _load_all_extensions_from_path /opt/stack/neutron/neutron/api/extensions.py:449}}
Aug 21 03:49:12.010477 np0000007880 devstack@neutron-api.service[90782]: DEBUG neutron.api.extensions [None req-fea23d80-2873-4078-a982-d80c44fa2544 None None] Ext name="Sorting support" alias="sorting" description="Extension that indicates that sorting is enabled." updated="2016-06-12T00:00:00-00:00" {{(pid=90782) _check_extension /opt/stack/neutron/neutron/api/extensions.py:415}}
Aug 21 03:49:12.010602 np0000007880 devstack@neutron-api.service[90782]: INFO neutron.api.extensions [None req-fea23d80-2873-4078-a982-d80c44fa2544 None None] Loaded extension: sorting
Aug 21 03:49:12.010602 np0000007880 devstack@neutron-api.service[90782]: DEBUG neutron.api.extensions [None req-fea23d80-2873-4078-a982-d80c44fa2544 None None] Loading extension file: standard_attr_segment.py {{(pid=90782) _load_all_extensions_from_path /opt/stack/neutron/neutron/api/extensions.py:449}}
Aug 21 03:49:12.010863 np0000007880 devstack@neutron-api.service[90782]: DEBUG neutron.api.extensions [None req-fea23d80-2873-4078-a982-d80c44fa2544 None None] Ext name="Standard Attribute Segment Extension" alias="standard-attr-segment" description="Add standard attributes to Segment resource" updated="2018-04-09T10:00:00-00:00" {{(pid=90782) _check_extension /opt/stack/neutron/neutron/api/extensions.py:415}}
Aug 21 03:49:12.011055 np0000007880 devstack@neutron-api.service[90782]: INFO neutron.api.extensions [None req-fea23d80-2873-4078-a982-d80c44fa2544 None None] Extension standard-attr-segment not supported by any of loaded plugins
Aug 21 03:49:12.011055 np0000007880 devstack@neutron-api.service[90782]: DEBUG neutron.api.extensions [None req-fea23d80-2873-4078-a982-d80c44fa2544 None None] Loading extension file: standardattrdescription.py {{(pid=90782) _load_all_extensions_from_path /opt/stack/neutron/neutron/api/extensions.py:449}}
Aug 21 03:49:12.011503 np0000007880 devstack@neutron-api.service[90782]: DEBUG neutron.api.extensions [None req-fea23d80-2873-4078-a982-d80c44fa2544 None None] Ext name="standard-attr-description" alias="standard-attr-description" description="Extension to add descriptions to standard attributes" updated="2016-02-10T10:00:00-00:00" {{(pid=90782) _check_extension /opt/stack/neutron/neutron/api/extensions.py:415}}
Aug 21 03:49:12.011503 np0000007880 devstack@neutron-api.service[90782]: INFO neutron.api.extensions [None req-fea23d80-2873-4078-a982-d80c44fa2544 None None] Loaded extension: standard-attr-description
Aug 21 03:49:12.011659 np0000007880 devstack@neutron-api.service[90782]: DEBUG neutron.api.extensions [None req-fea23d80-2873-4078-a982-d80c44fa2544 None None] Loading extension file: stateful_security_group.py {{(pid=90782) _load_all_extensions_from_path /opt/stack/neutron/neutron/api/extensions.py:449}}
Aug 21 03:49:12.011840 np0000007880 devstack@neutron-api.service[90782]: DEBUG neutron.api.extensions [None req-fea23d80-2873-4078-a982-d80c44fa2544 None None] Ext name="Stateful security group" alias="stateful-security-group" description="Indicates if the security group is stateful or not" updated="2019-11-26T09:00:00-00:00" {{(pid=90782) _check_extension /opt/stack/neutron/neutron/api/extensions.py:415}}
Aug 21 03:49:12.012020 np0000007880 devstack@neutron-api.service[90782]: INFO neutron.api.extensions [None req-fea23d80-2873-4078-a982-d80c44fa2544 None None] Loaded extension: stateful-security-group
Aug 21 03:49:12.012159 np0000007880 devstack@neutron-api.service[90782]: DEBUG neutron.api.extensions [None req-fea23d80-2873-4078-a982-d80c44fa2544 None None] Loading extension file: stdattrs_common.py {{(pid=90782) _load_all_extensions_from_path /opt/stack/neutron/neutron/api/extensions.py:449}}
Aug 21 03:49:12.012375 np0000007880 devstack@neutron-api.service[90782]: WARNING neutron.api.extensions [None req-fea23d80-2873-4078-a982-d80c44fa2544 None None] Did not find expected name "Stdattrs_common" in /opt/stack/neutron/neutron/extensions/stdattrs_common.py
Aug 21 03:49:12.012465 np0000007880 devstack@neutron-api.service[90782]: DEBUG neutron.api.extensions [None req-fea23d80-2873-4078-a982-d80c44fa2544 None None] Loading extension file: subnet_dns_publish_fixed_ip.py {{(pid=90782) _load_all_extensions_from_path /opt/stack/neutron/neutron/api/extensions.py:449}}
Aug 21 03:49:12.012714 np0000007880 devstack@neutron-api.service[90782]: DEBUG neutron.api.extensions [None req-fea23d80-2873-4078-a982-d80c44fa2544 None None] Ext name="Subnet DNS publish fixed IP" alias="subnet-dns-publish-fixed-ip" description="Support choosing to publish DNS records for IPs from a subnet" updated="2019-05-24T10:00:00-00:00" {{(pid=90782) _check_extension /opt/stack/neutron/neutron/api/extensions.py:415}}
Aug 21 03:49:12.012813 np0000007880 devstack@neutron-api.service[90782]: INFO neutron.api.extensions [None req-fea23d80-2873-4078-a982-d80c44fa2544 None None] Loaded extension: subnet-dns-publish-fixed-ip
Aug 21 03:49:12.012937 np0000007880 devstack@neutron-api.service[90782]: DEBUG neutron.api.extensions [None req-fea23d80-2873-4078-a982-d80c44fa2544 None None] Loading extension file: subnet_external_network.py {{(pid=90782) _load_all_extensions_from_path /opt/stack/neutron/neutron/api/extensions.py:449}}
Aug 21 03:49:12.013210 np0000007880 devstack@neutron-api.service[90782]: DEBUG neutron.api.extensions [None req-fea23d80-2873-4078-a982-d80c44fa2544 None None] Ext name="Subnet belongs to an external network" alias="subnet-external-network" description="Informs if the subnet belongs to an external network" updated="2024-02-05T18:00:00-00:00" {{(pid=90782) _check_extension /opt/stack/neutron/neutron/api/extensions.py:415}}
Aug 21 03:49:12.013210 np0000007880 devstack@neutron-api.service[90782]: INFO neutron.api.extensions [None req-fea23d80-2873-4078-a982-d80c44fa2544 None None] Loaded extension: subnet-external-network
Aug 21 03:49:12.013396 np0000007880 devstack@neutron-api.service[90782]: DEBUG neutron.api.extensions [None req-fea23d80-2873-4078-a982-d80c44fa2544 None None] Loading extension file: subnet_onboard.py {{(pid=90782) _load_all_extensions_from_path /opt/stack/neutron/neutron/api/extensions.py:449}}
Aug 21 03:49:12.013598 np0000007880 devstack@neutron-api.service[90782]: DEBUG neutron.api.extensions [None req-fea23d80-2873-4078-a982-d80c44fa2544 None None] Ext name="Subnet Onboard" alias="subnet_onboard" description="Provides support for onboarding subnets into subnet pools" updated="2018-12-18T09:00:00-00:00" {{(pid=90782) _check_extension /opt/stack/neutron/neutron/api/extensions.py:415}}
Aug 21 03:49:12.013749 np0000007880 devstack@neutron-api.service[90782]: INFO neutron.api.extensions [None req-fea23d80-2873-4078-a982-d80c44fa2544 None None] Loaded extension: subnet_onboard
Aug 21 03:49:12.013749 np0000007880 devstack@neutron-api.service[90782]: DEBUG neutron.api.extensions [None req-fea23d80-2873-4078-a982-d80c44fa2544 None None] Loading extension file: subnet_segmentid_writable.py {{(pid=90782) _load_all_extensions_from_path /opt/stack/neutron/neutron/api/extensions.py:449}}
Aug 21 03:49:12.014018 np0000007880 devstack@neutron-api.service[90782]: DEBUG neutron.api.extensions [None req-fea23d80-2873-4078-a982-d80c44fa2544 None None] Ext name="Subnet SegmentID (writable)" alias="subnet-segmentid-writable" description="Provides a writable segment_id attribute for a subnet resource." updated="2018-03-12T00:00:00-00:00" {{(pid=90782) _check_extension /opt/stack/neutron/neutron/api/extensions.py:415}}
Aug 21 03:49:12.014211 np0000007880 devstack@neutron-api.service[90782]: INFO neutron.api.extensions [None req-fea23d80-2873-4078-a982-d80c44fa2544 None None] Extension subnet-segmentid-writable not supported by any of loaded plugins
Aug 21 03:49:12.014211 np0000007880 devstack@neutron-api.service[90782]: DEBUG neutron.api.extensions [None req-fea23d80-2873-4078-a982-d80c44fa2544 None None] Loading extension file: subnet_service_types.py {{(pid=90782) _load_all_extensions_from_path /opt/stack/neutron/neutron/api/extensions.py:449}}
Aug 21 03:49:12.014499 np0000007880 devstack@neutron-api.service[90782]: DEBUG neutron.api.extensions [None req-fea23d80-2873-4078-a982-d80c44fa2544 None None] Ext name="Subnet service types" alias="subnet-service-types" description="Provides ability to set the subnet service_types field" updated="2016-03-15T18:00:00-00:00" {{(pid=90782) _check_extension /opt/stack/neutron/neutron/api/extensions.py:415}}
Aug 21 03:49:12.014880 np0000007880 devstack@neutron-api.service[90782]: INFO neutron.api.extensions [None req-fea23d80-2873-4078-a982-d80c44fa2544 None None] Loaded extension: subnet-service-types
Aug 21 03:49:12.014880 np0000007880 devstack@neutron-api.service[90782]: DEBUG neutron.api.extensions [None req-fea23d80-2873-4078-a982-d80c44fa2544 None None] Loading extension file: subnetallocation.py {{(pid=90782) _load_all_extensions_from_path /opt/stack/neutron/neutron/api/extensions.py:449}}
Aug 21 03:49:12.015061 np0000007880 devstack@neutron-api.service[90782]: DEBUG neutron.api.extensions [None req-fea23d80-2873-4078-a982-d80c44fa2544 None None] Ext name="Subnet Allocation" alias="subnet_allocation" description="Enables allocation of subnets from a subnet pool" updated="2015-03-30T10:00:00-00:00" {{(pid=90782) _check_extension /opt/stack/neutron/neutron/api/extensions.py:415}}
Aug 21 03:49:12.015243 np0000007880 devstack@neutron-api.service[90782]: INFO neutron.api.extensions [None req-fea23d80-2873-4078-a982-d80c44fa2544 None None] Loaded extension: subnet_allocation
Aug 21 03:49:12.015243 np0000007880 devstack@neutron-api.service[90782]: DEBUG neutron.api.extensions [None req-fea23d80-2873-4078-a982-d80c44fa2544 None None] Loading extension file: subnetpool_prefix_ops.py {{(pid=90782) _load_all_extensions_from_path /opt/stack/neutron/neutron/api/extensions.py:449}}
Aug 21 03:49:12.015500 np0000007880 devstack@neutron-api.service[90782]: DEBUG neutron.api.extensions [None req-fea23d80-2873-4078-a982-d80c44fa2544 None None] Ext name="Subnet Pool Prefix Operations" alias="subnetpool-prefix-ops" description="Provides support for adjusting the prefix list of subnet pools" updated="2019-02-08T10:00:00-00:00" {{(pid=90782) _check_extension /opt/stack/neutron/neutron/api/extensions.py:415}}
Aug 21 03:49:12.015698 np0000007880 devstack@neutron-api.service[90782]: INFO neutron.api.extensions [None req-fea23d80-2873-4078-a982-d80c44fa2544 None None] Loaded extension: subnetpool-prefix-ops
Aug 21 03:49:12.015797 np0000007880 devstack@neutron-api.service[90782]: DEBUG neutron.api.extensions [None req-fea23d80-2873-4078-a982-d80c44fa2544 None None] Loading extension file: tag_creation.py {{(pid=90782) _load_all_extensions_from_path /opt/stack/neutron/neutron/api/extensions.py:449}}
Aug 21 03:49:12.016025 np0000007880 devstack@neutron-api.service[90782]: DEBUG neutron.api.extensions [None req-fea23d80-2873-4078-a982-d80c44fa2544 None None] Ext name="Tag creation extension" alias="tag-creation" description="Allow to create multiple tags for a resource" updated="2024-23-07T10:00:00-00:00" {{(pid=90782) _check_extension /opt/stack/neutron/neutron/api/extensions.py:415}}
Aug 21 03:49:12.016175 np0000007880 devstack@neutron-api.service[90782]: INFO neutron.api.extensions [None req-fea23d80-2873-4078-a982-d80c44fa2544 None None] Loaded extension: tag-creation
Aug 21 03:49:12.016253 np0000007880 devstack@neutron-api.service[90782]: DEBUG neutron.api.extensions [None req-fea23d80-2873-4078-a982-d80c44fa2544 None None] Loading extension file: tag_ports_during_bulk_creation.py {{(pid=90782) _load_all_extensions_from_path /opt/stack/neutron/neutron/api/extensions.py:449}}
Aug 21 03:49:12.016454 np0000007880 devstack@neutron-api.service[90782]: DEBUG neutron.api.extensions [None req-fea23d80-2873-4078-a982-d80c44fa2544 None None] Ext name="Tag Ports During Bulk Creation" alias="tag-ports-during-bulk-creation" description="Allow to tag ports during bulk creation" updated="2019-12-29T19:00:00-00:00" {{(pid=90782) _check_extension /opt/stack/neutron/neutron/api/extensions.py:415}}
Aug 21 03:49:12.016645 np0000007880 devstack@neutron-api.service[90782]: INFO neutron.api.extensions [None req-fea23d80-2873-4078-a982-d80c44fa2544 None None] Extension tag-ports-during-bulk-creation not supported by any of loaded plugins
Aug 21 03:49:12.016645 np0000007880 devstack@neutron-api.service[90782]: DEBUG neutron.api.extensions [None req-fea23d80-2873-4078-a982-d80c44fa2544 None None] Loading extension file: tagging.py {{(pid=90782) _load_all_extensions_from_path /opt/stack/neutron/neutron/api/extensions.py:449}}
Aug 21 03:49:12.017798 np0000007880 devstack@neutron-api.service[90782]: DEBUG neutron.api.extensions [None req-fea23d80-2873-4078-a982-d80c44fa2544 None None] Ext name="Tag support for resources with standard attribute: port, subnet, subnetpool, network, security_group, router, floatingip, policy, trunk, network_segment_range" alias="standard-attr-tag" description="Enables to set tag on resources with standard attribute." updated="2017-01-01T00:00:00-00:00" {{(pid=90782) _check_extension /opt/stack/neutron/neutron/api/extensions.py:415}}
Aug 21 03:49:12.017977 np0000007880 devstack@neutron-api.service[90782]: INFO neutron.api.extensions [None req-fea23d80-2873-4078-a982-d80c44fa2544 None None] Loaded extension: standard-attr-tag
Aug 21 03:49:12.018111 np0000007880 devstack@neutron-api.service[90782]: DEBUG neutron.api.extensions [None req-fea23d80-2873-4078-a982-d80c44fa2544 None None] Loading extension file: timestamp.py {{(pid=90782) _load_all_extensions_from_path /opt/stack/neutron/neutron/api/extensions.py:449}}
Aug 21 03:49:12.018422 np0000007880 devstack@neutron-api.service[90782]: DEBUG neutron.api.extensions [None req-fea23d80-2873-4078-a982-d80c44fa2544 None None] Ext name="Resource timestamps" alias="standard-attr-timestamp" description="Adds created_at and updated_at fields to all Neutron resources that have Neutron standard attributes." updated="2016-09-12T10:00:00-00:00" {{(pid=90782) _check_extension /opt/stack/neutron/neutron/api/extensions.py:415}}
Aug 21 03:49:12.018737 np0000007880 devstack@neutron-api.service[90782]: INFO neutron.api.extensions [None req-fea23d80-2873-4078-a982-d80c44fa2544 None None] Loaded extension: standard-attr-timestamp
Aug 21 03:49:12.018737 np0000007880 devstack@neutron-api.service[90782]: DEBUG neutron.api.extensions [None req-fea23d80-2873-4078-a982-d80c44fa2544 None None] Loading extension file: trunk.py {{(pid=90782) _load_all_extensions_from_path /opt/stack/neutron/neutron/api/extensions.py:449}}
Aug 21 03:49:12.018989 np0000007880 devstack@neutron-api.service[90782]: DEBUG neutron.api.extensions [None req-fea23d80-2873-4078-a982-d80c44fa2544 None None] Ext name="Trunk Extension" alias="trunk" description="Provides support for trunk ports" updated="2016-01-01T10:00:00-00:00" {{(pid=90782) _check_extension /opt/stack/neutron/neutron/api/extensions.py:415}}
Aug 21 03:49:12.019185 np0000007880 devstack@neutron-api.service[90782]: INFO neutron.api.extensions [None req-fea23d80-2873-4078-a982-d80c44fa2544 None None] Extension trunk not supported by any of loaded plugins
Aug 21 03:49:12.019185 np0000007880 devstack@neutron-api.service[90782]: DEBUG neutron.api.extensions [None req-fea23d80-2873-4078-a982-d80c44fa2544 None None] Loading extension file: trunk_details.py {{(pid=90782) _load_all_extensions_from_path /opt/stack/neutron/neutron/api/extensions.py:449}}
Aug 21 03:49:12.019458 np0000007880 devstack@neutron-api.service[90782]: DEBUG neutron.api.extensions [None req-fea23d80-2873-4078-a982-d80c44fa2544 None None] Ext name="Trunk port details" alias="trunk-details" description="Expose trunk port details" updated="2016-01-01T10:00:00-00:00" {{(pid=90782) _check_extension /opt/stack/neutron/neutron/api/extensions.py:415}}
Aug 21 03:49:12.019840 np0000007880 devstack@neutron-api.service[90782]: INFO neutron.api.extensions [None req-fea23d80-2873-4078-a982-d80c44fa2544 None None] Extension trunk-details not supported by any of loaded plugins
Aug 21 03:49:12.019975 np0000007880 devstack@neutron-api.service[90782]: DEBUG neutron.api.extensions [None req-fea23d80-2873-4078-a982-d80c44fa2544 None None] Loading extension file: uplink_status_propagation.py {{(pid=90782) _load_all_extensions_from_path /opt/stack/neutron/neutron/api/extensions.py:449}}
Aug 21 03:49:12.020210 np0000007880 devstack@neutron-api.service[90782]: DEBUG neutron.api.extensions [None req-fea23d80-2873-4078-a982-d80c44fa2544 None None] Ext name="Uplink status propagation extension" alias="uplink-status-propagation" description="Provides ability to propagate port uplink status." updated="2018-05-31T18:00:00-00:00" {{(pid=90782) _check_extension /opt/stack/neutron/neutron/api/extensions.py:415}}
Aug 21 03:49:12.020352 np0000007880 devstack@neutron-api.service[90782]: INFO neutron.api.extensions [None req-fea23d80-2873-4078-a982-d80c44fa2544 None None] Extension uplink-status-propagation not supported by any of loaded plugins
Aug 21 03:49:12.020352 np0000007880 devstack@neutron-api.service[90782]: DEBUG neutron.api.extensions [None req-fea23d80-2873-4078-a982-d80c44fa2544 None None] Loading extension file: uplink_status_propagation_updatable.py {{(pid=90782) _load_all_extensions_from_path /opt/stack/neutron/neutron/api/extensions.py:449}}
Aug 21 03:49:12.020695 np0000007880 devstack@neutron-api.service[90782]: DEBUG neutron.api.extensions [None req-fea23d80-2873-4078-a982-d80c44fa2544 None None] Ext name="Uplink status propagation updatable extension" alias="uplink-status-propagation-updatable" description="Provides ability to update the port uplink status." updated="2024-09-03T18:00:00-00:00" {{(pid=90782) _check_extension /opt/stack/neutron/neutron/api/extensions.py:415}}
Aug 21 03:49:12.020936 np0000007880 devstack@neutron-api.service[90782]: INFO neutron.api.extensions [None req-fea23d80-2873-4078-a982-d80c44fa2544 None None] Extension uplink-status-propagation-updatable not supported by any of loaded plugins
Aug 21 03:49:12.020936 np0000007880 devstack@neutron-api.service[90782]: DEBUG neutron.api.extensions [None req-fea23d80-2873-4078-a982-d80c44fa2544 None None] Loading extension file: vlantransparent.py {{(pid=90782) _load_all_extensions_from_path /opt/stack/neutron/neutron/api/extensions.py:449}}
Aug 21 03:49:12.021131 np0000007880 devstack@neutron-api.service[90782]: DEBUG neutron.api.extensions [None req-fea23d80-2873-4078-a982-d80c44fa2544 None None] Ext name="Vlantransparent" alias="vlan-transparent" description="Provides Vlan Transparent Networks" updated="2015-03-23T09:00:00-00:00" {{(pid=90782) _check_extension /opt/stack/neutron/neutron/api/extensions.py:415}}
Aug 21 03:49:12.021310 np0000007880 devstack@neutron-api.service[90782]: INFO neutron.api.extensions [None req-fea23d80-2873-4078-a982-d80c44fa2544 None None] Loaded extension: vlan-transparent
Aug 21 03:49:12.022923 np0000007880 devstack@neutron-api.service[90782]: INFO neutron.quota.resource_registry [None req-fea23d80-2873-4078-a982-d80c44fa2544 None None] Creating instance of TrackedResource for resource:network
Aug 21 03:49:12.023168 np0000007880 devstack@neutron-api.service[90782]: INFO neutron.quota.resource_registry [None req-fea23d80-2873-4078-a982-d80c44fa2544 None None] Creating instance of TrackedResource for resource:subnet
Aug 21 03:49:12.023312 np0000007880 devstack@neutron-api.service[90782]: INFO neutron.quota.resource_registry [None req-fea23d80-2873-4078-a982-d80c44fa2544 None None] Creating instance of TrackedResource for resource:subnetpool
Aug 21 03:49:12.023447 np0000007880 devstack@neutron-api.service[90782]: INFO neutron.quota.resource_registry [None req-fea23d80-2873-4078-a982-d80c44fa2544 None None] Creating instance of TrackedResource for resource:port
Aug 21 03:49:12.024770 np0000007880 devstack@neutron-api.service[90782]: INFO neutron.quota.resource_registry [None req-fea23d80-2873-4078-a982-d80c44fa2544 None None] Creating instance of CountableResource for resource:router_route
Aug 21 03:49:12.024910 np0000007880 devstack@neutron-api.service[90782]: DEBUG neutron.api.v2.resource_helper [None req-fea23d80-2873-4078-a982-d80c44fa2544 None None] Service L3_ROUTER_NAT assigned prefix: {{(pid=90782) build_resource_info /opt/stack/neutron/neutron/api/v2/resource_helper.py:77}}
Aug 21 03:49:12.025323 np0000007880 devstack@neutron-api.service[90782]: DEBUG neutron.api.v2.resource_helper [None req-fea23d80-2873-4078-a982-d80c44fa2544 None None] Service FLAVORS assigned prefix: {{(pid=90782) build_resource_info /opt/stack/neutron/neutron/api/v2/resource_helper.py:77}}
Aug 21 03:49:12.027265 np0000007880 devstack@neutron-api.service[90781]: DEBUG oslo_concurrency.processutils [None req-fe955b2b-8ab3-466f-a331-40289beb7815 None None] CMD "ovsdb-client transact ssl:10.4.3.174:6641 --timeout 180 -p /opt/stack/data/CA/int-ca/private/devstack-cert.key -c /opt/stack/data/CA/int-ca/devstack-cert.crt -C /opt/stack/data/CA/int-ca/ca-chain.pem ["OVN_Northbound", {"op": "wait", "timeout": 0, "table": "Port_Group", "where": [["name", "==", "neutron_pg_drop"]], "until": "==", "rows": []}, {"op": "insert", "table": "ACL", "row": {"action": "drop", "direction": "to-lport", "match": "outport == @neutron_pg_drop && ip", "priority": 1000}, "uuid-name": "droptoport"}, {"op": "insert", "table": "ACL", "row": {"action": "drop", "direction": "from-lport", "match": "inport == @neutron_pg_drop && ip", "priority": 1000}, "uuid-name": "dropfromport"}, {"op": "insert", "table": "Port_Group", "row": {"name": "neutron_pg_drop", "acls": ["set", [["named-uuid", "droptoport"], ["named-uuid", "dropfromport"]]]}}]" returned: 0 in 0.036s {{(pid=90781) execute /opt/stack/data/venv/lib/python3.12/site-packages/oslo_concurrency/processutils.py:468}}
Aug 21 03:49:12.028234 np0000007880 devstack@neutron-api.service[90782]: DEBUG neutron.api.v2.resource_helper [None req-fea23d80-2873-4078-a982-d80c44fa2544 None None] Service L3_ROUTER_NAT assigned prefix: {{(pid=90782) build_resource_info /opt/stack/neutron/neutron/api/v2/resource_helper.py:77}}
Aug 21 03:49:12.028426 np0000007880 devstack@neutron-api.service[90781]: DEBUG neutron_lib.callbacks.manager [None req-fe955b2b-8ab3-466f-a331-40289beb7815 None None] Publish callbacks ['neutron.plugins.ml2.drivers.ovn.mech_driver.mech_driver.OVNMechanismDriver.post_fork_initialize-1964388', 'neutron.services.pvlan.drivers.ovn.driver._initialize_pvlan_pg_drop-8490635481232', 'neutron.services.ovn_l3.plugin.OVNL3RouterPlugin._post_fork_initialize-7114823'] for process (None), after_init {{(pid=90781) _notify_loop /opt/stack/data/venv/lib/python3.12/site-packages/neutron_lib/callbacks/manager.py:184}}
Aug 21 03:49:12.028687 np0000007880 devstack@neutron-api.service[90782]: DEBUG neutron.api.v2.resource_helper [None req-fea23d80-2873-4078-a982-d80c44fa2544 None None] Service L3_ROUTER_NAT assigned prefix: {{(pid=90782) build_resource_info /opt/stack/neutron/neutron/api/v2/resource_helper.py:77}}
Aug 21 03:49:12.028811 np0000007880 devstack@neutron-api.service[90782]: INFO neutron.quota.resource_registry [None req-fea23d80-2873-4078-a982-d80c44fa2544 None None] Creating instance of TrackedResource for resource:router
Aug 21 03:49:12.028989 np0000007880 devstack@neutron-api.service[90781]: DEBUG oslo_concurrency.lockutils [None req-fe955b2b-8ab3-466f-a331-40289beb7815 None None] Acquiring lock "singleton_lock" {{(pid=90781) lock /opt/stack/data/venv/lib/python3.12/site-packages/oslo_concurrency/lockutils.py:396}}
Aug 21 03:49:12.028989 np0000007880 devstack@neutron-api.service[90781]: DEBUG oslo_concurrency.lockutils [None req-fe955b2b-8ab3-466f-a331-40289beb7815 None None] Acquired lock "singleton_lock" {{(pid=90781) lock /opt/stack/data/venv/lib/python3.12/site-packages/oslo_concurrency/lockutils.py:399}}
Aug 21 03:49:12.029136 np0000007880 devstack@neutron-api.service[90781]: DEBUG oslo_concurrency.lockutils [None req-fe955b2b-8ab3-466f-a331-40289beb7815 None None] Releasing lock "singleton_lock" {{(pid=90781) lock /opt/stack/data/venv/lib/python3.12/site-packages/oslo_concurrency/lockutils.py:419}}
Aug 21 03:49:12.029268 np0000007880 devstack@neutron-api.service[90782]: INFO neutron.quota.resource_registry [None req-fea23d80-2873-4078-a982-d80c44fa2544 None None] Creating instance of TrackedResource for resource:floatingip
Aug 21 03:49:12.030153 np0000007880 devstack@neutron-api.service[90782]: INFO neutron.quota.resource_registry [None req-fea23d80-2873-4078-a982-d80c44fa2544 None None] Creating instance of CountableResource for resource:rbac_policy
Aug 21 03:49:12.030845 np0000007880 devstack@neutron-api.service[90782]: INFO neutron.quota.resource_registry [None req-fea23d80-2873-4078-a982-d80c44fa2544 None None] Creating instance of TrackedResource for resource:security_group
Aug 21 03:49:12.031319 np0000007880 devstack@neutron-api.service[90782]: INFO neutron.quota.resource_registry [None req-fea23d80-2873-4078-a982-d80c44fa2544 None None] Creating instance of TrackedResource for resource:security_group_rule
Aug 21 03:49:12.031538 np0000007880 devstack@neutron-api.service[90781]: DEBUG neutron.plugins.ml2.drivers.ovn.mech_driver.mech_driver [None req-fe955b2b-8ab3-466f-a331-40289beb7815 None None] Hash Ring setup using WSGI start time 2026-08-21 03:49:11+00:00 {{(pid=90781) _init_hash_ring /opt/stack/neutron/neutron/plugins/ml2/drivers/ovn/mech_driver/mech_driver.py:382}}
Aug 21 03:49:12.032000 np0000007880 devstack@neutron-api.service[90782]: DEBUG neutron.api.v2.resource_helper [None req-fea23d80-2873-4078-a982-d80c44fa2544 None None] Service CORE assigned prefix: {{(pid=90782) build_resource_info /opt/stack/neutron/neutron/api/v2/resource_helper.py:77}}
Aug 21 03:49:12.032181 np0000007880 devstack@neutron-api.service[90782]: INFO neutron.quota.resource_registry [None req-fea23d80-2873-4078-a982-d80c44fa2544 None None] Creating instance of TrackedResource for resource:subnetpool
Aug 21 03:49:12.032377 np0000007880 devstack@neutron-api.service[90782]: WARNING neutron.quota.resource_registry [None req-fea23d80-2873-4078-a982-d80c44fa2544 None None] subnetpool is already registered
Aug 21 03:49:12.032797 np0000007880 devstack@neutron-api.service[90782]: DEBUG neutron.api.v2.resource_helper [None req-fea23d80-2873-4078-a982-d80c44fa2544 None None] Service CORE assigned prefix: {{(pid=90782) build_resource_info /opt/stack/neutron/neutron/api/v2/resource_helper.py:77}}
Aug 21 03:49:12.032797 np0000007880 devstack@neutron-api.service[90782]: INFO neutron.quota.resource_registry [None req-fea23d80-2873-4078-a982-d80c44fa2544 None None] Creating instance of TrackedResource for resource:subnetpool
Aug 21 03:49:12.032978 np0000007880 devstack@neutron-api.service[90782]: WARNING neutron.quota.resource_registry [None req-fea23d80-2873-4078-a982-d80c44fa2544 None None] subnetpool is already registered
Aug 21 03:49:12.035044 np0000007880 devstack@neutron-api.service[90782]: INFO neutron.quota.resource_registry [None req-fea23d80-2873-4078-a982-d80c44fa2544 None None] Creating instance of CountableResource for resource:router_route
Aug 21 03:49:12.035209 np0000007880 devstack@neutron-api.service[90782]: WARNING neutron.quota.resource_registry [None req-fea23d80-2873-4078-a982-d80c44fa2544 None None] router_route is already registered
Aug 21 03:49:12.035324 np0000007880 devstack@neutron-api.service[90782]: DEBUG neutron.api.v2.resource_helper [None req-fea23d80-2873-4078-a982-d80c44fa2544 None None] Service L3_ROUTER_NAT assigned prefix: {{(pid=90782) build_resource_info /opt/stack/neutron/neutron/api/v2/resource_helper.py:77}}
Aug 21 03:49:12.035698 np0000007880 devstack@neutron-api.service[90782]: DEBUG neutron.api.v2.resource_helper [None req-fea23d80-2873-4078-a982-d80c44fa2544 None None] Service FLAVORS assigned prefix: {{(pid=90782) build_resource_info /opt/stack/neutron/neutron/api/v2/resource_helper.py:77}}
Aug 21 03:49:12.036608 np0000007880 devstack@neutron-api.service[90782]: DEBUG neutron.api.v2.resource_helper [None req-fea23d80-2873-4078-a982-d80c44fa2544 None None] Service L3_ROUTER_NAT assigned prefix: {{(pid=90782) build_resource_info /opt/stack/neutron/neutron/api/v2/resource_helper.py:77}}
Aug 21 03:49:12.036915 np0000007880 devstack@neutron-api.service[90782]: DEBUG neutron.api.v2.resource_helper [None req-fea23d80-2873-4078-a982-d80c44fa2544 None None] Service L3_ROUTER_NAT assigned prefix: {{(pid=90782) build_resource_info /opt/stack/neutron/neutron/api/v2/resource_helper.py:77}}
Aug 21 03:49:12.037059 np0000007880 devstack@neutron-api.service[90782]: INFO neutron.quota.resource_registry [None req-fea23d80-2873-4078-a982-d80c44fa2544 None None] Creating instance of TrackedResource for resource:router
Aug 21 03:49:12.037312 np0000007880 devstack@neutron-api.service[90782]: WARNING neutron.quota.resource_registry [None req-fea23d80-2873-4078-a982-d80c44fa2544 None None] router is already registered
Aug 21 03:49:12.037595 np0000007880 devstack@neutron-api.service[90782]: INFO neutron.quota.resource_registry [None req-fea23d80-2873-4078-a982-d80c44fa2544 None None] Creating instance of TrackedResource for resource:floatingip
Aug 21 03:49:12.037715 np0000007880 devstack@neutron-api.service[90782]: WARNING neutron.quota.resource_registry [None req-fea23d80-2873-4078-a982-d80c44fa2544 None None] floatingip is already registered
Aug 21 03:49:12.038861 np0000007880 devstack@neutron-api.service[90782]: INFO neutron.quota.resource_registry [None req-fea23d80-2873-4078-a982-d80c44fa2544 None None] Creating instance of CountableResource for resource:rbac_policy
Aug 21 03:49:12.038861 np0000007880 devstack@neutron-api.service[90782]: WARNING neutron.quota.resource_registry [None req-fea23d80-2873-4078-a982-d80c44fa2544 None None] rbac_policy is already registered
Aug 21 03:49:12.039702 np0000007880 devstack@neutron-api.service[90782]: INFO neutron.quota.resource_registry [None req-fea23d80-2873-4078-a982-d80c44fa2544 None None] Creating instance of TrackedResource for resource:security_group
Aug 21 03:49:12.039702 np0000007880 devstack@neutron-api.service[90782]: WARNING neutron.quota.resource_registry [None req-fea23d80-2873-4078-a982-d80c44fa2544 None None] security_group is already registered
Aug 21 03:49:12.040198 np0000007880 devstack@neutron-api.service[90782]: INFO neutron.quota.resource_registry [None req-fea23d80-2873-4078-a982-d80c44fa2544 None None] Creating instance of TrackedResource for resource:security_group_rule
Aug 21 03:49:12.040198 np0000007880 devstack@neutron-api.service[90782]: WARNING neutron.quota.resource_registry [None req-fea23d80-2873-4078-a982-d80c44fa2544 None None] security_group_rule is already registered
Aug 21 03:49:12.040796 np0000007880 devstack@neutron-api.service[90782]: DEBUG neutron.api.v2.resource_helper [None req-fea23d80-2873-4078-a982-d80c44fa2544 None None] Service CORE assigned prefix: {{(pid=90782) build_resource_info /opt/stack/neutron/neutron/api/v2/resource_helper.py:77}}
Aug 21 03:49:12.040918 np0000007880 devstack@neutron-api.service[90782]: INFO neutron.quota.resource_registry [None req-fea23d80-2873-4078-a982-d80c44fa2544 None None] Creating instance of TrackedResource for resource:subnetpool
Aug 21 03:49:12.040918 np0000007880 devstack@neutron-api.service[90782]: WARNING neutron.quota.resource_registry [None req-fea23d80-2873-4078-a982-d80c44fa2544 None None] subnetpool is already registered
Aug 21 03:49:12.041315 np0000007880 devstack@neutron-api.service[90782]: DEBUG neutron.api.v2.resource_helper [None req-fea23d80-2873-4078-a982-d80c44fa2544 None None] Service CORE assigned prefix: {{(pid=90782) build_resource_info /opt/stack/neutron/neutron/api/v2/resource_helper.py:77}}
Aug 21 03:49:12.041470 np0000007880 devstack@neutron-api.service[90781]: INFO neutron.db.ovn_hash_ring_db [None req-fe955b2b-8ab3-466f-a331-40289beb7815 None None] Nodes from host "np0000007880" and group "mechanism_driver" removed from the Hash Ring created at 2026-08-21 03:49:11+00:00
Aug 21 03:49:12.041562 np0000007880 devstack@neutron-api.service[90782]: INFO neutron.quota.resource_registry [None req-fea23d80-2873-4078-a982-d80c44fa2544 None None] Creating instance of TrackedResource for resource:subnetpool
Aug 21 03:49:12.041562 np0000007880 devstack@neutron-api.service[90782]: WARNING neutron.quota.resource_registry [None req-fea23d80-2873-4078-a982-d80c44fa2544 None None] subnetpool is already registered
Aug 21 03:49:12.041930 np0000007880 devstack@neutron-api.service[90782]: DEBUG neutron.api.extensions [None req-fea23d80-2873-4078-a982-d80c44fa2544 None None] Extended resource: extensions {{(pid=90782) __init__ /opt/stack/neutron/neutron/api/extensions.py:156}}
Aug 21 03:49:12.042735 np0000007880 devstack@neutron-api.service[90782]: DEBUG neutron.api.extensions [None req-fea23d80-2873-4078-a982-d80c44fa2544 None None] Extended resource: address-groups {{(pid=90782) __init__ /opt/stack/neutron/neutron/api/extensions.py:156}}
Aug 21 03:49:12.043362 np0000007880 devstack@neutron-api.service[90782]: DEBUG neutron.api.extensions [None req-fea23d80-2873-4078-a982-d80c44fa2544 None None] Extended resource: address-scopes {{(pid=90782) __init__ /opt/stack/neutron/neutron/api/extensions.py:156}}
Aug 21 03:49:12.043892 np0000007880 devstack@neutron-api.service[90782]: DEBUG neutron.api.extensions [None req-fea23d80-2873-4078-a982-d80c44fa2544 None None] Extended resource: agents {{(pid=90782) __init__ /opt/stack/neutron/neutron/api/extensions.py:156}}
Aug 21 03:49:12.044359 np0000007880 devstack@neutron-api.service[90782]: DEBUG neutron.api.extensions [None req-fea23d80-2873-4078-a982-d80c44fa2544 None None] Extended resource: auto-allocated-topology {{(pid=90782) __init__ /opt/stack/neutron/neutron/api/extensions.py:156}}
Aug 21 03:49:12.044862 np0000007880 devstack@neutron-api.service[90782]: DEBUG neutron.api.extensions [None req-fea23d80-2873-4078-a982-d80c44fa2544 None None] Extended resource: availability_zones {{(pid=90782) __init__ /opt/stack/neutron/neutron/api/extensions.py:156}}
Aug 21 03:49:12.045317 np0000007880 devstack@neutron-api.service[90782]: DEBUG neutron.api.extensions [None req-fea23d80-2873-4078-a982-d80c44fa2544 None None] Extended resource: dhcp-networks {{(pid=90782) __init__ /opt/stack/neutron/neutron/api/extensions.py:156}}
Aug 21 03:49:12.045851 np0000007880 devstack@neutron-api.service[90782]: DEBUG neutron.api.extensions [None req-fea23d80-2873-4078-a982-d80c44fa2544 None None] Extended resource: dhcp-agents {{(pid=90782) __init__ /opt/stack/neutron/neutron/api/extensions.py:156}}
Aug 21 03:49:12.046466 np0000007880 devstack@neutron-api.service[90782]: DEBUG neutron.api.extensions [None req-fea23d80-2873-4078-a982-d80c44fa2544 None None] Extended resource: routers {{(pid=90782) __init__ /opt/stack/neutron/neutron/api/extensions.py:156}}
Aug 21 03:49:12.046662 np0000007880 devstack@neutron-api.service[90784]: DEBUG oslo_concurrency.processutils [None req-6aee9979-8673-442c-91c6-573d2caa6e79 None None] CMD "ovsdb-client transact ssl:10.4.3.174:6641 --timeout 180 -p /opt/stack/data/CA/int-ca/private/devstack-cert.key -c /opt/stack/data/CA/int-ca/devstack-cert.crt -C /opt/stack/data/CA/int-ca/ca-chain.pem ["OVN_Northbound", {"op": "wait", "timeout": 0, "table": "Port_Group", "where": [["name", "==", "neutron_pg_drop"]], "until": "==", "rows": []}, {"op": "insert", "table": "ACL", "row": {"action": "drop", "direction": "to-lport", "match": "outport == @neutron_pg_drop && ip", "priority": 1000}, "uuid-name": "droptoport"}, {"op": "insert", "table": "ACL", "row": {"action": "drop", "direction": "from-lport", "match": "inport == @neutron_pg_drop && ip", "priority": 1000}, "uuid-name": "dropfromport"}, {"op": "insert", "table": "Port_Group", "row": {"name": "neutron_pg_drop", "acls": ["set", [["named-uuid", "droptoport"], ["named-uuid", "dropfromport"]]]}}]" returned: 0 in 0.038s {{(pid=90784) execute /opt/stack/data/venv/lib/python3.12/site-packages/oslo_concurrency/processutils.py:468}}
Aug 21 03:49:12.046930 np0000007880 devstack@neutron-api.service[90781]: INFO neutron.db.ovn_hash_ring_db [None req-fe955b2b-8ab3-466f-a331-40289beb7815 None None] Node c553b4319a6751b1a7aaa2ee71ef0528 from host "np0000007880" and group "mechanism_driver" added to the Hash Ring
Aug 21 03:49:12.047247 np0000007880 devstack@neutron-api.service[90782]: DEBUG neutron.api.extensions [None req-fea23d80-2873-4078-a982-d80c44fa2544 None None] Extended resource: flavors {{(pid=90782) __init__ /opt/stack/neutron/neutron/api/extensions.py:156}}
Aug 21 03:49:12.047370 np0000007880 devstack@neutron-api.service[90784]: DEBUG neutron_lib.callbacks.manager [None req-6aee9979-8673-442c-91c6-573d2caa6e79 None None] Publish callbacks ['neutron.plugins.ml2.drivers.ovn.mech_driver.mech_driver.OVNMechanismDriver.post_fork_initialize-1625035', 'neutron.services.pvlan.drivers.ovn.driver._initialize_pvlan_pg_drop-8490635458674', 'neutron.services.ovn_l3.plugin.OVNL3RouterPlugin._post_fork_initialize-62417'] for process (None), after_init {{(pid=90784) _notify_loop /opt/stack/data/venv/lib/python3.12/site-packages/neutron_lib/callbacks/manager.py:184}}
Aug 21 03:49:12.047650 np0000007880 devstack@neutron-api.service[90782]: DEBUG neutron.api.extensions [None req-fea23d80-2873-4078-a982-d80c44fa2544 None None] Extended resource: service_profiles {{(pid=90782) __init__ /opt/stack/neutron/neutron/api/extensions.py:156}}
Aug 21 03:49:12.047914 np0000007880 devstack@neutron-api.service[90784]: DEBUG oslo_concurrency.lockutils [None req-6aee9979-8673-442c-91c6-573d2caa6e79 None None] Acquiring lock "singleton_lock" {{(pid=90784) lock /opt/stack/data/venv/lib/python3.12/site-packages/oslo_concurrency/lockutils.py:396}}
Aug 21 03:49:12.048001 np0000007880 devstack@neutron-api.service[90784]: DEBUG oslo_concurrency.lockutils [None req-6aee9979-8673-442c-91c6-573d2caa6e79 None None] Acquired lock "singleton_lock" {{(pid=90784) lock /opt/stack/data/venv/lib/python3.12/site-packages/oslo_concurrency/lockutils.py:399}}
Aug 21 03:49:12.048185 np0000007880 devstack@neutron-api.service[90782]: DEBUG neutron.api.extensions [None req-fea23d80-2873-4078-a982-d80c44fa2544 None None] Extended resource: next_providers {{(pid=90782) __init__ /opt/stack/neutron/neutron/api/extensions.py:156}}
Aug 21 03:49:12.048408 np0000007880 devstack@neutron-api.service[90784]: DEBUG oslo_concurrency.lockutils [None req-6aee9979-8673-442c-91c6-573d2caa6e79 None None] Releasing lock "singleton_lock" {{(pid=90784) lock /opt/stack/data/venv/lib/python3.12/site-packages/oslo_concurrency/lockutils.py:419}}
Aug 21 03:49:12.048698 np0000007880 devstack@neutron-api.service[90782]: DEBUG neutron.api.extensions [None req-fea23d80-2873-4078-a982-d80c44fa2544 None None] Extended resource: service_profiles {{(pid=90782) __init__ /opt/stack/neutron/neutron/api/extensions.py:156}}
Aug 21 03:49:12.049173 np0000007880 devstack@neutron-api.service[90782]: DEBUG neutron.api.extensions [None req-fea23d80-2873-4078-a982-d80c44fa2544 None None] Extended resource: floatingip-pools {{(pid=90782) __init__ /opt/stack/neutron/neutron/api/extensions.py:156}}
Aug 21 03:49:12.049736 np0000007880 devstack@neutron-api.service[90782]: DEBUG neutron.api.extensions [None req-fea23d80-2873-4078-a982-d80c44fa2544 None None] Extended resource: routers {{(pid=90782) __init__ /opt/stack/neutron/neutron/api/extensions.py:156}}
Aug 21 03:49:12.050457 np0000007880 devstack@neutron-api.service[90782]: DEBUG neutron.api.extensions [None req-fea23d80-2873-4078-a982-d80c44fa2544 None None] Extended resource: floatingips {{(pid=90782) __init__ /opt/stack/neutron/neutron/api/extensions.py:156}}
Aug 21 03:49:12.050601 np0000007880 devstack@neutron-api.service[90781]: DEBUG neutron.plugins.ml2.drivers.ovn.mech_driver.mech_driver [None req-fe955b2b-8ab3-466f-a331-40289beb7815 None None] Hash Ring setup, this worker has detected 2 OVN hash ring registers in the database {{(pid=90781) _init_hash_ring /opt/stack/neutron/neutron/plugins/ml2/drivers/ovn/mech_driver/mech_driver.py:392}}
Aug 21 03:49:12.051576 np0000007880 devstack@neutron-api.service[90782]: DEBUG neutron.api.extensions [None req-fea23d80-2873-4078-a982-d80c44fa2544 None None] Extended resource: l3-routers {{(pid=90782) __init__ /opt/stack/neutron/neutron/api/extensions.py:156}}
Aug 21 03:49:12.051576 np0000007880 devstack@neutron-api.service[90782]: DEBUG neutron.api.extensions [None req-fea23d80-2873-4078-a982-d80c44fa2544 None None] Extended resource: l3-agents {{(pid=90782) __init__ /opt/stack/neutron/neutron/api/extensions.py:156}}
Aug 21 03:49:12.051815 np0000007880 devstack@neutron-api.service[90784]: DEBUG neutron.plugins.ml2.drivers.ovn.mech_driver.mech_driver [None req-6aee9979-8673-442c-91c6-573d2caa6e79 None None] Hash Ring setup using WSGI start time 2026-08-21 03:49:11+00:00 {{(pid=90784) _init_hash_ring /opt/stack/neutron/neutron/plugins/ml2/drivers/ovn/mech_driver/mech_driver.py:382}}
Aug 21 03:49:12.051936 np0000007880 devstack@neutron-api.service[90782]: DEBUG neutron.api.extensions [None req-fea23d80-2873-4078-a982-d80c44fa2544 None None] Extended resource: network-ip-availabilities {{(pid=90782) __init__ /opt/stack/neutron/neutron/api/extensions.py:156}}
Aug 21 03:49:12.052788 np0000007880 devstack@neutron-api.service[90782]: DEBUG neutron.api.extensions [None req-fea23d80-2873-4078-a982-d80c44fa2544 None None] Extended resource: network-ip-availabilities {{(pid=90782) __init__ /opt/stack/neutron/neutron/api/extensions.py:156}}
Aug 21 03:49:12.052788 np0000007880 devstack@neutron-api.service[90782]: DEBUG neutron.api.extensions [None req-fea23d80-2873-4078-a982-d80c44fa2544 None None] Extended resource: bindings {{(pid=90782) __init__ /opt/stack/neutron/neutron/api/extensions.py:156}}
Aug 21 03:49:12.053595 np0000007880 devstack@neutron-api.service[90782]: DEBUG neutron.api.extensions [None req-fea23d80-2873-4078-a982-d80c44fa2544 None None] Extended resource: quotas {{(pid=90782) __init__ /opt/stack/neutron/neutron/api/extensions.py:156}}
Aug 21 03:49:12.054019 np0000007880 devstack@neutron-api.service[90782]: DEBUG neutron.api.extensions [None req-fea23d80-2873-4078-a982-d80c44fa2544 None None] Extended resource: quotas {{(pid=90782) __init__ /opt/stack/neutron/neutron/api/extensions.py:156}}
Aug 21 03:49:12.054767 np0000007880 devstack@neutron-api.service[90782]: DEBUG neutron.api.extensions [None req-fea23d80-2873-4078-a982-d80c44fa2544 None None] Extended resource: rbac-policies {{(pid=90782) __init__ /opt/stack/neutron/neutron/api/extensions.py:156}}
Aug 21 03:49:12.055387 np0000007880 devstack@neutron-api.service[90782]: DEBUG neutron.api.extensions [None req-fea23d80-2873-4078-a982-d80c44fa2544 None None] Extended resource: default-security-group-rules {{(pid=90782) __init__ /opt/stack/neutron/neutron/api/extensions.py:156}}
Aug 21 03:49:12.055699 np0000007880 devstack@neutron-api.service[90782]: DEBUG neutron.api.extensions [None req-fea23d80-2873-4078-a982-d80c44fa2544 None None] Extended resource: security-groups-default-statefulness {{(pid=90782) __init__ /opt/stack/neutron/neutron/api/extensions.py:156}}
Aug 21 03:49:12.056231 np0000007880 devstack@neutron-api.service[90782]: DEBUG neutron.api.extensions [None req-fea23d80-2873-4078-a982-d80c44fa2544 None None] Extended resource: security-groups {{(pid=90782) __init__ /opt/stack/neutron/neutron/api/extensions.py:156}}
Aug 21 03:49:12.058155 np0000007880 devstack@neutron-api.service[90782]: DEBUG neutron.api.extensions [None req-fea23d80-2873-4078-a982-d80c44fa2544 None None] Extended resource: security-group-rules {{(pid=90782) __init__ /opt/stack/neutron/neutron/api/extensions.py:156}}
Aug 21 03:49:12.058671 np0000007880 devstack@neutron-api.service[90782]: DEBUG neutron.api.extensions [None req-fea23d80-2873-4078-a982-d80c44fa2544 None None] Extended resource: service-providers {{(pid=90782) __init__ /opt/stack/neutron/neutron/api/extensions.py:156}}
Aug 21 03:49:12.059169 np0000007880 devstack@neutron-api.service[90782]: DEBUG neutron.api.extensions [None req-fea23d80-2873-4078-a982-d80c44fa2544 None None] Extended resource: subnetpools {{(pid=90782) __init__ /opt/stack/neutron/neutron/api/extensions.py:156}}
Aug 21 03:49:12.059867 np0000007880 devstack@neutron-api.service[90782]: DEBUG neutron.api.extensions [None req-fea23d80-2873-4078-a982-d80c44fa2544 None None] Extended resource: subnetpools {{(pid=90782) __init__ /opt/stack/neutron/neutron/api/extensions.py:156}}
Aug 21 03:49:12.060420 np0000007880 devstack@neutron-api.service[90782]: DEBUG neutron.api.extensions [None req-fea23d80-2873-4078-a982-d80c44fa2544 None None] Extended resource: tags {{(pid=90782) __init__ /opt/stack/neutron/neutron/api/extensions.py:156}}
Aug 21 03:49:12.061130 np0000007880 devstack@neutron-api.service[90782]: DEBUG neutron.api.extensions [None req-fea23d80-2873-4078-a982-d80c44fa2544 None None] Extended resource: tags {{(pid=90782) __init__ /opt/stack/neutron/neutron/api/extensions.py:156}}
Aug 21 03:49:12.061310 np0000007880 devstack@neutron-api.service[90784]: INFO neutron.db.ovn_hash_ring_db [None req-6aee9979-8673-442c-91c6-573d2caa6e79 None None] Nodes from host "np0000007880" and group "mechanism_driver" removed from the Hash Ring created at 2026-08-21 03:49:11+00:00
Aug 21 03:49:12.061407 np0000007880 devstack@neutron-api.service[90781]: DEBUG neutron.plugins.ml2.drivers.ovn.mech_driver.ovsdb.maintenance [None req-fe955b2b-8ab3-466f-a331-40289beb7815 None None] Periodic task found: HashRingHealthCheckPeriodics.touch_hash_ring_node {{(pid=90781) add_periodics /opt/stack/neutron/neutron/plugins/ml2/drivers/ovn/mech_driver/ovsdb/maintenance.py:148}}
Aug 21 03:49:12.061995 np0000007880 devstack@neutron-api.service[90782]: DEBUG neutron.api.extensions [None req-fea23d80-2873-4078-a982-d80c44fa2544 None None] Extended resource: tags {{(pid=90782) __init__ /opt/stack/neutron/neutron/api/extensions.py:156}}
Aug 21 03:49:12.062445 np0000007880 devstack@neutron-api.service[90782]: DEBUG neutron.api.extensions [None req-fea23d80-2873-4078-a982-d80c44fa2544 None None] Extended resource: tags {{(pid=90782) __init__ /opt/stack/neutron/neutron/api/extensions.py:156}}
Aug 21 03:49:12.063174 np0000007880 devstack@neutron-api.service[90782]: DEBUG neutron.api.extensions [None req-fea23d80-2873-4078-a982-d80c44fa2544 None None] Extended resource: tags {{(pid=90782) __init__ /opt/stack/neutron/neutron/api/extensions.py:156}}
Aug 21 03:49:12.063940 np0000007880 devstack@neutron-api.service[90782]: DEBUG neutron.api.extensions [None req-fea23d80-2873-4078-a982-d80c44fa2544 None None] Extended resource: tags {{(pid=90782) __init__ /opt/stack/neutron/neutron/api/extensions.py:156}}
Aug 21 03:49:12.064467 np0000007880 devstack@neutron-api.service[90782]: DEBUG neutron.api.extensions [None req-fea23d80-2873-4078-a982-d80c44fa2544 None None] Extended resource: tags {{(pid=90782) __init__ /opt/stack/neutron/neutron/api/extensions.py:156}}
Aug 21 03:49:12.064901 np0000007880 devstack@neutron-api.service[90784]: INFO neutron.db.ovn_hash_ring_db [None req-6aee9979-8673-442c-91c6-573d2caa6e79 None None] Node 0d40906fafa954c08bcdff95f50ae7d4 from host "np0000007880" and group "mechanism_driver" added to the Hash Ring
Aug 21 03:49:12.065170 np0000007880 devstack@neutron-api.service[90781]: INFO neutron.plugins.ml2.drivers.ovn.mech_driver.mech_driver [None req-fe955b2b-8ab3-466f-a331-40289beb7815 None None] Hash Ring probing thread for node c553b4319a6751b1a7aaa2ee71ef0528 has started
Aug 21 03:49:12.065393 np0000007880 devstack@neutron-api.service[90782]: DEBUG neutron.api.extensions [None req-fea23d80-2873-4078-a982-d80c44fa2544 None None] Extended resource: tags {{(pid=90782) __init__ /opt/stack/neutron/neutron/api/extensions.py:156}}
