Jun 15 18:15:45.791347 np0000002879 devstack@g-api.service[102066]: DEBUG glance_store._drivers.swift.store [None req-b6c6f324-1146-49f5-8a10-2f5d985820a1 tempest-TestVolumeBootPatternV346-1984449608 tempest-TestVolumeBootPatternV346-1984449608-project-member] Cannot determine image size because it is either not provided in the request or chunked-transfer encoding is used. Adding image as a segmented object to Swift. {{(pid=102066) add /opt/stack/data/venv/lib/python3.12/site-packages/glance_store/_drivers/swift/store.py:994}}
Jun 15 18:15:45.791677 np0000002879 devstack@g-api.service[102066]: DEBUG glance_store._drivers.swift.store [None req-b6c6f324-1146-49f5-8a10-2f5d985820a1 tempest-TestVolumeBootPatternV346-1984449608 tempest-TestVolumeBootPatternV346-1984449608-project-member] Not writing zero-length chunk. {{(pid=102066) add /opt/stack/data/venv/lib/python3.12/site-packages/glance_store/_drivers/swift/store.py:1028}}
Jun 15 18:15:45.819658 np0000002879 devstack@g-api.service[102066]: DEBUG swiftclient [None req-b6c6f324-1146-49f5-8a10-2f5d985820a1 tempest-TestVolumeBootPatternV346-1984449608 tempest-TestVolumeBootPatternV346-1984449608-project-member] REQ: curl -i https://10.4.3.236:8080/v1/AUTH_eec9fb3b863e4eff88db3fd65a64ab97/glance/2845619c-d1d5-4810-93cb-cad440ed103a -X PUT -H "X-Object-Manifest: glance/2845619c-d1d5-4810-93cb-cad440ed103a-" -H "X-Auth-Token: gAAAAABqMEFRowv9..." -H "Content-Length: 0" {{(pid=102066) http_log /opt/stack/data/venv/lib/python3.12/site-packages/swiftclient/client.py:160}}
Jun 15 18:15:45.819810 np0000002879 devstack@g-api.service[102066]: DEBUG swiftclient [None req-b6c6f324-1146-49f5-8a10-2f5d985820a1 tempest-TestVolumeBootPatternV346-1984449608 tempest-TestVolumeBootPatternV346-1984449608-project-member] RESP STATUS: 201 Created {{(pid=102066) http_log /opt/stack/data/venv/lib/python3.12/site-packages/swiftclient/client.py:161}}
Jun 15 18:15:45.819918 np0000002879 devstack@g-api.service[102066]: DEBUG swiftclient [None req-b6c6f324-1146-49f5-8a10-2f5d985820a1 tempest-TestVolumeBootPatternV346-1984449608 tempest-TestVolumeBootPatternV346-1984449608-project-member] RESP HEADERS: {'Date': 'Mon, 15 Jun 2026 18:15:45 GMT', 'Server': 'Apache/2.4.58 (Ubuntu)', 'Content-Type': 'text/html; charset=UTF-8', 'Content-Length': '0', 'Etag': 'd41d8cd98f00b204e9800998ecf8427e', 'Last-Modified': 'Mon, 15 Jun 2026 18:15:46 GMT', 'X-Trans-Id': 'tx180aef8081f3483684564-006a304151', 'X-Openstack-Request-Id': 'tx180aef8081f3483684564-006a304151', 'Connection': 'close'} {{(pid=102066) http_log /opt/stack/data/venv/lib/python3.12/site-packages/swiftclient/client.py:162}}
Jun 15 18:15:45.820578 np0000002879 devstack@g-api.service[102066]: INFO glance.location [None req-b6c6f324-1146-49f5-8a10-2f5d985820a1 tempest-TestVolumeBootPatternV346-1984449608 tempest-TestVolumeBootPatternV346-1984449608-project-member] Image format matched and virtual size computed: 0
Jun 15 18:15:45.851196 np0000002879 devstack@g-api.service[102066]: DEBUG glance_store.backend [None req-b6c6f324-1146-49f5-8a10-2f5d985820a1 tempest-TestVolumeBootPatternV346-1984449608 tempest-TestVolumeBootPatternV346-1984449608-project-member] Attempting to import store swift {{(pid=102066) _load_store /opt/stack/data/venv/lib/python3.12/site-packages/glance_store/backend.py:215}}
Jun 15 18:15:45.852679 np0000002879 devstack@g-api.service[102066]: DEBUG glance_store.capabilities [None req-b6c6f324-1146-49f5-8a10-2f5d985820a1 tempest-TestVolumeBootPatternV346-1984449608 tempest-TestVolumeBootPatternV346-1984449608-project-member] Store glance_store._drivers.swift.store.SingleTenantStore doesn't support updating dynamic storage capabilities. Please overwrite 'update_capabilities' method of the store to implement updating logics if needed. {{(pid=102066) update_capabilities /opt/stack/data/venv/lib/python3.12/site-packages/glance_store/capabilities.py:91}}
Jun 15 18:15:45.852785 np0000002879 devstack@g-api.service[102066]: DEBUG glance_store.driver [None req-b6c6f324-1146-49f5-8a10-2f5d985820a1 tempest-TestVolumeBootPatternV346-1984449608 tempest-TestVolumeBootPatternV346-1984449608-project-member] Late loading location class glance_store._drivers.swift.store.StoreLocation {{(pid=102066) get_store_location_class /opt/stack/data/venv/lib/python3.12/site-packages/glance_store/driver.py:134}}
Jun 15 18:15:45.852869 np0000002879 devstack@g-api.service[102066]: DEBUG glance_store.location [None req-b6c6f324-1146-49f5-8a10-2f5d985820a1 tempest-TestVolumeBootPatternV346-1984449608 tempest-TestVolumeBootPatternV346-1984449608-project-member] Registering scheme swift+https with {'store': , 'location_class': , 'store_entry': 'swift'} {{(pid=102066) register_scheme_map /opt/stack/data/venv/lib/python3.12/site-packages/glance_store/location.py:146}}
Jun 15 18:15:45.852958 np0000002879 devstack@g-api.service[102066]: DEBUG glance_store.location [None req-b6c6f324-1146-49f5-8a10-2f5d985820a1 tempest-TestVolumeBootPatternV346-1984449608 tempest-TestVolumeBootPatternV346-1984449608-project-member] Registering scheme swift+https with {'store': , 'location_class': , 'store_entry': 'swift'} {{(pid=102066) register_scheme_map /opt/stack/data/venv/lib/python3.12/site-packages/glance_store/location.py:146}}
Jun 15 18:15:45.853026 np0000002879 devstack@g-api.service[102066]: DEBUG glance_store.location [None req-b6c6f324-1146-49f5-8a10-2f5d985820a1 tempest-TestVolumeBootPatternV346-1984449608 tempest-TestVolumeBootPatternV346-1984449608-project-member] Registering scheme swift with {'store': , 'location_class': , 'store_entry': 'swift'} {{(pid=102066) register_scheme_map /opt/stack/data/venv/lib/python3.12/site-packages/glance_store/location.py:146}}
Jun 15 18:15:45.853115 np0000002879 devstack@g-api.service[102066]: DEBUG glance_store.location [None req-b6c6f324-1146-49f5-8a10-2f5d985820a1 tempest-TestVolumeBootPatternV346-1984449608 tempest-TestVolumeBootPatternV346-1984449608-project-member] Registering scheme swift+https with {'store': , 'location_class': , 'store_entry': 'swift'} {{(pid=102066) register_scheme_map /opt/stack/data/venv/lib/python3.12/site-packages/glance_store/location.py:146}}
Jun 15 18:15:45.853187 np0000002879 devstack@g-api.service[102066]: DEBUG glance_store.location [None req-b6c6f324-1146-49f5-8a10-2f5d985820a1 tempest-TestVolumeBootPatternV346-1984449608 tempest-TestVolumeBootPatternV346-1984449608-project-member] Registering scheme swift with {'store': , 'location_class': , 'store_entry': 'swift'} {{(pid=102066) register_scheme_map /opt/stack/data/venv/lib/python3.12/site-packages/glance_store/location.py:146}}
Jun 15 18:15:45.853252 np0000002879 devstack@g-api.service[102066]: DEBUG glance_store.location [None req-b6c6f324-1146-49f5-8a10-2f5d985820a1 tempest-TestVolumeBootPatternV346-1984449608 tempest-TestVolumeBootPatternV346-1984449608-project-member] Registering scheme swift+http with {'store': , 'location_class': , 'store_entry': 'swift'} {{(pid=102066) register_scheme_map /opt/stack/data/venv/lib/python3.12/site-packages/glance_store/location.py:146}}
Jun 15 18:15:45.853324 np0000002879 devstack@g-api.service[102066]: DEBUG glance_store.location [None req-b6c6f324-1146-49f5-8a10-2f5d985820a1 tempest-TestVolumeBootPatternV346-1984449608 tempest-TestVolumeBootPatternV346-1984449608-project-member] Registering scheme swift+https with {'store': , 'location_class': , 'store_entry': 'swift'} {{(pid=102066) register_scheme_map /opt/stack/data/venv/lib/python3.12/site-packages/glance_store/location.py:146}}
Jun 15 18:15:45.853448 np0000002879 devstack@g-api.service[102066]: DEBUG glance_store.location [None req-b6c6f324-1146-49f5-8a10-2f5d985820a1 tempest-TestVolumeBootPatternV346-1984449608 tempest-TestVolumeBootPatternV346-1984449608-project-member] Registering scheme swift with {'store': , 'location_class': , 'store_entry': 'swift'} {{(pid=102066) register_scheme_map /opt/stack/data/venv/lib/python3.12/site-packages/glance_store/location.py:146}}
Jun 15 18:15:45.853585 np0000002879 devstack@g-api.service[102066]: DEBUG glance_store.location [None req-b6c6f324-1146-49f5-8a10-2f5d985820a1 tempest-TestVolumeBootPatternV346-1984449608 tempest-TestVolumeBootPatternV346-1984449608-project-member] Registering scheme swift+http with {'store': , 'location_class': , 'store_entry': 'swift'} {{(pid=102066) register_scheme_map /opt/stack/data/venv/lib/python3.12/site-packages/glance_store/location.py:146}}
Jun 15 18:15:45.853659 np0000002879 devstack@g-api.service[102066]: DEBUG glance_store.location [None req-b6c6f324-1146-49f5-8a10-2f5d985820a1 tempest-TestVolumeBootPatternV346-1984449608 tempest-TestVolumeBootPatternV346-1984449608-project-member] Registering scheme swift+config with {'store': , 'location_class': , 'store_entry': 'swift'} {{(pid=102066) register_scheme_map /opt/stack/data/venv/lib/python3.12/site-packages/glance_store/location.py:146}}
Jun 15 18:15:45.853768 np0000002879 devstack@g-api.service[102066]: DEBUG glance_store.backend [None req-b6c6f324-1146-49f5-8a10-2f5d985820a1 tempest-TestVolumeBootPatternV346-1984449608 tempest-TestVolumeBootPatternV346-1984449608-project-member] Skipping store.set_acls... not implemented. {{(pid=102066) set_acls /opt/stack/data/venv/lib/python3.12/site-packages/glance_store/backend.py:507}}
Jun 15 18:15:45.855684 np0000002879 devstack@g-api.service[102066]: [pid: 102066|app: 0|req: 158/499] 127.0.0.1 () {46 vars in 1144 bytes} [Mon Jun 15 18:15:44 2026] PUT /v2/images/2845619c-d1d5-4810-93cb-cad440ed103a/file => generated 0 bytes in 1130 msecs (HTTP/1.1 204) 4 headers in 171 bytes (1 switches on core 0)
Jun 15 18:15:45.906454 np0000002879 devstack@g-api.service[102067]: DEBUG glance.api.middleware.version_negotiation [None req-afe0ee5f-32ae-4f6f-94c4-8a1bb3cced3f tempest-ServerBootFromVolumeStableRescueTest-208842257 tempest-ServerBootFromVolumeStableRescueTest-208842257-project-member] Determining version of request: GET /v2/images/2845619c-d1d5-4810-93cb-cad440ed103a Accept: */* {{(pid=102067) process_request /opt/stack/glance/glance/api/middleware/version_negotiation.py:44}}
Jun 15 18:15:45.906661 np0000002879 devstack@g-api.service[102067]: DEBUG glance.api.middleware.version_negotiation [None req-afe0ee5f-32ae-4f6f-94c4-8a1bb3cced3f tempest-ServerBootFromVolumeStableRescueTest-208842257 tempest-ServerBootFromVolumeStableRescueTest-208842257-project-member] Using url versioning {{(pid=102067) process_request /opt/stack/glance/glance/api/middleware/version_negotiation.py:57}}
Jun 15 18:15:45.906792 np0000002879 devstack@g-api.service[102067]: DEBUG glance.api.middleware.version_negotiation [None req-afe0ee5f-32ae-4f6f-94c4-8a1bb3cced3f tempest-ServerBootFromVolumeStableRescueTest-208842257 tempest-ServerBootFromVolumeStableRescueTest-208842257-project-member] Matched version: v2 {{(pid=102067) process_request /opt/stack/glance/glance/api/middleware/version_negotiation.py:69}}
Jun 15 18:15:45.906885 np0000002879 devstack@g-api.service[102067]: DEBUG glance.api.middleware.version_negotiation [None req-afe0ee5f-32ae-4f6f-94c4-8a1bb3cced3f tempest-ServerBootFromVolumeStableRescueTest-208842257 tempest-ServerBootFromVolumeStableRescueTest-208842257-project-member] new path /v2/images/2845619c-d1d5-4810-93cb-cad440ed103a {{(pid=102067) process_request /opt/stack/glance/glance/api/middleware/version_negotiation.py:70}}
Jun 15 18:15:45.917838 np0000002879 devstack@g-api.service[102067]: [pid: 102067|app: 0|req: 173/500] 127.0.0.1 () {44 vars in 1115 bytes} [Mon Jun 15 18:15:45 2026] GET /v2/images/2845619c-d1d5-4810-93cb-cad440ed103a => generated 1921 bytes in 11 msecs (HTTP/1.1 200) 4 headers in 158 bytes (1 switches on core 0)
Jun 15 18:15:45.953829 np0000002879 devstack@g-api.service[102065]: DEBUG glance.api.middleware.version_negotiation [None req-afe0ee5f-32ae-4f6f-94c4-8a1bb3cced3f tempest-ServerBootFromVolumeStableRescueTest-208842257 tempest-ServerBootFromVolumeStableRescueTest-208842257-project-member] Determining version of request: GET /v2/schemas/image Accept: */* {{(pid=102065) process_request /opt/stack/glance/glance/api/middleware/version_negotiation.py:44}}
Jun 15 18:15:45.954002 np0000002879 devstack@g-api.service[102065]: DEBUG glance.api.middleware.version_negotiation [None req-afe0ee5f-32ae-4f6f-94c4-8a1bb3cced3f tempest-ServerBootFromVolumeStableRescueTest-208842257 tempest-ServerBootFromVolumeStableRescueTest-208842257-project-member] Using url versioning {{(pid=102065) process_request /opt/stack/glance/glance/api/middleware/version_negotiation.py:57}}
Jun 15 18:15:45.954077 np0000002879 devstack@g-api.service[102065]: DEBUG glance.api.middleware.version_negotiation [None req-afe0ee5f-32ae-4f6f-94c4-8a1bb3cced3f tempest-ServerBootFromVolumeStableRescueTest-208842257 tempest-ServerBootFromVolumeStableRescueTest-208842257-project-member] Matched version: v2 {{(pid=102065) process_request /opt/stack/glance/glance/api/middleware/version_negotiation.py:69}}
Jun 15 18:15:45.954215 np0000002879 devstack@g-api.service[102065]: DEBUG glance.api.middleware.version_negotiation [None req-afe0ee5f-32ae-4f6f-94c4-8a1bb3cced3f tempest-ServerBootFromVolumeStableRescueTest-208842257 tempest-ServerBootFromVolumeStableRescueTest-208842257-project-member] new path /v2/schemas/image {{(pid=102065) process_request /opt/stack/glance/glance/api/middleware/version_negotiation.py:70}}
Jun 15 18:15:45.956865 np0000002879 devstack@g-api.service[102065]: [pid: 102065|app: 0|req: 170/501] 127.0.0.1 () {44 vars in 1055 bytes} [Mon Jun 15 18:15:45 2026] GET /v2/schemas/image => generated 6083 bytes in 3 msecs (HTTP/1.1 200) 4 headers in 158 bytes (1 switches on core 0)
Jun 15 18:15:45.977192 np0000002879 devstack@g-api.service[102066]: DEBUG glance.api.middleware.version_negotiation [None req-b6c6f324-1146-49f5-8a10-2f5d985820a1 tempest-TestVolumeBootPatternV346-1984449608 tempest-TestVolumeBootPatternV346-1984449608-project-member] Determining version of request: GET /v2/images/2845619c-d1d5-4810-93cb-cad440ed103a Accept: application/json {{(pid=102066) process_request /opt/stack/glance/glance/api/middleware/version_negotiation.py:44}}
Jun 15 18:15:45.977341 np0000002879 devstack@g-api.service[102066]: DEBUG glance.api.middleware.version_negotiation [None req-b6c6f324-1146-49f5-8a10-2f5d985820a1 tempest-TestVolumeBootPatternV346-1984449608 tempest-TestVolumeBootPatternV346-1984449608-project-member] Using url versioning {{(pid=102066) process_request /opt/stack/glance/glance/api/middleware/version_negotiation.py:57}}
Jun 15 18:15:45.977521 np0000002879 devstack@g-api.service[102066]: DEBUG glance.api.middleware.version_negotiation [None req-b6c6f324-1146-49f5-8a10-2f5d985820a1 tempest-TestVolumeBootPatternV346-1984449608 tempest-TestVolumeBootPatternV346-1984449608-project-member] Matched version: v2 {{(pid=102066) process_request /opt/stack/glance/glance/api/middleware/version_negotiation.py:69}}
Jun 15 18:15:45.977618 np0000002879 devstack@g-api.service[102066]: DEBUG glance.api.middleware.version_negotiation [None req-b6c6f324-1146-49f5-8a10-2f5d985820a1 tempest-TestVolumeBootPatternV346-1984449608 tempest-TestVolumeBootPatternV346-1984449608-project-member] new path /v2/images/2845619c-d1d5-4810-93cb-cad440ed103a {{(pid=102066) process_request /opt/stack/glance/glance/api/middleware/version_negotiation.py:70}}
Jun 15 18:15:45.979142 np0000002879 devstack@g-api.service[102067]: DEBUG glance.api.middleware.version_negotiation [None req-b6c6f324-1146-49f5-8a10-2f5d985820a1 tempest-TestVolumeBootPatternV346-1984449608 tempest-TestVolumeBootPatternV346-1984449608-project-member] Determining version of request: GET /v2/images/a517b1ff-c1fd-4375-b815-24f0e6af1b09 Accept: */* {{(pid=102067) process_request /opt/stack/glance/glance/api/middleware/version_negotiation.py:44}}
Jun 15 18:15:45.979282 np0000002879 devstack@g-api.service[102067]: DEBUG glance.api.middleware.version_negotiation [None req-b6c6f324-1146-49f5-8a10-2f5d985820a1 tempest-TestVolumeBootPatternV346-1984449608 tempest-TestVolumeBootPatternV346-1984449608-project-member] Using url versioning {{(pid=102067) process_request /opt/stack/glance/glance/api/middleware/version_negotiation.py:57}}
Jun 15 18:15:45.979389 np0000002879 devstack@g-api.service[102067]: DEBUG glance.api.middleware.version_negotiation [None req-b6c6f324-1146-49f5-8a10-2f5d985820a1 tempest-TestVolumeBootPatternV346-1984449608 tempest-TestVolumeBootPatternV346-1984449608-project-member] Matched version: v2 {{(pid=102067) process_request /opt/stack/glance/glance/api/middleware/version_negotiation.py:69}}
Jun 15 18:15:45.979516 np0000002879 devstack@g-api.service[102067]: DEBUG glance.api.middleware.version_negotiation [None req-b6c6f324-1146-49f5-8a10-2f5d985820a1 tempest-TestVolumeBootPatternV346-1984449608 tempest-TestVolumeBootPatternV346-1984449608-project-member] new path /v2/images/a517b1ff-c1fd-4375-b815-24f0e6af1b09 {{(pid=102067) process_request /opt/stack/glance/glance/api/middleware/version_negotiation.py:70}}
Jun 15 18:15:45.987870 np0000002879 devstack@g-api.service[102066]: [pid: 102066|app: 0|req: 159/502] 127.0.0.1 () {40 vars in 838 bytes} [Mon Jun 15 18:15:45 2026] GET /v2/images/2845619c-d1d5-4810-93cb-cad440ed103a => generated 1921 bytes in 11 msecs (HTTP/1.1 200) 4 headers in 158 bytes (1 switches on core 0)
Jun 15 18:15:45.998368 np0000002879 devstack@g-api.service[102065]: DEBUG glance.api.middleware.version_negotiation [None req-b6c6f324-1146-49f5-8a10-2f5d985820a1 tempest-TestVolumeBootPatternV346-1984449608 tempest-TestVolumeBootPatternV346-1984449608-project-member] Determining version of request: GET /v2/images/2845619c-d1d5-4810-93cb-cad440ed103a Accept: application/json {{(pid=102065) process_request /opt/stack/glance/glance/api/middleware/version_negotiation.py:44}}
Jun 15 18:15:45.998539 np0000002879 devstack@g-api.service[102065]: DEBUG glance.api.middleware.version_negotiation [None req-b6c6f324-1146-49f5-8a10-2f5d985820a1 tempest-TestVolumeBootPatternV346-1984449608 tempest-TestVolumeBootPatternV346-1984449608-project-member] Using url versioning {{(pid=102065) process_request /opt/stack/glance/glance/api/middleware/version_negotiation.py:57}}
Jun 15 18:15:45.998610 np0000002879 devstack@g-api.service[102067]: [pid: 102067|app: 0|req: 174/503] 127.0.0.1 () {44 vars in 1115 bytes} [Mon Jun 15 18:15:45 2026] GET /v2/images/a517b1ff-c1fd-4375-b815-24f0e6af1b09 => generated 1694 bytes in 20 msecs (HTTP/1.1 200) 4 headers in 158 bytes (1 switches on core 0)
Jun 15 18:15:45.998660 np0000002879 devstack@g-api.service[102065]: DEBUG glance.api.middleware.version_negotiation [None req-b6c6f324-1146-49f5-8a10-2f5d985820a1 tempest-TestVolumeBootPatternV346-1984449608 tempest-TestVolumeBootPatternV346-1984449608-project-member] Matched version: v2 {{(pid=102065) process_request /opt/stack/glance/glance/api/middleware/version_negotiation.py:69}}
Jun 15 18:15:45.998767 np0000002879 devstack@g-api.service[102065]: DEBUG glance.api.middleware.version_negotiation [None req-b6c6f324-1146-49f5-8a10-2f5d985820a1 tempest-TestVolumeBootPatternV346-1984449608 tempest-TestVolumeBootPatternV346-1984449608-project-member] new path /v2/images/2845619c-d1d5-4810-93cb-cad440ed103a {{(pid=102065) process_request /opt/stack/glance/glance/api/middleware/version_negotiation.py:70}}
Jun 15 18:15:46.021775 np0000002879 devstack@g-api.service[102065]: [pid: 102065|app: 0|req: 171/504] 127.0.0.1 () {40 vars in 838 bytes} [Mon Jun 15 18:15:45 2026] GET /v2/images/2845619c-d1d5-4810-93cb-cad440ed103a => generated 1921 bytes in 23 msecs (HTTP/1.1 200) 4 headers in 158 bytes (1 switches on core 0)
Jun 15 18:15:46.052828 np0000002879 devstack@g-api.service[102066]: DEBUG glance.api.middleware.version_negotiation [None req-011037fd-fd44-4323-9fd9-3e5a47167598 tempest-TestVolumeBootPatternV346-1984449608 tempest-TestVolumeBootPatternV346-1984449608-project-member] Determining version of request: GET /v2/images/a517b1ff-c1fd-4375-b815-24f0e6af1b09/file Accept: */* {{(pid=102066) process_request /opt/stack/glance/glance/api/middleware/version_negotiation.py:44}}
Jun 15 18:15:46.053021 np0000002879 devstack@g-api.service[102066]: DEBUG glance.api.middleware.version_negotiation [None req-011037fd-fd44-4323-9fd9-3e5a47167598 tempest-TestVolumeBootPatternV346-1984449608 tempest-TestVolumeBootPatternV346-1984449608-project-member] Using url versioning {{(pid=102066) process_request /opt/stack/glance/glance/api/middleware/version_negotiation.py:57}}
Jun 15 18:15:46.053204 np0000002879 devstack@g-api.service[102066]: DEBUG glance.api.middleware.version_negotiation [None req-011037fd-fd44-4323-9fd9-3e5a47167598 tempest-TestVolumeBootPatternV346-1984449608 tempest-TestVolumeBootPatternV346-1984449608-project-member] Matched version: v2 {{(pid=102066) process_request /opt/stack/glance/glance/api/middleware/version_negotiation.py:69}}
Jun 15 18:15:46.053347 np0000002879 devstack@g-api.service[102066]: DEBUG glance.api.middleware.version_negotiation [None req-011037fd-fd44-4323-9fd9-3e5a47167598 tempest-TestVolumeBootPatternV346-1984449608 tempest-TestVolumeBootPatternV346-1984449608-project-member] new path /v2/images/a517b1ff-c1fd-4375-b815-24f0e6af1b09/file {{(pid=102066) process_request /opt/stack/glance/glance/api/middleware/version_negotiation.py:70}}
Jun 15 18:15:46.060262 np0000002879 devstack@g-api.service[102067]: DEBUG glance.api.middleware.version_negotiation [None req-afe0ee5f-32ae-4f6f-94c4-8a1bb3cced3f tempest-ServerBootFromVolumeStableRescueTest-208842257 tempest-ServerBootFromVolumeStableRescueTest-208842257-project-member] Determining version of request: GET /v2/images/2845619c-d1d5-4810-93cb-cad440ed103a Accept: application/json {{(pid=102067) process_request /opt/stack/glance/glance/api/middleware/version_negotiation.py:44}}
Jun 15 18:15:46.060471 np0000002879 devstack@g-api.service[102067]: DEBUG glance.api.middleware.version_negotiation [None req-afe0ee5f-32ae-4f6f-94c4-8a1bb3cced3f tempest-ServerBootFromVolumeStableRescueTest-208842257 tempest-ServerBootFromVolumeStableRescueTest-208842257-project-member] Using url versioning {{(pid=102067) process_request /opt/stack/glance/glance/api/middleware/version_negotiation.py:57}}
Jun 15 18:15:46.060584 np0000002879 devstack@g-api.service[102067]: DEBUG glance.api.middleware.version_negotiation [None req-afe0ee5f-32ae-4f6f-94c4-8a1bb3cced3f tempest-ServerBootFromVolumeStableRescueTest-208842257 tempest-ServerBootFromVolumeStableRescueTest-208842257-project-member] Matched version: v2 {{(pid=102067) process_request /opt/stack/glance/glance/api/middleware/version_negotiation.py:69}}
Jun 15 18:15:46.060733 np0000002879 devstack@g-api.service[102067]: DEBUG glance.api.middleware.version_negotiation [None req-afe0ee5f-32ae-4f6f-94c4-8a1bb3cced3f tempest-ServerBootFromVolumeStableRescueTest-208842257 tempest-ServerBootFromVolumeStableRescueTest-208842257-project-member] new path /v2/images/2845619c-d1d5-4810-93cb-cad440ed103a {{(pid=102067) process_request /opt/stack/glance/glance/api/middleware/version_negotiation.py:70}}
Jun 15 18:15:46.064294 np0000002879 devstack@g-api.service[102066]: DEBUG glance_store.backend [None req-afe0ee5f-32ae-4f6f-94c4-8a1bb3cced3f tempest-ServerBootFromVolumeStableRescueTest-208842257 tempest-ServerBootFromVolumeStableRescueTest-208842257-project-member] Attempting to import store swift {{(pid=102066) _load_store /opt/stack/data/venv/lib/python3.12/site-packages/glance_store/backend.py:215}}
Jun 15 18:15:46.065674 np0000002879 devstack@g-api.service[102066]: DEBUG glance_store.capabilities [None req-afe0ee5f-32ae-4f6f-94c4-8a1bb3cced3f tempest-ServerBootFromVolumeStableRescueTest-208842257 tempest-ServerBootFromVolumeStableRescueTest-208842257-project-member] Store glance_store._drivers.swift.store.SingleTenantStore doesn't support updating dynamic storage capabilities. Please overwrite 'update_capabilities' method of the store to implement updating logics if needed. {{(pid=102066) update_capabilities /opt/stack/data/venv/lib/python3.12/site-packages/glance_store/capabilities.py:91}}
Jun 15 18:15:46.065764 np0000002879 devstack@g-api.service[102066]: DEBUG glance_store.driver [None req-afe0ee5f-32ae-4f6f-94c4-8a1bb3cced3f tempest-ServerBootFromVolumeStableRescueTest-208842257 tempest-ServerBootFromVolumeStableRescueTest-208842257-project-member] Late loading location class glance_store._drivers.swift.store.StoreLocation {{(pid=102066) get_store_location_class /opt/stack/data/venv/lib/python3.12/site-packages/glance_store/driver.py:134}}
Jun 15 18:15:46.065925 np0000002879 devstack@g-api.service[102066]: DEBUG glance_store.location [None req-afe0ee5f-32ae-4f6f-94c4-8a1bb3cced3f tempest-ServerBootFromVolumeStableRescueTest-208842257 tempest-ServerBootFromVolumeStableRescueTest-208842257-project-member] Registering scheme swift+https with {'store': , 'location_class': , 'store_entry': 'swift'} {{(pid=102066) register_scheme_map /opt/stack/data/venv/lib/python3.12/site-packages/glance_store/location.py:146}}
Jun 15 18:15:46.065925 np0000002879 devstack@g-api.service[102066]: DEBUG glance_store.location [None req-afe0ee5f-32ae-4f6f-94c4-8a1bb3cced3f tempest-ServerBootFromVolumeStableRescueTest-208842257 tempest-ServerBootFromVolumeStableRescueTest-208842257-project-member] Registering scheme swift+https with {'store': , 'location_class': , 'store_entry': 'swift'} {{(pid=102066) register_scheme_map /opt/stack/data/venv/lib/python3.12/site-packages/glance_store/location.py:146}}
Jun 15 18:15:46.066085 np0000002879 devstack@g-api.service[102066]: DEBUG glance_store.location [None req-afe0ee5f-32ae-4f6f-94c4-8a1bb3cced3f tempest-ServerBootFromVolumeStableRescueTest-208842257 tempest-ServerBootFromVolumeStableRescueTest-208842257-project-member] Registering scheme swift with {'store': , 'location_class': , 'store_entry': 'swift'} {{(pid=102066) register_scheme_map /opt/stack/data/venv/lib/python3.12/site-packages/glance_store/location.py:146}}
Jun 15 18:15:46.066085 np0000002879 devstack@g-api.service[102066]: DEBUG glance_store.location [None req-afe0ee5f-32ae-4f6f-94c4-8a1bb3cced3f tempest-ServerBootFromVolumeStableRescueTest-208842257 tempest-ServerBootFromVolumeStableRescueTest-208842257-project-member] Registering scheme swift+https with {'store': , 'location_class': , 'store_entry': 'swift'} {{(pid=102066) register_scheme_map /opt/stack/data/venv/lib/python3.12/site-packages/glance_store/location.py:146}}
Jun 15 18:15:46.066196 np0000002879 devstack@g-api.service[102066]: DEBUG glance_store.location [None req-afe0ee5f-32ae-4f6f-94c4-8a1bb3cced3f tempest-ServerBootFromVolumeStableRescueTest-208842257 tempest-ServerBootFromVolumeStableRescueTest-208842257-project-member] Registering scheme swift with {'store': , 'location_class': , 'store_entry': 'swift'} {{(pid=102066) register_scheme_map /opt/stack/data/venv/lib/python3.12/site-packages/glance_store/location.py:146}}
Jun 15 18:15:46.066196 np0000002879 devstack@g-api.service[102066]: DEBUG glance_store.location [None req-afe0ee5f-32ae-4f6f-94c4-8a1bb3cced3f tempest-ServerBootFromVolumeStableRescueTest-208842257 tempest-ServerBootFromVolumeStableRescueTest-208842257-project-member] Registering scheme swift+http with {'store': , 'location_class': , 'store_entry': 'swift'} {{(pid=102066) register_scheme_map /opt/stack/data/venv/lib/python3.12/site-packages/glance_store/location.py:146}}
Jun 15 18:15:46.066284 np0000002879 devstack@g-api.service[102066]: DEBUG glance_store.location [None req-afe0ee5f-32ae-4f6f-94c4-8a1bb3cced3f tempest-ServerBootFromVolumeStableRescueTest-208842257 tempest-ServerBootFromVolumeStableRescueTest-208842257-project-member] Registering scheme swift+https with {'store': , 'location_class': , 'store_entry': 'swift'} {{(pid=102066) register_scheme_map /opt/stack/data/venv/lib/python3.12/site-packages/glance_store/location.py:146}}
Jun 15 18:15:46.066319 np0000002879 devstack@g-api.service[102066]: DEBUG glance_store.location [None req-afe0ee5f-32ae-4f6f-94c4-8a1bb3cced3f tempest-ServerBootFromVolumeStableRescueTest-208842257 tempest-ServerBootFromVolumeStableRescueTest-208842257-project-member] Registering scheme swift with {'store': , 'location_class': , 'store_entry': 'swift'} {{(pid=102066) register_scheme_map /opt/stack/data/venv/lib/python3.12/site-packages/glance_store/location.py:146}}
Jun 15 18:15:46.067632 np0000002879 devstack@g-api.service[102066]: DEBUG glance_store.location [None req-afe0ee5f-32ae-4f6f-94c4-8a1bb3cced3f tempest-ServerBootFromVolumeStableRescueTest-208842257 tempest-ServerBootFromVolumeStableRescueTest-208842257-project-member] Registering scheme swift+http with {'store': , 'location_class': , 'store_entry': 'swift'} {{(pid=102066) register_scheme_map /opt/stack/data/venv/lib/python3.12/site-packages/glance_store/location.py:146}}
Jun 15 18:15:46.067632 np0000002879 devstack@g-api.service[102066]: DEBUG glance_store.location [None req-afe0ee5f-32ae-4f6f-94c4-8a1bb3cced3f tempest-ServerBootFromVolumeStableRescueTest-208842257 tempest-ServerBootFromVolumeStableRescueTest-208842257-project-member] Registering scheme swift+config with {'store': , 'location_class': , 'store_entry': 'swift'} {{(pid=102066) register_scheme_map /opt/stack/data/venv/lib/python3.12/site-packages/glance_store/location.py:146}}
Jun 15 18:15:46.074656 np0000002879 devstack@g-api.service[102067]: [pid: 102067|app: 0|req: 175/505] 127.0.0.1 () {40 vars in 838 bytes} [Mon Jun 15 18:15:46 2026] GET /v2/images/2845619c-d1d5-4810-93cb-cad440ed103a => generated 1921 bytes in 13 msecs (HTTP/1.1 200) 4 headers in 158 bytes (1 switches on core 0)
Jun 15 18:15:46.094298 np0000002879 devstack@g-api.service[102065]: DEBUG glance.api.middleware.version_negotiation [None req-35251e18-75b7-49cc-8482-856c3de91f53 tempest-TestVolumeBootPatternV346-1984449608 tempest-TestVolumeBootPatternV346-1984449608-project-member] Determining version of request: GET /v2/images/2845619c-d1d5-4810-93cb-cad440ed103a Accept: */* {{(pid=102065) process_request /opt/stack/glance/glance/api/middleware/version_negotiation.py:44}}
Jun 15 18:15:46.094298 np0000002879 devstack@g-api.service[102065]: DEBUG glance.api.middleware.version_negotiation [None req-35251e18-75b7-49cc-8482-856c3de91f53 tempest-TestVolumeBootPatternV346-1984449608 tempest-TestVolumeBootPatternV346-1984449608-project-member] Using url versioning {{(pid=102065) process_request /opt/stack/glance/glance/api/middleware/version_negotiation.py:57}}
Jun 15 18:15:46.094474 np0000002879 devstack@g-api.service[102065]: DEBUG glance.api.middleware.version_negotiation [None req-35251e18-75b7-49cc-8482-856c3de91f53 tempest-TestVolumeBootPatternV346-1984449608 tempest-TestVolumeBootPatternV346-1984449608-project-member] Matched version: v2 {{(pid=102065) process_request /opt/stack/glance/glance/api/middleware/version_negotiation.py:69}}
Jun 15 18:15:46.094600 np0000002879 devstack@g-api.service[102065]: DEBUG glance.api.middleware.version_negotiation [None req-35251e18-75b7-49cc-8482-856c3de91f53 tempest-TestVolumeBootPatternV346-1984449608 tempest-TestVolumeBootPatternV346-1984449608-project-member] new path /v2/images/2845619c-d1d5-4810-93cb-cad440ed103a {{(pid=102065) process_request /opt/stack/glance/glance/api/middleware/version_negotiation.py:70}}
Jun 15 18:15:46.188700 np0000002879 devstack@g-api.service[102066]: DEBUG swiftclient [None req-afe0ee5f-32ae-4f6f-94c4-8a1bb3cced3f tempest-ServerBootFromVolumeStableRescueTest-208842257 tempest-ServerBootFromVolumeStableRescueTest-208842257-project-member] REQ: curl -i https://10.4.3.236:8080/v1/AUTH_eec9fb3b863e4eff88db3fd65a64ab97/glance/a517b1ff-c1fd-4375-b815-24f0e6af1b09 -X GET -H "X-Auth-Token: gAAAAABqMEFSxUsD..." {{(pid=102066) http_log /opt/stack/data/venv/lib/python3.12/site-packages/swiftclient/client.py:160}}
Jun 15 18:15:46.188759 np0000002879 devstack@g-api.service[102066]: DEBUG swiftclient [None req-afe0ee5f-32ae-4f6f-94c4-8a1bb3cced3f tempest-ServerBootFromVolumeStableRescueTest-208842257 tempest-ServerBootFromVolumeStableRescueTest-208842257-project-member] RESP STATUS: 200 OK {{(pid=102066) http_log /opt/stack/data/venv/lib/python3.12/site-packages/swiftclient/client.py:161}}
Jun 15 18:15:46.192464 np0000002879 devstack@g-api.service[102066]: DEBUG swiftclient [None req-afe0ee5f-32ae-4f6f-94c4-8a1bb3cced3f tempest-ServerBootFromVolumeStableRescueTest-208842257 tempest-ServerBootFromVolumeStableRescueTest-208842257-project-member] RESP HEADERS: {'Date': 'Mon, 15 Jun 2026 18:15:46 GMT', 'Server': 'Apache/2.4.58 (Ubuntu)', 'Content-Type': 'application/octet-stream', 'X-Object-Manifest': 'glance/a517b1ff-c1fd-4375-b815-24f0e6af1b09-', 'Last-Modified': 'Mon, 15 Jun 2026 18:15:16 GMT', 'X-Timestamp': '1781547315.39469', 'Accept-Ranges': 'bytes', 'Content-Length': '23527424', 'Etag': '"9c424351ecc3b84373f916fa8ecd34a2"', 'X-Trans-Id': 'tx32aecfb004154dd08cfd5-006a304152', 'X-Openstack-Request-Id': 'tx32aecfb004154dd08cfd5-006a304152', 'Connection': 'close'} {{(pid=102066) http_log /opt/stack/data/venv/lib/python3.12/site-packages/swiftclient/client.py:162}}
Jun 15 18:15:46.203083 np0000002879 devstack@g-api.service[102066]: DEBUG glance.image_cache [None req-afe0ee5f-32ae-4f6f-94c4-8a1bb3cced3f tempest-ServerBootFromVolumeStableRescueTest-208842257 tempest-ServerBootFromVolumeStableRescueTest-208842257-project-member] Tee'ing image 'a517b1ff-c1fd-4375-b815-24f0e6af1b09' into cache {{(pid=102066) get_caching_iter /opt/stack/glance/glance/image_cache/__init__.py:356}}
Jun 15 18:15:46.291772 np0000002879 devstack@g-api.service[102065]: [pid: 102065|app: 0|req: 172/506] 127.0.0.1 () {44 vars in 1115 bytes} [Mon Jun 15 18:15:46 2026] GET /v2/images/2845619c-d1d5-4810-93cb-cad440ed103a => generated 1921 bytes in 197 msecs (HTTP/1.1 200) 4 headers in 158 bytes (1 switches on core 0)
Jun 15 18:15:46.300873 np0000002879 devstack@g-api.service[102067]: DEBUG glance.api.middleware.version_negotiation [None req-6208a985-21bc-46a4-8fd9-c23e99e7c594 tempest-TestVolumeBootPatternV346-1984449608 tempest-TestVolumeBootPatternV346-1984449608-project-member] Determining version of request: GET /v2/schemas/image Accept: */* {{(pid=102067) process_request /opt/stack/glance/glance/api/middleware/version_negotiation.py:44}}
Jun 15 18:15:46.301155 np0000002879 devstack@g-api.service[102067]: DEBUG glance.api.middleware.version_negotiation [None req-6208a985-21bc-46a4-8fd9-c23e99e7c594 tempest-TestVolumeBootPatternV346-1984449608 tempest-TestVolumeBootPatternV346-1984449608-project-member] Using url versioning {{(pid=102067) process_request /opt/stack/glance/glance/api/middleware/version_negotiation.py:57}}
Jun 15 18:15:46.301354 np0000002879 devstack@g-api.service[102067]: DEBUG glance.api.middleware.version_negotiation [None req-6208a985-21bc-46a4-8fd9-c23e99e7c594 tempest-TestVolumeBootPatternV346-1984449608 tempest-TestVolumeBootPatternV346-1984449608-project-member] Matched version: v2 {{(pid=102067) process_request /opt/stack/glance/glance/api/middleware/version_negotiation.py:69}}
Jun 15 18:15:46.301533 np0000002879 devstack@g-api.service[102067]: DEBUG glance.api.middleware.version_negotiation [None req-6208a985-21bc-46a4-8fd9-c23e99e7c594 tempest-TestVolumeBootPatternV346-1984449608 tempest-TestVolumeBootPatternV346-1984449608-project-member] new path /v2/schemas/image {{(pid=102067) process_request /opt/stack/glance/glance/api/middleware/version_negotiation.py:70}}
Jun 15 18:15:46.304056 np0000002879 devstack@g-api.service[102067]: [pid: 102067|app: 0|req: 176/507] 127.0.0.1 () {44 vars in 1055 bytes} [Mon Jun 15 18:15:46 2026] GET /v2/schemas/image => generated 6083 bytes in 3 msecs (HTTP/1.1 200) 4 headers in 158 bytes (1 switches on core 0)
Jun 15 18:15:46.312802 np0000002879 devstack@g-api.service[102065]: DEBUG glance.api.middleware.version_negotiation [None req-4c5101f1-46a7-4d19-af2b-031e745eaea9 tempest-TestVolumeBootPatternV346-1984449608 tempest-TestVolumeBootPatternV346-1984449608-project-member] Determining version of request: GET /v2/schemas/image Accept: */* {{(pid=102065) process_request /opt/stack/glance/glance/api/middleware/version_negotiation.py:44}}
Jun 15 18:15:46.313045 np0000002879 devstack@g-api.service[102065]: DEBUG glance.api.middleware.version_negotiation [None req-4c5101f1-46a7-4d19-af2b-031e745eaea9 tempest-TestVolumeBootPatternV346-1984449608 tempest-TestVolumeBootPatternV346-1984449608-project-member] Using url versioning {{(pid=102065) process_request /opt/stack/glance/glance/api/middleware/version_negotiation.py:57}}
Jun 15 18:15:46.313236 np0000002879 devstack@g-api.service[102065]: DEBUG glance.api.middleware.version_negotiation [None req-4c5101f1-46a7-4d19-af2b-031e745eaea9 tempest-TestVolumeBootPatternV346-1984449608 tempest-TestVolumeBootPatternV346-1984449608-project-member] Matched version: v2 {{(pid=102065) process_request /opt/stack/glance/glance/api/middleware/version_negotiation.py:69}}
Jun 15 18:15:46.313379 np0000002879 devstack@g-api.service[102065]: DEBUG glance.api.middleware.version_negotiation [None req-4c5101f1-46a7-4d19-af2b-031e745eaea9 tempest-TestVolumeBootPatternV346-1984449608 tempest-TestVolumeBootPatternV346-1984449608-project-member] new path /v2/schemas/image {{(pid=102065) process_request /opt/stack/glance/glance/api/middleware/version_negotiation.py:70}}
Jun 15 18:15:46.316338 np0000002879 devstack@g-api.service[102065]: [pid: 102065|app: 0|req: 173/508] 127.0.0.1 () {44 vars in 1055 bytes} [Mon Jun 15 18:15:46 2026] GET /v2/schemas/image => generated 6083 bytes in 4 msecs (HTTP/1.1 200) 4 headers in 158 bytes (1 switches on core 0)
Jun 15 18:15:46.326214 np0000002879 devstack@g-api.service[102067]: DEBUG glance.api.middleware.version_negotiation [None req-4c5101f1-46a7-4d19-af2b-031e745eaea9 tempest-TestVolumeBootPatternV346-1984449608 tempest-TestVolumeBootPatternV346-1984449608-project-member] Determining version of request: GET /v2/images/2845619c-d1d5-4810-93cb-cad440ed103a Accept: */* {{(pid=102067) process_request /opt/stack/glance/glance/api/middleware/version_negotiation.py:44}}
Jun 15 18:15:46.326416 np0000002879 devstack@g-api.service[102067]: DEBUG glance.api.middleware.version_negotiation [None req-4c5101f1-46a7-4d19-af2b-031e745eaea9 tempest-TestVolumeBootPatternV346-1984449608 tempest-TestVolumeBootPatternV346-1984449608-project-member] Using url versioning {{(pid=102067) process_request /opt/stack/glance/glance/api/middleware/version_negotiation.py:57}}
Jun 15 18:15:46.326617 np0000002879 devstack@g-api.service[102067]: DEBUG glance.api.middleware.version_negotiation [None req-4c5101f1-46a7-4d19-af2b-031e745eaea9 tempest-TestVolumeBootPatternV346-1984449608 tempest-TestVolumeBootPatternV346-1984449608-project-member] Matched version: v2 {{(pid=102067) process_request /opt/stack/glance/glance/api/middleware/version_negotiation.py:69}}
Jun 15 18:15:46.326766 np0000002879 devstack@g-api.service[102067]: DEBUG glance.api.middleware.version_negotiation [None req-4c5101f1-46a7-4d19-af2b-031e745eaea9 tempest-TestVolumeBootPatternV346-1984449608 tempest-TestVolumeBootPatternV346-1984449608-project-member] new path /v2/images/2845619c-d1d5-4810-93cb-cad440ed103a {{(pid=102067) process_request /opt/stack/glance/glance/api/middleware/version_negotiation.py:70}}
Jun 15 18:15:46.337802 np0000002879 devstack@g-api.service[102067]: [pid: 102067|app: 0|req: 177/509] 127.0.0.1 () {44 vars in 1115 bytes} [Mon Jun 15 18:15:46 2026] GET /v2/images/2845619c-d1d5-4810-93cb-cad440ed103a => generated 1921 bytes in 11 msecs (HTTP/1.1 200) 4 headers in 158 bytes (1 switches on core 0)
Jun 15 18:15:46.352233 np0000002879 devstack@g-api.service[102065]: DEBUG glance.api.middleware.version_negotiation [None req-4c5101f1-46a7-4d19-af2b-031e745eaea9 tempest-TestVolumeBootPatternV346-1984449608 tempest-TestVolumeBootPatternV346-1984449608-project-member] Determining version of request: GET /v2/schemas/image Accept: */* {{(pid=102065) process_request /opt/stack/glance/glance/api/middleware/version_negotiation.py:44}}
Jun 15 18:15:46.352418 np0000002879 devstack@g-api.service[102065]: DEBUG glance.api.middleware.version_negotiation [None req-4c5101f1-46a7-4d19-af2b-031e745eaea9 tempest-TestVolumeBootPatternV346-1984449608 tempest-TestVolumeBootPatternV346-1984449608-project-member] Using url versioning {{(pid=102065) process_request /opt/stack/glance/glance/api/middleware/version_negotiation.py:57}}
Jun 15 18:15:46.352595 np0000002879 devstack@g-api.service[102065]: DEBUG glance.api.middleware.version_negotiation [None req-4c5101f1-46a7-4d19-af2b-031e745eaea9 tempest-TestVolumeBootPatternV346-1984449608 tempest-TestVolumeBootPatternV346-1984449608-project-member] Matched version: v2 {{(pid=102065) process_request /opt/stack/glance/glance/api/middleware/version_negotiation.py:69}}
Jun 15 18:15:46.352704 np0000002879 devstack@g-api.service[102065]: DEBUG glance.api.middleware.version_negotiation [None req-4c5101f1-46a7-4d19-af2b-031e745eaea9 tempest-TestVolumeBootPatternV346-1984449608 tempest-TestVolumeBootPatternV346-1984449608-project-member] new path /v2/schemas/image {{(pid=102065) process_request /opt/stack/glance/glance/api/middleware/version_negotiation.py:70}}
Jun 15 18:15:46.355018 np0000002879 devstack@g-api.service[102065]: [pid: 102065|app: 0|req: 174/510] 127.0.0.1 () {44 vars in 1055 bytes} [Mon Jun 15 18:15:46 2026] GET /v2/schemas/image => generated 6083 bytes in 3 msecs (HTTP/1.1 200) 4 headers in 158 bytes (1 switches on core 0)
Jun 15 18:15:46.363740 np0000002879 devstack@g-api.service[102067]: DEBUG glance.api.middleware.version_negotiation [None req-4c5101f1-46a7-4d19-af2b-031e745eaea9 tempest-TestVolumeBootPatternV346-1984449608 tempest-TestVolumeBootPatternV346-1984449608-project-member] Determining version of request: GET /v2/schemas/image Accept: */* {{(pid=102067) process_request /opt/stack/glance/glance/api/middleware/version_negotiation.py:44}}
Jun 15 18:15:46.363740 np0000002879 devstack@g-api.service[102067]: DEBUG glance.api.middleware.version_negotiation [None req-4c5101f1-46a7-4d19-af2b-031e745eaea9 tempest-TestVolumeBootPatternV346-1984449608 tempest-TestVolumeBootPatternV346-1984449608-project-member] Using url versioning {{(pid=102067) process_request /opt/stack/glance/glance/api/middleware/version_negotiation.py:57}}
Jun 15 18:15:46.363740 np0000002879 devstack@g-api.service[102067]: DEBUG glance.api.middleware.version_negotiation [None req-4c5101f1-46a7-4d19-af2b-031e745eaea9 tempest-TestVolumeBootPatternV346-1984449608 tempest-TestVolumeBootPatternV346-1984449608-project-member] Matched version: v2 {{(pid=102067) process_request /opt/stack/glance/glance/api/middleware/version_negotiation.py:69}}
Jun 15 18:15:46.363740 np0000002879 devstack@g-api.service[102067]: DEBUG glance.api.middleware.version_negotiation [None req-4c5101f1-46a7-4d19-af2b-031e745eaea9 tempest-TestVolumeBootPatternV346-1984449608 tempest-TestVolumeBootPatternV346-1984449608-project-member] new path /v2/schemas/image {{(pid=102067) process_request /opt/stack/glance/glance/api/middleware/version_negotiation.py:70}}
Jun 15 18:15:46.365689 np0000002879 devstack@g-api.service[102067]: [pid: 102067|app: 0|req: 178/511] 127.0.0.1 () {44 vars in 1055 bytes} [Mon Jun 15 18:15:46 2026] GET /v2/schemas/image => generated 6083 bytes in 3 msecs (HTTP/1.1 200) 4 headers in 158 bytes (1 switches on core 0)
Jun 15 18:15:46.367741 np0000002879 devstack@g-api.service[102066]: DEBUG glance.image_cache.drivers.centralized_db [None req-afe0ee5f-32ae-4f6f-94c4-8a1bb3cced3f tempest-ServerBootFromVolumeStableRescueTest-208842257 tempest-ServerBootFromVolumeStableRescueTest-208842257-project-member] Fetch finished, moving '/opt/stack/data/glance/cache/incomplete/a517b1ff-c1fd-4375-b815-24f0e6af1b09' to '/opt/stack/data/glance/cache/a517b1ff-c1fd-4375-b815-24f0e6af1b09' {{(pid=102066) commit /opt/stack/glance/glance/image_cache/drivers/centralized_db.py:243}}
Jun 15 18:15:46.376987 np0000002879 devstack@g-api.service[102066]: DEBUG glance.image_cache.drivers.centralized_db [None req-afe0ee5f-32ae-4f6f-94c4-8a1bb3cced3f tempest-ServerBootFromVolumeStableRescueTest-208842257 tempest-ServerBootFromVolumeStableRescueTest-208842257-project-member] Image cached successfully. {{(pid=102066) commit /opt/stack/glance/glance/image_cache/drivers/centralized_db.py:258}}
Jun 15 18:15:46.377120 np0000002879 devstack@g-api.service[102066]: [pid: 102066|app: 0|req: 160/512] 127.0.0.1 () {44 vars in 1125 bytes} [Mon Jun 15 18:15:46 2026] GET /v2/images/a517b1ff-c1fd-4375-b815-24f0e6af1b09/file => generated 23527424 bytes in 324 msecs (HTTP/1.1 200) 4 headers in 191 bytes (359 switches on core 0)
Jun 15 18:15:46.534783 np0000002879 devstack@g-api.service[102065]: DEBUG glance.api.middleware.version_negotiation [None req-4c5101f1-46a7-4d19-af2b-031e745eaea9 tempest-TestVolumeBootPatternV346-1984449608 tempest-TestVolumeBootPatternV346-1984449608-project-member] Determining version of request: GET /v2/images/a517b1ff-c1fd-4375-b815-24f0e6af1b09 Accept: */* {{(pid=102065) process_request /opt/stack/glance/glance/api/middleware/version_negotiation.py:44}}
Jun 15 18:15:46.535017 np0000002879 devstack@g-api.service[102065]: DEBUG glance.api.middleware.version_negotiation [None req-4c5101f1-46a7-4d19-af2b-031e745eaea9 tempest-TestVolumeBootPatternV346-1984449608 tempest-TestVolumeBootPatternV346-1984449608-project-member] Using url versioning {{(pid=102065) process_request /opt/stack/glance/glance/api/middleware/version_negotiation.py:57}}
Jun 15 18:15:46.535077 np0000002879 devstack@g-api.service[102065]: DEBUG glance.api.middleware.version_negotiation [None req-4c5101f1-46a7-4d19-af2b-031e745eaea9 tempest-TestVolumeBootPatternV346-1984449608 tempest-TestVolumeBootPatternV346-1984449608-project-member] Matched version: v2 {{(pid=102065) process_request /opt/stack/glance/glance/api/middleware/version_negotiation.py:69}}
Jun 15 18:15:46.535240 np0000002879 devstack@g-api.service[102065]: DEBUG glance.api.middleware.version_negotiation [None req-4c5101f1-46a7-4d19-af2b-031e745eaea9 tempest-TestVolumeBootPatternV346-1984449608 tempest-TestVolumeBootPatternV346-1984449608-project-member] new path /v2/images/a517b1ff-c1fd-4375-b815-24f0e6af1b09 {{(pid=102065) process_request /opt/stack/glance/glance/api/middleware/version_negotiation.py:70}}
Jun 15 18:15:46.547493 np0000002879 devstack@g-api.service[102065]: [pid: 102065|app: 0|req: 175/513] 127.0.0.1 () {44 vars in 1115 bytes} [Mon Jun 15 18:15:46 2026] GET /v2/images/a517b1ff-c1fd-4375-b815-24f0e6af1b09 => generated 1694 bytes in 13 msecs (HTTP/1.1 200) 4 headers in 158 bytes (1 switches on core 0)
Jun 15 18:15:46.586698 np0000002879 devstack@g-api.service[102067]: DEBUG glance.api.middleware.version_negotiation [None req-4c5101f1-46a7-4d19-af2b-031e745eaea9 tempest-TestVolumeBootPatternV346-1984449608 tempest-TestVolumeBootPatternV346-1984449608-project-member] Determining version of request: GET /v2/schemas/image Accept: */* {{(pid=102067) process_request /opt/stack/glance/glance/api/middleware/version_negotiation.py:44}}
Jun 15 18:15:46.587647 np0000002879 devstack@g-api.service[102067]: DEBUG glance.api.middleware.version_negotiation [None req-4c5101f1-46a7-4d19-af2b-031e745eaea9 tempest-TestVolumeBootPatternV346-1984449608 tempest-TestVolumeBootPatternV346-1984449608-project-member] Using url versioning {{(pid=102067) process_request /opt/stack/glance/glance/api/middleware/version_negotiation.py:57}}
Jun 15 18:15:46.587647 np0000002879 devstack@g-api.service[102067]: DEBUG glance.api.middleware.version_negotiation [None req-4c5101f1-46a7-4d19-af2b-031e745eaea9 tempest-TestVolumeBootPatternV346-1984449608 tempest-TestVolumeBootPatternV346-1984449608-project-member] Matched version: v2 {{(pid=102067) process_request /opt/stack/glance/glance/api/middleware/version_negotiation.py:69}}
Jun 15 18:15:46.587647 np0000002879 devstack@g-api.service[102067]: DEBUG glance.api.middleware.version_negotiation [None req-4c5101f1-46a7-4d19-af2b-031e745eaea9 tempest-TestVolumeBootPatternV346-1984449608 tempest-TestVolumeBootPatternV346-1984449608-project-member] new path /v2/schemas/image {{(pid=102067) process_request /opt/stack/glance/glance/api/middleware/version_negotiation.py:70}}
Jun 15 18:15:46.593676 np0000002879 devstack@g-api.service[102067]: [pid: 102067|app: 0|req: 179/514] 127.0.0.1 () {44 vars in 1055 bytes} [Mon Jun 15 18:15:46 2026] GET /v2/schemas/image => generated 6083 bytes in 3 msecs (HTTP/1.1 200) 4 headers in 158 bytes (1 switches on core 0)
Jun 15 18:15:56.336357 np0000002879 devstack@g-api.service[102067]: DEBUG dbcounter [-] [102067] Writing DB stats glance:SELECT=20,glance:UPDATE=2,glance:INSERT=1 {{(pid=102067) stat_writer /opt/stack/data/venv/lib/python3.12/site-packages/dbcounter.py:115}}
Jun 15 18:15:56.372816 np0000002879 devstack@g-api.service[102066]: DEBUG dbcounter [-] [102066] Writing DB stats glance:SELECT=29,glance:UPDATE=2,glance:INSERT=2 {{(pid=102066) stat_writer /opt/stack/data/venv/lib/python3.12/site-packages/dbcounter.py:115}}
Jun 15 18:15:56.544760 np0000002879 devstack@g-api.service[102065]: DEBUG dbcounter [-] [102065] Writing DB stats glance:SELECT=47,glance:UPDATE=24,glance:INSERT=18 {{(pid=102065) stat_writer /opt/stack/data/venv/lib/python3.12/site-packages/dbcounter.py:115}}
Jun 15 18:16:00.362253 np0000002879 devstack@g-api.service[102066]: DEBUG glance.api.middleware.version_negotiation [None req-afe0ee5f-32ae-4f6f-94c4-8a1bb3cced3f tempest-ServerBootFromVolumeStableRescueTest-208842257 tempest-ServerBootFromVolumeStableRescueTest-208842257-project-member] Determining version of request: GET /v2/images/3c4dca29-35b2-4f52-8dfb-c395fb82b9bd Accept: */* {{(pid=102066) process_request /opt/stack/glance/glance/api/middleware/version_negotiation.py:44}}
