Jun 15 18:05:20.019103 np0000002879 nova-scheduler[95783]: DEBUG cotyledon.oslo_config_glue [-] oslo_limit.certfile = None {{(pid=95783) log_opt_values /opt/stack/data/venv/lib/python3.12/site-packages/oslo_config/cfg.py:3253}}
Jun 15 18:05:20.019103 np0000002879 nova-scheduler[95783]: DEBUG cotyledon.oslo_config_glue [-] oslo_limit.collect_timing = False {{(pid=95783) log_opt_values /opt/stack/data/venv/lib/python3.12/site-packages/oslo_config/cfg.py:3253}}
Jun 15 18:05:20.019103 np0000002879 nova-scheduler[95783]: DEBUG cotyledon.oslo_config_glue [-] oslo_limit.connect_retries = None {{(pid=95783) log_opt_values /opt/stack/data/venv/lib/python3.12/site-packages/oslo_config/cfg.py:3253}}
Jun 15 18:05:20.019103 np0000002879 nova-scheduler[95783]: DEBUG cotyledon.oslo_config_glue [-] oslo_limit.connect_retry_delay = None {{(pid=95783) log_opt_values /opt/stack/data/venv/lib/python3.12/site-packages/oslo_config/cfg.py:3253}}
Jun 15 18:05:20.019283 np0000002879 nova-scheduler[95783]: DEBUG cotyledon.oslo_config_glue [-] oslo_limit.endpoint_id = None {{(pid=95783) log_opt_values /opt/stack/data/venv/lib/python3.12/site-packages/oslo_config/cfg.py:3253}}
Jun 15 18:05:20.019283 np0000002879 nova-scheduler[95783]: DEBUG cotyledon.oslo_config_glue [-] oslo_limit.endpoint_interface = public {{(pid=95783) log_opt_values /opt/stack/data/venv/lib/python3.12/site-packages/oslo_config/cfg.py:3253}}
Jun 15 18:05:20.019283 np0000002879 nova-scheduler[95783]: DEBUG cotyledon.oslo_config_glue [-] oslo_limit.endpoint_override = None {{(pid=95783) log_opt_values /opt/stack/data/venv/lib/python3.12/site-packages/oslo_config/cfg.py:3253}}
Jun 15 18:05:20.019283 np0000002879 nova-scheduler[95783]: DEBUG cotyledon.oslo_config_glue [-] oslo_limit.endpoint_region_name = None {{(pid=95783) log_opt_values /opt/stack/data/venv/lib/python3.12/site-packages/oslo_config/cfg.py:3253}}
Jun 15 18:05:20.019283 np0000002879 nova-scheduler[95783]: DEBUG cotyledon.oslo_config_glue [-] oslo_limit.endpoint_service_name = None {{(pid=95783) log_opt_values /opt/stack/data/venv/lib/python3.12/site-packages/oslo_config/cfg.py:3253}}
Jun 15 18:05:20.019283 np0000002879 nova-scheduler[95783]: DEBUG cotyledon.oslo_config_glue [-] oslo_limit.endpoint_service_type = None {{(pid=95783) log_opt_values /opt/stack/data/venv/lib/python3.12/site-packages/oslo_config/cfg.py:3253}}
Jun 15 18:05:20.019283 np0000002879 nova-scheduler[95783]: DEBUG cotyledon.oslo_config_glue [-] oslo_limit.insecure = False {{(pid=95783) log_opt_values /opt/stack/data/venv/lib/python3.12/site-packages/oslo_config/cfg.py:3253}}
Jun 15 18:05:20.019283 np0000002879 nova-scheduler[95783]: DEBUG cotyledon.oslo_config_glue [-] oslo_limit.keyfile = None {{(pid=95783) log_opt_values /opt/stack/data/venv/lib/python3.12/site-packages/oslo_config/cfg.py:3253}}
Jun 15 18:05:20.019283 np0000002879 nova-scheduler[95783]: DEBUG cotyledon.oslo_config_glue [-] oslo_limit.max_version = None {{(pid=95783) log_opt_values /opt/stack/data/venv/lib/python3.12/site-packages/oslo_config/cfg.py:3253}}
Jun 15 18:05:20.019453 np0000002879 nova-scheduler[95783]: DEBUG cotyledon.oslo_config_glue [-] oslo_limit.min_version = None {{(pid=95783) log_opt_values /opt/stack/data/venv/lib/python3.12/site-packages/oslo_config/cfg.py:3253}}
Jun 15 18:05:20.019453 np0000002879 nova-scheduler[95783]: DEBUG cotyledon.oslo_config_glue [-] oslo_limit.region_name = None {{(pid=95783) log_opt_values /opt/stack/data/venv/lib/python3.12/site-packages/oslo_config/cfg.py:3253}}
Jun 15 18:05:20.019453 np0000002879 nova-scheduler[95783]: DEBUG cotyledon.oslo_config_glue [-] oslo_limit.retriable_status_codes = None {{(pid=95783) log_opt_values /opt/stack/data/venv/lib/python3.12/site-packages/oslo_config/cfg.py:3253}}
Jun 15 18:05:20.019453 np0000002879 nova-scheduler[95783]: DEBUG cotyledon.oslo_config_glue [-] oslo_limit.service_name = None {{(pid=95783) log_opt_values /opt/stack/data/venv/lib/python3.12/site-packages/oslo_config/cfg.py:3253}}
Jun 15 18:05:20.019453 np0000002879 nova-scheduler[95783]: DEBUG cotyledon.oslo_config_glue [-] oslo_limit.service_type = None {{(pid=95783) log_opt_values /opt/stack/data/venv/lib/python3.12/site-packages/oslo_config/cfg.py:3253}}
Jun 15 18:05:20.019453 np0000002879 nova-scheduler[95783]: DEBUG cotyledon.oslo_config_glue [-] oslo_limit.split_loggers = False {{(pid=95783) log_opt_values /opt/stack/data/venv/lib/python3.12/site-packages/oslo_config/cfg.py:3253}}
Jun 15 18:05:20.019453 np0000002879 nova-scheduler[95783]: DEBUG cotyledon.oslo_config_glue [-] oslo_limit.status_code_retries = None {{(pid=95783) log_opt_values /opt/stack/data/venv/lib/python3.12/site-packages/oslo_config/cfg.py:3253}}
Jun 15 18:05:20.019453 np0000002879 nova-scheduler[95783]: DEBUG cotyledon.oslo_config_glue [-] oslo_limit.status_code_retry_delay = None {{(pid=95783) log_opt_values /opt/stack/data/venv/lib/python3.12/site-packages/oslo_config/cfg.py:3253}}
Jun 15 18:05:20.019453 np0000002879 nova-scheduler[95783]: DEBUG cotyledon.oslo_config_glue [-] oslo_limit.timeout = None {{(pid=95783) log_opt_values /opt/stack/data/venv/lib/python3.12/site-packages/oslo_config/cfg.py:3253}}
Jun 15 18:05:20.019604 np0000002879 nova-scheduler[95783]: DEBUG cotyledon.oslo_config_glue [-] oslo_limit.valid_interfaces = None {{(pid=95783) log_opt_values /opt/stack/data/venv/lib/python3.12/site-packages/oslo_config/cfg.py:3253}}
Jun 15 18:05:20.019604 np0000002879 nova-scheduler[95783]: DEBUG cotyledon.oslo_config_glue [-] oslo_limit.version = None {{(pid=95783) log_opt_values /opt/stack/data/venv/lib/python3.12/site-packages/oslo_config/cfg.py:3253}}
Jun 15 18:05:20.019604 np0000002879 nova-scheduler[95783]: DEBUG cotyledon.oslo_config_glue [-] oslo_reports.file_event_handler = None {{(pid=95783) log_opt_values /opt/stack/data/venv/lib/python3.12/site-packages/oslo_config/cfg.py:3253}}
Jun 15 18:05:20.019604 np0000002879 nova-scheduler[95783]: DEBUG cotyledon.oslo_config_glue [-] oslo_reports.file_event_handler_interval = 1 {{(pid=95783) log_opt_values /opt/stack/data/venv/lib/python3.12/site-packages/oslo_config/cfg.py:3253}}
Jun 15 18:05:20.019604 np0000002879 nova-scheduler[95783]: DEBUG cotyledon.oslo_config_glue [-] oslo_reports.log_dir = None {{(pid=95783) log_opt_values /opt/stack/data/venv/lib/python3.12/site-packages/oslo_config/cfg.py:3253}}
Jun 15 18:05:20.019604 np0000002879 nova-scheduler[95783]: DEBUG cotyledon.oslo_config_glue [-] ******************************************************************************** {{(pid=95783) log_opt_values /opt/stack/data/venv/lib/python3.12/site-packages/oslo_config/cfg.py:3260}}
Jun 15 18:05:20.019604 np0000002879 nova-scheduler[95783]: DEBUG cotyledon._service_worker [-] Run service ServiceWrapper(1) [95783] {{(pid=95783) wait_forever /opt/stack/data/venv/lib/python3.12/site-packages/cotyledon/_service_worker.py:218}}
Jun 15 18:05:20.019604 np0000002879 nova-scheduler[95783]: INFO nova.service [-] Starting scheduler node (version 33.1.0)
Jun 15 18:05:20.019604 np0000002879 nova-scheduler[95783]: INFO dbcounter [None req-b836e1d5-4cd8-4664-b355-f95f0850b34d None None] Registered counter for database nova_cell0
Jun 15 18:05:20.025482 np0000002879 nova-scheduler[95793]: DEBUG oslo_db.sqlalchemy.engines [None req-d664ae83-6107-4485-9e67-d7d52da9cd26 None None] MySQL server mode set to STRICT_TRANS_TABLES,STRICT_ALL_TABLES,NO_ZERO_IN_DATE,NO_ZERO_DATE,ERROR_FOR_DIVISION_BY_ZERO,TRADITIONAL,NO_ENGINE_SUBSTITUTION {{(pid=95793) _check_effective_sql_mode /opt/stack/data/venv/lib/python3.12/site-packages/oslo_db/sqlalchemy/engines.py:325}}
Jun 15 18:05:20.034282 np0000002879 nova-scheduler[95793]: DEBUG dbcounter [-] [95793] Writer thread running {{(pid=95793) stat_writer /opt/stack/data/venv/lib/python3.12/site-packages/dbcounter.py:102}}
Jun 15 18:05:20.037706 np0000002879 nova-scheduler[95762]: DEBUG oslo_db.sqlalchemy.engines [None req-9169561f-0aa2-4402-844c-6279cfd9efda None None] MySQL server mode set to STRICT_TRANS_TABLES,STRICT_ALL_TABLES,NO_ZERO_IN_DATE,NO_ZERO_DATE,ERROR_FOR_DIVISION_BY_ZERO,TRADITIONAL,NO_ENGINE_SUBSTITUTION {{(pid=95762) _check_effective_sql_mode /opt/stack/data/venv/lib/python3.12/site-packages/oslo_db/sqlalchemy/engines.py:325}}
Jun 15 18:05:20.047584 np0000002879 nova-scheduler[95793]: DEBUG nova.service [None req-d664ae83-6107-4485-9e67-d7d52da9cd26 None None] Creating RPC server for service: nova-scheduler on topic: scheduler {{(pid=95793) start /opt/stack/nova/nova/service.py:196}}
Jun 15 18:05:20.049453 np0000002879 nova-scheduler[95762]: DEBUG dbcounter [-] [95762] Writer thread running {{(pid=95762) stat_writer /opt/stack/data/venv/lib/python3.12/site-packages/dbcounter.py:102}}
Jun 15 18:05:20.052832 np0000002879 nova-scheduler[95762]: DEBUG nova.service [None req-9169561f-0aa2-4402-844c-6279cfd9efda None None] Creating RPC server for service: nova-scheduler on topic: scheduler {{(pid=95762) start /opt/stack/nova/nova/service.py:196}}
Jun 15 18:05:20.058888 np0000002879 nova-scheduler[95783]: DEBUG oslo_db.sqlalchemy.engines [None req-b836e1d5-4cd8-4664-b355-f95f0850b34d None None] MySQL server mode set to STRICT_TRANS_TABLES,STRICT_ALL_TABLES,NO_ZERO_IN_DATE,NO_ZERO_DATE,ERROR_FOR_DIVISION_BY_ZERO,TRADITIONAL,NO_ENGINE_SUBSTITUTION {{(pid=95783) _check_effective_sql_mode /opt/stack/data/venv/lib/python3.12/site-packages/oslo_db/sqlalchemy/engines.py:325}}
Jun 15 18:05:20.068263 np0000002879 nova-scheduler[95783]: DEBUG dbcounter [-] [95783] Writer thread running {{(pid=95783) stat_writer /opt/stack/data/venv/lib/python3.12/site-packages/dbcounter.py:102}}
Jun 15 18:05:20.071081 np0000002879 nova-scheduler[95783]: DEBUG nova.service [None req-b836e1d5-4cd8-4664-b355-f95f0850b34d None None] Creating RPC server for service: nova-scheduler on topic: scheduler {{(pid=95783) start /opt/stack/nova/nova/service.py:196}}
Jun 15 18:05:20.072669 np0000002879 nova-scheduler[95762]: DEBUG nova.service [None req-9169561f-0aa2-4402-844c-6279cfd9efda None None] Join ServiceGroup membership for this service scheduler {{(pid=95762) start /opt/stack/nova/nova/service.py:222}}
Jun 15 18:05:20.073044 np0000002879 nova-scheduler[95762]: DEBUG nova.servicegroup.drivers.db [None req-9169561f-0aa2-4402-844c-6279cfd9efda None None] DB_Driver: join new ServiceGroup member np0000002879 to the scheduler group, service = {{(pid=95762) join /opt/stack/nova/nova/servicegroup/drivers/db.py:44}}
Jun 15 18:05:20.080348 np0000002879 nova-scheduler[95793]: DEBUG nova.service [None req-d664ae83-6107-4485-9e67-d7d52da9cd26 None None] Join ServiceGroup membership for this service scheduler {{(pid=95793) start /opt/stack/nova/nova/service.py:222}}
Jun 15 18:05:20.080533 np0000002879 nova-scheduler[95793]: DEBUG nova.servicegroup.drivers.db [None req-d664ae83-6107-4485-9e67-d7d52da9cd26 None None] DB_Driver: join new ServiceGroup member np0000002879 to the scheduler group, service = {{(pid=95793) join /opt/stack/nova/nova/servicegroup/drivers/db.py:44}}
Jun 15 18:05:20.086231 np0000002879 nova-scheduler[95783]: DEBUG nova.service [None req-b836e1d5-4cd8-4664-b355-f95f0850b34d None None] Join ServiceGroup membership for this service scheduler {{(pid=95783) start /opt/stack/nova/nova/service.py:222}}
Jun 15 18:05:20.086400 np0000002879 nova-scheduler[95783]: DEBUG nova.servicegroup.drivers.db [None req-b836e1d5-4cd8-4664-b355-f95f0850b34d None None] DB_Driver: join new ServiceGroup member np0000002879 to the scheduler group, service = {{(pid=95783) join /opt/stack/nova/nova/servicegroup/drivers/db.py:44}}
Jun 15 18:05:25.096760 np0000002879 nova-scheduler[95762]: DEBUG oslo.service.backend._threading.loopingcall [-] Fixed interval looping call 'nova.servicegroup.drivers.db.DbDriver._report_state' sleeping for 119.98 seconds {{(pid=95762) _run_loop /opt/stack/data/venv/lib/python3.12/site-packages/oslo_service/backend/_threading/loopingcall.py:125}}
Jun 15 18:05:25.098222 np0000002879 nova-scheduler[95793]: DEBUG oslo.service.backend._threading.loopingcall [-] Fixed interval looping call 'nova.servicegroup.drivers.db.DbDriver._report_state' sleeping for 119.98 seconds {{(pid=95793) _run_loop /opt/stack/data/venv/lib/python3.12/site-packages/oslo_service/backend/_threading/loopingcall.py:125}}
Jun 15 18:05:25.106679 np0000002879 nova-scheduler[95783]: DEBUG oslo.service.backend._threading.loopingcall [-] Fixed interval looping call 'nova.servicegroup.drivers.db.DbDriver._report_state' sleeping for 119.98 seconds {{(pid=95783) _run_loop /opt/stack/data/venv/lib/python3.12/site-packages/oslo_service/backend/_threading/loopingcall.py:125}}
Jun 15 18:05:28.641079 np0000002879 nova-scheduler[94522]: DEBUG dbcounter [-] [94522] Writing DB stats nova_api:SELECT=3 {{(pid=94522) stat_writer /opt/stack/data/venv/lib/python3.12/site-packages/dbcounter.py:115}}
Jun 15 18:05:28.779623 np0000002879 nova-scheduler[94522]: DEBUG dbcounter [-] [94522] Writing DB stats nova_cell0:SELECT=1 {{(pid=94522) stat_writer /opt/stack/data/venv/lib/python3.12/site-packages/dbcounter.py:115}}
Jun 15 18:05:28.784430 np0000002879 nova-scheduler[94522]: DEBUG dbcounter [-] [94522] Writing DB stats nova_cell1:SELECT=1 {{(pid=94522) stat_writer /opt/stack/data/venv/lib/python3.12/site-packages/dbcounter.py:115}}
Jun 15 18:05:35.088815 np0000002879 nova-scheduler[95762]: DEBUG dbcounter [-] [95762] Writing DB stats nova_cell0:SELECT=3,nova_cell0:UPDATE=1 {{(pid=95762) stat_writer /opt/stack/data/venv/lib/python3.12/site-packages/dbcounter.py:115}}
Jun 15 18:05:35.089682 np0000002879 nova-scheduler[95793]: DEBUG dbcounter [-] [95793] Writing DB stats nova_cell0:SELECT=4,nova_cell0:INSERT=1,nova_cell0:UPDATE=1 {{(pid=95793) stat_writer /opt/stack/data/venv/lib/python3.12/site-packages/dbcounter.py:115}}
Jun 15 18:05:35.105462 np0000002879 nova-scheduler[95783]: DEBUG dbcounter [-] [95783] Writing DB stats nova_cell0:SELECT=3 {{(pid=95783) stat_writer /opt/stack/data/venv/lib/python3.12/site-packages/dbcounter.py:115}}
Jun 15 18:05:46.082462 np0000002879 nova-scheduler[95793]: DEBUG oslo.service.backend._threading.loopingcall [None req-24cc55be-2790-4042-8992-5f1c383af4be None None] Dynamic interval looping call 'nova.service.Service.periodic_tasks' sleeping for 60.00 seconds {{(pid=95793) _run_loop /opt/stack/data/venv/lib/python3.12/site-packages/oslo_service/backend/_threading/loopingcall.py:125}}
Jun 15 18:05:47.075254 np0000002879 nova-scheduler[95762]: DEBUG oslo.service.backend._threading.loopingcall [None req-af20755d-af9a-499d-a8b7-93f1e5ebfe7f None None] Dynamic interval looping call 'nova.service.Service.periodic_tasks' sleeping for 60.00 seconds {{(pid=95762) _run_loop /opt/stack/data/venv/lib/python3.12/site-packages/oslo_service/backend/_threading/loopingcall.py:125}}
Jun 15 18:05:47.088455 np0000002879 nova-scheduler[95783]: DEBUG oslo.service.backend._threading.loopingcall [None req-4f5ab198-1d95-4b69-9011-07a5e12ac842 None None] Dynamic interval looping call 'nova.service.Service.periodic_tasks' sleeping for 60.00 seconds {{(pid=95783) _run_loop /opt/stack/data/venv/lib/python3.12/site-packages/oslo_service/backend/_threading/loopingcall.py:125}}
Jun 15 18:06:46.082983 np0000002879 nova-scheduler[95793]: DEBUG oslo.service.backend._threading.loopingcall [None req-24cc55be-2790-4042-8992-5f1c383af4be None None] Dynamic interval looping call 'nova.service.Service.periodic_tasks' sleeping for 60.00 seconds {{(pid=95793) _run_loop /opt/stack/data/venv/lib/python3.12/site-packages/oslo_service/backend/_threading/loopingcall.py:125}}
Jun 15 18:06:47.076210 np0000002879 nova-scheduler[95762]: DEBUG oslo.service.backend._threading.loopingcall [None req-af20755d-af9a-499d-a8b7-93f1e5ebfe7f None None] Dynamic interval looping call 'nova.service.Service.periodic_tasks' sleeping for 60.00 seconds {{(pid=95762) _run_loop /opt/stack/data/venv/lib/python3.12/site-packages/oslo_service/backend/_threading/loopingcall.py:125}}
Jun 15 18:06:47.088973 np0000002879 nova-scheduler[95783]: DEBUG oslo.service.backend._threading.loopingcall [None req-4f5ab198-1d95-4b69-9011-07a5e12ac842 None None] Dynamic interval looping call 'nova.service.Service.periodic_tasks' sleeping for 60.00 seconds {{(pid=95783) _run_loop /opt/stack/data/venv/lib/python3.12/site-packages/oslo_service/backend/_threading/loopingcall.py:125}}
Jun 15 18:07:25.085630 np0000002879 nova-scheduler[95762]: DEBUG oslo.service.backend._threading.loopingcall [-] Fixed interval looping call 'nova.servicegroup.drivers.db.DbDriver._report_state' sleeping for 119.99 seconds {{(pid=95762) _run_loop /opt/stack/data/venv/lib/python3.12/site-packages/oslo_service/backend/_threading/loopingcall.py:125}}
Jun 15 18:07:25.086951 np0000002879 nova-scheduler[95793]: DEBUG oslo.service.backend._threading.loopingcall [-] Fixed interval looping call 'nova.servicegroup.drivers.db.DbDriver._report_state' sleeping for 119.99 seconds {{(pid=95793) _run_loop /opt/stack/data/venv/lib/python3.12/site-packages/oslo_service/backend/_threading/loopingcall.py:125}}
Jun 15 18:07:25.090189 np0000002879 nova-scheduler[95783]: DEBUG oslo.service.backend._threading.loopingcall [-] Fixed interval looping call 'nova.servicegroup.drivers.db.DbDriver._report_state' sleeping for 120.00 seconds {{(pid=95783) _run_loop /opt/stack/data/venv/lib/python3.12/site-packages/oslo_service/backend/_threading/loopingcall.py:125}}
Jun 15 18:07:35.080155 np0000002879 nova-scheduler[95762]: DEBUG dbcounter [-] [95762] Writing DB stats nova_cell0:SELECT=1,nova_cell0:UPDATE=1 {{(pid=95762) stat_writer /opt/stack/data/venv/lib/python3.12/site-packages/dbcounter.py:115}}
Jun 15 18:07:35.082291 np0000002879 nova-scheduler[95793]: DEBUG dbcounter [-] [95793] Writing DB stats nova_cell0:SELECT=1,nova_cell0:UPDATE=1 {{(pid=95793) stat_writer /opt/stack/data/venv/lib/python3.12/site-packages/dbcounter.py:115}}
Jun 15 18:07:35.088507 np0000002879 nova-scheduler[95783]: DEBUG dbcounter [-] [95783] Writing DB stats nova_cell0:SELECT=1 {{(pid=95783) stat_writer /opt/stack/data/venv/lib/python3.12/site-packages/dbcounter.py:115}}
Jun 15 18:07:46.083423 np0000002879 nova-scheduler[95793]: DEBUG oslo.service.backend._threading.loopingcall [None req-24cc55be-2790-4042-8992-5f1c383af4be None None] Dynamic interval looping call 'nova.service.Service.periodic_tasks' sleeping for 60.00 seconds {{(pid=95793) _run_loop /opt/stack/data/venv/lib/python3.12/site-packages/oslo_service/backend/_threading/loopingcall.py:125}}
Jun 15 18:07:47.076960 np0000002879 nova-scheduler[95762]: DEBUG oslo.service.backend._threading.loopingcall [None req-af20755d-af9a-499d-a8b7-93f1e5ebfe7f None None] Dynamic interval looping call 'nova.service.Service.periodic_tasks' sleeping for 60.00 seconds {{(pid=95762) _run_loop /opt/stack/data/venv/lib/python3.12/site-packages/oslo_service/backend/_threading/loopingcall.py:125}}
Jun 15 18:07:47.089461 np0000002879 nova-scheduler[95783]: DEBUG oslo.service.backend._threading.loopingcall [None req-4f5ab198-1d95-4b69-9011-07a5e12ac842 None None] Dynamic interval looping call 'nova.service.Service.periodic_tasks' sleeping for 60.00 seconds {{(pid=95783) _run_loop /opt/stack/data/venv/lib/python3.12/site-packages/oslo_service/backend/_threading/loopingcall.py:125}}
Jun 15 18:07:52.865484 np0000002879 nova-scheduler[95762]: DEBUG nova.scheduler.manager [None req-491aeb7b-dce9-4b2b-b0e1-53888e8a481c tempest-ServerStableDeviceRescueTest-1955853481 tempest-ServerStableDeviceRescueTest-1955853481-project-member] Starting to schedule for instances: ['47708a76-6e23-4f9e-9ab1-00fd0442a27a'] {{(pid=95762) select_destinations /opt/stack/nova/nova/scheduler/manager.py:210}}
Jun 15 18:07:52.866181 np0000002879 nova-scheduler[95762]: DEBUG nova.scheduler.request_filter [None req-491aeb7b-dce9-4b2b-b0e1-53888e8a481c tempest-ServerStableDeviceRescueTest-1955853481 tempest-ServerStableDeviceRescueTest-1955853481-project-member] compute_status_filter request filter added forbidden trait COMPUTE_STATUS_DISABLED {{(pid=95762) compute_status_filter /opt/stack/nova/nova/scheduler/request_filter.py:253}}
Jun 15 18:07:52.866312 np0000002879 nova-scheduler[95762]: DEBUG nova.scheduler.request_filter [None req-491aeb7b-dce9-4b2b-b0e1-53888e8a481c tempest-ServerStableDeviceRescueTest-1955853481 tempest-ServerStableDeviceRescueTest-1955853481-project-member] Request filter 'compute_status_filter' took 0.0 seconds {{(pid=95762) wrapper /opt/stack/nova/nova/scheduler/request_filter.py:46}}
Jun 15 18:07:52.866566 np0000002879 nova-scheduler[95762]: DEBUG nova.scheduler.request_filter [None req-491aeb7b-dce9-4b2b-b0e1-53888e8a481c tempest-ServerStableDeviceRescueTest-1955853481 tempest-ServerStableDeviceRescueTest-1955853481-project-member] Request filter 'accelerators_filter' took 0.0 seconds {{(pid=95762) wrapper /opt/stack/nova/nova/scheduler/request_filter.py:46}}
Jun 15 18:07:52.866768 np0000002879 nova-scheduler[95762]: DEBUG nova.scheduler.request_filter [None req-491aeb7b-dce9-4b2b-b0e1-53888e8a481c tempest-ServerStableDeviceRescueTest-1955853481 tempest-ServerStableDeviceRescueTest-1955853481-project-member] Request filter 'packed_virtqueue_filter' took 0.0 seconds {{(pid=95762) wrapper /opt/stack/nova/nova/scheduler/request_filter.py:46}}
Jun 15 18:07:52.867015 np0000002879 nova-scheduler[95762]: DEBUG nova.scheduler.request_filter [None req-491aeb7b-dce9-4b2b-b0e1-53888e8a481c tempest-ServerStableDeviceRescueTest-1955853481 tempest-ServerStableDeviceRescueTest-1955853481-project-member] Request filter 'remote_managed_ports_filter' took 0.0 seconds {{(pid=95762) wrapper /opt/stack/nova/nova/scheduler/request_filter.py:46}}
Jun 15 18:07:52.867156 np0000002879 nova-scheduler[95762]: DEBUG nova.scheduler.request_filter [None req-491aeb7b-dce9-4b2b-b0e1-53888e8a481c tempest-ServerStableDeviceRescueTest-1955853481 tempest-ServerStableDeviceRescueTest-1955853481-project-member] ephemeral_encryption_filter skipped {{(pid=95762) ephemeral_encryption_filter /opt/stack/nova/nova/scheduler/request_filter.py:426}}
Jun 15 18:07:52.867325 np0000002879 nova-scheduler[95762]: DEBUG nova.scheduler.request_filter [None req-491aeb7b-dce9-4b2b-b0e1-53888e8a481c tempest-ServerStableDeviceRescueTest-1955853481 tempest-ServerStableDeviceRescueTest-1955853481-project-member] virtio_sound_filter skipped {{(pid=95762) virtio_sound_filter /opt/stack/nova/nova/scheduler/request_filter.py:460}}
Jun 15 18:07:52.867516 np0000002879 nova-scheduler[95762]: DEBUG nova.scheduler.request_filter [None req-491aeb7b-dce9-4b2b-b0e1-53888e8a481c tempest-ServerStableDeviceRescueTest-1955853481 tempest-ServerStableDeviceRescueTest-1955853481-project-member] tpm_secret_security_filter skipped {{(pid=95762) tpm_secret_security_filter /opt/stack/nova/nova/scheduler/request_filter.py:477}}
Jun 15 18:07:53.415668 np0000002879 nova-scheduler[95762]: INFO nova.utils [None req-491aeb7b-dce9-4b2b-b0e1-53888e8a481c tempest-ServerStableDeviceRescueTest-1955853481 tempest-ServerStableDeviceRescueTest-1955853481-project-member] The cell worker thread pool ForkProcess-1.cell_worker is initialized
Jun 15 18:07:53.416091 np0000002879 nova-scheduler[95762]: DEBUG oslo_concurrency.lockutils [None req-491aeb7b-dce9-4b2b-b0e1-53888e8a481c tempest-ServerStableDeviceRescueTest-1955853481 tempest-ServerStableDeviceRescueTest-1955853481-project-member] Acquiring lock "d1c465ef-9d70-4520-82f6-c37a5add686e" by "nova.context.set_target_cell..get_or_set_cached_cell_and_set_connections" {{(pid=95762) inner /opt/stack/data/venv/lib/python3.12/site-packages/oslo_concurrency/lockutils.py:511}}
Jun 15 18:07:53.416193 np0000002879 nova-scheduler[95762]: DEBUG oslo_concurrency.lockutils [None req-491aeb7b-dce9-4b2b-b0e1-53888e8a481c tempest-ServerStableDeviceRescueTest-1955853481 tempest-ServerStableDeviceRescueTest-1955853481-project-member] Lock "d1c465ef-9d70-4520-82f6-c37a5add686e" acquired by "nova.context.set_target_cell..get_or_set_cached_cell_and_set_connections" :: waited 0.000s {{(pid=95762) inner /opt/stack/data/venv/lib/python3.12/site-packages/oslo_concurrency/lockutils.py:524}}
Jun 15 18:07:53.417448 np0000002879 nova-scheduler[95762]: DEBUG oslo_concurrency.lockutils [None req-491aeb7b-dce9-4b2b-b0e1-53888e8a481c tempest-ServerStableDeviceRescueTest-1955853481 tempest-ServerStableDeviceRescueTest-1955853481-project-member] Lock "d1c465ef-9d70-4520-82f6-c37a5add686e" "released" by "nova.context.set_target_cell..get_or_set_cached_cell_and_set_connections" :: held 0.001s {{(pid=95762) inner /opt/stack/data/venv/lib/python3.12/site-packages/oslo_concurrency/lockutils.py:543}}
Jun 15 18:07:53.419990 np0000002879 nova-scheduler[95762]: INFO dbcounter [None req-491aeb7b-dce9-4b2b-b0e1-53888e8a481c tempest-ServerStableDeviceRescueTest-1955853481 tempest-ServerStableDeviceRescueTest-1955853481-project-member] Registered counter for database nova_cell1
Jun 15 18:07:53.470492 np0000002879 nova-scheduler[95762]: DEBUG oslo_db.sqlalchemy.engines [None req-491aeb7b-dce9-4b2b-b0e1-53888e8a481c tempest-ServerStableDeviceRescueTest-1955853481 tempest-ServerStableDeviceRescueTest-1955853481-project-member] MySQL server mode set to STRICT_TRANS_TABLES,STRICT_ALL_TABLES,NO_ZERO_IN_DATE,NO_ZERO_DATE,ERROR_FOR_DIVISION_BY_ZERO,TRADITIONAL,NO_ENGINE_SUBSTITUTION {{(pid=95762) _check_effective_sql_mode /opt/stack/data/venv/lib/python3.12/site-packages/oslo_db/sqlalchemy/engines.py:325}}
Jun 15 18:07:53.477100 np0000002879 nova-scheduler[95762]: DEBUG dbcounter [-] [95762] Writer thread running {{(pid=95762) stat_writer /opt/stack/data/venv/lib/python3.12/site-packages/dbcounter.py:102}}
Jun 15 18:07:53.491370 np0000002879 nova-scheduler[95762]: DEBUG oslo_db.sqlalchemy.engines [None req-491aeb7b-dce9-4b2b-b0e1-53888e8a481c tempest-ServerStableDeviceRescueTest-1955853481 tempest-ServerStableDeviceRescueTest-1955853481-project-member] Parent process 94522 forked (95762) with an open database connection, which is being discarded and recreated. {{(pid=95762) checkout /opt/stack/data/venv/lib/python3.12/site-packages/oslo_db/sqlalchemy/engines.py:402}}
Jun 15 18:07:53.551341 np0000002879 nova-scheduler[95762]: DEBUG dbcounter [-] [95762] Writer thread running {{(pid=95762) stat_writer /opt/stack/data/venv/lib/python3.12/site-packages/dbcounter.py:102}}
Jun 15 18:07:53.553762 np0000002879 nova-scheduler[95762]: DEBUG oslo_concurrency.lockutils [None req-491aeb7b-dce9-4b2b-b0e1-53888e8a481c tempest-ServerStableDeviceRescueTest-1955853481 tempest-ServerStableDeviceRescueTest-1955853481-project-member] Acquiring lock "d1c465ef-9d70-4520-82f6-c37a5add686e" by "nova.context.set_target_cell..get_or_set_cached_cell_and_set_connections" {{(pid=95762) inner /opt/stack/data/venv/lib/python3.12/site-packages/oslo_concurrency/lockutils.py:511}}
Jun 15 18:07:53.553922 np0000002879 nova-scheduler[95762]: DEBUG oslo_concurrency.lockutils [None req-491aeb7b-dce9-4b2b-b0e1-53888e8a481c tempest-ServerStableDeviceRescueTest-1955853481 tempest-ServerStableDeviceRescueTest-1955853481-project-member] Lock "d1c465ef-9d70-4520-82f6-c37a5add686e" acquired by "nova.context.set_target_cell..get_or_set_cached_cell_and_set_connections" :: waited 0.000s {{(pid=95762) inner /opt/stack/data/venv/lib/python3.12/site-packages/oslo_concurrency/lockutils.py:524}}
Jun 15 18:07:53.554059 np0000002879 nova-scheduler[95762]: DEBUG oslo_concurrency.lockutils [None req-491aeb7b-dce9-4b2b-b0e1-53888e8a481c tempest-ServerStableDeviceRescueTest-1955853481 tempest-ServerStableDeviceRescueTest-1955853481-project-member] Lock "d1c465ef-9d70-4520-82f6-c37a5add686e" "released" by "nova.context.set_target_cell..get_or_set_cached_cell_and_set_connections" :: held 0.000s {{(pid=95762) inner /opt/stack/data/venv/lib/python3.12/site-packages/oslo_concurrency/lockutils.py:543}}
Jun 15 18:07:53.557790 np0000002879 nova-scheduler[95762]: DEBUG oslo_concurrency.lockutils [None req-491aeb7b-dce9-4b2b-b0e1-53888e8a481c tempest-ServerStableDeviceRescueTest-1955853481 tempest-ServerStableDeviceRescueTest-1955853481-project-member] Acquiring lock "('np0000002879', 'np0000002879')" by "nova.scheduler.host_manager.HostState.update.._locked_update" {{(pid=95762) inner /opt/stack/data/venv/lib/python3.12/site-packages/oslo_concurrency/lockutils.py:511}}
Jun 15 18:07:53.557988 np0000002879 nova-scheduler[95762]: DEBUG oslo_concurrency.lockutils [None req-491aeb7b-dce9-4b2b-b0e1-53888e8a481c tempest-ServerStableDeviceRescueTest-1955853481 tempest-ServerStableDeviceRescueTest-1955853481-project-member] Lock "('np0000002879', 'np0000002879')" acquired by "nova.scheduler.host_manager.HostState.update.._locked_update" :: waited 0.000s {{(pid=95762) inner /opt/stack/data/venv/lib/python3.12/site-packages/oslo_concurrency/lockutils.py:524}}
Jun 15 18:07:53.559523 np0000002879 nova-scheduler[95762]: DEBUG nova.scheduler.host_manager [None req-491aeb7b-dce9-4b2b-b0e1-53888e8a481c tempest-ServerStableDeviceRescueTest-1955853481 tempest-ServerStableDeviceRescueTest-1955853481-project-member] Update host state from compute node: ComputeNode(cpu_allocation_ratio=4.0,cpu_info='{"arch": "x86_64", "model": "EPYC-Milan", "vendor": "AMD", "topology": {"cells": 1, "sockets": 12, "cores": 1, "threads": 1}, "maxphysaddr": {"mode": "emulate", "bits": 40}, "features": ["rdctl-no", "xsaveerptr", "vaes", "cx16", "x2apic", "avx2", "bmi2", "lfence-always-serializing", "mtrr", "adx", "svme-addr-chk", "apic", "smap", "mds-no", "abm", "pse", "lahf_lm", "invpcid", "syscall", "null-sel-clr-base", "sse4a", "fsgsbase", "rdseed", "movbe", "pdpe1gb", "cr8legacy", "stibp", "tsc-scale", "aes", "avx", "pae", "wbnoinvd", "smep", "spec-ctrl", "nrip-save", "no-nested-data-bp", "3dnowprefetch", "ssse3", "arat", "fpu", "sse4.2", "skip-l1dfl-vmentry", "topoext", "misalignsse", "gds-no", "sha-ni", "mce", "xgetbv1", "de", "pge", "xsaveopt", "svm", "fma", "vme", "arch-capabilities", "fxsr", "mmxext", "pat", "rdtscp", "mmx", "clflush", "lm", "amd-stibp", "fsrm", "vgif", "sep", "stibp-always-on", "fxsr_opt", "rdpid", "ibrs", "pschange-mc-no", "clflushopt", "cx8", "ssbd", "pclmuldq", "xsavec", "xsave", "hypervisor", "pause-filter", "rdrand", "xsaves", "bmi1", "vmcb-clean", "tsc_adjust", "perfctr_core", "tsc-deadline", "pni", "cmp_legacy", "mca", "popcnt", "osvw", "amd-ssbd", "v-vmsave-vmload", "sse", "msr", "clzero", "f16c", "npt", "ibpb", "lbrv", "clwb", "erms", "pku", "pse36", "cmov", "sse4.1", "vpclmulqdq", "pcid", "pfthreshold", "sse2", "umip", "tsc", "flushbyasid", "nx", "amd-psfd", "virt-ssbd"]}',created_at=2026-06-15T18:05:45Z,current_workload=0,deleted=False,deleted_at=None,disk_allocation_ratio=1.0,disk_available_least=74,free_disk_gb=95,free_ram_mb=23518,host='np0000002879',host_ip=10.4.3.236,hypervisor_hostname='np0000002879',hypervisor_type='QEMU',hypervisor_version=8002002,id=1,local_gb=95,local_gb_used=0,mapped=1,memory_mb=24030,memory_mb_used=512,metrics='[]',numa_topology='{"nova_object.name": "NUMATopology", "nova_object.namespace": "nova", "nova_object.version": "1.2", "nova_object.data": {"cells": [{"nova_object.name": "NUMACell", "nova_object.namespace": "nova", "nova_object.version": "1.5", "nova_object.data": {"id": 0, "cpuset": [0, 1, 2, 3, 4, 5, 6, 7, 8, 9, 10, 11], "pcpuset": [0, 1, 2, 3, 4, 5, 6, 7, 8, 9, 10, 11], "memory": 24030, "cpu_usage": 0, "memory_usage": 0, "pinned_cpus": [], "siblings": [[6], [2], [5], [11], [8], [4], [1], [7], [10], [0], [3], [9]], "mempages": [{"nova_object.name": "NUMAPagesTopology", "nova_object.namespace": "nova", "nova_object.version": "1.1", "nova_object.data": {"size_kb": 4, "total": 6151797, "used": 0, "reserved": 0}, "nova_object.changes": ["size_kb", "total", "reserved", "used"]}, {"nova_object.name": "NUMAPagesTopology", "nova_object.namespace": "nova", "nova_object.version": "1.1", "nova_object.data": {"size_kb": 2048, "total": 0, "used": 0, "reserved": 0}, "nova_object.changes": ["size_kb", "total", "reserved", "used"]}, {"nova_object.name": "NUMAPagesTopology", "nova_object.namespace": "nova", "nova_object.version": "1.1", "nova_object.data": {"size_kb": 1048576, "total": 0, "used": 0, "reserved": 0}, "nova_object.changes": ["size_kb", "total", "reserved", "used"]}], "network_metadata": {"nova_object.name": "NetworkMetadata", "nova_object.namespace": "nova", "nova_object.version": "1.0", "nova_object.data": {"physnets": [], "tunneled": false}, "nova_object.changes": ["physnets", "tunneled"]}, "socket": null}, "nova_object.changes": ["pinned_cpus", "siblings", "memory_usage", "memory", "mempages", "cpu_usage", "socket", "cpuset", "id", "network_metadata", "pcpuset"]}]}, "nova_object.changes": ["cells"]}',pci_device_pools=PciDevicePoolList,ram_allocation_ratio=1.0,running_vms=0,service_id=2,stats={failed_builds='0',uptime=' 18:07:30 up 24 min, 2 users, load average: 1.46, 1.47, 0.85
Jun 15 18:07:53.559523 np0000002879 nova-scheduler[95762]: '},supported_hv_specs=[HVSpec,HVSpec,HVSpec,HVSpec,HVSpec,HVSpec,HVSpec,HVSpec,HVSpec,HVSpec,HVSpec,HVSpec,HVSpec,HVSpec,HVSpec,HVSpec,HVSpec,HVSpec,HVSpec,HVSpec,HVSpec,HVSpec,HVSpec,HVSpec,HVSpec],updated_at=2026-06-15T18:07:32Z,uuid=a386ef98-59af-4348-b91c-489a945a4a0a,vcpus=12,vcpus_used=0) {{(pid=95762) _locked_update /opt/stack/nova/nova/scheduler/host_manager.py:168}}
Jun 15 18:07:53.559791 np0000002879 nova-scheduler[95762]: DEBUG nova.scheduler.host_manager [None req-491aeb7b-dce9-4b2b-b0e1-53888e8a481c tempest-ServerStableDeviceRescueTest-1955853481 tempest-ServerStableDeviceRescueTest-1955853481-project-member] Update host state with aggregates: [] {{(pid=95762) _locked_update /opt/stack/nova/nova/scheduler/host_manager.py:171}}
Jun 15 18:07:53.559791 np0000002879 nova-scheduler[95762]: DEBUG nova.scheduler.host_manager [None req-491aeb7b-dce9-4b2b-b0e1-53888e8a481c tempest-ServerStableDeviceRescueTest-1955853481 tempest-ServerStableDeviceRescueTest-1955853481-project-member] Update host state with service dict: {'id': 2, 'uuid': 'ffa60b97-4204-4e0b-a8a1-c4bc2cb4fda8', 'host': 'np0000002879', 'binary': 'nova-compute', 'topic': 'compute', 'report_count': 2, 'disabled': False, 'disabled_reason': None, 'last_seen_up': datetime.datetime(2026, 6, 15, 18, 7, 53, tzinfo=datetime.timezone.utc), 'forced_down': False, 'version': 72, 'created_at': datetime.datetime(2026, 6, 15, 18, 5, 43, tzinfo=datetime.timezone.utc), 'updated_at': datetime.datetime(2026, 6, 15, 18, 7, 53, tzinfo=datetime.timezone.utc), 'deleted_at': None, 'deleted': False} {{(pid=95762) _locked_update /opt/stack/nova/nova/scheduler/host_manager.py:174}}
Jun 15 18:07:53.559922 np0000002879 nova-scheduler[95762]: DEBUG nova.scheduler.host_manager [None req-491aeb7b-dce9-4b2b-b0e1-53888e8a481c tempest-ServerStableDeviceRescueTest-1955853481 tempest-ServerStableDeviceRescueTest-1955853481-project-member] Update host state with instances: [] {{(pid=95762) _locked_update /opt/stack/nova/nova/scheduler/host_manager.py:177}}
Jun 15 18:07:53.560108 np0000002879 nova-scheduler[95762]: DEBUG oslo_concurrency.lockutils [None req-491aeb7b-dce9-4b2b-b0e1-53888e8a481c tempest-ServerStableDeviceRescueTest-1955853481 tempest-ServerStableDeviceRescueTest-1955853481-project-member] Lock "('np0000002879', 'np0000002879')" "released" by "nova.scheduler.host_manager.HostState.update.._locked_update" :: held 0.002s {{(pid=95762) inner /opt/stack/data/venv/lib/python3.12/site-packages/oslo_concurrency/lockutils.py:543}}
Jun 15 18:07:53.561229 np0000002879 nova-scheduler[95762]: DEBUG nova.filters [None req-491aeb7b-dce9-4b2b-b0e1-53888e8a481c tempest-ServerStableDeviceRescueTest-1955853481 tempest-ServerStableDeviceRescueTest-1955853481-project-member] Starting with 1 host(s) {{(pid=95762) get_filtered_objects /opt/stack/nova/nova/filters.py:70}}
Jun 15 18:07:53.562011 np0000002879 nova-scheduler[95762]: DEBUG nova.filters [None req-491aeb7b-dce9-4b2b-b0e1-53888e8a481c tempest-ServerStableDeviceRescueTest-1955853481 tempest-ServerStableDeviceRescueTest-1955853481-project-member] Filter ComputeFilter returned 1 host(s) {{(pid=95762) get_filtered_objects /opt/stack/nova/nova/filters.py:102}}
Jun 15 18:07:53.562011 np0000002879 nova-scheduler[95762]: DEBUG nova.filters [None req-491aeb7b-dce9-4b2b-b0e1-53888e8a481c tempest-ServerStableDeviceRescueTest-1955853481 tempest-ServerStableDeviceRescueTest-1955853481-project-member] Filter ComputeCapabilitiesFilter returned 1 host(s) {{(pid=95762) get_filtered_objects /opt/stack/nova/nova/filters.py:102}}
Jun 15 18:07:53.562331 np0000002879 nova-scheduler[95762]: DEBUG nova.filters [None req-491aeb7b-dce9-4b2b-b0e1-53888e8a481c tempest-ServerStableDeviceRescueTest-1955853481 tempest-ServerStableDeviceRescueTest-1955853481-project-member] Filter ImagePropertiesFilter returned 1 host(s) {{(pid=95762) get_filtered_objects /opt/stack/nova/nova/filters.py:102}}
Jun 15 18:07:53.562814 np0000002879 nova-scheduler[95762]: DEBUG nova.filters [None req-491aeb7b-dce9-4b2b-b0e1-53888e8a481c tempest-ServerStableDeviceRescueTest-1955853481 tempest-ServerStableDeviceRescueTest-1955853481-project-member] Filter ServerGroupAntiAffinityFilter returned 1 host(s) {{(pid=95762) get_filtered_objects /opt/stack/nova/nova/filters.py:102}}
Jun 15 18:07:53.563001 np0000002879 nova-scheduler[95762]: DEBUG nova.filters [None req-491aeb7b-dce9-4b2b-b0e1-53888e8a481c tempest-ServerStableDeviceRescueTest-1955853481 tempest-ServerStableDeviceRescueTest-1955853481-project-member] Filter ServerGroupAffinityFilter returned 1 host(s) {{(pid=95762) get_filtered_objects /opt/stack/nova/nova/filters.py:102}}
Jun 15 18:07:53.563048 np0000002879 nova-scheduler[95762]: DEBUG nova.filters [None req-491aeb7b-dce9-4b2b-b0e1-53888e8a481c tempest-ServerStableDeviceRescueTest-1955853481 tempest-ServerStableDeviceRescueTest-1955853481-project-member] Filter SameHostFilter returned 1 host(s) {{(pid=95762) get_filtered_objects /opt/stack/nova/nova/filters.py:102}}
Jun 15 18:07:53.563207 np0000002879 nova-scheduler[95762]: DEBUG nova.filters [None req-491aeb7b-dce9-4b2b-b0e1-53888e8a481c tempest-ServerStableDeviceRescueTest-1955853481 tempest-ServerStableDeviceRescueTest-1955853481-project-member] Filter DifferentHostFilter returned 1 host(s) {{(pid=95762) get_filtered_objects /opt/stack/nova/nova/filters.py:102}}
Jun 15 18:07:53.563536 np0000002879 nova-scheduler[95762]: DEBUG nova.scheduler.manager [None req-491aeb7b-dce9-4b2b-b0e1-53888e8a481c tempest-ServerStableDeviceRescueTest-1955853481 tempest-ServerStableDeviceRescueTest-1955853481-project-member] Filtered [(np0000002879, np0000002879) ram: 23518MB disk: 75776MB io_ops: 0 instances: 0, allocation_candidates: 1] {{(pid=95762) _get_sorted_hosts /opt/stack/nova/nova/scheduler/manager.py:743}}
Jun 15 18:07:53.564101 np0000002879 nova-scheduler[95762]: DEBUG nova.scheduler.manager [None req-491aeb7b-dce9-4b2b-b0e1-53888e8a481c tempest-ServerStableDeviceRescueTest-1955853481 tempest-ServerStableDeviceRescueTest-1955853481-project-member] Weighed [WeighedHost [host: (np0000002879, np0000002879) ram: 23518MB disk: 75776MB io_ops: 0 instances: 0, allocation_candidates: 1, weight: 0.0]] {{(pid=95762) _get_sorted_hosts /opt/stack/nova/nova/scheduler/manager.py:765}}
Jun 15 18:07:53.564319 np0000002879 nova-scheduler[95762]: DEBUG nova.scheduler.utils [None req-491aeb7b-dce9-4b2b-b0e1-53888e8a481c tempest-ServerStableDeviceRescueTest-1955853481 tempest-ServerStableDeviceRescueTest-1955853481-project-member] Attempting to claim resources in the placement API for instance 47708a76-6e23-4f9e-9ab1-00fd0442a27a {{(pid=95762) claim_resources /opt/stack/nova/nova/scheduler/utils.py:1345}}
Jun 15 18:07:53.706115 np0000002879 nova-scheduler[95762]: DEBUG nova.scheduler.manager [None req-491aeb7b-dce9-4b2b-b0e1-53888e8a481c tempest-ServerStableDeviceRescueTest-1955853481 tempest-ServerStableDeviceRescueTest-1955853481-project-member] [instance: 47708a76-6e23-4f9e-9ab1-00fd0442a27a] Selected host: (np0000002879, np0000002879) ram: 23518MB disk: 75776MB io_ops: 0 instances: 0, allocation_candidates: 1 {{(pid=95762) _consume_selected_host /opt/stack/nova/nova/scheduler/manager.py:625}}
Jun 15 18:07:53.706399 np0000002879 nova-scheduler[95762]: DEBUG oslo_concurrency.lockutils [None req-491aeb7b-dce9-4b2b-b0e1-53888e8a481c tempest-ServerStableDeviceRescueTest-1955853481 tempest-ServerStableDeviceRescueTest-1955853481-project-member] Acquiring lock "('np0000002879', 'np0000002879')" by "nova.scheduler.host_manager.HostState.consume_from_request.._locked" {{(pid=95762) inner /opt/stack/data/venv/lib/python3.12/site-packages/oslo_concurrency/lockutils.py:511}}
Jun 15 18:07:53.706584 np0000002879 nova-scheduler[95762]: DEBUG oslo_concurrency.lockutils [None req-491aeb7b-dce9-4b2b-b0e1-53888e8a481c tempest-ServerStableDeviceRescueTest-1955853481 tempest-ServerStableDeviceRescueTest-1955853481-project-member] Lock "('np0000002879', 'np0000002879')" acquired by "nova.scheduler.host_manager.HostState.consume_from_request.._locked" :: waited 0.000s {{(pid=95762) inner /opt/stack/data/venv/lib/python3.12/site-packages/oslo_concurrency/lockutils.py:524}}
Jun 15 18:07:53.706754 np0000002879 nova-scheduler[95762]: DEBUG oslo_concurrency.lockutils [None req-491aeb7b-dce9-4b2b-b0e1-53888e8a481c tempest-ServerStableDeviceRescueTest-1955853481 tempest-ServerStableDeviceRescueTest-1955853481-project-member] Lock "('np0000002879', 'np0000002879')" "released" by "nova.scheduler.host_manager.HostState.consume_from_request.._locked" :: held 0.000s {{(pid=95762) inner /opt/stack/data/venv/lib/python3.12/site-packages/oslo_concurrency/lockutils.py:543}}
Jun 15 18:07:59.357797 np0000002879 nova-scheduler[95793]: DEBUG nova.scheduler.manager [None req-00163d86-26b1-4c14-a6b4-4bef1701613a tempest-ServerActionsTestOtherB-170423160 tempest-ServerActionsTestOtherB-170423160-project-member] Starting to schedule for instances: ['f58d5c16-9bfd-44b8-ad9b-02c774644c87'] {{(pid=95793) select_destinations /opt/stack/nova/nova/scheduler/manager.py:210}}
Jun 15 18:07:59.358691 np0000002879 nova-scheduler[95793]: DEBUG nova.scheduler.request_filter [None req-00163d86-26b1-4c14-a6b4-4bef1701613a tempest-ServerActionsTestOtherB-170423160 tempest-ServerActionsTestOtherB-170423160-project-member] compute_status_filter request filter added forbidden trait COMPUTE_STATUS_DISABLED {{(pid=95793) compute_status_filter /opt/stack/nova/nova/scheduler/request_filter.py:253}}
Jun 15 18:07:59.359078 np0000002879 nova-scheduler[95793]: DEBUG nova.scheduler.request_filter [None req-00163d86-26b1-4c14-a6b4-4bef1701613a tempest-ServerActionsTestOtherB-170423160 tempest-ServerActionsTestOtherB-170423160-project-member] Request filter 'compute_status_filter' took 0.0 seconds {{(pid=95793) wrapper /opt/stack/nova/nova/scheduler/request_filter.py:46}}
Jun 15 18:07:59.359513 np0000002879 nova-scheduler[95793]: DEBUG nova.scheduler.request_filter [None req-00163d86-26b1-4c14-a6b4-4bef1701613a tempest-ServerActionsTestOtherB-170423160 tempest-ServerActionsTestOtherB-170423160-project-member] Request filter 'accelerators_filter' took 0.0 seconds {{(pid=95793) wrapper /opt/stack/nova/nova/scheduler/request_filter.py:46}}
Jun 15 18:07:59.359803 np0000002879 nova-scheduler[95793]: DEBUG nova.scheduler.request_filter [None req-00163d86-26b1-4c14-a6b4-4bef1701613a tempest-ServerActionsTestOtherB-170423160 tempest-ServerActionsTestOtherB-170423160-project-member] Request filter 'packed_virtqueue_filter' took 0.0 seconds {{(pid=95793) wrapper /opt/stack/nova/nova/scheduler/request_filter.py:46}}
Jun 15 18:07:59.360195 np0000002879 nova-scheduler[95793]: DEBUG nova.scheduler.request_filter [None req-00163d86-26b1-4c14-a6b4-4bef1701613a tempest-ServerActionsTestOtherB-170423160 tempest-ServerActionsTestOtherB-170423160-project-member] Request filter 'remote_managed_ports_filter' took 0.0 seconds {{(pid=95793) wrapper /opt/stack/nova/nova/scheduler/request_filter.py:46}}
Jun 15 18:07:59.360464 np0000002879 nova-scheduler[95793]: DEBUG nova.scheduler.request_filter [None req-00163d86-26b1-4c14-a6b4-4bef1701613a tempest-ServerActionsTestOtherB-170423160 tempest-ServerActionsTestOtherB-170423160-project-member] ephemeral_encryption_filter skipped {{(pid=95793) ephemeral_encryption_filter /opt/stack/nova/nova/scheduler/request_filter.py:426}}
Jun 15 18:07:59.360665 np0000002879 nova-scheduler[95793]: DEBUG nova.scheduler.request_filter [None req-00163d86-26b1-4c14-a6b4-4bef1701613a tempest-ServerActionsTestOtherB-170423160 tempest-ServerActionsTestOtherB-170423160-project-member] virtio_sound_filter skipped {{(pid=95793) virtio_sound_filter /opt/stack/nova/nova/scheduler/request_filter.py:460}}
Jun 15 18:07:59.360855 np0000002879 nova-scheduler[95793]: DEBUG nova.scheduler.request_filter [None req-00163d86-26b1-4c14-a6b4-4bef1701613a tempest-ServerActionsTestOtherB-170423160 tempest-ServerActionsTestOtherB-170423160-project-member] tpm_secret_security_filter skipped {{(pid=95793) tpm_secret_security_filter /opt/stack/nova/nova/scheduler/request_filter.py:477}}
Jun 15 18:07:59.450225 np0000002879 nova-scheduler[95793]: INFO nova.utils [None req-00163d86-26b1-4c14-a6b4-4bef1701613a tempest-ServerActionsTestOtherB-170423160 tempest-ServerActionsTestOtherB-170423160-project-member] The cell worker thread pool ForkProcess-3.cell_worker is initialized
Jun 15 18:07:59.451843 np0000002879 nova-scheduler[95793]: DEBUG oslo_concurrency.lockutils [None req-00163d86-26b1-4c14-a6b4-4bef1701613a tempest-ServerActionsTestOtherB-170423160 tempest-ServerActionsTestOtherB-170423160-project-member] Acquiring lock "d1c465ef-9d70-4520-82f6-c37a5add686e" by "nova.context.set_target_cell..get_or_set_cached_cell_and_set_connections" {{(pid=95793) inner /opt/stack/data/venv/lib/python3.12/site-packages/oslo_concurrency/lockutils.py:511}}
Jun 15 18:07:59.451843 np0000002879 nova-scheduler[95793]: DEBUG oslo_concurrency.lockutils [None req-00163d86-26b1-4c14-a6b4-4bef1701613a tempest-ServerActionsTestOtherB-170423160 tempest-ServerActionsTestOtherB-170423160-project-member] Lock "d1c465ef-9d70-4520-82f6-c37a5add686e" acquired by "nova.context.set_target_cell..get_or_set_cached_cell_and_set_connections" :: waited 0.000s {{(pid=95793) inner /opt/stack/data/venv/lib/python3.12/site-packages/oslo_concurrency/lockutils.py:524}}
Jun 15 18:07:59.452663 np0000002879 nova-scheduler[95793]: DEBUG oslo_concurrency.lockutils [None req-00163d86-26b1-4c14-a6b4-4bef1701613a tempest-ServerActionsTestOtherB-170423160 tempest-ServerActionsTestOtherB-170423160-project-member] Lock "d1c465ef-9d70-4520-82f6-c37a5add686e" "released" by "nova.context.set_target_cell..get_or_set_cached_cell_and_set_connections" :: held 0.002s {{(pid=95793) inner /opt/stack/data/venv/lib/python3.12/site-packages/oslo_concurrency/lockutils.py:543}}
Jun 15 18:07:59.455138 np0000002879 nova-scheduler[95793]: INFO dbcounter [None req-00163d86-26b1-4c14-a6b4-4bef1701613a tempest-ServerActionsTestOtherB-170423160 tempest-ServerActionsTestOtherB-170423160-project-member] Registered counter for database nova_cell1
Jun 15 18:07:59.493089 np0000002879 nova-scheduler[95793]: DEBUG oslo_db.sqlalchemy.engines [None req-00163d86-26b1-4c14-a6b4-4bef1701613a tempest-ServerActionsTestOtherB-170423160 tempest-ServerActionsTestOtherB-170423160-project-member] MySQL server mode set to STRICT_TRANS_TABLES,STRICT_ALL_TABLES,NO_ZERO_IN_DATE,NO_ZERO_DATE,ERROR_FOR_DIVISION_BY_ZERO,TRADITIONAL,NO_ENGINE_SUBSTITUTION {{(pid=95793) _check_effective_sql_mode /opt/stack/data/venv/lib/python3.12/site-packages/oslo_db/sqlalchemy/engines.py:325}}
Jun 15 18:07:59.498650 np0000002879 nova-scheduler[95793]: DEBUG dbcounter [-] [95793] Writer thread running {{(pid=95793) stat_writer /opt/stack/data/venv/lib/python3.12/site-packages/dbcounter.py:102}}
Jun 15 18:07:59.552735 np0000002879 nova-scheduler[95793]: DEBUG dbcounter [-] [95793] Writer thread running {{(pid=95793) stat_writer /opt/stack/data/venv/lib/python3.12/site-packages/dbcounter.py:102}}
Jun 15 18:07:59.555718 np0000002879 nova-scheduler[95793]: DEBUG oslo_concurrency.lockutils [None req-00163d86-26b1-4c14-a6b4-4bef1701613a tempest-ServerActionsTestOtherB-170423160 tempest-ServerActionsTestOtherB-170423160-project-member] Acquiring lock "d1c465ef-9d70-4520-82f6-c37a5add686e" by "nova.context.set_target_cell..get_or_set_cached_cell_and_set_connections" {{(pid=95793) inner /opt/stack/data/venv/lib/python3.12/site-packages/oslo_concurrency/lockutils.py:511}}
Jun 15 18:07:59.555928 np0000002879 nova-scheduler[95793]: DEBUG oslo_concurrency.lockutils [None req-00163d86-26b1-4c14-a6b4-4bef1701613a tempest-ServerActionsTestOtherB-170423160 tempest-ServerActionsTestOtherB-170423160-project-member] Lock "d1c465ef-9d70-4520-82f6-c37a5add686e" acquired by "nova.context.set_target_cell..get_or_set_cached_cell_and_set_connections" :: waited 0.000s {{(pid=95793) inner /opt/stack/data/venv/lib/python3.12/site-packages/oslo_concurrency/lockutils.py:524}}
Jun 15 18:07:59.556073 np0000002879 nova-scheduler[95793]: DEBUG oslo_concurrency.lockutils [None req-00163d86-26b1-4c14-a6b4-4bef1701613a tempest-ServerActionsTestOtherB-170423160 tempest-ServerActionsTestOtherB-170423160-project-member] Lock "d1c465ef-9d70-4520-82f6-c37a5add686e" "released" by "nova.context.set_target_cell..get_or_set_cached_cell_and_set_connections" :: held 0.000s {{(pid=95793) inner /opt/stack/data/venv/lib/python3.12/site-packages/oslo_concurrency/lockutils.py:543}}
Jun 15 18:07:59.561363 np0000002879 nova-scheduler[95793]: DEBUG oslo_concurrency.lockutils [None req-00163d86-26b1-4c14-a6b4-4bef1701613a tempest-ServerActionsTestOtherB-170423160 tempest-ServerActionsTestOtherB-170423160-project-member] Acquiring lock "('np0000002879', 'np0000002879')" by "nova.scheduler.host_manager.HostState.update.._locked_update" {{(pid=95793) inner /opt/stack/data/venv/lib/python3.12/site-packages/oslo_concurrency/lockutils.py:511}}
