Jun 15 18:05:01.902263 np0000002879 devstack@neutron-api.service[89976]: DEBUG neutron.plugins.ml2.drivers.ovn.mech_driver.ovsdb.ovsdb_monitor [-] Hash Ring: Node c969669a1ddc540c9198e89c921bd423 (host: np0000002879) handling event "create" for row d7ee4fd0-0cfc-4cb2-b8fa-d08c8f706fdf (table: Logical_Switch_Port) {{(pid=89976) notify /opt/stack/neutron/neutron/plugins/ml2/drivers/ovn/mech_driver/ovsdb/ovsdb_monitor.py:1015}}
Jun 15 18:05:01.903033 np0000002879 devstack@neutron-api.service[89977]: DEBUG neutron.plugins.ml2.drivers.ovn.mech_driver.ovsdb.ovsdb_monitor [-] Hash Ring: Node 5016fae542d15804966af422e375cc64 (host: np0000002879) handling event "update" for row f8040074-0f78-4308-99ab-7d0385927c68 (table: Logical_Switch) {{(pid=89977) notify /opt/stack/neutron/neutron/plugins/ml2/drivers/ovn/mech_driver/ovsdb/ovsdb_monitor.py:1015}}
Jun 15 18:05:01.903126 np0000002879 devstack@neutron-api.service[89975]: DEBUG neutron.plugins.ml2.drivers.ovn.mech_driver.ovsdb.ovsdb_monitor [-] Hash Ring: Node 8ef5399be6db5e2c8288e76fcfa25d4c (host: np0000002879) handling event "create" for row d7ee4fd0-0cfc-4cb2-b8fa-d08c8f706fdf (table: Logical_Switch_Port) {{(pid=89975) notify /opt/stack/neutron/neutron/plugins/ml2/drivers/ovn/mech_driver/ovsdb/ovsdb_monitor.py:1015}}
Jun 15 18:05:01.903255 np0000002879 devstack@neutron-api.service[89976]: DEBUG ovsdbapp.backend.ovs_idl.event [-] Matched CREATE: LogicalSwitchPortCreateEvent(events=('create',), table='Logical_Switch_Port', conditions=[], old_conditions=None), priority=20 to row=Logical_Switch_Port(uuid=d7ee4fd0-0cfc-4cb2-b8fa-d08c8f706fdf, addresses=['fa:16:3e:34:fa:e9'], dhcpv4_options=[], dhcpv6_options=[], dynamic_addresses=[], enabled=True, external_ids={'neutron:cidrs': '', 'neutron:device_id': 'ovnmeta-f8040074-0f78-4308-99ab-7d0385927c68', 'neutron:device_owner': 'network:distributed', 'neutron:mtu': '1372', 'neutron:network_name': 'neutron-f8040074-0f78-4308-99ab-7d0385927c68', 'neutron:port_capabilities': '', 'neutron:port_name': '', 'neutron:project_id': 'ef907fb7f5a6481f8cf65c4010df00d7', 'neutron:revision_number': '1', 'neutron:security_group_ids': '', 'neutron:subnet_pool_addr_scope4': '', 'neutron:subnet_pool_addr_scope6': '', 'neutron:vnic_type': 'normal'}, ha_chassis_group=[], mirror_rules=[], name='d8d3ca26-1882-4636-9a57-8328dbac29fa', options={}, parent_name=[], port_security=[], tag=[], tag_request=[], type='localport', up=[]) old= {{(pid=89976) matches /opt/stack/data/venv/lib/python3.12/site-packages/ovsdbapp/backend/ovs_idl/event.py:55}}
Jun 15 18:05:01.904091 np0000002879 devstack@neutron-api.service[89975]: DEBUG ovsdbapp.backend.ovs_idl.event [-] Matched CREATE: LogicalSwitchPortCreateEvent(events=('create',), table='Logical_Switch_Port', conditions=[], old_conditions=None), priority=20 to row=Logical_Switch_Port(uuid=d7ee4fd0-0cfc-4cb2-b8fa-d08c8f706fdf, addresses=['fa:16:3e:34:fa:e9'], dhcpv4_options=[], dhcpv6_options=[], dynamic_addresses=[], enabled=True, external_ids={'neutron:cidrs': '', 'neutron:device_id': 'ovnmeta-f8040074-0f78-4308-99ab-7d0385927c68', 'neutron:device_owner': 'network:distributed', 'neutron:mtu': '1372', 'neutron:network_name': 'neutron-f8040074-0f78-4308-99ab-7d0385927c68', 'neutron:port_capabilities': '', 'neutron:port_name': '', 'neutron:project_id': 'ef907fb7f5a6481f8cf65c4010df00d7', 'neutron:revision_number': '1', 'neutron:security_group_ids': '', 'neutron:subnet_pool_addr_scope4': '', 'neutron:subnet_pool_addr_scope6': '', 'neutron:vnic_type': 'normal'}, ha_chassis_group=[], mirror_rules=[], name='d8d3ca26-1882-4636-9a57-8328dbac29fa', options={}, parent_name=[], port_security=[], tag=[], tag_request=[], type='localport', up=[]) old= {{(pid=89975) matches /opt/stack/data/venv/lib/python3.12/site-packages/ovsdbapp/backend/ovs_idl/event.py:55}}
Jun 15 18:05:01.905489 np0000002879 devstack@neutron-api.service[89976]: INFO neutron.plugins.ml2.drivers.ovn.mech_driver.mech_driver [-] OVN reports status down for port: d8d3ca26-1882-4636-9a57-8328dbac29fa
Jun 15 18:05:01.905489 np0000002879 devstack@neutron-api.service[89976]: DEBUG neutron.plugins.ml2.drivers.ovn.mech_driver.ovsdb.ovsdb_monitor [-] Hash Ring: Node c969669a1ddc540c9198e89c921bd423 (host: np0000002879) handling event "update" for row d7ee4fd0-0cfc-4cb2-b8fa-d08c8f706fdf (table: Logical_Switch_Port) {{(pid=89976) notify /opt/stack/neutron/neutron/plugins/ml2/drivers/ovn/mech_driver/ovsdb/ovsdb_monitor.py:1015}}
Jun 15 18:05:01.905564 np0000002879 devstack@neutron-api.service[89975]: INFO neutron.plugins.ml2.drivers.ovn.mech_driver.mech_driver [-] OVN reports status down for port: d8d3ca26-1882-4636-9a57-8328dbac29fa
Jun 15 18:05:01.905564 np0000002879 devstack@neutron-api.service[89975]: DEBUG neutron.plugins.ml2.drivers.ovn.mech_driver.ovsdb.ovsdb_monitor [-] Hash Ring: Node 8ef5399be6db5e2c8288e76fcfa25d4c (host: np0000002879) handling event "update" for row d7ee4fd0-0cfc-4cb2-b8fa-d08c8f706fdf (table: Logical_Switch_Port) {{(pid=89975) notify /opt/stack/neutron/neutron/plugins/ml2/drivers/ovn/mech_driver/ovsdb/ovsdb_monitor.py:1015}}
Jun 15 18:05:01.907186 np0000002879 devstack@neutron-api.service[89977]: DEBUG neutron.plugins.ml2.drivers.ovn.mech_driver.ovsdb.ovsdb_monitor [-] Hash Ring: Node 5016fae542d15804966af422e375cc64 (host: np0000002879) handling event "create" for row 016ee9ef-f622-4733-a507-0afaaed5f4a1 (table: Port_Binding) {{(pid=89977) notify /opt/stack/neutron/neutron/plugins/ml2/drivers/ovn/mech_driver/ovsdb/ovsdb_monitor.py:1015}}
Jun 15 18:05:01.913588 np0000002879 devstack@neutron-api.service[89976]: DEBUG neutron.plugins.ml2.drivers.ovn.mech_driver.ovsdb.ovsdb_monitor [-] Hash Ring: Node c969669a1ddc540c9198e89c921bd423 (host: np0000002879) handling event "create" for row 016ee9ef-f622-4733-a507-0afaaed5f4a1 (table: Port_Binding) {{(pid=89976) notify /opt/stack/neutron/neutron/plugins/ml2/drivers/ovn/mech_driver/ovsdb/ovsdb_monitor.py:1015}}
Jun 15 18:05:01.964197 np0000002879 devstack@neutron-api.service[89976]: INFO neutron.db.ovn_revision_numbers_db [None req-fe8552a4-d2f5-4028-8791-feead14c4a5c admin admin] Successfully bumped revision number for resource d8d3ca26-1882-4636-9a57-8328dbac29fa (type: ports) to 1
Jun 15 18:05:01.971150 np0000002879 devstack@neutron-api.service[89975]: DEBUG neutron.db.provisioning_blocks [None req-32a92c08-0747-4357-b649-b829eddff3b6 None None] Transition to ACTIVE for port object d8d3ca26-1882-4636-9a57-8328dbac29fa will not be triggered until provisioned by entity L2. {{(pid=89975) add_provisioning_component /opt/stack/neutron/neutron/db/provisioning_blocks.py:74}}
Jun 15 18:05:01.983652 np0000002879 devstack@neutron-api.service[89976]: DEBUG neutron.pecan_wsgi.hooks.policy_enforcement [None req-fe8552a4-d2f5-4028-8791-feead14c4a5c admin admin] Attributes excluded by policy engine: ['standard_attr_id'] {{(pid=89976) _exclude_attributes_by_policy /opt/stack/neutron/neutron/pecan_wsgi/hooks/policy_enforcement.py:256}}
Jun 15 18:05:01.984091 np0000002879 devstack@neutron-api.service[89976]: DEBUG neutron_lib.callbacks.manager [None req-fe8552a4-d2f5-4028-8791-feead14c4a5c admin admin] Publish callbacks [] for network (None), before_response {{(pid=89976) _notify_loop /opt/stack/data/venv/lib/python3.12/site-packages/neutron_lib/callbacks/manager.py:184}}
Jun 15 18:05:02.006027 np0000002879 devstack@neutron-api.service[89976]: [pid: 89976|app: 0|req: 3/5] 10.4.3.236 () {68 vars in 1326 bytes} [Mon Jun 15 18:05:00 2026] POST /networking/v2.0/networks => generated 681 bytes in 1190 msecs (HTTP/1.1 201) 4 headers in 162 bytes (1 switches on core 0)
Jun 15 18:05:02.009564 np0000002879 devstack@neutron-api.service[89975]: DEBUG neutron.plugins.ml2.plugin [None req-32a92c08-0747-4357-b649-b829eddff3b6 None None] Current status of the port d8d3ca26-1882-4636-9a57-8328dbac29fa is: DOWN; New status is: DOWN {{(pid=89975) _update_individual_port_db_status /opt/stack/neutron/neutron/plugins/ml2/plugin.py:2470}}
Jun 15 18:05:02.011883 np0000002879 devstack@neutron-api.service[89975]: DEBUG ovsdbapp.backend.ovs_idl.transaction [-] Running txn n=1 command(idx=0): DbRemoveCommand(_result=None, table=Logical_Switch_Port, record=d8d3ca26-1882-4636-9a57-8328dbac29fa, column=external_ids, values=('neutron:host_id',), keyvalues={}, if_exists=True) {{(pid=89975) do_commit /opt/stack/data/venv/lib/python3.12/site-packages/ovsdbapp/backend/ovs_idl/transaction.py:89}}
Jun 15 18:05:02.012455 np0000002879 devstack@neutron-api.service[89976]: DEBUG neutron.db.provisioning_blocks [None req-a35b9f2c-07c5-48bd-b3f7-174ec1c2113a None None] Ignored duplicate provisioning block setup for port d8d3ca26-1882-4636-9a57-8328dbac29fa by entity L2. {{(pid=89976) add_provisioning_component /opt/stack/neutron/neutron/db/provisioning_blocks.py:69}}
Jun 15 18:05:02.062372 np0000002879 devstack@neutron-api.service[89976]: DEBUG neutron.plugins.ml2.plugin [None req-a35b9f2c-07c5-48bd-b3f7-174ec1c2113a None None] Current status of the port d8d3ca26-1882-4636-9a57-8328dbac29fa is: DOWN; New status is: DOWN {{(pid=89976) _update_individual_port_db_status /opt/stack/neutron/neutron/plugins/ml2/plugin.py:2470}}
Jun 15 18:05:02.063161 np0000002879 devstack@neutron-api.service[89976]: DEBUG ovsdbapp.backend.ovs_idl.transaction [-] Running txn n=1 command(idx=0): DbRemoveCommand(_result=None, table=Logical_Switch_Port, record=d8d3ca26-1882-4636-9a57-8328dbac29fa, column=external_ids, values=('neutron:host_id',), keyvalues={}, if_exists=True) {{(pid=89976) do_commit /opt/stack/data/venv/lib/python3.12/site-packages/ovsdbapp/backend/ovs_idl/transaction.py:89}}
Jun 15 18:05:02.321524 np0000002879 devstack@neutron-api.service[89975]: DEBUG neutron.pecan_wsgi.hooks.policy_enforcement [None req-b2c9b5d0-272a-4247-9c69-29aec84f15f0 admin admin] Attributes excluded by policy engine: ['standard_attr_id'] {{(pid=89975) _exclude_attributes_by_policy /opt/stack/neutron/neutron/pecan_wsgi/hooks/policy_enforcement.py:256}}
Jun 15 18:05:02.321784 np0000002879 devstack@neutron-api.service[89975]: [pid: 89975|app: 0|req: 2/6] 10.4.3.236 () {64 vars in 1384 bytes} [Mon Jun 15 18:05:02 2026] GET /networking/v2.0/networks/f8040074-0f78-4308-99ab-7d0385927c68 => generated 662 bytes in 57 msecs (HTTP/1.1 200) 4 headers in 157 bytes (1 switches on core 0)
Jun 15 18:05:02.331950 np0000002879 devstack@neutron-api.service[89977]: DEBUG neutron.api.wsgi [None req-077c5f84-a368-4f71-9d53-ee0a4e20cc1c admin admin] Missing Content-Type {{(pid=89977) get_content_type /opt/stack/neutron/neutron/api/wsgi.py:80}}
Jun 15 18:05:02.341096 np0000002879 devstack@neutron-api.service[89977]: [pid: 89977|app: 0|req: 2/7] 10.4.3.236 () {64 vars in 1393 bytes} [Mon Jun 15 18:05:02 2026] GET /networking/v2.0/subnetpools/6222230e-aabc-4a23-aa32-baca1bb3aa39 => generated 533 bytes in 11 msecs (HTTP/1.1 200) 4 headers in 157 bytes (1 switches on core 0)
Jun 15 18:05:02.350589 np0000002879 devstack@neutron-api.service[89976]: DEBUG neutron.api.v2.base [None req-f1151afe-2b94-41c2-bd2b-c2bf37a5a7c3 admin admin] Request body: {'subnet': {'network_id': 'f8040074-0f78-4308-99ab-7d0385927c68', 'subnetpool_id': '6222230e-aabc-4a23-aa32-baca1bb3aa39', 'ip_version': 4, 'name': 'private-subnet', 'gateway_ip': '10.1.0.1'}} {{(pid=89976) prepare_request_body /opt/stack/neutron/neutron/api/v2/base.py:727}}
Jun 15 18:05:02.362409 np0000002879 devstack@neutron-api.service[89976]: DEBUG neutron.pecan_wsgi.hooks.quota_enforcement [None req-f1151afe-2b94-41c2-bd2b-c2bf37a5a7c3 admin admin] Made reservation on behalf of ef907fb7f5a6481f8cf65c4010df00d7 for: {'subnet': 1} {{(pid=89976) before /opt/stack/neutron/neutron/pecan_wsgi/hooks/quota_enforcement.py:66}}
Jun 15 18:05:02.364507 np0000002879 devstack@neutron-api.service[89976]: DEBUG neutron_lib.callbacks.manager [None req-f1151afe-2b94-41c2-bd2b-c2bf37a5a7c3 admin admin] Publish callbacks [] for subnet (None), before_create {{(pid=89976) _notify_loop /opt/stack/data/venv/lib/python3.12/site-packages/neutron_lib/callbacks/manager.py:184}}
Jun 15 18:05:02.664784 np0000002879 devstack@neutron-api.service[89976]: DEBUG neutron.db.ovn_revision_numbers_db [None req-f1151afe-2b94-41c2-bd2b-c2bf37a5a7c3 admin admin] create_initial_revision uuid=8170106c-5302-471f-b14e-7f8510b798d4, type=subnets, rev=-1 {{(pid=89976) create_initial_revision /opt/stack/neutron/neutron/db/ovn_revision_numbers_db.py:98}}
Jun 15 18:05:02.668623 np0000002879 devstack@neutron-api.service[89976]: DEBUG neutron_lib.callbacks.manager [None req-f1151afe-2b94-41c2-bd2b-c2bf37a5a7c3 admin admin] Publish callbacks ['neutron.plugins.ml2.ovo_rpc._ObjectChangeHandler.handle_event-2069755'] for subnet (8170106c-5302-471f-b14e-7f8510b798d4), after_create {{(pid=89976) _notify_loop /opt/stack/data/venv/lib/python3.12/site-packages/neutron_lib/callbacks/manager.py:184}}
Jun 15 18:05:02.683215 np0000002879 devstack@neutron-api.service[89976]: DEBUG neutron.api.rpc.handlers.resources_rpc [None req-f1151afe-2b94-41c2-bd2b-c2bf37a5a7c3 admin admin] Pushing event updated for resources: {'Subnet': ['ID=8170106c-5302-471f-b14e-7f8510b798d4,revision_number=0']} {{(pid=89976) push /opt/stack/neutron/neutron/api/rpc/handlers/resources_rpc.py:237}}
Jun 15 18:05:02.742720 np0000002879 devstack@neutron-api.service[89976]: DEBUG neutron_lib.callbacks.manager [None req-f1151afe-2b94-41c2-bd2b-c2bf37a5a7c3 admin admin] Publish callbacks ['neutron.plugins.ml2.plugin.SecurityGroupDbMixin._ensure_default_security_group_handler-1001604', 'neutron.services.ovn_l3.plugin.OVNL3RouterPlugin._port_update-8271587374434', 'neutron.db.l3_db.L3_NAT_dbonly_mixin._prevent_internal_ip_change_for_fip-8271588424254'] for port (d8d3ca26-1882-4636-9a57-8328dbac29fa), before_update {{(pid=89976) _notify_loop /opt/stack/data/venv/lib/python3.12/site-packages/neutron_lib/callbacks/manager.py:184}}
Jun 15 18:05:02.833211 np0000002879 devstack@neutron-api.service[89976]: DEBUG neutron.db.db_base_plugin_common [None req-f1151afe-2b94-41c2-bd2b-c2bf37a5a7c3 admin admin] Allocated IP 10.1.0.2 (f8040074-0f78-4308-99ab-7d0385927c68/8170106c-5302-471f-b14e-7f8510b798d4/d8d3ca26-1882-4636-9a57-8328dbac29fa) {{(pid=89976) _store_ip_allocation /opt/stack/neutron/neutron/db/db_base_plugin_common.py:131}}
Jun 15 18:05:02.915883 np0000002879 devstack@neutron-api.service[89976]: DEBUG neutron_lib.callbacks.manager [None req-f1151afe-2b94-41c2-bd2b-c2bf37a5a7c3 admin admin] Publish callbacks [] for port (d8d3ca26-1882-4636-9a57-8328dbac29fa), precommit_update {{(pid=89976) _notify_loop /opt/stack/data/venv/lib/python3.12/site-packages/neutron_lib/callbacks/manager.py:184}}
Jun 15 18:05:02.916294 np0000002879 devstack@neutron-api.service[89976]: DEBUG neutron.plugins.ml2.drivers.ovn.mech_driver.mech_driver [None req-f1151afe-2b94-41c2-bd2b-c2bf37a5a7c3 admin admin] No provisioning block for port d8d3ca26-1882-4636-9a57-8328dbac29fa since it does not have a host {{(pid=89976) _is_port_provisioning_required /opt/stack/neutron/neutron/plugins/ml2/drivers/ovn/mech_driver/mech_driver.py:896}}
Jun 15 18:05:02.925467 np0000002879 devstack@neutron-api.service[89976]: DEBUG neutron_lib.callbacks.manager [None req-f1151afe-2b94-41c2-bd2b-c2bf37a5a7c3 admin admin] Publish callbacks ['neutron.plugins.ml2.ovo_rpc._ObjectChangeHandler.handle_event-2069758', 'neutron.services.ovn_l3.plugin.OVNL3RouterPlugin._port_update-8271587374434'] for port (d8d3ca26-1882-4636-9a57-8328dbac29fa), after_update {{(pid=89976) _notify_loop /opt/stack/data/venv/lib/python3.12/site-packages/neutron_lib/callbacks/manager.py:184}}
Jun 15 18:05:02.951004 np0000002879 devstack@neutron-api.service[89976]: DEBUG neutron.api.rpc.handlers.resources_rpc [None req-f1151afe-2b94-41c2-bd2b-c2bf37a5a7c3 admin admin] Pushing event updated for resources: {'Port': ['ID=d8d3ca26-1882-4636-9a57-8328dbac29fa,revision_number=2']} {{(pid=89976) push /opt/stack/neutron/neutron/api/rpc/handlers/resources_rpc.py:237}}
Jun 15 18:05:03.060033 np0000002879 devstack@neutron-api.service[89976]: DEBUG neutron.plugins.ml2.drivers.ovn.mech_driver.ovsdb.commands [None req-f1151afe-2b94-41c2-bd2b-c2bf37a5a7c3 admin admin] Converting tag [] to a tag_request {{(pid=89976) _tag_column_to_tag_request /opt/stack/neutron/neutron/plugins/ml2/drivers/ovn/mech_driver/ovsdb/commands.py:205}}
Jun 15 18:05:03.060983 np0000002879 devstack@neutron-api.service[89976]: DEBUG ovsdbapp.backend.ovs_idl.transaction [-] Running txn n=1 command(idx=0): CheckRevisionNumberCommand(_result=None, name=d8d3ca26-1882-4636-9a57-8328dbac29fa, resource={'id': 'd8d3ca26-1882-4636-9a57-8328dbac29fa', 'name': '', 'network_id': 'f8040074-0f78-4308-99ab-7d0385927c68', 'project_id': 'ef907fb7f5a6481f8cf65c4010df00d7', 'mac_address': 'fa:16:3e:34:fa:e9', 'admin_state_up': True, 'status': 'DOWN', 'device_id': 'ovnmeta-f8040074-0f78-4308-99ab-7d0385927c68', 'device_owner': 'network:distributed', 'standard_attr_id': 14, 'fixed_ips': [{'subnet_id': '8170106c-5302-471f-b14e-7f8510b798d4', 'ip_address': '10.1.0.2'}], 'allowed_address_pairs': [], 'extra_dhcp_opts': [], 'security_groups': [], 'description': '', 'binding:vnic_type': 'normal', 'binding:profile': {}, 'binding:host_id': '', 'binding:vif_type': 'unbound', 'binding:vif_details': {}, 'port_security_enabled': False, 'tags': [], 'created_at': '2026-06-15T18:05:01Z', 'updated_at': '2026-06-15T18:05:02Z', 'revision_number': 2, 'tenant_id': 'ef907fb7f5a6481f8cf65c4010df00d7', 'network': {'id': 'f8040074-0f78-4308-99ab-7d0385927c68', 'name': 'private', 'tenant_id': 'ef907fb7f5a6481f8cf65c4010df00d7', 'project_id': 'ef907fb7f5a6481f8cf65c4010df00d7', 'admin_state_up': True, 'mtu': 1372, 'status': 'ACTIVE', 'subnets': ['8170106c-5302-471f-b14e-7f8510b798d4'], 'standard_attr_id': 12, 'shared': False, 'availability_zone_hints': [], 'availability_zones': [], 'ipv4_address_scope': None, 'ipv6_address_scope': None, 'router:external': False, 'qinq': False, 'vlan_transparent': False, 'description': '', 'port_security_enabled': True, 'tags': [], 'created_at': '2026-06-15T18:05:01Z', 'updated_at': '2026-06-15T18:05:02Z', 'revision_number': 2, 'provider:network_type': 'geneve', 'provider:physical_network': None, 'provider:segmentation_id': 56983}}, resource_type=ports, if_exists=True) {{(pid=89976) do_commit /opt/stack/data/venv/lib/python3.12/site-packages/ovsdbapp/backend/ovs_idl/transaction.py:89}}
Jun 15 18:05:03.061373 np0000002879 devstack@neutron-api.service[89976]: DEBUG ovsdbapp.backend.ovs_idl.transaction [-] Running txn n=1 command(idx=1): AddDHCPOptionsCommand(_result=None, columns={'cidr': '10.1.0.0/26', 'options': {'server_id': '10.1.0.1', 'lease_time': '43200', 'mtu': '1372', 'router': '10.1.0.1', 'server_mac': 'fa:16:3e:bb:9b:10', 'dns_server': '{127.0.0.53}', 'classless_static_route': '{169.254.169.254/32,10.1.0.2, 0.0.0.0/0,10.1.0.1}'}, 'external_ids': {'subnet_id': '8170106c-5302-471f-b14e-7f8510b798d4', 'neutron:network_id': 'f8040074-0f78-4308-99ab-7d0385927c68', 'neutron:revision_number': '0'}}, may_exist=True, subnet_id=8170106c-5302-471f-b14e-7f8510b798d4, port_id=None, new_insert=False) {{(pid=89976) do_commit /opt/stack/data/venv/lib/python3.12/site-packages/ovsdbapp/backend/ovs_idl/transaction.py:89}}
Jun 15 18:05:03.061692 np0000002879 devstack@neutron-api.service[89976]: DEBUG ovsdbapp.backend.ovs_idl.transaction [-] Running txn n=1 command(idx=2): SetLSwitchPortCommand(_result=None, lport=d8d3ca26-1882-4636-9a57-8328dbac29fa, external_ids_update=None, columns={'external_ids': {'neutron:port_name': '', 'neutron:device_id': 'ovnmeta-f8040074-0f78-4308-99ab-7d0385927c68', 'neutron:project_id': 'ef907fb7f5a6481f8cf65c4010df00d7', 'neutron:cidrs': '10.1.0.2/26', 'neutron:device_owner': 'network:distributed', 'neutron:subnet_pool_addr_scope4': '', 'neutron:subnet_pool_addr_scope6': '', 'neutron:network_name': 'neutron-f8040074-0f78-4308-99ab-7d0385927c68', 'neutron:security_group_ids': '', 'neutron:revision_number': '2', 'neutron:vnic_type': 'normal', 'neutron:port_capabilities': '', 'neutron:mtu': '1372'}, 'parent_name': [], 'options': {}, 'enabled': True, 'port_security': [], 'dhcpv4_options': [], 'dhcpv6_options': [], 'type': 'localport', 'addresses': ['fa:16:3e:34:fa:e9 10.1.0.2'], 'ha_chassis_group': [], 'tag_request': []}, if_exists=False) {{(pid=89976) do_commit /opt/stack/data/venv/lib/python3.12/site-packages/ovsdbapp/backend/ovs_idl/transaction.py:89}}
Jun 15 18:05:03.062420 np0000002879 devstack@neutron-api.service[89976]: DEBUG ovsdbapp.backend.ovs_idl.transaction [-] Running txn n=1 command(idx=3): PgDelPortCommand(_result=None, port_group=neutron_pg_drop, lsp=['d8d3ca26-1882-4636-9a57-8328dbac29fa'], if_exists=False) {{(pid=89976) do_commit /opt/stack/data/venv/lib/python3.12/site-packages/ovsdbapp/backend/ovs_idl/transaction.py:89}}
Jun 15 18:05:03.065665 np0000002879 devstack@neutron-api.service[89975]: DEBUG neutron.plugins.ml2.drivers.ovn.mech_driver.ovsdb.ovsdb_monitor [-] Hash Ring: Node 8ef5399be6db5e2c8288e76fcfa25d4c (host: np0000002879) handling event "update" for row d7ee4fd0-0cfc-4cb2-b8fa-d08c8f706fdf (table: Logical_Switch_Port) {{(pid=89975) notify /opt/stack/neutron/neutron/plugins/ml2/drivers/ovn/mech_driver/ovsdb/ovsdb_monitor.py:1015}}
Jun 15 18:05:03.066342 np0000002879 devstack@neutron-api.service[89976]: DEBUG neutron.plugins.ml2.drivers.ovn.mech_driver.ovsdb.ovsdb_monitor [-] Hash Ring: Node c969669a1ddc540c9198e89c921bd423 (host: np0000002879) handling event "create" for row 01e2d151-38a0-4d6f-ba4a-28b541fdda89 (table: DHCP_Options) {{(pid=89976) notify /opt/stack/neutron/neutron/plugins/ml2/drivers/ovn/mech_driver/ovsdb/ovsdb_monitor.py:1015}}
Jun 15 18:05:03.066342 np0000002879 devstack@neutron-api.service[89976]: DEBUG neutron.plugins.ml2.drivers.ovn.mech_driver.ovsdb.ovsdb_monitor [-] Hash Ring: Node c969669a1ddc540c9198e89c921bd423 (host: np0000002879) handling event "update" for row d7ee4fd0-0cfc-4cb2-b8fa-d08c8f706fdf (table: Logical_Switch_Port) {{(pid=89976) notify /opt/stack/neutron/neutron/plugins/ml2/drivers/ovn/mech_driver/ovsdb/ovsdb_monitor.py:1015}}
Jun 15 18:05:03.067416 np0000002879 devstack@neutron-api.service[89977]: DEBUG neutron.plugins.ml2.drivers.ovn.mech_driver.ovsdb.ovsdb_monitor [-] Hash Ring: Node 5016fae542d15804966af422e375cc64 (host: np0000002879) handling event "update" for row 016ee9ef-f622-4733-a507-0afaaed5f4a1 (table: Port_Binding) {{(pid=89977) notify /opt/stack/neutron/neutron/plugins/ml2/drivers/ovn/mech_driver/ovsdb/ovsdb_monitor.py:1015}}
Jun 15 18:05:03.068666 np0000002879 devstack@neutron-api.service[89976]: DEBUG neutron.plugins.ml2.drivers.ovn.mech_driver.ovsdb.ovsdb_monitor [-] Hash Ring: Node c969669a1ddc540c9198e89c921bd423 (host: np0000002879) handling event "update" for row 016ee9ef-f622-4733-a507-0afaaed5f4a1 (table: Port_Binding) {{(pid=89976) notify /opt/stack/neutron/neutron/plugins/ml2/drivers/ovn/mech_driver/ovsdb/ovsdb_monitor.py:1015}}
Jun 15 18:05:03.089990 np0000002879 devstack@neutron-api.service[89976]: INFO neutron.db.ovn_revision_numbers_db [None req-f1151afe-2b94-41c2-bd2b-c2bf37a5a7c3 admin admin] Successfully bumped revision number for resource d8d3ca26-1882-4636-9a57-8328dbac29fa (type: ports) to 2
Jun 15 18:05:03.097600 np0000002879 devstack@neutron-api.service[89976]: DEBUG neutron.plugins.ml2.plugin [None req-f1151afe-2b94-41c2-bd2b-c2bf37a5a7c3 admin admin] In _notify_port_updated(), no bound segment for port d8d3ca26-1882-4636-9a57-8328dbac29fa on network f8040074-0f78-4308-99ab-7d0385927c68 {{(pid=89976) _notify_port_updated /opt/stack/neutron/neutron/plugins/ml2/plugin.py:1038}}
Jun 15 18:05:03.125829 np0000002879 devstack@neutron-api.service[89976]: INFO neutron.db.ovn_revision_numbers_db [None req-f1151afe-2b94-41c2-bd2b-c2bf37a5a7c3 admin admin] Successfully bumped revision number for resource 8170106c-5302-471f-b14e-7f8510b798d4 (type: subnets) to 0
Jun 15 18:05:03.127142 np0000002879 devstack@neutron-api.service[89976]: DEBUG neutron.pecan_wsgi.hooks.policy_enforcement [None req-f1151afe-2b94-41c2-bd2b-c2bf37a5a7c3 admin admin] Attributes excluded by policy engine: ['standard_attr_id', 'shared', 'network'] {{(pid=89976) _exclude_attributes_by_policy /opt/stack/neutron/neutron/pecan_wsgi/hooks/policy_enforcement.py:256}}
Jun 15 18:05:03.127528 np0000002879 devstack@neutron-api.service[89976]: DEBUG neutron_lib.callbacks.manager [None req-f1151afe-2b94-41c2-bd2b-c2bf37a5a7c3 admin admin] Publish callbacks [] for subnet (None), before_response {{(pid=89976) _notify_loop /opt/stack/data/venv/lib/python3.12/site-packages/neutron_lib/callbacks/manager.py:184}}
Jun 15 18:05:03.141032 np0000002879 devstack@neutron-api.service[89976]: [pid: 89976|app: 0|req: 4/8] 10.4.3.236 () {68 vars in 1324 bytes} [Mon Jun 15 18:05:02 2026] POST /networking/v2.0/subnets => generated 666 bytes in 793 msecs (HTTP/1.1 201) 4 headers in 162 bytes (1 switches on core 0)
Jun 15 18:05:03.538467 np0000002879 devstack@neutron-api.service[89975]: DEBUG neutron.pecan_wsgi.hooks.policy_enforcement [None req-8dc3ab64-415c-4ec2-9200-5c25c6b0ea7c admin admin] Attributes excluded by policy engine: ['standard_attr_id'] {{(pid=89975) _exclude_attributes_by_policy /opt/stack/neutron/neutron/pecan_wsgi/hooks/policy_enforcement.py:256}}
Jun 15 18:05:03.539282 np0000002879 devstack@neutron-api.service[89975]: [pid: 89975|app: 0|req: 3/9] 10.4.3.236 () {64 vars in 1384 bytes} [Mon Jun 15 18:05:03 2026] GET /networking/v2.0/networks/f8040074-0f78-4308-99ab-7d0385927c68 => generated 700 bytes in 53 msecs (HTTP/1.1 200) 4 headers in 157 bytes (1 switches on core 0)
Jun 15 18:05:03.550962 np0000002879 devstack@neutron-api.service[89977]: DEBUG neutron.api.wsgi [None req-e1ac3285-5766-4f27-849a-085e491caa81 admin admin] Missing Content-Type {{(pid=89977) get_content_type /opt/stack/neutron/neutron/api/wsgi.py:80}}
Jun 15 18:05:03.559021 np0000002879 devstack@neutron-api.service[89977]: [pid: 89977|app: 0|req: 3/10] 10.4.3.236 () {64 vars in 1393 bytes} [Mon Jun 15 18:05:03 2026] GET /networking/v2.0/subnetpools/5652737b-31d0-4a3e-8c3f-2877ccdb4f19 => generated 543 bytes in 10 msecs (HTTP/1.1 200) 4 headers in 157 bytes (1 switches on core 0)
Jun 15 18:05:03.570987 np0000002879 devstack@neutron-api.service[89976]: DEBUG neutron.api.v2.base [None req-a38f9999-d5b8-45c5-b585-5f583e24fec8 admin admin] Request body: {'subnet': {'network_id': 'f8040074-0f78-4308-99ab-7d0385927c68', 'subnetpool_id': '5652737b-31d0-4a3e-8c3f-2877ccdb4f19', 'ipv6_address_mode': 'slaac', 'ip_version': 6, 'ipv6_ra_mode': 'slaac', 'name': 'ipv6-private-subnet'}} {{(pid=89976) prepare_request_body /opt/stack/neutron/neutron/api/v2/base.py:727}}
Jun 15 18:05:03.585409 np0000002879 devstack@neutron-api.service[89976]: DEBUG neutron.pecan_wsgi.hooks.quota_enforcement [None req-a38f9999-d5b8-45c5-b585-5f583e24fec8 admin admin] Made reservation on behalf of ef907fb7f5a6481f8cf65c4010df00d7 for: {'subnet': 1} {{(pid=89976) before /opt/stack/neutron/neutron/pecan_wsgi/hooks/quota_enforcement.py:66}}
Jun 15 18:05:03.588020 np0000002879 devstack@neutron-api.service[89976]: DEBUG neutron_lib.callbacks.manager [None req-a38f9999-d5b8-45c5-b585-5f583e24fec8 admin admin] Publish callbacks [] for subnet (None), before_create {{(pid=89976) _notify_loop /opt/stack/data/venv/lib/python3.12/site-packages/neutron_lib/callbacks/manager.py:184}}
Jun 15 18:05:03.673682 np0000002879 devstack@neutron-api.service[89976]: DEBUG neutron.db.ovn_revision_numbers_db [None req-a38f9999-d5b8-45c5-b585-5f583e24fec8 admin admin] create_initial_revision uuid=eec94a6d-d8da-48f3-ac4b-d878c1f419fb, type=subnets, rev=-1 {{(pid=89976) create_initial_revision /opt/stack/neutron/neutron/db/ovn_revision_numbers_db.py:98}}
Jun 15 18:05:03.742458 np0000002879 devstack@neutron-api.service[89976]: DEBUG neutron.objects.ports [None req-a38f9999-d5b8-45c5-b585-5f583e24fec8 admin admin] Time-cost: Fetching 1 ports in 0 security groups {{(pid=89976) get_objects /opt/stack/neutron/neutron/objects/ports.py:506}}
Jun 15 18:05:03.834111 np0000002879 devstack@neutron-api.service[89976]: DEBUG neutron_lib.callbacks.manager [None req-a38f9999-d5b8-45c5-b585-5f583e24fec8 admin admin] Publish callbacks ['neutron.plugins.ml2.plugin.SecurityGroupDbMixin._ensure_default_security_group_handler-1001604', 'neutron.services.ovn_l3.plugin.OVNL3RouterPlugin._port_update-8271587374434', 'neutron.db.l3_db.L3_NAT_dbonly_mixin._prevent_internal_ip_change_for_fip-8271588424254'] for port (d8d3ca26-1882-4636-9a57-8328dbac29fa), before_update {{(pid=89976) _notify_loop /opt/stack/data/venv/lib/python3.12/site-packages/neutron_lib/callbacks/manager.py:184}}
Jun 15 18:05:03.925157 np0000002879 devstack@neutron-api.service[89976]: DEBUG neutron_lib.callbacks.manager [None req-a38f9999-d5b8-45c5-b585-5f583e24fec8 admin admin] Publish callbacks [] for port (d8d3ca26-1882-4636-9a57-8328dbac29fa), precommit_update {{(pid=89976) _notify_loop /opt/stack/data/venv/lib/python3.12/site-packages/neutron_lib/callbacks/manager.py:184}}
Jun 15 18:05:03.925686 np0000002879 devstack@neutron-api.service[89976]: DEBUG neutron.plugins.ml2.drivers.ovn.mech_driver.mech_driver [None req-a38f9999-d5b8-45c5-b585-5f583e24fec8 admin admin] No provisioning block for port d8d3ca26-1882-4636-9a57-8328dbac29fa since it does not have a host {{(pid=89976) _is_port_provisioning_required /opt/stack/neutron/neutron/plugins/ml2/drivers/ovn/mech_driver/mech_driver.py:896}}
Jun 15 18:05:03.926403 np0000002879 devstack@neutron-api.service[89976]: DEBUG neutron_lib.callbacks.manager [None req-a38f9999-d5b8-45c5-b585-5f583e24fec8 admin admin] Publish callbacks ['neutron.plugins.ml2.ovo_rpc._ObjectChangeHandler.handle_event-2069758', 'neutron.services.ovn_l3.plugin.OVNL3RouterPlugin._port_update-8271587374434'] for port (d8d3ca26-1882-4636-9a57-8328dbac29fa), after_update {{(pid=89976) _notify_loop /opt/stack/data/venv/lib/python3.12/site-packages/neutron_lib/callbacks/manager.py:184}}
Jun 15 18:05:03.949930 np0000002879 devstack@neutron-api.service[89976]: DEBUG neutron.api.rpc.handlers.resources_rpc [None req-a38f9999-d5b8-45c5-b585-5f583e24fec8 admin admin] Pushing event updated for resources: {'Port': ['ID=d8d3ca26-1882-4636-9a57-8328dbac29fa,revision_number=3']} {{(pid=89976) push /opt/stack/neutron/neutron/api/rpc/handlers/resources_rpc.py:237}}
Jun 15 18:05:04.055309 np0000002879 devstack@neutron-api.service[89976]: DEBUG neutron.plugins.ml2.drivers.ovn.mech_driver.ovsdb.commands [None req-a38f9999-d5b8-45c5-b585-5f583e24fec8 admin admin] Converting tag [] to a tag_request {{(pid=89976) _tag_column_to_tag_request /opt/stack/neutron/neutron/plugins/ml2/drivers/ovn/mech_driver/ovsdb/commands.py:205}}
Jun 15 18:05:04.056219 np0000002879 devstack@neutron-api.service[89976]: DEBUG ovsdbapp.backend.ovs_idl.transaction [-] Running txn n=1 command(idx=0): CheckRevisionNumberCommand(_result=None, name=d8d3ca26-1882-4636-9a57-8328dbac29fa, resource={'id': 'd8d3ca26-1882-4636-9a57-8328dbac29fa', 'name': '', 'network_id': 'f8040074-0f78-4308-99ab-7d0385927c68', 'project_id': 'ef907fb7f5a6481f8cf65c4010df00d7', 'mac_address': 'fa:16:3e:34:fa:e9', 'admin_state_up': True, 'status': 'DOWN', 'device_id': 'ovnmeta-f8040074-0f78-4308-99ab-7d0385927c68', 'device_owner': 'network:distributed', 'standard_attr_id': 14, 'fixed_ips': [{'subnet_id': '8170106c-5302-471f-b14e-7f8510b798d4', 'ip_address': '10.1.0.2'}, {'subnet_id': 'eec94a6d-d8da-48f3-ac4b-d878c1f419fb', 'ip_address': 'fd30:ce11:a183:0:f816:3eff:fe34:fae9'}], 'allowed_address_pairs': [], 'extra_dhcp_opts': [], 'security_groups': [], 'description': '', 'binding:vnic_type': 'normal', 'binding:profile': {}, 'binding:host_id': '', 'binding:vif_type': 'unbound', 'binding:vif_details': {}, 'port_security_enabled': False, 'tags': [], 'created_at': '2026-06-15T18:05:01Z', 'updated_at': '2026-06-15T18:05:03Z', 'revision_number': 3, 'tenant_id': 'ef907fb7f5a6481f8cf65c4010df00d7', 'network': {'id': 'f8040074-0f78-4308-99ab-7d0385927c68', 'name': 'private', 'tenant_id': 'ef907fb7f5a6481f8cf65c4010df00d7', 'project_id': 'ef907fb7f5a6481f8cf65c4010df00d7', 'admin_state_up': True, 'mtu': 1372, 'status': 'ACTIVE', 'subnets': ['8170106c-5302-471f-b14e-7f8510b798d4', 'eec94a6d-d8da-48f3-ac4b-d878c1f419fb'], 'standard_attr_id': 12, 'shared': False, 'availability_zone_hints': [], 'availability_zones': [], 'ipv4_address_scope': None, 'ipv6_address_scope': None, 'router:external': False, 'qinq': False, 'vlan_transparent': False, 'description': '', 'port_security_enabled': True, 'tags': [], 'created_at': '2026-06-15T18:05:01Z', 'updated_at': '2026-06-15T18:05:03Z', 'revision_number': 3, 'provider:network_type': 'geneve', 'provider:physical_network': None, 'provider:segmentation_id': 56983}}, resource_type=ports, if_exists=True) {{(pid=89976) do_commit /opt/stack/data/venv/lib/python3.12/site-packages/ovsdbapp/backend/ovs_idl/transaction.py:89}}
Jun 15 18:05:04.056548 np0000002879 devstack@neutron-api.service[89976]: DEBUG ovsdbapp.backend.ovs_idl.transaction [-] Running txn n=1 command(idx=1): SetLSwitchPortCommand(_result=None, lport=d8d3ca26-1882-4636-9a57-8328dbac29fa, external_ids_update=None, columns={'external_ids': {'neutron:port_name': '', 'neutron:device_id': 'ovnmeta-f8040074-0f78-4308-99ab-7d0385927c68', 'neutron:project_id': 'ef907fb7f5a6481f8cf65c4010df00d7', 'neutron:cidrs': '10.1.0.2/26 fd30:ce11:a183:0:f816:3eff:fe34:fae9/64', 'neutron:device_owner': 'network:distributed', 'neutron:subnet_pool_addr_scope4': '', 'neutron:subnet_pool_addr_scope6': '', 'neutron:network_name': 'neutron-f8040074-0f78-4308-99ab-7d0385927c68', 'neutron:security_group_ids': '', 'neutron:revision_number': '3', 'neutron:vnic_type': 'normal', 'neutron:port_capabilities': '', 'neutron:mtu': '1372'}, 'parent_name': [], 'options': {}, 'enabled': True, 'port_security': [], 'dhcpv4_options': [], 'dhcpv6_options': [], 'type': 'localport', 'addresses': ['fa:16:3e:34:fa:e9 10.1.0.2 fd30:ce11:a183:0:f816:3eff:fe34:fae9'], 'ha_chassis_group': [], 'tag_request': []}, if_exists=False) {{(pid=89976) do_commit /opt/stack/data/venv/lib/python3.12/site-packages/ovsdbapp/backend/ovs_idl/transaction.py:89}}
Jun 15 18:05:04.057078 np0000002879 devstack@neutron-api.service[89976]: DEBUG ovsdbapp.backend.ovs_idl.transaction [-] Running txn n=1 command(idx=2): PgDelPortCommand(_result=None, port_group=neutron_pg_drop, lsp=['d8d3ca26-1882-4636-9a57-8328dbac29fa'], if_exists=False) {{(pid=89976) do_commit /opt/stack/data/venv/lib/python3.12/site-packages/ovsdbapp/backend/ovs_idl/transaction.py:89}}
Jun 15 18:05:04.059105 np0000002879 devstack@neutron-api.service[89976]: DEBUG neutron.plugins.ml2.drivers.ovn.mech_driver.ovsdb.ovsdb_monitor [-] Hash Ring: Node c969669a1ddc540c9198e89c921bd423 (host: np0000002879) handling event "update" for row d7ee4fd0-0cfc-4cb2-b8fa-d08c8f706fdf (table: Logical_Switch_Port) {{(pid=89976) notify /opt/stack/neutron/neutron/plugins/ml2/drivers/ovn/mech_driver/ovsdb/ovsdb_monitor.py:1015}}
Jun 15 18:05:04.062779 np0000002879 devstack@neutron-api.service[89977]: DEBUG neutron.plugins.ml2.drivers.ovn.mech_driver.ovsdb.ovsdb_monitor [-] Hash Ring: Node 5016fae542d15804966af422e375cc64 (host: np0000002879) handling event "update" for row 016ee9ef-f622-4733-a507-0afaaed5f4a1 (table: Port_Binding) {{(pid=89977) notify /opt/stack/neutron/neutron/plugins/ml2/drivers/ovn/mech_driver/ovsdb/ovsdb_monitor.py:1015}}
Jun 15 18:05:04.062860 np0000002879 devstack@neutron-api.service[89975]: DEBUG neutron.plugins.ml2.drivers.ovn.mech_driver.ovsdb.ovsdb_monitor [-] Hash Ring: Node 8ef5399be6db5e2c8288e76fcfa25d4c (host: np0000002879) handling event "update" for row d7ee4fd0-0cfc-4cb2-b8fa-d08c8f706fdf (table: Logical_Switch_Port) {{(pid=89975) notify /opt/stack/neutron/neutron/plugins/ml2/drivers/ovn/mech_driver/ovsdb/ovsdb_monitor.py:1015}}
Jun 15 18:05:04.066712 np0000002879 devstack@neutron-api.service[89976]: DEBUG neutron.plugins.ml2.drivers.ovn.mech_driver.ovsdb.ovsdb_monitor [-] Hash Ring: Node c969669a1ddc540c9198e89c921bd423 (host: np0000002879) handling event "update" for row 016ee9ef-f622-4733-a507-0afaaed5f4a1 (table: Port_Binding) {{(pid=89976) notify /opt/stack/neutron/neutron/plugins/ml2/drivers/ovn/mech_driver/ovsdb/ovsdb_monitor.py:1015}}
Jun 15 18:05:04.082481 np0000002879 devstack@neutron-api.service[89976]: INFO neutron.db.ovn_revision_numbers_db [None req-a38f9999-d5b8-45c5-b585-5f583e24fec8 admin admin] Successfully bumped revision number for resource d8d3ca26-1882-4636-9a57-8328dbac29fa (type: ports) to 3
Jun 15 18:05:04.090150 np0000002879 devstack@neutron-api.service[89976]: DEBUG neutron_lib.callbacks.manager [None req-a38f9999-d5b8-45c5-b585-5f583e24fec8 admin admin] Publish callbacks ['neutron.plugins.ml2.ovo_rpc._ObjectChangeHandler.handle_event-2069755'] for subnet (eec94a6d-d8da-48f3-ac4b-d878c1f419fb), after_create {{(pid=89976) _notify_loop /opt/stack/data/venv/lib/python3.12/site-packages/neutron_lib/callbacks/manager.py:184}}
Jun 15 18:05:04.103640 np0000002879 devstack@neutron-api.service[89976]: DEBUG neutron.api.rpc.handlers.resources_rpc [None req-a38f9999-d5b8-45c5-b585-5f583e24fec8 admin admin] Pushing event updated for resources: {'Subnet': ['ID=eec94a6d-d8da-48f3-ac4b-d878c1f419fb,revision_number=0']} {{(pid=89976) push /opt/stack/neutron/neutron/api/rpc/handlers/resources_rpc.py:237}}
Jun 15 18:05:04.122112 np0000002879 devstack@neutron-api.service[89976]: INFO neutron.db.ovn_revision_numbers_db [None req-a38f9999-d5b8-45c5-b585-5f583e24fec8 admin admin] Successfully bumped revision number for resource eec94a6d-d8da-48f3-ac4b-d878c1f419fb (type: subnets) to 0
Jun 15 18:05:04.123202 np0000002879 devstack@neutron-api.service[89976]: DEBUG neutron.pecan_wsgi.hooks.policy_enforcement [None req-a38f9999-d5b8-45c5-b585-5f583e24fec8 admin admin] Attributes excluded by policy engine: ['standard_attr_id', 'shared', 'network'] {{(pid=89976) _exclude_attributes_by_policy /opt/stack/neutron/neutron/pecan_wsgi/hooks/policy_enforcement.py:256}}
Jun 15 18:05:04.123535 np0000002879 devstack@neutron-api.service[89976]: DEBUG neutron_lib.callbacks.manager [None req-a38f9999-d5b8-45c5-b585-5f583e24fec8 admin admin] Publish callbacks [] for subnet (None), before_response {{(pid=89976) _notify_loop /opt/stack/data/venv/lib/python3.12/site-packages/neutron_lib/callbacks/manager.py:184}}
Jun 15 18:05:04.131794 np0000002879 devstack@neutron-api.service[89976]: [pid: 89976|app: 0|req: 5/11] 10.4.3.236 () {68 vars in 1324 bytes} [Mon Jun 15 18:05:03 2026] POST /networking/v2.0/subnets => generated 730 bytes in 563 msecs (HTTP/1.1 201) 4 headers in 162 bytes (1 switches on core 0)
Jun 15 18:05:04.381815 np0000002879 devstack@neutron-api.service[89975]: DEBUG neutron.api.wsgi [None req-e6147cbb-5691-4c2b-9ed4-bec91504cf23 admin admin] Missing Content-Type {{(pid=89975) get_content_type /opt/stack/neutron/neutron/api/wsgi.py:80}}
Jun 15 18:05:04.382258 np0000002879 devstack@neutron-api.service[89975]: DEBUG neutron.api.wsgi [None req-e6147cbb-5691-4c2b-9ed4-bec91504cf23 admin admin] https://10.4.3.236/networking/v2.0/extensions returned with HTTP 200 {{(pid=89975) __call__ /opt/stack/neutron/neutron/api/wsgi.py:540}}
Jun 15 18:05:04.382735 np0000002879 devstack@neutron-api.service[89975]: [pid: 89975|app: 0|req: 4/12] 10.4.3.236 () {64 vars in 1292 bytes} [Mon Jun 15 18:05:04 2026] GET /networking/v2.0/extensions => generated 15873 bytes in 4 msecs (HTTP/1.1 200) 4 headers in 159 bytes (1 switches on core 0)
Jun 15 18:05:04.650056 np0000002879 devstack@neutron-api.service[89977]: DEBUG neutron.api.wsgi [None req-9f141c20-ce06-4863-87f4-e6f4177c3f78 admin admin] Missing Content-Type {{(pid=89977) get_content_type /opt/stack/neutron/neutron/api/wsgi.py:80}}
Jun 15 18:05:04.650451 np0000002879 devstack@neutron-api.service[89977]: DEBUG neutron.api.wsgi [None req-9f141c20-ce06-4863-87f4-e6f4177c3f78 admin admin] https://10.4.3.236/networking/v2.0/extensions returned with HTTP 200 {{(pid=89977) __call__ /opt/stack/neutron/neutron/api/wsgi.py:540}}
Jun 15 18:05:04.650772 np0000002879 devstack@neutron-api.service[89977]: [pid: 89977|app: 0|req: 4/13] 10.4.3.236 () {64 vars in 1292 bytes} [Mon Jun 15 18:05:04 2026] GET /networking/v2.0/extensions => generated 15873 bytes in 3 msecs (HTTP/1.1 200) 4 headers in 159 bytes (1 switches on core 0)
Jun 15 18:05:04.936686 np0000002879 devstack@neutron-api.service[89976]: DEBUG neutron.api.v2.base [None req-655025c5-0b89-4200-82a7-51fee1ffa2d4 admin admin] Request body: {'router': {'admin_state_up': True, 'name': 'router1'}} {{(pid=89976) prepare_request_body /opt/stack/neutron/neutron/api/v2/base.py:727}}
Jun 15 18:05:04.949748 np0000002879 devstack@neutron-api.service[89976]: DEBUG neutron_lib.callbacks.manager [None req-655025c5-0b89-4200-82a7-51fee1ffa2d4 admin admin] Publish callbacks ['neutron.services.ovn_l3.service_providers.driver_controller.DriverController._check_router_request-25440'] for router (411a1288-d3e6-42ba-b907-5de245d2837b), before_create {{(pid=89976) _notify_loop /opt/stack/data/venv/lib/python3.12/site-packages/neutron_lib/callbacks/manager.py:184}}
Jun 15 18:05:04.950412 np0000002879 devstack@neutron-api.service[89976]: DEBUG neutron_lib.callbacks.manager [None req-655025c5-0b89-4200-82a7-51fee1ffa2d4 admin admin] Publish callbacks ['neutron.services.ovn_l3.service_providers.ovn.OVN_L3_HA_db_mixin._precommit_router_create-29949', 'neutron.services.ovn_l3.plugin.RouterAvailabilityZoneMixin._process_az_request-2069702', 'neutron.services.ovn_l3.plugin.ExtraGatewaysDbOnlyMixin._process_bfd_ecmp_create-19232', 'neutron.services.ovn_l3.service_providers.ovn.OvnDriver._process_router_create_precommit-29881', 'neutron.services.ovn_l3.service_providers.driver_controller.DriverController._set_router_provider-25450'] for router (411a1288-d3e6-42ba-b907-5de245d2837b), precommit_create {{(pid=89976) _notify_loop /opt/stack/data/venv/lib/python3.12/site-packages/neutron_lib/callbacks/manager.py:184}}
Jun 15 18:05:04.962448 np0000002879 devstack@neutron-api.service[89976]: DEBUG neutron.db.ovn_revision_numbers_db [None req-655025c5-0b89-4200-82a7-51fee1ffa2d4 admin admin] create_initial_revision uuid=411a1288-d3e6-42ba-b907-5de245d2837b, type=routers, rev=-1 {{(pid=89976) create_initial_revision /opt/stack/neutron/neutron/db/ovn_revision_numbers_db.py:98}}
Jun 15 18:05:05.027535 np0000002879 devstack@neutron-api.service[89976]: DEBUG neutron_lib.callbacks.manager [None req-655025c5-0b89-4200-82a7-51fee1ffa2d4 admin admin] Publish callbacks [] for router_controller (411a1288-d3e6-42ba-b907-5de245d2837b), precommit_add_association {{(pid=89976) _notify_loop /opt/stack/data/venv/lib/python3.12/site-packages/neutron_lib/callbacks/manager.py:184}}
Jun 15 18:05:05.030623 np0000002879 devstack@neutron-api.service[89976]: DEBUG neutron_lib.callbacks.manager [None req-655025c5-0b89-4200-82a7-51fee1ffa2d4 admin admin] Publish callbacks ['neutron.services.ovn_l3.service_providers.ovn.OvnDriver._process_router_create-29929'] for router (411a1288-d3e6-42ba-b907-5de245d2837b), after_create {{(pid=89976) _notify_loop /opt/stack/data/venv/lib/python3.12/site-packages/neutron_lib/callbacks/manager.py:184}}
Jun 15 18:05:05.030756 np0000002879 devstack@neutron-api.service[89976]: INFO neutron.plugins.ml2.drivers.ovn.mech_driver.ovsdb.extensions.qos [None req-655025c5-0b89-4200-82a7-51fee1ffa2d4 admin admin] Starting OVNClientQosExtension
Jun 15 18:05:05.031051 np0000002879 devstack@neutron-api.service[89976]: DEBUG neutron.plugins.ml2.drivers.ovn.mech_driver.ovsdb.extensions.qos [None req-655025c5-0b89-4200-82a7-51fee1ffa2d4 admin admin] Router 411a1288-d3e6-42ba-b907-5de245d2837b does not have ID or gateway assigned {{(pid=89976) update_router /opt/stack/neutron/neutron/plugins/ml2/drivers/ovn/mech_driver/ovsdb/extensions/qos.py:527}}
Jun 15 18:05:05.031449 np0000002879 devstack@neutron-api.service[89976]: DEBUG ovsdbapp.backend.ovs_idl.transaction [-] Running txn n=1 command(idx=0): LrAddCommand(_result=None, router=neutron-411a1288-d3e6-42ba-b907-5de245d2837b, may_exist=True, columns={'external_ids': {'neutron:router_name': 'router1', 'neutron:revision_number': '1', 'neutron:availability_zone_hints': ''}, 'enabled': True, 'options': {'always_learn_from_arp_request': 'false', 'dynamic_neigh_routers': 'true', 'mac_binding_age_threshold': '300'}}) {{(pid=89976) do_commit /opt/stack/data/venv/lib/python3.12/site-packages/ovsdbapp/backend/ovs_idl/transaction.py:89}}
Jun 15 18:05:05.034756 np0000002879 devstack@neutron-api.service[89976]: DEBUG neutron.plugins.ml2.drivers.ovn.mech_driver.ovsdb.ovsdb_monitor [-] Hash Ring: Node c969669a1ddc540c9198e89c921bd423 (host: np0000002879) handling event "create" for row 21e46e53-8326-4333-8302-6d71333bd58d (table: Logical_Router) {{(pid=89976) notify /opt/stack/neutron/neutron/plugins/ml2/drivers/ovn/mech_driver/ovsdb/ovsdb_monitor.py:1015}}
Jun 15 18:05:05.035352 np0000002879 devstack@neutron-api.service[89977]: DEBUG neutron.plugins.ml2.drivers.ovn.mech_driver.ovsdb.ovsdb_monitor [-] Hash Ring: Node 5016fae542d15804966af422e375cc64 (host: np0000002879) handling event "create" for row 21e46e53-8326-4333-8302-6d71333bd58d (table: Logical_Router) {{(pid=89977) notify /opt/stack/neutron/neutron/plugins/ml2/drivers/ovn/mech_driver/ovsdb/ovsdb_monitor.py:1015}}
Jun 15 18:05:05.038272 np0000002879 devstack@neutron-api.service[89975]: DEBUG neutron.plugins.ml2.drivers.ovn.mech_driver.ovsdb.ovsdb_monitor [-] Hash Ring: Node 8ef5399be6db5e2c8288e76fcfa25d4c (host: np0000002879) handling event "create" for row f72eeaf2-8420-4da1-9e73-ad5794e163cf (table: Datapath_Binding) {{(pid=89975) notify /opt/stack/neutron/neutron/plugins/ml2/drivers/ovn/mech_driver/ovsdb/ovsdb_monitor.py:1015}}
Jun 15 18:05:05.059266 np0000002879 devstack@neutron-api.service[89976]: DEBUG neutron.plugins.ml2.drivers.ovn.mech_driver.ovsdb.ovsdb_monitor [-] Hash Ring: Node c969669a1ddc540c9198e89c921bd423 (host: np0000002879) handling event "create" for row f72eeaf2-8420-4da1-9e73-ad5794e163cf (table: Datapath_Binding) {{(pid=89976) notify /opt/stack/neutron/neutron/plugins/ml2/drivers/ovn/mech_driver/ovsdb/ovsdb_monitor.py:1015}}
Jun 15 18:05:05.120588 np0000002879 devstack@neutron-api.service[89976]: INFO neutron.db.ovn_revision_numbers_db [None req-655025c5-0b89-4200-82a7-51fee1ffa2d4 admin admin] Successfully bumped revision number for resource 411a1288-d3e6-42ba-b907-5de245d2837b (type: routers) to 1
Jun 15 18:05:05.130611 np0000002879 devstack@neutron-api.service[89976]: DEBUG neutron_lib.callbacks.manager [None req-655025c5-0b89-4200-82a7-51fee1ffa2d4 admin admin] Publish callbacks [] for router (None), before_response {{(pid=89976) _notify_loop /opt/stack/data/venv/lib/python3.12/site-packages/neutron_lib/callbacks/manager.py:184}}
Jun 15 18:05:05.131079 np0000002879 devstack@neutron-api.service[89976]: [pid: 89976|app: 0|req: 6/14] 10.4.3.236 () {68 vars in 1323 bytes} [Mon Jun 15 18:05:04 2026] POST /networking/v2.0/routers => generated 599 bytes in 197 msecs (HTTP/1.1 201) 4 headers in 162 bytes (1 switches on core 0)
Jun 15 18:05:05.363283 np0000002879 devstack@neutron-api.service[89975]: DEBUG neutron.api.wsgi [None req-2af482b9-23eb-4f65-ad63-df5331c0545f admin admin] Missing Content-Type {{(pid=89975) get_content_type /opt/stack/neutron/neutron/api/wsgi.py:80}}
Jun 15 18:05:05.363727 np0000002879 devstack@neutron-api.service[89975]: DEBUG neutron.api.wsgi [None req-2af482b9-23eb-4f65-ad63-df5331c0545f admin admin] https://10.4.3.236/networking/v2.0/extensions returned with HTTP 200 {{(pid=89975) __call__ /opt/stack/neutron/neutron/api/wsgi.py:540}}
Jun 15 18:05:05.364475 np0000002879 devstack@neutron-api.service[89975]: [pid: 89975|app: 0|req: 5/15] 10.4.3.236 () {64 vars in 1292 bytes} [Mon Jun 15 18:05:05 2026] GET /networking/v2.0/extensions => generated 15873 bytes in 4 msecs (HTTP/1.1 200) 4 headers in 159 bytes (1 switches on core 0)
Jun 15 18:05:05.614977 np0000002879 devstack@neutron-api.service[89977]: DEBUG neutron.api.v2.base [None req-bb209963-2ad1-4071-83b8-fbb7dfcdb838 admin admin] Request body: {'network': {'router:external': True, 'is_default': True, 'provider:physical_network': 'public', 'provider:network_type': 'flat', 'name': 'public', 'admin_state_up': True}} {{(pid=89977) prepare_request_body /opt/stack/neutron/neutron/api/v2/base.py:727}}
Jun 15 18:05:05.629210 np0000002879 devstack@neutron-api.service[89977]: DEBUG neutron.pecan_wsgi.hooks.quota_enforcement [None req-bb209963-2ad1-4071-83b8-fbb7dfcdb838 admin admin] Made reservation on behalf of ef907fb7f5a6481f8cf65c4010df00d7 for: {'network': 1} {{(pid=89977) before /opt/stack/neutron/neutron/pecan_wsgi/hooks/quota_enforcement.py:66}}
Jun 15 18:05:05.632715 np0000002879 devstack@neutron-api.service[89977]: DEBUG neutron_lib.callbacks.manager [None req-bb209963-2ad1-4071-83b8-fbb7dfcdb838 admin admin] Publish callbacks ['neutron.plugins.ml2.plugin.SecurityGroupDbMixin._ensure_default_security_group_handler-3341489'] for network (None), before_create {{(pid=89977) _notify_loop /opt/stack/data/venv/lib/python3.12/site-packages/neutron_lib/callbacks/manager.py:184}}
Jun 15 18:05:05.667988 np0000002879 devstack@neutron-api.service[89977]: DEBUG neutron.plugins.ml2.drivers.type_flat [None req-bb209963-2ad1-4071-83b8-fbb7dfcdb838 admin admin] Reserving flat network on physical network public {{(pid=89977) reserve_provider_segment /opt/stack/neutron/neutron/plugins/ml2/drivers/type_flat.py:100}}
Jun 15 18:05:05.678529 np0000002879 devstack@neutron-api.service[89977]: DEBUG neutron_lib.callbacks.manager [None req-bb209963-2ad1-4071-83b8-fbb7dfcdb838 admin admin] Publish callbacks ['neutron.services.segments.db._add_segment_host_mapping_for_segment-8271588543118', 'neutron.plugins.ml2.plugin.Ml2Plugin._handle_segment_change-4014489'] for segment (8f4382ca-3abb-44e0-913c-e9a4efef17e5), precommit_create {{(pid=89977) _notify_loop /opt/stack/data/venv/lib/python3.12/site-packages/neutron_lib/callbacks/manager.py:184}}
