Jun 04 12:38:24.757846 np0000002141 devstack@g-api.service[98828]: DEBUG glance.api.middleware.version_negotiation [None req-5e80f138-7132-4a50-bd3a-00531e76512e tempest-ServerStableDeviceRescueTest-286912571 tempest-ServerStableDeviceRescueTest-286912571-project-member] Matched version: v2 {{(pid=98828) process_request /opt/stack/glance/glance/api/middleware/version_negotiation.py:69}}
Jun 04 12:38:24.758016 np0000002141 devstack@g-api.service[98828]: DEBUG glance.api.middleware.version_negotiation [None req-5e80f138-7132-4a50-bd3a-00531e76512e tempest-ServerStableDeviceRescueTest-286912571 tempest-ServerStableDeviceRescueTest-286912571-project-member] new path /v2/schemas/image {{(pid=98828) process_request /opt/stack/glance/glance/api/middleware/version_negotiation.py:70}}
Jun 04 12:38:24.758159 np0000002141 devstack@g-api.service[98829]: DEBUG glance.api.middleware.version_negotiation [None req-4d081414-3062-421f-9226-79ba1e5dc075 tempest-AttachVolumeShelveTestJSON-1598865965 tempest-AttachVolumeShelveTestJSON-1598865965-project-member] Using url versioning {{(pid=98829) process_request /opt/stack/glance/glance/api/middleware/version_negotiation.py:57}}
Jun 04 12:38:24.758159 np0000002141 devstack@g-api.service[98829]: DEBUG glance.api.middleware.version_negotiation [None req-4d081414-3062-421f-9226-79ba1e5dc075 tempest-AttachVolumeShelveTestJSON-1598865965 tempest-AttachVolumeShelveTestJSON-1598865965-project-member] Matched version: v2 {{(pid=98829) process_request /opt/stack/glance/glance/api/middleware/version_negotiation.py:69}}
Jun 04 12:38:24.758363 np0000002141 devstack@g-api.service[98829]: DEBUG glance.api.middleware.version_negotiation [None req-4d081414-3062-421f-9226-79ba1e5dc075 tempest-AttachVolumeShelveTestJSON-1598865965 tempest-AttachVolumeShelveTestJSON-1598865965-project-member] new path /v2/schemas/image {{(pid=98829) process_request /opt/stack/glance/glance/api/middleware/version_negotiation.py:70}}
Jun 04 12:38:24.763092 np0000002141 devstack@g-api.service[98828]: [pid: 98828|app: 0|req: 59/123] 127.0.0.1 () {44 vars in 1051 bytes} [Thu Jun 4 12:38:24 2026] GET /v2/schemas/image => generated 6083 bytes in 2 msecs (HTTP/1.1 200) 4 headers in 158 bytes (1 switches on core 0)
Jun 04 12:38:24.763174 np0000002141 devstack@g-api.service[98829]: [pid: 98829|app: 0|req: 65/124] 127.0.0.1 () {44 vars in 1051 bytes} [Thu Jun 4 12:38:24 2026] GET /v2/schemas/image => generated 6083 bytes in 4 msecs (HTTP/1.1 200) 4 headers in 158 bytes (1 switches on core 0)
Jun 04 12:38:25.692468 np0000002141 devstack@g-api.service[98828]: DEBUG glance.api.middleware.version_negotiation [None req-4d081414-3062-421f-9226-79ba1e5dc075 tempest-AttachVolumeShelveTestJSON-1598865965 tempest-AttachVolumeShelveTestJSON-1598865965-project-member] Determining version of request: GET /v2/images/c111e491-6251-40da-8b2d-cb530c8bb504 Accept: */* {{(pid=98828) process_request /opt/stack/glance/glance/api/middleware/version_negotiation.py:44}}
Jun 04 12:38:25.692979 np0000002141 devstack@g-api.service[98828]: DEBUG glance.api.middleware.version_negotiation [None req-4d081414-3062-421f-9226-79ba1e5dc075 tempest-AttachVolumeShelveTestJSON-1598865965 tempest-AttachVolumeShelveTestJSON-1598865965-project-member] Using url versioning {{(pid=98828) process_request /opt/stack/glance/glance/api/middleware/version_negotiation.py:57}}
Jun 04 12:38:25.692979 np0000002141 devstack@g-api.service[98828]: DEBUG glance.api.middleware.version_negotiation [None req-4d081414-3062-421f-9226-79ba1e5dc075 tempest-AttachVolumeShelveTestJSON-1598865965 tempest-AttachVolumeShelveTestJSON-1598865965-project-member] Matched version: v2 {{(pid=98828) process_request /opt/stack/glance/glance/api/middleware/version_negotiation.py:69}}
Jun 04 12:38:25.692979 np0000002141 devstack@g-api.service[98828]: DEBUG glance.api.middleware.version_negotiation [None req-4d081414-3062-421f-9226-79ba1e5dc075 tempest-AttachVolumeShelveTestJSON-1598865965 tempest-AttachVolumeShelveTestJSON-1598865965-project-member] new path /v2/images/c111e491-6251-40da-8b2d-cb530c8bb504 {{(pid=98828) process_request /opt/stack/glance/glance/api/middleware/version_negotiation.py:70}}
Jun 04 12:38:25.702268 np0000002141 devstack@g-api.service[98828]: [pid: 98828|app: 0|req: 60/125] 127.0.0.1 () {44 vars in 1111 bytes} [Thu Jun 4 12:38:25 2026] GET /v2/images/c111e491-6251-40da-8b2d-cb530c8bb504 => generated 1333 bytes in 10 msecs (HTTP/1.1 200) 4 headers in 158 bytes (1 switches on core 0)
Jun 04 12:38:25.735833 np0000002141 devstack@g-api.service[98829]: DEBUG glance.api.middleware.version_negotiation [None req-5e80f138-7132-4a50-bd3a-00531e76512e tempest-ServerStableDeviceRescueTest-286912571 tempest-ServerStableDeviceRescueTest-286912571-project-member] Determining version of request: GET /v2/schemas/image Accept: */* {{(pid=98829) process_request /opt/stack/glance/glance/api/middleware/version_negotiation.py:44}}
Jun 04 12:38:25.736140 np0000002141 devstack@g-api.service[98829]: DEBUG glance.api.middleware.version_negotiation [None req-5e80f138-7132-4a50-bd3a-00531e76512e tempest-ServerStableDeviceRescueTest-286912571 tempest-ServerStableDeviceRescueTest-286912571-project-member] Using url versioning {{(pid=98829) process_request /opt/stack/glance/glance/api/middleware/version_negotiation.py:57}}
Jun 04 12:38:25.736267 np0000002141 devstack@g-api.service[98829]: DEBUG glance.api.middleware.version_negotiation [None req-5e80f138-7132-4a50-bd3a-00531e76512e tempest-ServerStableDeviceRescueTest-286912571 tempest-ServerStableDeviceRescueTest-286912571-project-member] Matched version: v2 {{(pid=98829) process_request /opt/stack/glance/glance/api/middleware/version_negotiation.py:69}}
Jun 04 12:38:25.736404 np0000002141 devstack@g-api.service[98829]: DEBUG glance.api.middleware.version_negotiation [None req-5e80f138-7132-4a50-bd3a-00531e76512e tempest-ServerStableDeviceRescueTest-286912571 tempest-ServerStableDeviceRescueTest-286912571-project-member] new path /v2/schemas/image {{(pid=98829) process_request /opt/stack/glance/glance/api/middleware/version_negotiation.py:70}}
Jun 04 12:38:25.739221 np0000002141 devstack@g-api.service[98829]: [pid: 98829|app: 0|req: 66/126] 127.0.0.1 () {44 vars in 1051 bytes} [Thu Jun 4 12:38:25 2026] GET /v2/schemas/image => generated 6083 bytes in 4 msecs (HTTP/1.1 200) 4 headers in 158 bytes (1 switches on core 0)
Jun 04 12:38:25.780370 np0000002141 devstack@g-api.service[98828]: DEBUG glance.api.middleware.version_negotiation [None req-de045a11-230e-46f4-9994-fd76eef26ade tempest-ServerStableDeviceRescueTest-286912571 tempest-ServerStableDeviceRescueTest-286912571-project-member] Determining version of request: GET /v2/schemas/image Accept: */* {{(pid=98828) process_request /opt/stack/glance/glance/api/middleware/version_negotiation.py:44}}
Jun 04 12:38:25.780733 np0000002141 devstack@g-api.service[98828]: DEBUG glance.api.middleware.version_negotiation [None req-de045a11-230e-46f4-9994-fd76eef26ade tempest-ServerStableDeviceRescueTest-286912571 tempest-ServerStableDeviceRescueTest-286912571-project-member] Using url versioning {{(pid=98828) process_request /opt/stack/glance/glance/api/middleware/version_negotiation.py:57}}
Jun 04 12:38:25.780733 np0000002141 devstack@g-api.service[98828]: DEBUG glance.api.middleware.version_negotiation [None req-de045a11-230e-46f4-9994-fd76eef26ade tempest-ServerStableDeviceRescueTest-286912571 tempest-ServerStableDeviceRescueTest-286912571-project-member] Matched version: v2 {{(pid=98828) process_request /opt/stack/glance/glance/api/middleware/version_negotiation.py:69}}
Jun 04 12:38:25.780733 np0000002141 devstack@g-api.service[98828]: DEBUG glance.api.middleware.version_negotiation [None req-de045a11-230e-46f4-9994-fd76eef26ade tempest-ServerStableDeviceRescueTest-286912571 tempest-ServerStableDeviceRescueTest-286912571-project-member] new path /v2/schemas/image {{(pid=98828) process_request /opt/stack/glance/glance/api/middleware/version_negotiation.py:70}}
Jun 04 12:38:25.783242 np0000002141 devstack@g-api.service[98828]: [pid: 98828|app: 0|req: 61/127] 127.0.0.1 () {44 vars in 1051 bytes} [Thu Jun 4 12:38:25 2026] GET /v2/schemas/image => generated 6083 bytes in 3 msecs (HTTP/1.1 200) 4 headers in 158 bytes (1 switches on core 0)
Jun 04 12:38:25.828847 np0000002141 devstack@g-api.service[98829]: DEBUG glance.api.middleware.version_negotiation [None req-de045a11-230e-46f4-9994-fd76eef26ade tempest-ServerStableDeviceRescueTest-286912571 tempest-ServerStableDeviceRescueTest-286912571-project-member] Determining version of request: PATCH /v2/images/c111e491-6251-40da-8b2d-cb530c8bb504 Accept: */* {{(pid=98829) process_request /opt/stack/glance/glance/api/middleware/version_negotiation.py:44}}
Jun 04 12:38:25.829105 np0000002141 devstack@g-api.service[98829]: DEBUG glance.api.middleware.version_negotiation [None req-de045a11-230e-46f4-9994-fd76eef26ade tempest-ServerStableDeviceRescueTest-286912571 tempest-ServerStableDeviceRescueTest-286912571-project-member] Using url versioning {{(pid=98829) process_request /opt/stack/glance/glance/api/middleware/version_negotiation.py:57}}
Jun 04 12:38:25.829285 np0000002141 devstack@g-api.service[98829]: DEBUG glance.api.middleware.version_negotiation [None req-de045a11-230e-46f4-9994-fd76eef26ade tempest-ServerStableDeviceRescueTest-286912571 tempest-ServerStableDeviceRescueTest-286912571-project-member] Matched version: v2 {{(pid=98829) process_request /opt/stack/glance/glance/api/middleware/version_negotiation.py:69}}
Jun 04 12:38:25.829427 np0000002141 devstack@g-api.service[98829]: DEBUG glance.api.middleware.version_negotiation [None req-de045a11-230e-46f4-9994-fd76eef26ade tempest-ServerStableDeviceRescueTest-286912571 tempest-ServerStableDeviceRescueTest-286912571-project-member] new path /v2/images/c111e491-6251-40da-8b2d-cb530c8bb504 {{(pid=98829) process_request /opt/stack/glance/glance/api/middleware/version_negotiation.py:70}}
Jun 04 12:38:25.857825 np0000002141 devstack@g-api.service[98828]: DEBUG glance.api.middleware.version_negotiation [None req-de045a11-230e-46f4-9994-fd76eef26ade tempest-ServerStableDeviceRescueTest-286912571 tempest-ServerStableDeviceRescueTest-286912571-project-member] Determining version of request: GET /v2/images/c111e491-6251-40da-8b2d-cb530c8bb504 Accept: */* {{(pid=98828) process_request /opt/stack/glance/glance/api/middleware/version_negotiation.py:44}}
Jun 04 12:38:25.859155 np0000002141 devstack@g-api.service[98828]: DEBUG glance.api.middleware.version_negotiation [None req-de045a11-230e-46f4-9994-fd76eef26ade tempest-ServerStableDeviceRescueTest-286912571 tempest-ServerStableDeviceRescueTest-286912571-project-member] Using url versioning {{(pid=98828) process_request /opt/stack/glance/glance/api/middleware/version_negotiation.py:57}}
Jun 04 12:38:25.859299 np0000002141 devstack@g-api.service[98828]: DEBUG glance.api.middleware.version_negotiation [None req-de045a11-230e-46f4-9994-fd76eef26ade tempest-ServerStableDeviceRescueTest-286912571 tempest-ServerStableDeviceRescueTest-286912571-project-member] Matched version: v2 {{(pid=98828) process_request /opt/stack/glance/glance/api/middleware/version_negotiation.py:69}}
Jun 04 12:38:25.859393 np0000002141 devstack@g-api.service[98828]: DEBUG glance.api.middleware.version_negotiation [None req-de045a11-230e-46f4-9994-fd76eef26ade tempest-ServerStableDeviceRescueTest-286912571 tempest-ServerStableDeviceRescueTest-286912571-project-member] new path /v2/images/c111e491-6251-40da-8b2d-cb530c8bb504 {{(pid=98828) process_request /opt/stack/glance/glance/api/middleware/version_negotiation.py:70}}
Jun 04 12:38:25.882447 np0000002141 devstack@g-api.service[98828]: [pid: 98828|app: 0|req: 62/128] 127.0.0.1 () {44 vars in 1111 bytes} [Thu Jun 4 12:38:25 2026] GET /v2/images/c111e491-6251-40da-8b2d-cb530c8bb504 => generated 1333 bytes in 24 msecs (HTTP/1.1 200) 4 headers in 158 bytes (1 switches on core 0)
Jun 04 12:38:25.933152 np0000002141 devstack@g-api.service[98828]: DEBUG glance.api.middleware.version_negotiation [None req-620c50bc-088c-41d8-b94c-b79f5a4d11f8 tempest-ServerStableDeviceRescueTest-286912571 tempest-ServerStableDeviceRescueTest-286912571-project-member] Determining version of request: GET /v2/schemas/image Accept: */* {{(pid=98828) process_request /opt/stack/glance/glance/api/middleware/version_negotiation.py:44}}
Jun 04 12:38:25.933295 np0000002141 devstack@g-api.service[98828]: DEBUG glance.api.middleware.version_negotiation [None req-620c50bc-088c-41d8-b94c-b79f5a4d11f8 tempest-ServerStableDeviceRescueTest-286912571 tempest-ServerStableDeviceRescueTest-286912571-project-member] Using url versioning {{(pid=98828) process_request /opt/stack/glance/glance/api/middleware/version_negotiation.py:57}}
Jun 04 12:38:25.933410 np0000002141 devstack@g-api.service[98828]: DEBUG glance.api.middleware.version_negotiation [None req-620c50bc-088c-41d8-b94c-b79f5a4d11f8 tempest-ServerStableDeviceRescueTest-286912571 tempest-ServerStableDeviceRescueTest-286912571-project-member] Matched version: v2 {{(pid=98828) process_request /opt/stack/glance/glance/api/middleware/version_negotiation.py:69}}
Jun 04 12:38:25.933502 np0000002141 devstack@g-api.service[98828]: DEBUG glance.api.middleware.version_negotiation [None req-620c50bc-088c-41d8-b94c-b79f5a4d11f8 tempest-ServerStableDeviceRescueTest-286912571 tempest-ServerStableDeviceRescueTest-286912571-project-member] new path /v2/schemas/image {{(pid=98828) process_request /opt/stack/glance/glance/api/middleware/version_negotiation.py:70}}
Jun 04 12:38:25.935775 np0000002141 devstack@g-api.service[98828]: [pid: 98828|app: 0|req: 63/129] 127.0.0.1 () {44 vars in 1051 bytes} [Thu Jun 4 12:38:25 2026] GET /v2/schemas/image => generated 6083 bytes in 3 msecs (HTTP/1.1 200) 4 headers in 158 bytes (1 switches on core 0)
Jun 04 12:38:25.995296 np0000002141 devstack@g-api.service[98829]: [pid: 98829|app: 0|req: 67/130] 127.0.0.1 () {46 vars in 1154 bytes} [Thu Jun 4 12:38:25 2026] PATCH /v2/images/c111e491-6251-40da-8b2d-cb530c8bb504 => generated 1444 bytes in 166 msecs (HTTP/1.1 200) 4 headers in 158 bytes (1 switches on core 0)
Jun 04 12:38:26.029886 np0000002141 devstack@g-api.service[98828]: DEBUG glance.api.middleware.version_negotiation [None req-620c50bc-088c-41d8-b94c-b79f5a4d11f8 tempest-ServerStableDeviceRescueTest-286912571 tempest-ServerStableDeviceRescueTest-286912571-project-member] Determining version of request: GET /v2/images/c111e491-6251-40da-8b2d-cb530c8bb504 Accept: */* {{(pid=98828) process_request /opt/stack/glance/glance/api/middleware/version_negotiation.py:44}}
Jun 04 12:38:26.030106 np0000002141 devstack@g-api.service[98828]: DEBUG glance.api.middleware.version_negotiation [None req-620c50bc-088c-41d8-b94c-b79f5a4d11f8 tempest-ServerStableDeviceRescueTest-286912571 tempest-ServerStableDeviceRescueTest-286912571-project-member] Using url versioning {{(pid=98828) process_request /opt/stack/glance/glance/api/middleware/version_negotiation.py:57}}
Jun 04 12:38:26.030230 np0000002141 devstack@g-api.service[98828]: DEBUG glance.api.middleware.version_negotiation [None req-620c50bc-088c-41d8-b94c-b79f5a4d11f8 tempest-ServerStableDeviceRescueTest-286912571 tempest-ServerStableDeviceRescueTest-286912571-project-member] Matched version: v2 {{(pid=98828) process_request /opt/stack/glance/glance/api/middleware/version_negotiation.py:69}}
Jun 04 12:38:26.030319 np0000002141 devstack@g-api.service[98828]: DEBUG glance.api.middleware.version_negotiation [None req-620c50bc-088c-41d8-b94c-b79f5a4d11f8 tempest-ServerStableDeviceRescueTest-286912571 tempest-ServerStableDeviceRescueTest-286912571-project-member] new path /v2/images/c111e491-6251-40da-8b2d-cb530c8bb504 {{(pid=98828) process_request /opt/stack/glance/glance/api/middleware/version_negotiation.py:70}}
Jun 04 12:38:26.041457 np0000002141 devstack@g-api.service[98828]: [pid: 98828|app: 0|req: 64/131] 127.0.0.1 () {44 vars in 1111 bytes} [Thu Jun 4 12:38:26 2026] GET /v2/images/c111e491-6251-40da-8b2d-cb530c8bb504 => generated 1444 bytes in 12 msecs (HTTP/1.1 200) 4 headers in 158 bytes (1 switches on core 0)
Jun 04 12:38:26.088419 np0000002141 devstack@g-api.service[98829]: DEBUG glance.api.middleware.version_negotiation [None req-de045a11-230e-46f4-9994-fd76eef26ade tempest-ServerStableDeviceRescueTest-286912571 tempest-ServerStableDeviceRescueTest-286912571-project-member] Determining version of request: PUT /v2/images/c111e491-6251-40da-8b2d-cb530c8bb504/file Accept: */* {{(pid=98829) process_request /opt/stack/glance/glance/api/middleware/version_negotiation.py:44}}
Jun 04 12:38:26.088419 np0000002141 devstack@g-api.service[98829]: DEBUG glance.api.middleware.version_negotiation [None req-de045a11-230e-46f4-9994-fd76eef26ade tempest-ServerStableDeviceRescueTest-286912571 tempest-ServerStableDeviceRescueTest-286912571-project-member] Using url versioning {{(pid=98829) process_request /opt/stack/glance/glance/api/middleware/version_negotiation.py:57}}
Jun 04 12:38:26.088567 np0000002141 devstack@g-api.service[98829]: DEBUG glance.api.middleware.version_negotiation [None req-de045a11-230e-46f4-9994-fd76eef26ade tempest-ServerStableDeviceRescueTest-286912571 tempest-ServerStableDeviceRescueTest-286912571-project-member] Matched version: v2 {{(pid=98829) process_request /opt/stack/glance/glance/api/middleware/version_negotiation.py:69}}
Jun 04 12:38:26.088625 np0000002141 devstack@g-api.service[98829]: DEBUG glance.api.middleware.version_negotiation [None req-de045a11-230e-46f4-9994-fd76eef26ade tempest-ServerStableDeviceRescueTest-286912571 tempest-ServerStableDeviceRescueTest-286912571-project-member] new path /v2/images/c111e491-6251-40da-8b2d-cb530c8bb504/file {{(pid=98829) process_request /opt/stack/glance/glance/api/middleware/version_negotiation.py:70}}
Jun 04 12:38:26.611647 np0000002141 devstack@g-api.service[98829]: INFO glance.api.v2.image_data [None req-de045a11-230e-46f4-9994-fd76eef26ade tempest-ServerStableDeviceRescueTest-286912571 tempest-ServerStableDeviceRescueTest-286912571-project-member] Unable to create trust: no such option collect_timing in group [keystone_authtoken] Use the existing user token.
Jun 04 12:38:27.033424 np0000002141 devstack@g-api.service[98828]: DEBUG glance.api.middleware.version_negotiation [None req-de045a11-230e-46f4-9994-fd76eef26ade tempest-ServerStableDeviceRescueTest-286912571 tempest-ServerStableDeviceRescueTest-286912571-project-member] Determining version of request: GET /v2/images/c111e491-6251-40da-8b2d-cb530c8bb504 Accept: */* {{(pid=98828) process_request /opt/stack/glance/glance/api/middleware/version_negotiation.py:44}}
Jun 04 12:38:27.033712 np0000002141 devstack@g-api.service[98828]: DEBUG glance.api.middleware.version_negotiation [None req-de045a11-230e-46f4-9994-fd76eef26ade tempest-ServerStableDeviceRescueTest-286912571 tempest-ServerStableDeviceRescueTest-286912571-project-member] Using url versioning {{(pid=98828) process_request /opt/stack/glance/glance/api/middleware/version_negotiation.py:57}}
Jun 04 12:38:27.033712 np0000002141 devstack@g-api.service[98828]: DEBUG glance.api.middleware.version_negotiation [None req-de045a11-230e-46f4-9994-fd76eef26ade tempest-ServerStableDeviceRescueTest-286912571 tempest-ServerStableDeviceRescueTest-286912571-project-member] Matched version: v2 {{(pid=98828) process_request /opt/stack/glance/glance/api/middleware/version_negotiation.py:69}}
Jun 04 12:38:27.033712 np0000002141 devstack@g-api.service[98828]: DEBUG glance.api.middleware.version_negotiation [None req-de045a11-230e-46f4-9994-fd76eef26ade tempest-ServerStableDeviceRescueTest-286912571 tempest-ServerStableDeviceRescueTest-286912571-project-member] new path /v2/images/c111e491-6251-40da-8b2d-cb530c8bb504 {{(pid=98828) process_request /opt/stack/glance/glance/api/middleware/version_negotiation.py:70}}
Jun 04 12:38:27.053556 np0000002141 devstack@g-api.service[98828]: [pid: 98828|app: 0|req: 65/132] 127.0.0.1 () {44 vars in 1111 bytes} [Thu Jun 4 12:38:27 2026] GET /v2/images/c111e491-6251-40da-8b2d-cb530c8bb504 => generated 1444 bytes in 20 msecs (HTTP/1.1 200) 4 headers in 158 bytes (1 switches on core 0)
Jun 04 12:38:27.069014 np0000002141 devstack@g-api.service[98828]: DEBUG glance.api.middleware.version_negotiation [None req-ba55c117-4854-4777-8921-1d5f148859e3 tempest-ServerStableDeviceRescueTest-286912571 tempest-ServerStableDeviceRescueTest-286912571-project-member] Determining version of request: GET /v2/images/671b0ebe-400a-4be7-a6a4-b48e7b1bc387 Accept: */* {{(pid=98828) process_request /opt/stack/glance/glance/api/middleware/version_negotiation.py:44}}
Jun 04 12:38:27.069173 np0000002141 devstack@g-api.service[98828]: DEBUG glance.api.middleware.version_negotiation [None req-ba55c117-4854-4777-8921-1d5f148859e3 tempest-ServerStableDeviceRescueTest-286912571 tempest-ServerStableDeviceRescueTest-286912571-project-member] Using url versioning {{(pid=98828) process_request /opt/stack/glance/glance/api/middleware/version_negotiation.py:57}}
Jun 04 12:38:27.069230 np0000002141 devstack@g-api.service[98828]: DEBUG glance.api.middleware.version_negotiation [None req-ba55c117-4854-4777-8921-1d5f148859e3 tempest-ServerStableDeviceRescueTest-286912571 tempest-ServerStableDeviceRescueTest-286912571-project-member] Matched version: v2 {{(pid=98828) process_request /opt/stack/glance/glance/api/middleware/version_negotiation.py:69}}
Jun 04 12:38:27.070054 np0000002141 devstack@g-api.service[98828]: DEBUG glance.api.middleware.version_negotiation [None req-ba55c117-4854-4777-8921-1d5f148859e3 tempest-ServerStableDeviceRescueTest-286912571 tempest-ServerStableDeviceRescueTest-286912571-project-member] new path /v2/images/671b0ebe-400a-4be7-a6a4-b48e7b1bc387 {{(pid=98828) process_request /opt/stack/glance/glance/api/middleware/version_negotiation.py:70}}
Jun 04 12:38:27.081291 np0000002141 devstack@g-api.service[98828]: [pid: 98828|app: 0|req: 66/133] 127.0.0.1 () {44 vars in 1111 bytes} [Thu Jun 4 12:38:27 2026] GET /v2/images/671b0ebe-400a-4be7-a6a4-b48e7b1bc387 => generated 1339 bytes in 12 msecs (HTTP/1.1 200) 4 headers in 158 bytes (1 switches on core 0)
Jun 04 12:38:27.102561 np0000002141 devstack@g-api.service[98828]: DEBUG glance.api.middleware.version_negotiation [None req-4d081414-3062-421f-9226-79ba1e5dc075 tempest-AttachVolumeShelveTestJSON-1598865965 tempest-AttachVolumeShelveTestJSON-1598865965-project-member] Determining version of request: GET /v2/schemas/image Accept: */* {{(pid=98828) process_request /opt/stack/glance/glance/api/middleware/version_negotiation.py:44}}
Jun 04 12:38:27.102723 np0000002141 devstack@g-api.service[98828]: DEBUG glance.api.middleware.version_negotiation [None req-4d081414-3062-421f-9226-79ba1e5dc075 tempest-AttachVolumeShelveTestJSON-1598865965 tempest-AttachVolumeShelveTestJSON-1598865965-project-member] Using url versioning {{(pid=98828) process_request /opt/stack/glance/glance/api/middleware/version_negotiation.py:57}}
Jun 04 12:38:27.102849 np0000002141 devstack@g-api.service[98828]: DEBUG glance.api.middleware.version_negotiation [None req-4d081414-3062-421f-9226-79ba1e5dc075 tempest-AttachVolumeShelveTestJSON-1598865965 tempest-AttachVolumeShelveTestJSON-1598865965-project-member] Matched version: v2 {{(pid=98828) process_request /opt/stack/glance/glance/api/middleware/version_negotiation.py:69}}
Jun 04 12:38:27.103037 np0000002141 devstack@g-api.service[98828]: DEBUG glance.api.middleware.version_negotiation [None req-4d081414-3062-421f-9226-79ba1e5dc075 tempest-AttachVolumeShelveTestJSON-1598865965 tempest-AttachVolumeShelveTestJSON-1598865965-project-member] new path /v2/schemas/image {{(pid=98828) process_request /opt/stack/glance/glance/api/middleware/version_negotiation.py:70}}
Jun 04 12:38:27.105181 np0000002141 devstack@g-api.service[98828]: [pid: 98828|app: 0|req: 67/134] 127.0.0.1 () {44 vars in 1051 bytes} [Thu Jun 4 12:38:27 2026] GET /v2/schemas/image => generated 6083 bytes in 3 msecs (HTTP/1.1 200) 4 headers in 158 bytes (1 switches on core 0)
Jun 04 12:38:27.142061 np0000002141 devstack@g-api.service[98828]: DEBUG glance.api.middleware.version_negotiation [None req-ba55c117-4854-4777-8921-1d5f148859e3 tempest-ServerStableDeviceRescueTest-286912571 tempest-ServerStableDeviceRescueTest-286912571-project-member] Determining version of request: GET /v2/schemas/image Accept: */* {{(pid=98828) process_request /opt/stack/glance/glance/api/middleware/version_negotiation.py:44}}
Jun 04 12:38:27.142209 np0000002141 devstack@g-api.service[98828]: DEBUG glance.api.middleware.version_negotiation [None req-ba55c117-4854-4777-8921-1d5f148859e3 tempest-ServerStableDeviceRescueTest-286912571 tempest-ServerStableDeviceRescueTest-286912571-project-member] Using url versioning {{(pid=98828) process_request /opt/stack/glance/glance/api/middleware/version_negotiation.py:57}}
Jun 04 12:38:27.142363 np0000002141 devstack@g-api.service[98828]: DEBUG glance.api.middleware.version_negotiation [None req-ba55c117-4854-4777-8921-1d5f148859e3 tempest-ServerStableDeviceRescueTest-286912571 tempest-ServerStableDeviceRescueTest-286912571-project-member] Matched version: v2 {{(pid=98828) process_request /opt/stack/glance/glance/api/middleware/version_negotiation.py:69}}
Jun 04 12:38:27.142409 np0000002141 devstack@g-api.service[98828]: DEBUG glance.api.middleware.version_negotiation [None req-ba55c117-4854-4777-8921-1d5f148859e3 tempest-ServerStableDeviceRescueTest-286912571 tempest-ServerStableDeviceRescueTest-286912571-project-member] new path /v2/schemas/image {{(pid=98828) process_request /opt/stack/glance/glance/api/middleware/version_negotiation.py:70}}
Jun 04 12:38:27.144515 np0000002141 devstack@g-api.service[98828]: [pid: 98828|app: 0|req: 68/135] 127.0.0.1 () {44 vars in 1051 bytes} [Thu Jun 4 12:38:27 2026] GET /v2/schemas/image => generated 6083 bytes in 2 msecs (HTTP/1.1 200) 4 headers in 158 bytes (1 switches on core 0)
Jun 04 12:38:27.180238 np0000002141 devstack@g-api.service[98829]: DEBUG glance.location [None req-de045a11-230e-46f4-9994-fd76eef26ade tempest-ServerStableDeviceRescueTest-286912571 tempest-ServerStableDeviceRescueTest-286912571-project-member] Enabling in-flight format inspection for qcow2 {{(pid=98829) set_data /opt/stack/glance/glance/location.py:616}}
Jun 04 12:38:27.180707 np0000002141 devstack@g-api.service[98829]: DEBUG glance_store.backend [None req-de045a11-230e-46f4-9994-fd76eef26ade tempest-ServerStableDeviceRescueTest-286912571 tempest-ServerStableDeviceRescueTest-286912571-project-member] Attempting to import store swift {{(pid=98829) _load_store /opt/stack/data/venv/lib/python3.12/site-packages/glance_store/backend.py:215}}
Jun 04 12:38:27.181947 np0000002141 devstack@g-api.service[98829]: DEBUG glance_store.capabilities [None req-de045a11-230e-46f4-9994-fd76eef26ade tempest-ServerStableDeviceRescueTest-286912571 tempest-ServerStableDeviceRescueTest-286912571-project-member] Store glance_store._drivers.swift.store.SingleTenantStore doesn't support updating dynamic storage capabilities. Please overwrite 'update_capabilities' method of the store to implement updating logics if needed. {{(pid=98829) update_capabilities /opt/stack/data/venv/lib/python3.12/site-packages/glance_store/capabilities.py:91}}
Jun 04 12:38:27.182079 np0000002141 devstack@g-api.service[98829]: DEBUG glance_store.driver [None req-de045a11-230e-46f4-9994-fd76eef26ade tempest-ServerStableDeviceRescueTest-286912571 tempest-ServerStableDeviceRescueTest-286912571-project-member] Late loading location class glance_store._drivers.swift.store.StoreLocation {{(pid=98829) get_store_location_class /opt/stack/data/venv/lib/python3.12/site-packages/glance_store/driver.py:134}}
Jun 04 12:38:27.182225 np0000002141 devstack@g-api.service[98829]: DEBUG glance_store.location [None req-de045a11-230e-46f4-9994-fd76eef26ade tempest-ServerStableDeviceRescueTest-286912571 tempest-ServerStableDeviceRescueTest-286912571-project-member] Registering scheme swift+https with {'store': , 'location_class': , 'store_entry': 'swift'} {{(pid=98829) register_scheme_map /opt/stack/data/venv/lib/python3.12/site-packages/glance_store/location.py:146}}
Jun 04 12:38:27.182343 np0000002141 devstack@g-api.service[98829]: DEBUG glance_store.location [None req-de045a11-230e-46f4-9994-fd76eef26ade tempest-ServerStableDeviceRescueTest-286912571 tempest-ServerStableDeviceRescueTest-286912571-project-member] Registering scheme swift+https with {'store': , 'location_class': , 'store_entry': 'swift'} {{(pid=98829) register_scheme_map /opt/stack/data/venv/lib/python3.12/site-packages/glance_store/location.py:146}}
Jun 04 12:38:27.182466 np0000002141 devstack@g-api.service[98829]: DEBUG glance_store.location [None req-de045a11-230e-46f4-9994-fd76eef26ade tempest-ServerStableDeviceRescueTest-286912571 tempest-ServerStableDeviceRescueTest-286912571-project-member] Registering scheme swift with {'store': , 'location_class': , 'store_entry': 'swift'} {{(pid=98829) register_scheme_map /opt/stack/data/venv/lib/python3.12/site-packages/glance_store/location.py:146}}
Jun 04 12:38:27.182568 np0000002141 devstack@g-api.service[98828]: DEBUG glance.api.middleware.version_negotiation [None req-4d081414-3062-421f-9226-79ba1e5dc075 tempest-AttachVolumeShelveTestJSON-1598865965 tempest-AttachVolumeShelveTestJSON-1598865965-project-member] Determining version of request: GET /v2/schemas/image Accept: */* {{(pid=98828) process_request /opt/stack/glance/glance/api/middleware/version_negotiation.py:44}}
Jun 04 12:38:27.182630 np0000002141 devstack@g-api.service[98829]: DEBUG glance_store.location [None req-de045a11-230e-46f4-9994-fd76eef26ade tempest-ServerStableDeviceRescueTest-286912571 tempest-ServerStableDeviceRescueTest-286912571-project-member] Registering scheme swift+https with {'store': , 'location_class': , 'store_entry': 'swift'} {{(pid=98829) register_scheme_map /opt/stack/data/venv/lib/python3.12/site-packages/glance_store/location.py:146}}
Jun 04 12:38:27.182700 np0000002141 devstack@g-api.service[98829]: DEBUG glance_store.location [None req-de045a11-230e-46f4-9994-fd76eef26ade tempest-ServerStableDeviceRescueTest-286912571 tempest-ServerStableDeviceRescueTest-286912571-project-member] Registering scheme swift with {'store': , 'location_class': , 'store_entry': 'swift'} {{(pid=98829) register_scheme_map /opt/stack/data/venv/lib/python3.12/site-packages/glance_store/location.py:146}}
Jun 04 12:38:27.182779 np0000002141 devstack@g-api.service[98828]: DEBUG glance.api.middleware.version_negotiation [None req-4d081414-3062-421f-9226-79ba1e5dc075 tempest-AttachVolumeShelveTestJSON-1598865965 tempest-AttachVolumeShelveTestJSON-1598865965-project-member] Using url versioning {{(pid=98828) process_request /opt/stack/glance/glance/api/middleware/version_negotiation.py:57}}
Jun 04 12:38:27.182833 np0000002141 devstack@g-api.service[98828]: DEBUG glance.api.middleware.version_negotiation [None req-4d081414-3062-421f-9226-79ba1e5dc075 tempest-AttachVolumeShelveTestJSON-1598865965 tempest-AttachVolumeShelveTestJSON-1598865965-project-member] Matched version: v2 {{(pid=98828) process_request /opt/stack/glance/glance/api/middleware/version_negotiation.py:69}}
Jun 04 12:38:27.182881 np0000002141 devstack@g-api.service[98829]: DEBUG glance_store.location [None req-de045a11-230e-46f4-9994-fd76eef26ade tempest-ServerStableDeviceRescueTest-286912571 tempest-ServerStableDeviceRescueTest-286912571-project-member] Registering scheme swift+http with {'store': , 'location_class': , 'store_entry': 'swift'} {{(pid=98829) register_scheme_map /opt/stack/data/venv/lib/python3.12/site-packages/glance_store/location.py:146}}
Jun 04 12:38:27.182974 np0000002141 devstack@g-api.service[98828]: DEBUG glance.api.middleware.version_negotiation [None req-4d081414-3062-421f-9226-79ba1e5dc075 tempest-AttachVolumeShelveTestJSON-1598865965 tempest-AttachVolumeShelveTestJSON-1598865965-project-member] new path /v2/schemas/image {{(pid=98828) process_request /opt/stack/glance/glance/api/middleware/version_negotiation.py:70}}
Jun 04 12:38:27.183140 np0000002141 devstack@g-api.service[98829]: DEBUG glance_store.location [None req-de045a11-230e-46f4-9994-fd76eef26ade tempest-ServerStableDeviceRescueTest-286912571 tempest-ServerStableDeviceRescueTest-286912571-project-member] Registering scheme swift+https with {'store': , 'location_class': , 'store_entry': 'swift'} {{(pid=98829) register_scheme_map /opt/stack/data/venv/lib/python3.12/site-packages/glance_store/location.py:146}}
Jun 04 12:38:27.183315 np0000002141 devstack@g-api.service[98829]: DEBUG glance_store.location [None req-de045a11-230e-46f4-9994-fd76eef26ade tempest-ServerStableDeviceRescueTest-286912571 tempest-ServerStableDeviceRescueTest-286912571-project-member] Registering scheme swift with {'store': , 'location_class': , 'store_entry': 'swift'} {{(pid=98829) register_scheme_map /opt/stack/data/venv/lib/python3.12/site-packages/glance_store/location.py:146}}
Jun 04 12:38:27.183490 np0000002141 devstack@g-api.service[98829]: DEBUG glance_store.location [None req-de045a11-230e-46f4-9994-fd76eef26ade tempest-ServerStableDeviceRescueTest-286912571 tempest-ServerStableDeviceRescueTest-286912571-project-member] Registering scheme swift+http with {'store': , 'location_class': , 'store_entry': 'swift'} {{(pid=98829) register_scheme_map /opt/stack/data/venv/lib/python3.12/site-packages/glance_store/location.py:146}}
Jun 04 12:38:27.183642 np0000002141 devstack@g-api.service[98829]: DEBUG glance_store.location [None req-de045a11-230e-46f4-9994-fd76eef26ade tempest-ServerStableDeviceRescueTest-286912571 tempest-ServerStableDeviceRescueTest-286912571-project-member] Registering scheme swift+config with {'store': , 'location_class': , 'store_entry': 'swift'} {{(pid=98829) register_scheme_map /opt/stack/data/venv/lib/python3.12/site-packages/glance_store/location.py:146}}
Jun 04 12:38:27.185037 np0000002141 devstack@g-api.service[98828]: [pid: 98828|app: 0|req: 69/136] 127.0.0.1 () {44 vars in 1051 bytes} [Thu Jun 4 12:38:27 2026] GET /v2/schemas/image => generated 6083 bytes in 2 msecs (HTTP/1.1 200) 4 headers in 158 bytes (1 switches on core 0)
Jun 04 12:38:27.218843 np0000002141 devstack@g-api.service[98828]: DEBUG glance.api.middleware.version_negotiation [None req-4d081414-3062-421f-9226-79ba1e5dc075 tempest-AttachVolumeShelveTestJSON-1598865965 tempest-AttachVolumeShelveTestJSON-1598865965-project-member] Determining version of request: PATCH /v2/images/671b0ebe-400a-4be7-a6a4-b48e7b1bc387 Accept: */* {{(pid=98828) process_request /opt/stack/glance/glance/api/middleware/version_negotiation.py:44}}
Jun 04 12:38:27.218984 np0000002141 devstack@g-api.service[98828]: DEBUG glance.api.middleware.version_negotiation [None req-4d081414-3062-421f-9226-79ba1e5dc075 tempest-AttachVolumeShelveTestJSON-1598865965 tempest-AttachVolumeShelveTestJSON-1598865965-project-member] Using url versioning {{(pid=98828) process_request /opt/stack/glance/glance/api/middleware/version_negotiation.py:57}}
Jun 04 12:38:27.219079 np0000002141 devstack@g-api.service[98828]: DEBUG glance.api.middleware.version_negotiation [None req-4d081414-3062-421f-9226-79ba1e5dc075 tempest-AttachVolumeShelveTestJSON-1598865965 tempest-AttachVolumeShelveTestJSON-1598865965-project-member] Matched version: v2 {{(pid=98828) process_request /opt/stack/glance/glance/api/middleware/version_negotiation.py:69}}
Jun 04 12:38:27.219172 np0000002141 devstack@g-api.service[98828]: DEBUG glance.api.middleware.version_negotiation [None req-4d081414-3062-421f-9226-79ba1e5dc075 tempest-AttachVolumeShelveTestJSON-1598865965 tempest-AttachVolumeShelveTestJSON-1598865965-project-member] new path /v2/images/671b0ebe-400a-4be7-a6a4-b48e7b1bc387 {{(pid=98828) process_request /opt/stack/glance/glance/api/middleware/version_negotiation.py:70}}
Jun 04 12:38:27.372355 np0000002141 devstack@g-api.service[98828]: [pid: 98828|app: 0|req: 70/137] 127.0.0.1 () {46 vars in 1154 bytes} [Thu Jun 4 12:38:27 2026] PATCH /v2/images/671b0ebe-400a-4be7-a6a4-b48e7b1bc387 => generated 1450 bytes in 153 msecs (HTTP/1.1 200) 4 headers in 158 bytes (1 switches on core 0)
Jun 04 12:38:27.406999 np0000002141 devstack@g-api.service[98828]: DEBUG glance.api.middleware.version_negotiation [None req-4d081414-3062-421f-9226-79ba1e5dc075 tempest-AttachVolumeShelveTestJSON-1598865965 tempest-AttachVolumeShelveTestJSON-1598865965-project-member] Determining version of request: GET /v2/images/671b0ebe-400a-4be7-a6a4-b48e7b1bc387 Accept: */* {{(pid=98828) process_request /opt/stack/glance/glance/api/middleware/version_negotiation.py:44}}
Jun 04 12:38:27.407166 np0000002141 devstack@g-api.service[98828]: DEBUG glance.api.middleware.version_negotiation [None req-4d081414-3062-421f-9226-79ba1e5dc075 tempest-AttachVolumeShelveTestJSON-1598865965 tempest-AttachVolumeShelveTestJSON-1598865965-project-member] Using url versioning {{(pid=98828) process_request /opt/stack/glance/glance/api/middleware/version_negotiation.py:57}}
Jun 04 12:38:27.407329 np0000002141 devstack@g-api.service[98828]: DEBUG glance.api.middleware.version_negotiation [None req-4d081414-3062-421f-9226-79ba1e5dc075 tempest-AttachVolumeShelveTestJSON-1598865965 tempest-AttachVolumeShelveTestJSON-1598865965-project-member] Matched version: v2 {{(pid=98828) process_request /opt/stack/glance/glance/api/middleware/version_negotiation.py:69}}
Jun 04 12:38:27.407469 np0000002141 devstack@g-api.service[98828]: DEBUG glance.api.middleware.version_negotiation [None req-4d081414-3062-421f-9226-79ba1e5dc075 tempest-AttachVolumeShelveTestJSON-1598865965 tempest-AttachVolumeShelveTestJSON-1598865965-project-member] new path /v2/images/671b0ebe-400a-4be7-a6a4-b48e7b1bc387 {{(pid=98828) process_request /opt/stack/glance/glance/api/middleware/version_negotiation.py:70}}
Jun 04 12:38:27.419678 np0000002141 devstack@g-api.service[98828]: [pid: 98828|app: 0|req: 71/138] 127.0.0.1 () {44 vars in 1111 bytes} [Thu Jun 4 12:38:27 2026] GET /v2/images/671b0ebe-400a-4be7-a6a4-b48e7b1bc387 => generated 1450 bytes in 13 msecs (HTTP/1.1 200) 4 headers in 158 bytes (1 switches on core 0)
Jun 04 12:38:27.454294 np0000002141 devstack@g-api.service[98828]: DEBUG glance.api.middleware.version_negotiation [None req-4d081414-3062-421f-9226-79ba1e5dc075 tempest-AttachVolumeShelveTestJSON-1598865965 tempest-AttachVolumeShelveTestJSON-1598865965-project-member] Determining version of request: PUT /v2/images/671b0ebe-400a-4be7-a6a4-b48e7b1bc387/file Accept: */* {{(pid=98828) process_request /opt/stack/glance/glance/api/middleware/version_negotiation.py:44}}
Jun 04 12:38:27.454510 np0000002141 devstack@g-api.service[98828]: DEBUG glance.api.middleware.version_negotiation [None req-4d081414-3062-421f-9226-79ba1e5dc075 tempest-AttachVolumeShelveTestJSON-1598865965 tempest-AttachVolumeShelveTestJSON-1598865965-project-member] Using url versioning {{(pid=98828) process_request /opt/stack/glance/glance/api/middleware/version_negotiation.py:57}}
Jun 04 12:38:27.454692 np0000002141 devstack@g-api.service[98828]: DEBUG glance.api.middleware.version_negotiation [None req-4d081414-3062-421f-9226-79ba1e5dc075 tempest-AttachVolumeShelveTestJSON-1598865965 tempest-AttachVolumeShelveTestJSON-1598865965-project-member] Matched version: v2 {{(pid=98828) process_request /opt/stack/glance/glance/api/middleware/version_negotiation.py:69}}
Jun 04 12:38:27.454829 np0000002141 devstack@g-api.service[98828]: DEBUG glance.api.middleware.version_negotiation [None req-4d081414-3062-421f-9226-79ba1e5dc075 tempest-AttachVolumeShelveTestJSON-1598865965 tempest-AttachVolumeShelveTestJSON-1598865965-project-member] new path /v2/images/671b0ebe-400a-4be7-a6a4-b48e7b1bc387/file {{(pid=98828) process_request /opt/stack/glance/glance/api/middleware/version_negotiation.py:70}}
Jun 04 12:38:27.564080 np0000002141 devstack@g-api.service[98829]: DEBUG swiftclient [None req-de045a11-230e-46f4-9994-fd76eef26ade tempest-ServerStableDeviceRescueTest-286912571 tempest-ServerStableDeviceRescueTest-286912571-project-member] REQ: curl -i https://10.4.3.51:8080/v1/AUTH_d77d1db8a68343538513c6e8278d0c71/glance -I -H "X-Auth-Token: gAAAAABqIXHDmjFo..." {{(pid=98829) http_log /opt/stack/data/venv/lib/python3.12/site-packages/swiftclient/client.py:160}}
Jun 04 12:38:27.564234 np0000002141 devstack@g-api.service[98829]: DEBUG swiftclient [None req-de045a11-230e-46f4-9994-fd76eef26ade tempest-ServerStableDeviceRescueTest-286912571 tempest-ServerStableDeviceRescueTest-286912571-project-member] RESP STATUS: 204 No Content {{(pid=98829) http_log /opt/stack/data/venv/lib/python3.12/site-packages/swiftclient/client.py:161}}
Jun 04 12:38:27.564395 np0000002141 devstack@g-api.service[98829]: DEBUG swiftclient [None req-de045a11-230e-46f4-9994-fd76eef26ade tempest-ServerStableDeviceRescueTest-286912571 tempest-ServerStableDeviceRescueTest-286912571-project-member] RESP HEADERS: {'Date': 'Thu, 04 Jun 2026 12:38:27 GMT', 'Server': 'Apache/2.4.58 (Ubuntu)', 'Content-Type': 'text/plain; charset=utf-8', 'X-Container-Object-Count': '7', 'X-Container-Bytes-Used': '109576192', 'X-Timestamp': '1780576499.20059', 'Last-Modified': 'Thu, 04 Jun 2026 12:35:00 GMT', 'Accept-Ranges': 'bytes', 'X-Storage-Policy': 'Policy-0', 'X-Container-Sharding': 'False', 'Vary': 'Accept', 'X-Trans-Id': 'tx1b8c80f289884731a1c39-006a2171c3', 'X-Openstack-Request-Id': 'tx1b8c80f289884731a1c39-006a2171c3', 'Connection': 'close'} {{(pid=98829) http_log /opt/stack/data/venv/lib/python3.12/site-packages/swiftclient/client.py:162}}
Jun 04 12:38:27.564555 np0000002141 devstack@g-api.service[98829]: DEBUG glance_store._drivers.swift.store [None req-de045a11-230e-46f4-9994-fd76eef26ade tempest-ServerStableDeviceRescueTest-286912571 tempest-ServerStableDeviceRescueTest-286912571-project-member] Adding image object 'c111e491-6251-40da-8b2d-cb530c8bb504' to Swift {{(pid=98829) add /opt/stack/data/venv/lib/python3.12/site-packages/glance_store/_drivers/swift/store.py:970}}
Jun 04 12:38:27.564629 np0000002141 devstack@g-api.service[98829]: DEBUG glance_store._drivers.swift.store [None req-de045a11-230e-46f4-9994-fd76eef26ade tempest-ServerStableDeviceRescueTest-286912571 tempest-ServerStableDeviceRescueTest-286912571-project-member] Cannot determine image size because it is either not provided in the request or chunked-transfer encoding is used. Adding image as a segmented object to Swift. {{(pid=98829) add /opt/stack/data/venv/lib/python3.12/site-packages/glance_store/_drivers/swift/store.py:994}}
Jun 04 12:38:27.574028 np0000002141 devstack@g-api.service[98829]: DEBUG oslo_utils.imageutils.format_inspector [None req-de045a11-230e-46f4-9994-fd76eef26ade tempest-ServerStableDeviceRescueTest-286912571 tempest-ServerStableDeviceRescueTest-286912571-project-member] Format inspector for vmdk does not match, excluding from consideration (Signature KDMV not found: b'QFI\xfb') {{(pid=98829) _process_chunk /opt/stack/data/venv/lib/python3.12/site-packages/oslo_utils/imageutils/format_inspector.py:1758}}
Jun 04 12:38:27.577188 np0000002141 devstack@g-api.service[98829]: DEBUG oslo_utils.imageutils.format_inspector [None req-de045a11-230e-46f4-9994-fd76eef26ade tempest-ServerStableDeviceRescueTest-286912571 tempest-ServerStableDeviceRescueTest-286912571-project-member] Format inspector for vhdx does not match, excluding from consideration (Region signature not found at 30000) {{(pid=98829) _process_chunk /opt/stack/data/venv/lib/python3.12/site-packages/oslo_utils/imageutils/format_inspector.py:1758}}
Jun 04 12:38:28.130057 np0000002141 devstack@g-api.service[98829]: DEBUG swiftclient [None req-de045a11-230e-46f4-9994-fd76eef26ade tempest-ServerStableDeviceRescueTest-286912571 tempest-ServerStableDeviceRescueTest-286912571-project-member] REQ: curl -i https://10.4.3.51:8080/v1/AUTH_d77d1db8a68343538513c6e8278d0c71/glance/c111e491-6251-40da-8b2d-cb530c8bb504-00001 -X PUT -H "X-Auth-Token: gAAAAABqIXHDmjFo..." {{(pid=98829) http_log /opt/stack/data/venv/lib/python3.12/site-packages/swiftclient/client.py:160}}
Jun 04 12:38:28.130199 np0000002141 devstack@g-api.service[98829]: DEBUG swiftclient [None req-de045a11-230e-46f4-9994-fd76eef26ade tempest-ServerStableDeviceRescueTest-286912571 tempest-ServerStableDeviceRescueTest-286912571-project-member] RESP STATUS: 201 Created {{(pid=98829) http_log /opt/stack/data/venv/lib/python3.12/site-packages/swiftclient/client.py:161}}
Jun 04 12:38:28.130633 np0000002141 devstack@g-api.service[98829]: DEBUG swiftclient [None req-de045a11-230e-46f4-9994-fd76eef26ade tempest-ServerStableDeviceRescueTest-286912571 tempest-ServerStableDeviceRescueTest-286912571-project-member] RESP HEADERS: {'Date': 'Thu, 04 Jun 2026 12:38:28 GMT', 'Server': 'Apache/2.4.58 (Ubuntu)', 'Content-Type': 'text/html; charset=UTF-8', 'Content-Length': '0', 'Etag': '9206de9d7cc229f2bffbf50c16105730', 'Last-Modified': 'Thu, 04 Jun 2026 12:38:28 GMT', 'X-Trans-Id': 'txd0d4ffac48f3413bb666d-006a2171c3', 'X-Openstack-Request-Id': 'txd0d4ffac48f3413bb666d-006a2171c3', 'Connection': 'close'} {{(pid=98829) http_log /opt/stack/data/venv/lib/python3.12/site-packages/swiftclient/client.py:162}}
Jun 04 12:38:28.130775 np0000002141 devstack@g-api.service[98829]: DEBUG glance_store._drivers.swift.store [None req-de045a11-230e-46f4-9994-fd76eef26ade tempest-ServerStableDeviceRescueTest-286912571 tempest-ServerStableDeviceRescueTest-286912571-project-member] Wrote chunk c111e491-6251-40da-8b2d-cb530c8bb504-00001 (1/?) of length 53542912 to Swift returning MD5 of content: 9206de9d7cc229f2bffbf50c16105730 {{(pid=98829) add /opt/stack/data/venv/lib/python3.12/site-packages/glance_store/_drivers/swift/store.py:1059}}
Jun 04 12:38:28.131078 np0000002141 devstack@g-api.service[98829]: DEBUG glance_store._drivers.swift.store [None req-de045a11-230e-46f4-9994-fd76eef26ade tempest-ServerStableDeviceRescueTest-286912571 tempest-ServerStableDeviceRescueTest-286912571-project-member] Not writing zero-length chunk. {{(pid=98829) add /opt/stack/data/venv/lib/python3.12/site-packages/glance_store/_drivers/swift/store.py:1028}}
Jun 04 12:38:28.160298 np0000002141 devstack@g-api.service[98829]: DEBUG swiftclient [None req-de045a11-230e-46f4-9994-fd76eef26ade tempest-ServerStableDeviceRescueTest-286912571 tempest-ServerStableDeviceRescueTest-286912571-project-member] REQ: curl -i https://10.4.3.51:8080/v1/AUTH_d77d1db8a68343538513c6e8278d0c71/glance/c111e491-6251-40da-8b2d-cb530c8bb504 -X PUT -H "X-Object-Manifest: glance/c111e491-6251-40da-8b2d-cb530c8bb504-" -H "X-Auth-Token: gAAAAABqIXHDmjFo..." -H "Content-Length: 0" {{(pid=98829) http_log /opt/stack/data/venv/lib/python3.12/site-packages/swiftclient/client.py:160}}
Jun 04 12:38:28.160298 np0000002141 devstack@g-api.service[98829]: DEBUG swiftclient [None req-de045a11-230e-46f4-9994-fd76eef26ade tempest-ServerStableDeviceRescueTest-286912571 tempest-ServerStableDeviceRescueTest-286912571-project-member] RESP STATUS: 201 Created {{(pid=98829) http_log /opt/stack/data/venv/lib/python3.12/site-packages/swiftclient/client.py:161}}
Jun 04 12:38:28.160298 np0000002141 devstack@g-api.service[98829]: DEBUG swiftclient [None req-de045a11-230e-46f4-9994-fd76eef26ade tempest-ServerStableDeviceRescueTest-286912571 tempest-ServerStableDeviceRescueTest-286912571-project-member] RESP HEADERS: {'Date': 'Thu, 04 Jun 2026 12:38:28 GMT', 'Server': 'Apache/2.4.58 (Ubuntu)', 'Content-Type': 'text/html; charset=UTF-8', 'Content-Length': '0', 'Etag': 'd41d8cd98f00b204e9800998ecf8427e', 'Last-Modified': 'Thu, 04 Jun 2026 12:38:29 GMT', 'X-Trans-Id': 'tx86cbb1360c8d4d74945c5-006a2171c4', 'X-Openstack-Request-Id': 'tx86cbb1360c8d4d74945c5-006a2171c4', 'Connection': 'close'} {{(pid=98829) http_log /opt/stack/data/venv/lib/python3.12/site-packages/swiftclient/client.py:162}}
Jun 04 12:38:28.160298 np0000002141 devstack@g-api.service[98829]: INFO glance.location [None req-de045a11-230e-46f4-9994-fd76eef26ade tempest-ServerStableDeviceRescueTest-286912571 tempest-ServerStableDeviceRescueTest-286912571-project-member] Image format matched and virtual size computed: 1073741824
Jun 04 12:38:28.190764 np0000002141 devstack@g-api.service[98828]: INFO glance.api.v2.image_data [None req-4d081414-3062-421f-9226-79ba1e5dc075 tempest-AttachVolumeShelveTestJSON-1598865965 tempest-AttachVolumeShelveTestJSON-1598865965-project-member] Unable to create trust: no such option collect_timing in group [keystone_authtoken] Use the existing user token.
Jun 04 12:38:28.201015 np0000002141 devstack@g-api.service[98829]: DEBUG glance_store.backend [None req-de045a11-230e-46f4-9994-fd76eef26ade tempest-ServerStableDeviceRescueTest-286912571 tempest-ServerStableDeviceRescueTest-286912571-project-member] Attempting to import store swift {{(pid=98829) _load_store /opt/stack/data/venv/lib/python3.12/site-packages/glance_store/backend.py:215}}
Jun 04 12:38:28.204461 np0000002141 devstack@g-api.service[98829]: DEBUG glance_store.capabilities [None req-de045a11-230e-46f4-9994-fd76eef26ade tempest-ServerStableDeviceRescueTest-286912571 tempest-ServerStableDeviceRescueTest-286912571-project-member] Store glance_store._drivers.swift.store.SingleTenantStore doesn't support updating dynamic storage capabilities. Please overwrite 'update_capabilities' method of the store to implement updating logics if needed. {{(pid=98829) update_capabilities /opt/stack/data/venv/lib/python3.12/site-packages/glance_store/capabilities.py:91}}
Jun 04 12:38:28.204461 np0000002141 devstack@g-api.service[98829]: DEBUG glance_store.driver [None req-de045a11-230e-46f4-9994-fd76eef26ade tempest-ServerStableDeviceRescueTest-286912571 tempest-ServerStableDeviceRescueTest-286912571-project-member] Late loading location class glance_store._drivers.swift.store.StoreLocation {{(pid=98829) get_store_location_class /opt/stack/data/venv/lib/python3.12/site-packages/glance_store/driver.py:134}}
