Jul 24 07:18:48.202668 np0000005819 nova-conductor[95901]: DEBUG cotyledon.oslo_config_glue [-] oslo_messaging_rabbit.rabbit_quorum_delivery_limit = 0 {{(pid=95901) log_opt_values /opt/stack/data/venv/lib/python3.12/site-packages/oslo_config/cfg.py:3253}}
Jul 24 07:18:48.202668 np0000005819 nova-conductor[95901]: DEBUG cotyledon.oslo_config_glue [-] oslo_messaging_rabbit.rabbit_quorum_max_memory_bytes = 0 {{(pid=95901) log_opt_values /opt/stack/data/venv/lib/python3.12/site-packages/oslo_config/cfg.py:3253}}
Jul 24 07:18:48.202668 np0000005819 nova-conductor[95901]: DEBUG cotyledon.oslo_config_glue [-] oslo_messaging_rabbit.rabbit_quorum_max_memory_length = 0 {{(pid=95901) log_opt_values /opt/stack/data/venv/lib/python3.12/site-packages/oslo_config/cfg.py:3253}}
Jul 24 07:18:48.202865 np0000005819 nova-conductor[95901]: DEBUG cotyledon.oslo_config_glue [-] oslo_messaging_rabbit.rabbit_quorum_queue = False {{(pid=95901) log_opt_values /opt/stack/data/venv/lib/python3.12/site-packages/oslo_config/cfg.py:3253}}
Jul 24 07:18:48.202865 np0000005819 nova-conductor[95901]: DEBUG cotyledon.oslo_config_glue [-] oslo_messaging_rabbit.rabbit_retry_backoff = 2 {{(pid=95901) log_opt_values /opt/stack/data/venv/lib/python3.12/site-packages/oslo_config/cfg.py:3253}}
Jul 24 07:18:48.202865 np0000005819 nova-conductor[95901]: DEBUG cotyledon.oslo_config_glue [-] oslo_messaging_rabbit.rabbit_retry_interval = 1 {{(pid=95901) log_opt_values /opt/stack/data/venv/lib/python3.12/site-packages/oslo_config/cfg.py:3253}}
Jul 24 07:18:48.202865 np0000005819 nova-conductor[95901]: DEBUG cotyledon.oslo_config_glue [-] oslo_messaging_rabbit.rabbit_stream_fanout = False {{(pid=95901) log_opt_values /opt/stack/data/venv/lib/python3.12/site-packages/oslo_config/cfg.py:3253}}
Jul 24 07:18:48.202865 np0000005819 nova-conductor[95901]: DEBUG cotyledon.oslo_config_glue [-] oslo_messaging_rabbit.rabbit_transient_queues_ttl = 1800 {{(pid=95901) log_opt_values /opt/stack/data/venv/lib/python3.12/site-packages/oslo_config/cfg.py:3253}}
Jul 24 07:18:48.202865 np0000005819 nova-conductor[95901]: DEBUG cotyledon.oslo_config_glue [-] oslo_messaging_rabbit.rabbit_transient_quorum_queue = False {{(pid=95901) log_opt_values /opt/stack/data/venv/lib/python3.12/site-packages/oslo_config/cfg.py:3253}}
Jul 24 07:18:48.202865 np0000005819 nova-conductor[95901]: DEBUG cotyledon.oslo_config_glue [-] oslo_messaging_rabbit.rpc_conn_pool_size = 30 {{(pid=95901) log_opt_values /opt/stack/data/venv/lib/python3.12/site-packages/oslo_config/cfg.py:3253}}
Jul 24 07:18:48.202865 np0000005819 nova-conductor[95901]: DEBUG cotyledon.oslo_config_glue [-] oslo_messaging_rabbit.ssl = False {{(pid=95901) log_opt_values /opt/stack/data/venv/lib/python3.12/site-packages/oslo_config/cfg.py:3253}}
Jul 24 07:18:48.202865 np0000005819 nova-conductor[95901]: DEBUG cotyledon.oslo_config_glue [-] oslo_messaging_rabbit.ssl_ca_file = {{(pid=95901) log_opt_values /opt/stack/data/venv/lib/python3.12/site-packages/oslo_config/cfg.py:3253}}
Jul 24 07:18:48.203058 np0000005819 nova-conductor[95901]: DEBUG cotyledon.oslo_config_glue [-] oslo_messaging_rabbit.ssl_cert_file = {{(pid=95901) log_opt_values /opt/stack/data/venv/lib/python3.12/site-packages/oslo_config/cfg.py:3253}}
Jul 24 07:18:48.203058 np0000005819 nova-conductor[95901]: DEBUG cotyledon.oslo_config_glue [-] oslo_messaging_rabbit.ssl_enforce_fips_mode = False {{(pid=95901) log_opt_values /opt/stack/data/venv/lib/python3.12/site-packages/oslo_config/cfg.py:3253}}
Jul 24 07:18:48.203058 np0000005819 nova-conductor[95901]: DEBUG cotyledon.oslo_config_glue [-] oslo_messaging_rabbit.ssl_enforce_hostname_verification = True {{(pid=95901) log_opt_values /opt/stack/data/venv/lib/python3.12/site-packages/oslo_config/cfg.py:3253}}
Jul 24 07:18:48.203058 np0000005819 nova-conductor[95901]: DEBUG cotyledon.oslo_config_glue [-] oslo_messaging_rabbit.ssl_key_file = {{(pid=95901) log_opt_values /opt/stack/data/venv/lib/python3.12/site-packages/oslo_config/cfg.py:3253}}
Jul 24 07:18:48.203058 np0000005819 nova-conductor[95901]: DEBUG cotyledon.oslo_config_glue [-] oslo_messaging_rabbit.ssl_version = {{(pid=95901) log_opt_values /opt/stack/data/venv/lib/python3.12/site-packages/oslo_config/cfg.py:3253}}
Jul 24 07:18:48.203058 np0000005819 nova-conductor[95901]: DEBUG cotyledon.oslo_config_glue [-] oslo_messaging_rabbit.use_queue_manager = False {{(pid=95901) log_opt_values /opt/stack/data/venv/lib/python3.12/site-packages/oslo_config/cfg.py:3253}}
Jul 24 07:18:48.203058 np0000005819 nova-conductor[95901]: DEBUG cotyledon.oslo_config_glue [-] oslo_messaging_notifications.driver = ['messagingv2'] {{(pid=95901) log_opt_values /opt/stack/data/venv/lib/python3.12/site-packages/oslo_config/cfg.py:3253}}
Jul 24 07:18:48.203058 np0000005819 nova-conductor[95901]: DEBUG cotyledon.oslo_config_glue [-] oslo_messaging_notifications.retry = -1 {{(pid=95901) log_opt_values /opt/stack/data/venv/lib/python3.12/site-packages/oslo_config/cfg.py:3253}}
Jul 24 07:18:48.203238 np0000005819 nova-conductor[95896]: INFO nova.service [-] Starting conductor node (version 33.1.0)
Jul 24 07:18:48.203264 np0000005819 nova-conductor[95901]: DEBUG cotyledon.oslo_config_glue [-] oslo_messaging_notifications.topics = ['notifications'] {{(pid=95901) log_opt_values /opt/stack/data/venv/lib/python3.12/site-packages/oslo_config/cfg.py:3253}}
Jul 24 07:18:48.203264 np0000005819 nova-conductor[95901]: DEBUG cotyledon.oslo_config_glue [-] oslo_messaging_notifications.transport_url = **** {{(pid=95901) log_opt_values /opt/stack/data/venv/lib/python3.12/site-packages/oslo_config/cfg.py:3253}}
Jul 24 07:18:48.203264 np0000005819 nova-conductor[95901]: DEBUG cotyledon.oslo_config_glue [-] oslo_limit.auth_section = None {{(pid=95901) log_opt_values /opt/stack/data/venv/lib/python3.12/site-packages/oslo_config/cfg.py:3253}}
Jul 24 07:18:48.203264 np0000005819 nova-conductor[95901]: DEBUG cotyledon.oslo_config_glue [-] oslo_limit.auth_type = None {{(pid=95901) log_opt_values /opt/stack/data/venv/lib/python3.12/site-packages/oslo_config/cfg.py:3253}}
Jul 24 07:18:48.203264 np0000005819 nova-conductor[95901]: DEBUG cotyledon.oslo_config_glue [-] oslo_limit.cafile = None {{(pid=95901) log_opt_values /opt/stack/data/venv/lib/python3.12/site-packages/oslo_config/cfg.py:3253}}
Jul 24 07:18:48.203264 np0000005819 nova-conductor[95901]: DEBUG cotyledon.oslo_config_glue [-] oslo_limit.certfile = None {{(pid=95901) log_opt_values /opt/stack/data/venv/lib/python3.12/site-packages/oslo_config/cfg.py:3253}}
Jul 24 07:18:48.203264 np0000005819 nova-conductor[95901]: DEBUG cotyledon.oslo_config_glue [-] oslo_limit.collect_timing = False {{(pid=95901) log_opt_values /opt/stack/data/venv/lib/python3.12/site-packages/oslo_config/cfg.py:3253}}
Jul 24 07:18:48.203264 np0000005819 nova-conductor[95901]: DEBUG cotyledon.oslo_config_glue [-] oslo_limit.connect_retries = None {{(pid=95901) log_opt_values /opt/stack/data/venv/lib/python3.12/site-packages/oslo_config/cfg.py:3253}}
Jul 24 07:18:48.203264 np0000005819 nova-conductor[95901]: DEBUG cotyledon.oslo_config_glue [-] oslo_limit.connect_retry_delay = None {{(pid=95901) log_opt_values /opt/stack/data/venv/lib/python3.12/site-packages/oslo_config/cfg.py:3253}}
Jul 24 07:18:48.203450 np0000005819 nova-conductor[95901]: DEBUG cotyledon.oslo_config_glue [-] oslo_limit.endpoint_id = None {{(pid=95901) log_opt_values /opt/stack/data/venv/lib/python3.12/site-packages/oslo_config/cfg.py:3253}}
Jul 24 07:18:48.203450 np0000005819 nova-conductor[95901]: DEBUG cotyledon.oslo_config_glue [-] oslo_limit.endpoint_interface = public {{(pid=95901) log_opt_values /opt/stack/data/venv/lib/python3.12/site-packages/oslo_config/cfg.py:3253}}
Jul 24 07:18:48.203450 np0000005819 nova-conductor[95901]: DEBUG cotyledon.oslo_config_glue [-] oslo_limit.endpoint_override = None {{(pid=95901) log_opt_values /opt/stack/data/venv/lib/python3.12/site-packages/oslo_config/cfg.py:3253}}
Jul 24 07:18:48.203450 np0000005819 nova-conductor[95901]: DEBUG cotyledon.oslo_config_glue [-] oslo_limit.endpoint_region_name = None {{(pid=95901) log_opt_values /opt/stack/data/venv/lib/python3.12/site-packages/oslo_config/cfg.py:3253}}
Jul 24 07:18:48.203450 np0000005819 nova-conductor[95901]: DEBUG cotyledon.oslo_config_glue [-] oslo_limit.endpoint_service_name = None {{(pid=95901) log_opt_values /opt/stack/data/venv/lib/python3.12/site-packages/oslo_config/cfg.py:3253}}
Jul 24 07:18:48.203450 np0000005819 nova-conductor[95901]: DEBUG cotyledon.oslo_config_glue [-] oslo_limit.endpoint_service_type = None {{(pid=95901) log_opt_values /opt/stack/data/venv/lib/python3.12/site-packages/oslo_config/cfg.py:3253}}
Jul 24 07:18:48.203450 np0000005819 nova-conductor[95901]: DEBUG cotyledon.oslo_config_glue [-] oslo_limit.insecure = False {{(pid=95901) log_opt_values /opt/stack/data/venv/lib/python3.12/site-packages/oslo_config/cfg.py:3253}}
Jul 24 07:18:48.203450 np0000005819 nova-conductor[95901]: DEBUG cotyledon.oslo_config_glue [-] oslo_limit.keyfile = None {{(pid=95901) log_opt_values /opt/stack/data/venv/lib/python3.12/site-packages/oslo_config/cfg.py:3253}}
Jul 24 07:18:48.203450 np0000005819 nova-conductor[95901]: DEBUG cotyledon.oslo_config_glue [-] oslo_limit.max_version = None {{(pid=95901) log_opt_values /opt/stack/data/venv/lib/python3.12/site-packages/oslo_config/cfg.py:3253}}
Jul 24 07:18:48.203624 np0000005819 nova-conductor[95901]: DEBUG cotyledon.oslo_config_glue [-] oslo_limit.min_version = None {{(pid=95901) log_opt_values /opt/stack/data/venv/lib/python3.12/site-packages/oslo_config/cfg.py:3253}}
Jul 24 07:18:48.203624 np0000005819 nova-conductor[95901]: DEBUG cotyledon.oslo_config_glue [-] oslo_limit.region_name = None {{(pid=95901) log_opt_values /opt/stack/data/venv/lib/python3.12/site-packages/oslo_config/cfg.py:3253}}
Jul 24 07:18:48.203624 np0000005819 nova-conductor[95901]: DEBUG cotyledon.oslo_config_glue [-] oslo_limit.retriable_status_codes = None {{(pid=95901) log_opt_values /opt/stack/data/venv/lib/python3.12/site-packages/oslo_config/cfg.py:3253}}
Jul 24 07:18:48.203624 np0000005819 nova-conductor[95901]: DEBUG cotyledon.oslo_config_glue [-] oslo_limit.service_name = None {{(pid=95901) log_opt_values /opt/stack/data/venv/lib/python3.12/site-packages/oslo_config/cfg.py:3253}}
Jul 24 07:18:48.203624 np0000005819 nova-conductor[95901]: DEBUG cotyledon.oslo_config_glue [-] oslo_limit.service_type = None {{(pid=95901) log_opt_values /opt/stack/data/venv/lib/python3.12/site-packages/oslo_config/cfg.py:3253}}
Jul 24 07:18:48.203624 np0000005819 nova-conductor[95901]: DEBUG cotyledon.oslo_config_glue [-] oslo_limit.split_loggers = False {{(pid=95901) log_opt_values /opt/stack/data/venv/lib/python3.12/site-packages/oslo_config/cfg.py:3253}}
Jul 24 07:18:48.203624 np0000005819 nova-conductor[95901]: DEBUG cotyledon.oslo_config_glue [-] oslo_limit.status_code_retries = None {{(pid=95901) log_opt_values /opt/stack/data/venv/lib/python3.12/site-packages/oslo_config/cfg.py:3253}}
Jul 24 07:18:48.203624 np0000005819 nova-conductor[95901]: DEBUG cotyledon.oslo_config_glue [-] oslo_limit.status_code_retry_delay = None {{(pid=95901) log_opt_values /opt/stack/data/venv/lib/python3.12/site-packages/oslo_config/cfg.py:3253}}
Jul 24 07:18:48.203624 np0000005819 nova-conductor[95901]: DEBUG cotyledon.oslo_config_glue [-] oslo_limit.timeout = None {{(pid=95901) log_opt_values /opt/stack/data/venv/lib/python3.12/site-packages/oslo_config/cfg.py:3253}}
Jul 24 07:18:48.203795 np0000005819 nova-conductor[95901]: DEBUG cotyledon.oslo_config_glue [-] oslo_limit.valid_interfaces = None {{(pid=95901) log_opt_values /opt/stack/data/venv/lib/python3.12/site-packages/oslo_config/cfg.py:3253}}
Jul 24 07:18:48.203795 np0000005819 nova-conductor[95901]: DEBUG cotyledon.oslo_config_glue [-] oslo_limit.version = None {{(pid=95901) log_opt_values /opt/stack/data/venv/lib/python3.12/site-packages/oslo_config/cfg.py:3253}}
Jul 24 07:18:48.203795 np0000005819 nova-conductor[95901]: DEBUG cotyledon.oslo_config_glue [-] oslo_reports.file_event_handler = None {{(pid=95901) log_opt_values /opt/stack/data/venv/lib/python3.12/site-packages/oslo_config/cfg.py:3253}}
Jul 24 07:18:48.203795 np0000005819 nova-conductor[95901]: DEBUG cotyledon.oslo_config_glue [-] oslo_reports.file_event_handler_interval = 1 {{(pid=95901) log_opt_values /opt/stack/data/venv/lib/python3.12/site-packages/oslo_config/cfg.py:3253}}
Jul 24 07:18:48.203795 np0000005819 nova-conductor[95901]: DEBUG cotyledon.oslo_config_glue [-] oslo_reports.log_dir = None {{(pid=95901) log_opt_values /opt/stack/data/venv/lib/python3.12/site-packages/oslo_config/cfg.py:3253}}
Jul 24 07:18:48.203795 np0000005819 nova-conductor[95901]: DEBUG cotyledon.oslo_config_glue [-] ******************************************************************************** {{(pid=95901) log_opt_values /opt/stack/data/venv/lib/python3.12/site-packages/oslo_config/cfg.py:3260}}
Jul 24 07:18:48.203795 np0000005819 nova-conductor[95901]: DEBUG cotyledon._service_worker [-] Run service ServiceWrapper(2) [95901] {{(pid=95901) wait_forever /opt/stack/data/venv/lib/python3.12/site-packages/cotyledon/_service_worker.py:218}}
Jul 24 07:18:48.203795 np0000005819 nova-conductor[95901]: INFO nova.service [-] Starting conductor node (version 33.1.0)
Jul 24 07:18:48.203947 np0000005819 nova-conductor[95896]: INFO dbcounter [None req-9d668209-536c-4be8-8b5e-941e26f4666f None None] Registered counter for database nova_cell0
Jul 24 07:18:48.204026 np0000005819 nova-conductor[95901]: INFO dbcounter [None req-7866d2b3-cf62-4d1c-9d25-02e56b6e9908 None None] Registered counter for database nova_cell0
Jul 24 07:18:48.221971 np0000005819 nova-conductor[95861]: DEBUG oslo_db.sqlalchemy.engines [None req-caee4f23-1be9-44a8-aeff-c87c77515e17 None None] MySQL server mode set to STRICT_TRANS_TABLES,STRICT_ALL_TABLES,NO_ZERO_IN_DATE,NO_ZERO_DATE,ERROR_FOR_DIVISION_BY_ZERO,TRADITIONAL,NO_ENGINE_SUBSTITUTION {{(pid=95861) _check_effective_sql_mode /opt/stack/data/venv/lib/python3.12/site-packages/oslo_db/sqlalchemy/engines.py:325}}
Jul 24 07:18:48.230901 np0000005819 nova-conductor[95861]: DEBUG dbcounter [-] [95861] Writer thread running {{(pid=95861) stat_writer /opt/stack/data/venv/lib/python3.12/site-packages/dbcounter.py:102}}
Jul 24 07:18:48.241877 np0000005819 nova-conductor[95896]: DEBUG oslo_db.sqlalchemy.engines [None req-9d668209-536c-4be8-8b5e-941e26f4666f None None] MySQL server mode set to STRICT_TRANS_TABLES,STRICT_ALL_TABLES,NO_ZERO_IN_DATE,NO_ZERO_DATE,ERROR_FOR_DIVISION_BY_ZERO,TRADITIONAL,NO_ENGINE_SUBSTITUTION {{(pid=95896) _check_effective_sql_mode /opt/stack/data/venv/lib/python3.12/site-packages/oslo_db/sqlalchemy/engines.py:325}}
Jul 24 07:18:48.245682 np0000005819 nova-conductor[95861]: DEBUG nova.service [None req-caee4f23-1be9-44a8-aeff-c87c77515e17 None None] Creating RPC server for service: nova-conductor on topic: conductor {{(pid=95861) start /opt/stack/nova/nova/service.py:196}}
Jul 24 07:18:48.245781 np0000005819 nova-conductor[95901]: DEBUG oslo_db.sqlalchemy.engines [None req-7866d2b3-cf62-4d1c-9d25-02e56b6e9908 None None] MySQL server mode set to STRICT_TRANS_TABLES,STRICT_ALL_TABLES,NO_ZERO_IN_DATE,NO_ZERO_DATE,ERROR_FOR_DIVISION_BY_ZERO,TRADITIONAL,NO_ENGINE_SUBSTITUTION {{(pid=95901) _check_effective_sql_mode /opt/stack/data/venv/lib/python3.12/site-packages/oslo_db/sqlalchemy/engines.py:325}}
Jul 24 07:18:48.251373 np0000005819 nova-conductor[95896]: DEBUG dbcounter [-] [95896] Writer thread running {{(pid=95896) stat_writer /opt/stack/data/venv/lib/python3.12/site-packages/dbcounter.py:102}}
Jul 24 07:18:48.254746 np0000005819 nova-conductor[95896]: DEBUG nova.service [None req-9d668209-536c-4be8-8b5e-941e26f4666f None None] Creating RPC server for service: nova-conductor on topic: conductor {{(pid=95896) start /opt/stack/nova/nova/service.py:196}}
Jul 24 07:18:48.255816 np0000005819 nova-conductor[95901]: DEBUG dbcounter [-] [95901] Writer thread running {{(pid=95901) stat_writer /opt/stack/data/venv/lib/python3.12/site-packages/dbcounter.py:102}}
Jul 24 07:18:48.259005 np0000005819 nova-conductor[95901]: DEBUG nova.service [None req-7866d2b3-cf62-4d1c-9d25-02e56b6e9908 None None] Creating RPC server for service: nova-conductor on topic: conductor {{(pid=95901) start /opt/stack/nova/nova/service.py:196}}
Jul 24 07:18:48.272055 np0000005819 nova-conductor[95861]: DEBUG nova.service [None req-caee4f23-1be9-44a8-aeff-c87c77515e17 None None] Join ServiceGroup membership for this service conductor {{(pid=95861) start /opt/stack/nova/nova/service.py:222}}
Jul 24 07:18:48.272152 np0000005819 nova-conductor[95861]: DEBUG nova.servicegroup.drivers.db [None req-caee4f23-1be9-44a8-aeff-c87c77515e17 None None] DB_Driver: join new ServiceGroup member np0000005819 to the conductor group, service = {{(pid=95861) join /opt/stack/nova/nova/servicegroup/drivers/db.py:44}}
Jul 24 07:18:48.274343 np0000005819 nova-conductor[95896]: DEBUG nova.service [None req-9d668209-536c-4be8-8b5e-941e26f4666f None None] Join ServiceGroup membership for this service conductor {{(pid=95896) start /opt/stack/nova/nova/service.py:222}}
Jul 24 07:18:48.274658 np0000005819 nova-conductor[95896]: DEBUG nova.servicegroup.drivers.db [None req-9d668209-536c-4be8-8b5e-941e26f4666f None None] DB_Driver: join new ServiceGroup member np0000005819 to the conductor group, service = {{(pid=95896) join /opt/stack/nova/nova/servicegroup/drivers/db.py:44}}
Jul 24 07:18:48.276387 np0000005819 nova-conductor[95901]: DEBUG nova.service [None req-7866d2b3-cf62-4d1c-9d25-02e56b6e9908 None None] Join ServiceGroup membership for this service conductor {{(pid=95901) start /opt/stack/nova/nova/service.py:222}}
Jul 24 07:18:48.276531 np0000005819 nova-conductor[95901]: DEBUG nova.servicegroup.drivers.db [None req-7866d2b3-cf62-4d1c-9d25-02e56b6e9908 None None] DB_Driver: join new ServiceGroup member np0000005819 to the conductor group, service = {{(pid=95901) join /opt/stack/nova/nova/servicegroup/drivers/db.py:44}}
Jul 24 07:18:53.283959 np0000005819 nova-conductor[95861]: DEBUG oslo.service.backend._threading.loopingcall [-] Fixed interval looping call 'nova.servicegroup.drivers.db.DbDriver._report_state' sleeping for 119.99 seconds {{(pid=95861) _run_loop /opt/stack/data/venv/lib/python3.12/site-packages/oslo_service/backend/_threading/loopingcall.py:125}}
Jul 24 07:18:53.286765 np0000005819 nova-conductor[95896]: DEBUG oslo.service.backend._threading.loopingcall [-] Fixed interval looping call 'nova.servicegroup.drivers.db.DbDriver._report_state' sleeping for 119.99 seconds {{(pid=95896) _run_loop /opt/stack/data/venv/lib/python3.12/site-packages/oslo_service/backend/_threading/loopingcall.py:125}}
Jul 24 07:18:53.303934 np0000005819 nova-conductor[95901]: DEBUG oslo.service.backend._threading.loopingcall [-] Fixed interval looping call 'nova.servicegroup.drivers.db.DbDriver._report_state' sleeping for 119.98 seconds {{(pid=95901) _run_loop /opt/stack/data/venv/lib/python3.12/site-packages/oslo_service/backend/_threading/loopingcall.py:125}}
Jul 24 07:18:56.876524 np0000005819 nova-conductor[94339]: DEBUG dbcounter [-] [94339] Writing DB stats nova_api:SELECT=1 {{(pid=94339) stat_writer /opt/stack/data/venv/lib/python3.12/site-packages/dbcounter.py:115}}
Jul 24 07:18:57.000465 np0000005819 nova-conductor[94339]: DEBUG dbcounter [-] [94339] Writing DB stats nova_cell1:SELECT=1 {{(pid=94339) stat_writer /opt/stack/data/venv/lib/python3.12/site-packages/dbcounter.py:115}}
Jul 24 07:18:57.001938 np0000005819 nova-conductor[94339]: DEBUG dbcounter [-] [94339] Writing DB stats nova_cell0:SELECT=1 {{(pid=94339) stat_writer /opt/stack/data/venv/lib/python3.12/site-packages/dbcounter.py:115}}
Jul 24 07:19:03.281032 np0000005819 nova-conductor[95861]: DEBUG dbcounter [-] [95861] Writing DB stats nova_cell0:SELECT=4,nova_cell0:INSERT=1,nova_cell0:UPDATE=1 {{(pid=95861) stat_writer /opt/stack/data/venv/lib/python3.12/site-packages/dbcounter.py:115}}
Jul 24 07:19:03.283804 np0000005819 nova-conductor[95896]: DEBUG dbcounter [-] [95896] Writing DB stats nova_cell0:SELECT=3 {{(pid=95896) stat_writer /opt/stack/data/venv/lib/python3.12/site-packages/dbcounter.py:115}}
Jul 24 07:19:03.295484 np0000005819 nova-conductor[95901]: DEBUG dbcounter [-] [95901] Writing DB stats nova_cell0:SELECT=3 {{(pid=95901) stat_writer /opt/stack/data/venv/lib/python3.12/site-packages/dbcounter.py:115}}
Jul 24 07:19:15.277148 np0000005819 nova-conductor[95896]: DEBUG oslo.service.backend._threading.loopingcall [None req-7d3bf4c8-a9e7-43fb-8f2c-2895a04644d9 None None] Dynamic interval looping call 'nova.service.Service.periodic_tasks' sleeping for 60.00 seconds {{(pid=95896) _run_loop /opt/stack/data/venv/lib/python3.12/site-packages/oslo_service/backend/_threading/loopingcall.py:125}}
Jul 24 07:19:25.278619 np0000005819 nova-conductor[95901]: DEBUG oslo.service.backend._threading.loopingcall [None req-9b46d6a4-6d44-4265-80a3-4afb2e067cfb None None] Dynamic interval looping call 'nova.service.Service.periodic_tasks' sleeping for 60.00 seconds {{(pid=95901) _run_loop /opt/stack/data/venv/lib/python3.12/site-packages/oslo_service/backend/_threading/loopingcall.py:125}}
Jul 24 07:19:42.274706 np0000005819 nova-conductor[95861]: DEBUG oslo.service.backend._threading.loopingcall [None req-c40cb68b-fe42-4476-83e9-5acab073c13a None None] Dynamic interval looping call 'nova.service.Service.periodic_tasks' sleeping for 60.00 seconds {{(pid=95861) _run_loop /opt/stack/data/venv/lib/python3.12/site-packages/oslo_service/backend/_threading/loopingcall.py:125}}
Jul 24 07:20:15.277644 np0000005819 nova-conductor[95896]: DEBUG oslo.service.backend._threading.loopingcall [None req-7d3bf4c8-a9e7-43fb-8f2c-2895a04644d9 None None] Dynamic interval looping call 'nova.service.Service.periodic_tasks' sleeping for 60.00 seconds {{(pid=95896) _run_loop /opt/stack/data/venv/lib/python3.12/site-packages/oslo_service/backend/_threading/loopingcall.py:125}}
Jul 24 07:20:25.279126 np0000005819 nova-conductor[95901]: DEBUG oslo.service.backend._threading.loopingcall [None req-9b46d6a4-6d44-4265-80a3-4afb2e067cfb None None] Dynamic interval looping call 'nova.service.Service.periodic_tasks' sleeping for 60.00 seconds {{(pid=95901) _run_loop /opt/stack/data/venv/lib/python3.12/site-packages/oslo_service/backend/_threading/loopingcall.py:125}}
Jul 24 07:20:42.276630 np0000005819 nova-conductor[95861]: DEBUG oslo.service.backend._threading.loopingcall [None req-c40cb68b-fe42-4476-83e9-5acab073c13a None None] Dynamic interval looping call 'nova.service.Service.periodic_tasks' sleeping for 60.00 seconds {{(pid=95861) _run_loop /opt/stack/data/venv/lib/python3.12/site-packages/oslo_service/backend/_threading/loopingcall.py:125}}
Jul 24 07:20:53.283300 np0000005819 nova-conductor[95861]: DEBUG oslo.service.backend._threading.loopingcall [-] Fixed interval looping call 'nova.servicegroup.drivers.db.DbDriver._report_state' sleeping for 119.99 seconds {{(pid=95861) _run_loop /opt/stack/data/venv/lib/python3.12/site-packages/oslo_service/backend/_threading/loopingcall.py:125}}
Jul 24 07:20:53.284097 np0000005819 nova-conductor[95896]: DEBUG oslo.service.backend._threading.loopingcall [-] Fixed interval looping call 'nova.servicegroup.drivers.db.DbDriver._report_state' sleeping for 119.99 seconds {{(pid=95896) _run_loop /opt/stack/data/venv/lib/python3.12/site-packages/oslo_service/backend/_threading/loopingcall.py:125}}
Jul 24 07:20:53.287781 np0000005819 nova-conductor[95901]: DEBUG oslo.service.backend._threading.loopingcall [-] Fixed interval looping call 'nova.servicegroup.drivers.db.DbDriver._report_state' sleeping for 120.00 seconds {{(pid=95901) _run_loop /opt/stack/data/venv/lib/python3.12/site-packages/oslo_service/backend/_threading/loopingcall.py:125}}
Jul 24 07:21:01.585151 np0000005819 nova-conductor[95861]: DEBUG oslo_db.sqlalchemy.engines [None req-d83a797a-4227-4f2d-a86c-6d757de569fa tempest-AttachVolumeTestJSON-1613930663 tempest-AttachVolumeTestJSON-1613930663-project-member] Parent process 94339 forked (95861) with an open database connection, which is being discarded and recreated. {{(pid=95861) checkout /opt/stack/data/venv/lib/python3.12/site-packages/oslo_db/sqlalchemy/engines.py:402}}
Jul 24 07:21:01.639292 np0000005819 nova-conductor[95861]: DEBUG dbcounter [-] [95861] Writer thread running {{(pid=95861) stat_writer /opt/stack/data/venv/lib/python3.12/site-packages/dbcounter.py:102}}
Jul 24 07:21:02.452743 np0000005819 nova-conductor[95861]: DEBUG nova.conductor.manager [None req-d83a797a-4227-4f2d-a86c-6d757de569fa tempest-AttachVolumeTestJSON-1613930663 tempest-AttachVolumeTestJSON-1613930663-project-member] Took 0.81 seconds to select destinations for 1 instance(s). {{(pid=95861) _schedule_instances /opt/stack/nova/nova/conductor/manager.py:968}}
Jul 24 07:21:02.480478 np0000005819 nova-conductor[95861]: DEBUG oslo_concurrency.lockutils [None req-d83a797a-4227-4f2d-a86c-6d757de569fa tempest-AttachVolumeTestJSON-1613930663 tempest-AttachVolumeTestJSON-1613930663-project-member] Acquiring lock "35c88b2b-dc14-4f1d-aea4-a8dcf274d150" by "nova.context.set_target_cell..get_or_set_cached_cell_and_set_connections" {{(pid=95861) inner /opt/stack/data/venv/lib/python3.12/site-packages/oslo_concurrency/lockutils.py:512}}
Jul 24 07:21:02.480645 np0000005819 nova-conductor[95861]: DEBUG oslo_concurrency.lockutils [None req-d83a797a-4227-4f2d-a86c-6d757de569fa tempest-AttachVolumeTestJSON-1613930663 tempest-AttachVolumeTestJSON-1613930663-project-member] Lock "35c88b2b-dc14-4f1d-aea4-a8dcf274d150" acquired by "nova.context.set_target_cell..get_or_set_cached_cell_and_set_connections" :: waited 0.000s {{(pid=95861) inner /opt/stack/data/venv/lib/python3.12/site-packages/oslo_concurrency/lockutils.py:525}}
Jul 24 07:21:02.481839 np0000005819 nova-conductor[95861]: DEBUG oslo_concurrency.lockutils [None req-d83a797a-4227-4f2d-a86c-6d757de569fa tempest-AttachVolumeTestJSON-1613930663 tempest-AttachVolumeTestJSON-1613930663-project-member] Lock "35c88b2b-dc14-4f1d-aea4-a8dcf274d150" "released" by "nova.context.set_target_cell..get_or_set_cached_cell_and_set_connections" :: held 0.001s {{(pid=95861) inner /opt/stack/data/venv/lib/python3.12/site-packages/oslo_concurrency/lockutils.py:544}}
Jul 24 07:21:02.483446 np0000005819 nova-conductor[95861]: INFO dbcounter [None req-d83a797a-4227-4f2d-a86c-6d757de569fa tempest-AttachVolumeTestJSON-1613930663 tempest-AttachVolumeTestJSON-1613930663-project-member] Registered counter for database nova_cell1
Jul 24 07:21:02.515157 np0000005819 nova-conductor[95861]: DEBUG oslo_db.sqlalchemy.engines [None req-d83a797a-4227-4f2d-a86c-6d757de569fa tempest-AttachVolumeTestJSON-1613930663 tempest-AttachVolumeTestJSON-1613930663-project-member] MySQL server mode set to STRICT_TRANS_TABLES,STRICT_ALL_TABLES,NO_ZERO_IN_DATE,NO_ZERO_DATE,ERROR_FOR_DIVISION_BY_ZERO,TRADITIONAL,NO_ENGINE_SUBSTITUTION {{(pid=95861) _check_effective_sql_mode /opt/stack/data/venv/lib/python3.12/site-packages/oslo_db/sqlalchemy/engines.py:325}}
Jul 24 07:21:02.521492 np0000005819 nova-conductor[95861]: DEBUG dbcounter [-] [95861] Writer thread running {{(pid=95861) stat_writer /opt/stack/data/venv/lib/python3.12/site-packages/dbcounter.py:102}}
Jul 24 07:21:02.571614 np0000005819 nova-conductor[95861]: INFO nova.utils [None req-d83a797a-4227-4f2d-a86c-6d757de569fa tempest-AttachVolumeTestJSON-1613930663 tempest-AttachVolumeTestJSON-1613930663-project-member] The cell worker thread pool ForkProcess-1.cell_worker is initialized
Jul 24 07:21:02.571856 np0000005819 nova-conductor[95861]: DEBUG oslo_concurrency.lockutils [None req-d83a797a-4227-4f2d-a86c-6d757de569fa tempest-AttachVolumeTestJSON-1613930663 tempest-AttachVolumeTestJSON-1613930663-project-member] Acquiring lock "00000000-0000-0000-0000-000000000000" by "nova.context.set_target_cell..get_or_set_cached_cell_and_set_connections" {{(pid=95861) inner /opt/stack/data/venv/lib/python3.12/site-packages/oslo_concurrency/lockutils.py:512}}
Jul 24 07:21:02.572018 np0000005819 nova-conductor[95861]: DEBUG oslo_concurrency.lockutils [None req-d83a797a-4227-4f2d-a86c-6d757de569fa tempest-AttachVolumeTestJSON-1613930663 tempest-AttachVolumeTestJSON-1613930663-project-member] Lock "00000000-0000-0000-0000-000000000000" acquired by "nova.context.set_target_cell..get_or_set_cached_cell_and_set_connections" :: waited 0.000s {{(pid=95861) inner /opt/stack/data/venv/lib/python3.12/site-packages/oslo_concurrency/lockutils.py:525}}
Jul 24 07:21:02.572333 np0000005819 nova-conductor[95861]: DEBUG oslo_concurrency.lockutils [None req-d83a797a-4227-4f2d-a86c-6d757de569fa tempest-AttachVolumeTestJSON-1613930663 tempest-AttachVolumeTestJSON-1613930663-project-member] Lock "00000000-0000-0000-0000-000000000000" "released" by "nova.context.set_target_cell..get_or_set_cached_cell_and_set_connections" :: held 0.000s {{(pid=95861) inner /opt/stack/data/venv/lib/python3.12/site-packages/oslo_concurrency/lockutils.py:544}}
Jul 24 07:21:02.573008 np0000005819 nova-conductor[95861]: DEBUG oslo_concurrency.lockutils [None req-d83a797a-4227-4f2d-a86c-6d757de569fa tempest-AttachVolumeTestJSON-1613930663 tempest-AttachVolumeTestJSON-1613930663-project-member] Acquiring lock "35c88b2b-dc14-4f1d-aea4-a8dcf274d150" by "nova.context.set_target_cell..get_or_set_cached_cell_and_set_connections" {{(pid=95861) inner /opt/stack/data/venv/lib/python3.12/site-packages/oslo_concurrency/lockutils.py:512}}
Jul 24 07:21:02.573295 np0000005819 nova-conductor[95861]: DEBUG oslo_concurrency.lockutils [None req-d83a797a-4227-4f2d-a86c-6d757de569fa tempest-AttachVolumeTestJSON-1613930663 tempest-AttachVolumeTestJSON-1613930663-project-member] Lock "35c88b2b-dc14-4f1d-aea4-a8dcf274d150" acquired by "nova.context.set_target_cell..get_or_set_cached_cell_and_set_connections" :: waited 0.000s {{(pid=95861) inner /opt/stack/data/venv/lib/python3.12/site-packages/oslo_concurrency/lockutils.py:525}}
Jul 24 07:21:02.573295 np0000005819 nova-conductor[95861]: DEBUG oslo_concurrency.lockutils [None req-d83a797a-4227-4f2d-a86c-6d757de569fa tempest-AttachVolumeTestJSON-1613930663 tempest-AttachVolumeTestJSON-1613930663-project-member] Lock "35c88b2b-dc14-4f1d-aea4-a8dcf274d150" "released" by "nova.context.set_target_cell..get_or_set_cached_cell_and_set_connections" :: held 0.000s {{(pid=95861) inner /opt/stack/data/venv/lib/python3.12/site-packages/oslo_concurrency/lockutils.py:544}}
Jul 24 07:21:02.575857 np0000005819 nova-conductor[95861]: INFO dbcounter [None req-d83a797a-4227-4f2d-a86c-6d757de569fa tempest-AttachVolumeTestJSON-1613930663 tempest-AttachVolumeTestJSON-1613930663-project-member] Registered counter for database nova_cell0
Jul 24 07:21:02.608262 np0000005819 nova-conductor[95861]: DEBUG oslo_db.sqlalchemy.engines [None req-d83a797a-4227-4f2d-a86c-6d757de569fa tempest-AttachVolumeTestJSON-1613930663 tempest-AttachVolumeTestJSON-1613930663-project-member] MySQL server mode set to STRICT_TRANS_TABLES,STRICT_ALL_TABLES,NO_ZERO_IN_DATE,NO_ZERO_DATE,ERROR_FOR_DIVISION_BY_ZERO,TRADITIONAL,NO_ENGINE_SUBSTITUTION {{(pid=95861) _check_effective_sql_mode /opt/stack/data/venv/lib/python3.12/site-packages/oslo_db/sqlalchemy/engines.py:325}}
Jul 24 07:21:02.613271 np0000005819 nova-conductor[95861]: DEBUG dbcounter [-] [95861] Writer thread running {{(pid=95861) stat_writer /opt/stack/data/venv/lib/python3.12/site-packages/dbcounter.py:102}}
Jul 24 07:21:02.630262 np0000005819 nova-conductor[95861]: DEBUG nova.quota [None req-d83a797a-4227-4f2d-a86c-6d757de569fa tempest-AttachVolumeTestJSON-1613930663 tempest-AttachVolumeTestJSON-1613930663-project-member] Getting quotas for project 6782113ebc404951afc9b36260238d02. Resources: {'cores', 'ram', 'instances'} {{(pid=95861) _get_quotas /opt/stack/nova/nova/quota.py:389}}
Jul 24 07:21:02.637717 np0000005819 nova-conductor[95861]: DEBUG nova.quota [None req-d83a797a-4227-4f2d-a86c-6d757de569fa tempest-AttachVolumeTestJSON-1613930663 tempest-AttachVolumeTestJSON-1613930663-project-member] Getting quotas for user beb34ba4a5b34c71bc8de86f8dd77f44 and project 6782113ebc404951afc9b36260238d02. Resources: {'cores', 'ram', 'instances'} {{(pid=95861) _get_quotas /opt/stack/nova/nova/quota.py:379}}
Jul 24 07:21:02.646407 np0000005819 nova-conductor[95861]: DEBUG nova.conductor.manager [None req-d83a797a-4227-4f2d-a86c-6d757de569fa tempest-AttachVolumeTestJSON-1613930663 tempest-AttachVolumeTestJSON-1613930663-project-member] [instance: b9245c92-b77e-4878-8efe-0cfaff156ac0] Selected host: np0000005819; Selected node: np0000005819; Alternates: [] {{(pid=95861) schedule_and_build_instances /opt/stack/nova/nova/conductor/manager.py:1784}}
Jul 24 07:21:02.646407 np0000005819 nova-conductor[95861]: DEBUG oslo_concurrency.lockutils [None req-d83a797a-4227-4f2d-a86c-6d757de569fa tempest-AttachVolumeTestJSON-1613930663 tempest-AttachVolumeTestJSON-1613930663-project-member] Acquiring lock "35c88b2b-dc14-4f1d-aea4-a8dcf274d150" by "nova.context.set_target_cell..get_or_set_cached_cell_and_set_connections" {{(pid=95861) inner /opt/stack/data/venv/lib/python3.12/site-packages/oslo_concurrency/lockutils.py:512}}
Jul 24 07:21:02.646407 np0000005819 nova-conductor[95861]: DEBUG oslo_concurrency.lockutils [None req-d83a797a-4227-4f2d-a86c-6d757de569fa tempest-AttachVolumeTestJSON-1613930663 tempest-AttachVolumeTestJSON-1613930663-project-member] Lock "35c88b2b-dc14-4f1d-aea4-a8dcf274d150" acquired by "nova.context.set_target_cell..get_or_set_cached_cell_and_set_connections" :: waited 0.000s {{(pid=95861) inner /opt/stack/data/venv/lib/python3.12/site-packages/oslo_concurrency/lockutils.py:525}}
Jul 24 07:21:02.646407 np0000005819 nova-conductor[95861]: DEBUG oslo_concurrency.lockutils [None req-d83a797a-4227-4f2d-a86c-6d757de569fa tempest-AttachVolumeTestJSON-1613930663 tempest-AttachVolumeTestJSON-1613930663-project-member] Lock "35c88b2b-dc14-4f1d-aea4-a8dcf274d150" "released" by "nova.context.set_target_cell..get_or_set_cached_cell_and_set_connections" :: held 0.000s {{(pid=95861) inner /opt/stack/data/venv/lib/python3.12/site-packages/oslo_concurrency/lockutils.py:544}}
Jul 24 07:21:02.658760 np0000005819 nova-conductor[95861]: DEBUG nova.conductor.manager [None req-d83a797a-4227-4f2d-a86c-6d757de569fa tempest-AttachVolumeTestJSON-1613930663 tempest-AttachVolumeTestJSON-1613930663-project-member] [instance: b9245c92-b77e-4878-8efe-0cfaff156ac0] block_device_mapping [BlockDeviceMapping(attachment_id=,boot_index=0,connection_info=None,created_at=,delete_on_termination=True,deleted=,deleted_at=,destination_type='local',device_name=None,device_type='disk',disk_bus=None,encrypted=False,encryption_format=None,encryption_options=None,encryption_secret_uuid=None,guest_format=None,id=,image_id='8d9c1add-c6ed-4341-92d2-f15a70f07a37',instance=,instance_uuid=,no_device=False,snapshot_id=None,source_type='image',tag=None,updated_at=,uuid=,volume_id=None,volume_size=None,volume_type=None)] {{(pid=95861) _create_block_device_mapping /opt/stack/nova/nova/conductor/manager.py:1529}}
Jul 24 07:21:02.659876 np0000005819 nova-conductor[95861]: DEBUG oslo_concurrency.lockutils [None req-d83a797a-4227-4f2d-a86c-6d757de569fa tempest-AttachVolumeTestJSON-1613930663 tempest-AttachVolumeTestJSON-1613930663-project-member] Acquiring lock "35c88b2b-dc14-4f1d-aea4-a8dcf274d150" by "nova.context.set_target_cell..get_or_set_cached_cell_and_set_connections" {{(pid=95861) inner /opt/stack/data/venv/lib/python3.12/site-packages/oslo_concurrency/lockutils.py:512}}
Jul 24 07:21:02.660017 np0000005819 nova-conductor[95861]: DEBUG oslo_concurrency.lockutils [None req-d83a797a-4227-4f2d-a86c-6d757de569fa tempest-AttachVolumeTestJSON-1613930663 tempest-AttachVolumeTestJSON-1613930663-project-member] Lock "35c88b2b-dc14-4f1d-aea4-a8dcf274d150" acquired by "nova.context.set_target_cell..get_or_set_cached_cell_and_set_connections" :: waited 0.000s {{(pid=95861) inner /opt/stack/data/venv/lib/python3.12/site-packages/oslo_concurrency/lockutils.py:525}}
Jul 24 07:21:02.660125 np0000005819 nova-conductor[95861]: DEBUG oslo_concurrency.lockutils [None req-d83a797a-4227-4f2d-a86c-6d757de569fa tempest-AttachVolumeTestJSON-1613930663 tempest-AttachVolumeTestJSON-1613930663-project-member] Lock "35c88b2b-dc14-4f1d-aea4-a8dcf274d150" "released" by "nova.context.set_target_cell..get_or_set_cached_cell_and_set_connections" :: held 0.000s {{(pid=95861) inner /opt/stack/data/venv/lib/python3.12/site-packages/oslo_concurrency/lockutils.py:544}}
Jul 24 07:21:02.690831 np0000005819 nova-conductor[95861]: DEBUG oslo_concurrency.lockutils [None req-d83a797a-4227-4f2d-a86c-6d757de569fa tempest-AttachVolumeTestJSON-1613930663 tempest-AttachVolumeTestJSON-1613930663-project-member] Acquiring lock "35c88b2b-dc14-4f1d-aea4-a8dcf274d150" by "nova.context.set_target_cell..get_or_set_cached_cell_and_set_connections" {{(pid=95861) inner /opt/stack/data/venv/lib/python3.12/site-packages/oslo_concurrency/lockutils.py:512}}
Jul 24 07:21:02.691114 np0000005819 nova-conductor[95861]: DEBUG oslo_concurrency.lockutils [None req-d83a797a-4227-4f2d-a86c-6d757de569fa tempest-AttachVolumeTestJSON-1613930663 tempest-AttachVolumeTestJSON-1613930663-project-member] Lock "35c88b2b-dc14-4f1d-aea4-a8dcf274d150" acquired by "nova.context.set_target_cell..get_or_set_cached_cell_and_set_connections" :: waited 0.001s {{(pid=95861) inner /opt/stack/data/venv/lib/python3.12/site-packages/oslo_concurrency/lockutils.py:525}}
Jul 24 07:21:02.691321 np0000005819 nova-conductor[95861]: DEBUG oslo_concurrency.lockutils [None req-d83a797a-4227-4f2d-a86c-6d757de569fa tempest-AttachVolumeTestJSON-1613930663 tempest-AttachVolumeTestJSON-1613930663-project-member] Lock "35c88b2b-dc14-4f1d-aea4-a8dcf274d150" "released" by "nova.context.set_target_cell..get_or_set_cached_cell_and_set_connections" :: held 0.000s {{(pid=95861) inner /opt/stack/data/venv/lib/python3.12/site-packages/oslo_concurrency/lockutils.py:544}}
Jul 24 07:21:02.691593 np0000005819 nova-conductor[95861]: DEBUG oslo_concurrency.lockutils [None req-d83a797a-4227-4f2d-a86c-6d757de569fa tempest-AttachVolumeTestJSON-1613930663 tempest-AttachVolumeTestJSON-1613930663-project-member] Acquiring lock "compute-rpcapi-router" {{(pid=95861) lock /opt/stack/data/venv/lib/python3.12/site-packages/oslo_concurrency/lockutils.py:396}}
Jul 24 07:21:02.691769 np0000005819 nova-conductor[95861]: DEBUG oslo_concurrency.lockutils [None req-d83a797a-4227-4f2d-a86c-6d757de569fa tempest-AttachVolumeTestJSON-1613930663 tempest-AttachVolumeTestJSON-1613930663-project-member] Acquired lock "compute-rpcapi-router" {{(pid=95861) lock /opt/stack/data/venv/lib/python3.12/site-packages/oslo_concurrency/lockutils.py:399}}
Jul 24 07:21:02.692208 np0000005819 nova-conductor[95861]: DEBUG oslo_concurrency.lockutils [None req-585191b3-4782-4066-98e0-fc09f75c2630 None None] Acquiring lock "00000000-0000-0000-0000-000000000000" by "nova.context.set_target_cell..get_or_set_cached_cell_and_set_connections" {{(pid=95861) inner /opt/stack/data/venv/lib/python3.12/site-packages/oslo_concurrency/lockutils.py:512}}
Jul 24 07:21:02.692408 np0000005819 nova-conductor[95861]: DEBUG oslo_concurrency.lockutils [None req-585191b3-4782-4066-98e0-fc09f75c2630 None None] Lock "00000000-0000-0000-0000-000000000000" acquired by "nova.context.set_target_cell..get_or_set_cached_cell_and_set_connections" :: waited 0.000s {{(pid=95861) inner /opt/stack/data/venv/lib/python3.12/site-packages/oslo_concurrency/lockutils.py:525}}
Jul 24 07:21:02.692571 np0000005819 nova-conductor[95861]: DEBUG oslo_concurrency.lockutils [None req-585191b3-4782-4066-98e0-fc09f75c2630 None None] Lock "00000000-0000-0000-0000-000000000000" "released" by "nova.context.set_target_cell..get_or_set_cached_cell_and_set_connections" :: held 0.000s {{(pid=95861) inner /opt/stack/data/venv/lib/python3.12/site-packages/oslo_concurrency/lockutils.py:544}}
Jul 24 07:21:02.693300 np0000005819 nova-conductor[95861]: DEBUG oslo_concurrency.lockutils [None req-585191b3-4782-4066-98e0-fc09f75c2630 None None] Acquiring lock "35c88b2b-dc14-4f1d-aea4-a8dcf274d150" by "nova.context.set_target_cell..get_or_set_cached_cell_and_set_connections" {{(pid=95861) inner /opt/stack/data/venv/lib/python3.12/site-packages/oslo_concurrency/lockutils.py:512}}
Jul 24 07:21:02.694333 np0000005819 nova-conductor[95861]: DEBUG oslo_concurrency.lockutils [None req-585191b3-4782-4066-98e0-fc09f75c2630 None None] Lock "35c88b2b-dc14-4f1d-aea4-a8dcf274d150" acquired by "nova.context.set_target_cell..get_or_set_cached_cell_and_set_connections" :: waited 0.001s {{(pid=95861) inner /opt/stack/data/venv/lib/python3.12/site-packages/oslo_concurrency/lockutils.py:525}}
Jul 24 07:21:02.697973 np0000005819 nova-conductor[95861]: DEBUG oslo_concurrency.lockutils [None req-585191b3-4782-4066-98e0-fc09f75c2630 None None] Lock "35c88b2b-dc14-4f1d-aea4-a8dcf274d150" "released" by "nova.context.set_target_cell..get_or_set_cached_cell_and_set_connections" :: held 0.003s {{(pid=95861) inner /opt/stack/data/venv/lib/python3.12/site-packages/oslo_concurrency/lockutils.py:544}}
Jul 24 07:21:02.704863 np0000005819 nova-conductor[95861]: INFO nova.compute.rpcapi [None req-585191b3-4782-4066-98e0-fc09f75c2630 None None] Automatically selected compute RPC version 6.5 from minimum service version 72
Jul 24 07:21:02.704863 np0000005819 nova-conductor[95861]: DEBUG oslo_concurrency.lockutils [None req-585191b3-4782-4066-98e0-fc09f75c2630 None None] Releasing lock "compute-rpcapi-router" {{(pid=95861) lock /opt/stack/data/venv/lib/python3.12/site-packages/oslo_concurrency/lockutils.py:419}}
Jul 24 07:21:03.281349 np0000005819 nova-conductor[95896]: DEBUG dbcounter [-] [95896] Writing DB stats nova_cell0:SELECT=1,nova_cell0:UPDATE=1 {{(pid=95896) stat_writer /opt/stack/data/venv/lib/python3.12/site-packages/dbcounter.py:115}}
Jul 24 07:21:03.286470 np0000005819 nova-conductor[95901]: DEBUG dbcounter [-] [95901] Writing DB stats nova_cell0:SELECT=1 {{(pid=95901) stat_writer /opt/stack/data/venv/lib/python3.12/site-packages/dbcounter.py:115}}
Jul 24 07:21:04.055800 np0000005819 nova-conductor[95896]: DEBUG dbcounter [-] [95896] Writer thread running {{(pid=95896) stat_writer /opt/stack/data/venv/lib/python3.12/site-packages/dbcounter.py:102}}
Jul 24 07:21:04.447132 np0000005819 nova-conductor[95896]: DEBUG nova.conductor.manager [None req-5c27487b-8fef-4718-adc7-a2692ed27af2 tempest-AttachSCSIVolumeTestJSON-1075826066 tempest-AttachSCSIVolumeTestJSON-1075826066-project-member] Took 0.39 seconds to select destinations for 1 instance(s). {{(pid=95896) _schedule_instances /opt/stack/nova/nova/conductor/manager.py:968}}
Jul 24 07:21:04.473381 np0000005819 nova-conductor[95896]: DEBUG oslo_concurrency.lockutils [None req-5c27487b-8fef-4718-adc7-a2692ed27af2 tempest-AttachSCSIVolumeTestJSON-1075826066 tempest-AttachSCSIVolumeTestJSON-1075826066-project-member] Acquiring lock "35c88b2b-dc14-4f1d-aea4-a8dcf274d150" by "nova.context.set_target_cell..get_or_set_cached_cell_and_set_connections" {{(pid=95896) inner /opt/stack/data/venv/lib/python3.12/site-packages/oslo_concurrency/lockutils.py:512}}
Jul 24 07:21:04.473381 np0000005819 nova-conductor[95896]: DEBUG oslo_concurrency.lockutils [None req-5c27487b-8fef-4718-adc7-a2692ed27af2 tempest-AttachSCSIVolumeTestJSON-1075826066 tempest-AttachSCSIVolumeTestJSON-1075826066-project-member] Lock "35c88b2b-dc14-4f1d-aea4-a8dcf274d150" acquired by "nova.context.set_target_cell..get_or_set_cached_cell_and_set_connections" :: waited 0.000s {{(pid=95896) inner /opt/stack/data/venv/lib/python3.12/site-packages/oslo_concurrency/lockutils.py:525}}
Jul 24 07:21:04.476847 np0000005819 nova-conductor[95896]: DEBUG oslo_concurrency.lockutils [None req-5c27487b-8fef-4718-adc7-a2692ed27af2 tempest-AttachSCSIVolumeTestJSON-1075826066 tempest-AttachSCSIVolumeTestJSON-1075826066-project-member] Lock "35c88b2b-dc14-4f1d-aea4-a8dcf274d150" "released" by "nova.context.set_target_cell..get_or_set_cached_cell_and_set_connections" :: held 0.001s {{(pid=95896) inner /opt/stack/data/venv/lib/python3.12/site-packages/oslo_concurrency/lockutils.py:544}}
Jul 24 07:21:04.477712 np0000005819 nova-conductor[95896]: INFO dbcounter [None req-5c27487b-8fef-4718-adc7-a2692ed27af2 tempest-AttachSCSIVolumeTestJSON-1075826066 tempest-AttachSCSIVolumeTestJSON-1075826066-project-member] Registered counter for database nova_cell1
Jul 24 07:21:04.514356 np0000005819 nova-conductor[95896]: DEBUG oslo_db.sqlalchemy.engines [None req-5c27487b-8fef-4718-adc7-a2692ed27af2 tempest-AttachSCSIVolumeTestJSON-1075826066 tempest-AttachSCSIVolumeTestJSON-1075826066-project-member] MySQL server mode set to STRICT_TRANS_TABLES,STRICT_ALL_TABLES,NO_ZERO_IN_DATE,NO_ZERO_DATE,ERROR_FOR_DIVISION_BY_ZERO,TRADITIONAL,NO_ENGINE_SUBSTITUTION {{(pid=95896) _check_effective_sql_mode /opt/stack/data/venv/lib/python3.12/site-packages/oslo_db/sqlalchemy/engines.py:325}}
Jul 24 07:21:04.519902 np0000005819 nova-conductor[95896]: DEBUG dbcounter [-] [95896] Writer thread running {{(pid=95896) stat_writer /opt/stack/data/venv/lib/python3.12/site-packages/dbcounter.py:102}}
Jul 24 07:21:04.589002 np0000005819 nova-conductor[95896]: INFO nova.utils [None req-5c27487b-8fef-4718-adc7-a2692ed27af2 tempest-AttachSCSIVolumeTestJSON-1075826066 tempest-AttachSCSIVolumeTestJSON-1075826066-project-member] The cell worker thread pool ForkProcess-2.cell_worker is initialized
Jul 24 07:21:04.589320 np0000005819 nova-conductor[95896]: DEBUG oslo_concurrency.lockutils [None req-5c27487b-8fef-4718-adc7-a2692ed27af2 tempest-AttachSCSIVolumeTestJSON-1075826066 tempest-AttachSCSIVolumeTestJSON-1075826066-project-member] Acquiring lock "00000000-0000-0000-0000-000000000000" by "nova.context.set_target_cell..get_or_set_cached_cell_and_set_connections" {{(pid=95896) inner /opt/stack/data/venv/lib/python3.12/site-packages/oslo_concurrency/lockutils.py:512}}
Jul 24 07:21:04.589472 np0000005819 nova-conductor[95896]: DEBUG oslo_concurrency.lockutils [None req-5c27487b-8fef-4718-adc7-a2692ed27af2 tempest-AttachSCSIVolumeTestJSON-1075826066 tempest-AttachSCSIVolumeTestJSON-1075826066-project-member] Lock "00000000-0000-0000-0000-000000000000" acquired by "nova.context.set_target_cell..get_or_set_cached_cell_and_set_connections" :: waited 0.000s {{(pid=95896) inner /opt/stack/data/venv/lib/python3.12/site-packages/oslo_concurrency/lockutils.py:525}}
Jul 24 07:21:04.589769 np0000005819 nova-conductor[95896]: DEBUG oslo_concurrency.lockutils [None req-5c27487b-8fef-4718-adc7-a2692ed27af2 tempest-AttachSCSIVolumeTestJSON-1075826066 tempest-AttachSCSIVolumeTestJSON-1075826066-project-member] Lock "00000000-0000-0000-0000-000000000000" "released" by "nova.context.set_target_cell..get_or_set_cached_cell_and_set_connections" :: held 0.000s {{(pid=95896) inner /opt/stack/data/venv/lib/python3.12/site-packages/oslo_concurrency/lockutils.py:544}}
Jul 24 07:21:04.590301 np0000005819 nova-conductor[95896]: DEBUG oslo_concurrency.lockutils [None req-5c27487b-8fef-4718-adc7-a2692ed27af2 tempest-AttachSCSIVolumeTestJSON-1075826066 tempest-AttachSCSIVolumeTestJSON-1075826066-project-member] Acquiring lock "35c88b2b-dc14-4f1d-aea4-a8dcf274d150" by "nova.context.set_target_cell..get_or_set_cached_cell_and_set_connections" {{(pid=95896) inner /opt/stack/data/venv/lib/python3.12/site-packages/oslo_concurrency/lockutils.py:512}}
Jul 24 07:21:04.590433 np0000005819 nova-conductor[95896]: DEBUG oslo_concurrency.lockutils [None req-5c27487b-8fef-4718-adc7-a2692ed27af2 tempest-AttachSCSIVolumeTestJSON-1075826066 tempest-AttachSCSIVolumeTestJSON-1075826066-project-member] Lock "35c88b2b-dc14-4f1d-aea4-a8dcf274d150" acquired by "nova.context.set_target_cell..get_or_set_cached_cell_and_set_connections" :: waited 0.000s {{(pid=95896) inner /opt/stack/data/venv/lib/python3.12/site-packages/oslo_concurrency/lockutils.py:525}}
Jul 24 07:21:04.590641 np0000005819 nova-conductor[95896]: DEBUG oslo_concurrency.lockutils [None req-5c27487b-8fef-4718-adc7-a2692ed27af2 tempest-AttachSCSIVolumeTestJSON-1075826066 tempest-AttachSCSIVolumeTestJSON-1075826066-project-member] Lock "35c88b2b-dc14-4f1d-aea4-a8dcf274d150" "released" by "nova.context.set_target_cell..get_or_set_cached_cell_and_set_connections" :: held 0.000s {{(pid=95896) inner /opt/stack/data/venv/lib/python3.12/site-packages/oslo_concurrency/lockutils.py:544}}
Jul 24 07:21:04.592129 np0000005819 nova-conductor[95896]: INFO dbcounter [None req-5c27487b-8fef-4718-adc7-a2692ed27af2 tempest-AttachSCSIVolumeTestJSON-1075826066 tempest-AttachSCSIVolumeTestJSON-1075826066-project-member] Registered counter for database nova_cell0
Jul 24 07:21:04.639201 np0000005819 nova-conductor[95896]: DEBUG oslo_db.sqlalchemy.engines [None req-5c27487b-8fef-4718-adc7-a2692ed27af2 tempest-AttachSCSIVolumeTestJSON-1075826066 tempest-AttachSCSIVolumeTestJSON-1075826066-project-member] MySQL server mode set to STRICT_TRANS_TABLES,STRICT_ALL_TABLES,NO_ZERO_IN_DATE,NO_ZERO_DATE,ERROR_FOR_DIVISION_BY_ZERO,TRADITIONAL,NO_ENGINE_SUBSTITUTION {{(pid=95896) _check_effective_sql_mode /opt/stack/data/venv/lib/python3.12/site-packages/oslo_db/sqlalchemy/engines.py:325}}
Jul 24 07:21:04.644588 np0000005819 nova-conductor[95896]: DEBUG dbcounter [-] [95896] Writer thread running {{(pid=95896) stat_writer /opt/stack/data/venv/lib/python3.12/site-packages/dbcounter.py:102}}
Jul 24 07:21:04.653862 np0000005819 nova-conductor[95896]: DEBUG nova.quota [None req-5c27487b-8fef-4718-adc7-a2692ed27af2 tempest-AttachSCSIVolumeTestJSON-1075826066 tempest-AttachSCSIVolumeTestJSON-1075826066-project-member] Getting quotas for project ca271d1483e34243b26e4631269cd553. Resources: {'cores', 'ram', 'instances'} {{(pid=95896) _get_quotas /opt/stack/nova/nova/quota.py:389}}
