Jul 29 06:57:35.177481 np0000006062 devstack@g-api.service[99745]: [pid: 99745|app: 0|req: 71/208] 127.0.0.1 () {44 vars in 1055 bytes} [Wed Jul 29 06:57:35 2026] GET /v2/schemas/image => generated 6083 bytes in 4 msecs (HTTP/1.1 200) 4 headers in 158 bytes (1 switches on core 0)
Jul 29 06:57:35.189156 np0000006062 devstack@g-api.service[99747]: DEBUG glance.api.middleware.version_negotiation [None req-d8f0ef13-611f-4b6d-b372-01953c96de72 tempest-TaggedBootDevicesTest_v242-1822316258 tempest-TaggedBootDevicesTest_v242-1822316258-project-member] Determining version of request: GET /v2/schemas/image Accept: */* {{(pid=99747) process_request /opt/stack/glance/glance/api/middleware/version_negotiation.py:44}}
Jul 29 06:57:35.189388 np0000006062 devstack@g-api.service[99747]: DEBUG glance.api.middleware.version_negotiation [None req-d8f0ef13-611f-4b6d-b372-01953c96de72 tempest-TaggedBootDevicesTest_v242-1822316258 tempest-TaggedBootDevicesTest_v242-1822316258-project-member] Using url versioning {{(pid=99747) process_request /opt/stack/glance/glance/api/middleware/version_negotiation.py:57}}
Jul 29 06:57:35.189388 np0000006062 devstack@g-api.service[99747]: DEBUG glance.api.middleware.version_negotiation [None req-d8f0ef13-611f-4b6d-b372-01953c96de72 tempest-TaggedBootDevicesTest_v242-1822316258 tempest-TaggedBootDevicesTest_v242-1822316258-project-member] Matched version: v2 {{(pid=99747) process_request /opt/stack/glance/glance/api/middleware/version_negotiation.py:69}}
Jul 29 06:57:35.189508 np0000006062 devstack@g-api.service[99747]: DEBUG glance.api.middleware.version_negotiation [None req-d8f0ef13-611f-4b6d-b372-01953c96de72 tempest-TaggedBootDevicesTest_v242-1822316258 tempest-TaggedBootDevicesTest_v242-1822316258-project-member] new path /v2/schemas/image {{(pid=99747) process_request /opt/stack/glance/glance/api/middleware/version_negotiation.py:70}}
Jul 29 06:57:35.197823 np0000006062 devstack@g-api.service[99747]: [pid: 99747|app: 0|req: 71/209] 127.0.0.1 () {44 vars in 1055 bytes} [Wed Jul 29 06:57:35 2026] GET /v2/schemas/image => generated 6083 bytes in 10 msecs (HTTP/1.1 200) 4 headers in 158 bytes (1 switches on core 0)
Jul 29 06:57:35.230395 np0000006062 devstack@g-api.service[99746]: DEBUG glance.api.middleware.version_negotiation [None req-d8f0ef13-611f-4b6d-b372-01953c96de72 tempest-TaggedBootDevicesTest_v242-1822316258 tempest-TaggedBootDevicesTest_v242-1822316258-project-member] Determining version of request: GET /v2/images/6da07bff-1ae7-448e-a515-b3dc6f6f051d Accept: */* {{(pid=99746) process_request /opt/stack/glance/glance/api/middleware/version_negotiation.py:44}}
Jul 29 06:57:35.230395 np0000006062 devstack@g-api.service[99746]: DEBUG glance.api.middleware.version_negotiation [None req-d8f0ef13-611f-4b6d-b372-01953c96de72 tempest-TaggedBootDevicesTest_v242-1822316258 tempest-TaggedBootDevicesTest_v242-1822316258-project-member] Using url versioning {{(pid=99746) process_request /opt/stack/glance/glance/api/middleware/version_negotiation.py:57}}
Jul 29 06:57:35.230395 np0000006062 devstack@g-api.service[99746]: DEBUG glance.api.middleware.version_negotiation [None req-d8f0ef13-611f-4b6d-b372-01953c96de72 tempest-TaggedBootDevicesTest_v242-1822316258 tempest-TaggedBootDevicesTest_v242-1822316258-project-member] Matched version: v2 {{(pid=99746) process_request /opt/stack/glance/glance/api/middleware/version_negotiation.py:69}}
Jul 29 06:57:35.230395 np0000006062 devstack@g-api.service[99746]: DEBUG glance.api.middleware.version_negotiation [None req-d8f0ef13-611f-4b6d-b372-01953c96de72 tempest-TaggedBootDevicesTest_v242-1822316258 tempest-TaggedBootDevicesTest_v242-1822316258-project-member] new path /v2/images/6da07bff-1ae7-448e-a515-b3dc6f6f051d {{(pid=99746) process_request /opt/stack/glance/glance/api/middleware/version_negotiation.py:70}}
Jul 29 06:57:35.277985 np0000006062 devstack@g-api.service[99746]: [pid: 99746|app: 0|req: 68/210] 127.0.0.1 () {44 vars in 1115 bytes} [Wed Jul 29 06:57:35 2026] GET /v2/images/6da07bff-1ae7-448e-a515-b3dc6f6f051d => generated 1044 bytes in 48 msecs (HTTP/1.1 200) 4 headers in 158 bytes (1 switches on core 0)
Jul 29 06:57:35.294018 np0000006062 devstack@g-api.service[99745]: DEBUG glance.api.middleware.version_negotiation [None req-d8f0ef13-611f-4b6d-b372-01953c96de72 tempest-TaggedBootDevicesTest_v242-1822316258 tempest-TaggedBootDevicesTest_v242-1822316258-project-member] Determining version of request: GET /v2/schemas/image Accept: */* {{(pid=99745) process_request /opt/stack/glance/glance/api/middleware/version_negotiation.py:44}}
Jul 29 06:57:35.295380 np0000006062 devstack@g-api.service[99745]: DEBUG glance.api.middleware.version_negotiation [None req-d8f0ef13-611f-4b6d-b372-01953c96de72 tempest-TaggedBootDevicesTest_v242-1822316258 tempest-TaggedBootDevicesTest_v242-1822316258-project-member] Using url versioning {{(pid=99745) process_request /opt/stack/glance/glance/api/middleware/version_negotiation.py:57}}
Jul 29 06:57:35.295380 np0000006062 devstack@g-api.service[99745]: DEBUG glance.api.middleware.version_negotiation [None req-d8f0ef13-611f-4b6d-b372-01953c96de72 tempest-TaggedBootDevicesTest_v242-1822316258 tempest-TaggedBootDevicesTest_v242-1822316258-project-member] Matched version: v2 {{(pid=99745) process_request /opt/stack/glance/glance/api/middleware/version_negotiation.py:69}}
Jul 29 06:57:35.295380 np0000006062 devstack@g-api.service[99745]: DEBUG glance.api.middleware.version_negotiation [None req-d8f0ef13-611f-4b6d-b372-01953c96de72 tempest-TaggedBootDevicesTest_v242-1822316258 tempest-TaggedBootDevicesTest_v242-1822316258-project-member] new path /v2/schemas/image {{(pid=99745) process_request /opt/stack/glance/glance/api/middleware/version_negotiation.py:70}}
Jul 29 06:57:35.303391 np0000006062 devstack@g-api.service[99745]: [pid: 99745|app: 0|req: 72/211] 127.0.0.1 () {44 vars in 1055 bytes} [Wed Jul 29 06:57:35 2026] GET /v2/schemas/image => generated 6083 bytes in 9 msecs (HTTP/1.1 200) 4 headers in 158 bytes (1 switches on core 0)
Jul 29 06:57:35.317139 np0000006062 devstack@g-api.service[99747]: DEBUG glance.api.middleware.version_negotiation [None req-d8f0ef13-611f-4b6d-b372-01953c96de72 tempest-TaggedBootDevicesTest_v242-1822316258 tempest-TaggedBootDevicesTest_v242-1822316258-project-member] Determining version of request: GET /v2/schemas/image Accept: */* {{(pid=99747) process_request /opt/stack/glance/glance/api/middleware/version_negotiation.py:44}}
Jul 29 06:57:35.317139 np0000006062 devstack@g-api.service[99747]: DEBUG glance.api.middleware.version_negotiation [None req-d8f0ef13-611f-4b6d-b372-01953c96de72 tempest-TaggedBootDevicesTest_v242-1822316258 tempest-TaggedBootDevicesTest_v242-1822316258-project-member] Using url versioning {{(pid=99747) process_request /opt/stack/glance/glance/api/middleware/version_negotiation.py:57}}
Jul 29 06:57:35.317139 np0000006062 devstack@g-api.service[99747]: DEBUG glance.api.middleware.version_negotiation [None req-d8f0ef13-611f-4b6d-b372-01953c96de72 tempest-TaggedBootDevicesTest_v242-1822316258 tempest-TaggedBootDevicesTest_v242-1822316258-project-member] Matched version: v2 {{(pid=99747) process_request /opt/stack/glance/glance/api/middleware/version_negotiation.py:69}}
Jul 29 06:57:35.317139 np0000006062 devstack@g-api.service[99747]: DEBUG glance.api.middleware.version_negotiation [None req-d8f0ef13-611f-4b6d-b372-01953c96de72 tempest-TaggedBootDevicesTest_v242-1822316258 tempest-TaggedBootDevicesTest_v242-1822316258-project-member] new path /v2/schemas/image {{(pid=99747) process_request /opt/stack/glance/glance/api/middleware/version_negotiation.py:70}}
Jul 29 06:57:35.324236 np0000006062 devstack@g-api.service[99747]: [pid: 99747|app: 0|req: 72/212] 127.0.0.1 () {44 vars in 1055 bytes} [Wed Jul 29 06:57:35 2026] GET /v2/schemas/image => generated 6083 bytes in 8 msecs (HTTP/1.1 200) 4 headers in 158 bytes (1 switches on core 0)
Jul 29 06:57:35.652905 np0000006062 devstack@g-api.service[99747]: DEBUG dbcounter [-] [99747] Writing DB stats glance:SELECT=4 {{(pid=99747) stat_writer /opt/stack/data/venv/lib/python3.12/site-packages/dbcounter.py:115}}
Jul 29 06:57:35.959785 np0000006062 devstack@g-api.service[99746]: DEBUG glance.api.middleware.version_negotiation [None req-d8f0ef13-611f-4b6d-b372-01953c96de72 tempest-TaggedBootDevicesTest_v242-1822316258 tempest-TaggedBootDevicesTest_v242-1822316258-project-member] Determining version of request: GET /versions Accept: */* {{(pid=99746) process_request /opt/stack/glance/glance/api/middleware/version_negotiation.py:44}}
Jul 29 06:57:35.961560 np0000006062 devstack@g-api.service[99746]: [pid: 99746|app: 0|req: 69/213] 127.0.0.1 () {44 vars in 1039 bytes} [Wed Jul 29 06:57:35 2026] GET /versions => generated 1515 bytes in 1 msecs (HTTP/1.1 200) 3 headers in 92 bytes (1 switches on core 0)
Jul 29 06:57:35.971094 np0000006062 devstack@g-api.service[99745]: DEBUG glance.api.middleware.version_negotiation [None req-d8f0ef13-611f-4b6d-b372-01953c96de72 tempest-TaggedBootDevicesTest_v242-1822316258 tempest-TaggedBootDevicesTest_v242-1822316258-project-member] Determining version of request: GET /v2/images/6da07bff-1ae7-448e-a515-b3dc6f6f051d/locations Accept: */* {{(pid=99745) process_request /opt/stack/glance/glance/api/middleware/version_negotiation.py:44}}
Jul 29 06:57:35.971346 np0000006062 devstack@g-api.service[99745]: DEBUG glance.api.middleware.version_negotiation [None req-d8f0ef13-611f-4b6d-b372-01953c96de72 tempest-TaggedBootDevicesTest_v242-1822316258 tempest-TaggedBootDevicesTest_v242-1822316258-project-member] Using url versioning {{(pid=99745) process_request /opt/stack/glance/glance/api/middleware/version_negotiation.py:57}}
Jul 29 06:57:35.971559 np0000006062 devstack@g-api.service[99745]: DEBUG glance.api.middleware.version_negotiation [None req-d8f0ef13-611f-4b6d-b372-01953c96de72 tempest-TaggedBootDevicesTest_v242-1822316258 tempest-TaggedBootDevicesTest_v242-1822316258-project-member] Matched version: v2 {{(pid=99745) process_request /opt/stack/glance/glance/api/middleware/version_negotiation.py:69}}
Jul 29 06:57:35.971739 np0000006062 devstack@g-api.service[99745]: DEBUG glance.api.middleware.version_negotiation [None req-d8f0ef13-611f-4b6d-b372-01953c96de72 tempest-TaggedBootDevicesTest_v242-1822316258 tempest-TaggedBootDevicesTest_v242-1822316258-project-member] new path /v2/images/6da07bff-1ae7-448e-a515-b3dc6f6f051d/locations {{(pid=99745) process_request /opt/stack/glance/glance/api/middleware/version_negotiation.py:70}}
Jul 29 06:57:36.282105 np0000006062 devstack@g-api.service[99745]: [pid: 99745|app: 0|req: 73/214] 127.0.0.1 () {44 vars in 1135 bytes} [Wed Jul 29 06:57:35 2026] GET /v2/images/6da07bff-1ae7-448e-a515-b3dc6f6f051d/locations => generated 92 bytes in 311 msecs (HTTP/1.1 200) 4 headers in 156 bytes (1 switches on core 0)
Jul 29 06:57:36.294795 np0000006062 devstack@g-api.service[99747]: DEBUG glance.api.middleware.version_negotiation [None req-d8f0ef13-611f-4b6d-b372-01953c96de72 tempest-TaggedBootDevicesTest_v242-1822316258 tempest-TaggedBootDevicesTest_v242-1822316258-project-member] Determining version of request: GET /v2/images/6da07bff-1ae7-448e-a515-b3dc6f6f051d Accept: */* {{(pid=99747) process_request /opt/stack/glance/glance/api/middleware/version_negotiation.py:44}}
Jul 29 06:57:36.294795 np0000006062 devstack@g-api.service[99747]: DEBUG glance.api.middleware.version_negotiation [None req-d8f0ef13-611f-4b6d-b372-01953c96de72 tempest-TaggedBootDevicesTest_v242-1822316258 tempest-TaggedBootDevicesTest_v242-1822316258-project-member] Using url versioning {{(pid=99747) process_request /opt/stack/glance/glance/api/middleware/version_negotiation.py:57}}
Jul 29 06:57:36.295431 np0000006062 devstack@g-api.service[99747]: DEBUG glance.api.middleware.version_negotiation [None req-d8f0ef13-611f-4b6d-b372-01953c96de72 tempest-TaggedBootDevicesTest_v242-1822316258 tempest-TaggedBootDevicesTest_v242-1822316258-project-member] Matched version: v2 {{(pid=99747) process_request /opt/stack/glance/glance/api/middleware/version_negotiation.py:69}}
Jul 29 06:57:36.295431 np0000006062 devstack@g-api.service[99747]: DEBUG glance.api.middleware.version_negotiation [None req-d8f0ef13-611f-4b6d-b372-01953c96de72 tempest-TaggedBootDevicesTest_v242-1822316258 tempest-TaggedBootDevicesTest_v242-1822316258-project-member] new path /v2/images/6da07bff-1ae7-448e-a515-b3dc6f6f051d {{(pid=99747) process_request /opt/stack/glance/glance/api/middleware/version_negotiation.py:70}}
Jul 29 06:57:36.313090 np0000006062 devstack@g-api.service[99747]: [pid: 99747|app: 0|req: 73/215] 127.0.0.1 () {44 vars in 1115 bytes} [Wed Jul 29 06:57:36 2026] GET /v2/images/6da07bff-1ae7-448e-a515-b3dc6f6f051d => generated 1044 bytes in 18 msecs (HTTP/1.1 200) 4 headers in 158 bytes (1 switches on core 0)
Jul 29 06:57:36.329762 np0000006062 devstack@g-api.service[99746]: DEBUG glance.api.middleware.version_negotiation [None req-d8f0ef13-611f-4b6d-b372-01953c96de72 tempest-TaggedBootDevicesTest_v242-1822316258 tempest-TaggedBootDevicesTest_v242-1822316258-project-member] Determining version of request: GET /v2/schemas/image Accept: */* {{(pid=99746) process_request /opt/stack/glance/glance/api/middleware/version_negotiation.py:44}}
Jul 29 06:57:36.329762 np0000006062 devstack@g-api.service[99746]: DEBUG glance.api.middleware.version_negotiation [None req-d8f0ef13-611f-4b6d-b372-01953c96de72 tempest-TaggedBootDevicesTest_v242-1822316258 tempest-TaggedBootDevicesTest_v242-1822316258-project-member] Using url versioning {{(pid=99746) process_request /opt/stack/glance/glance/api/middleware/version_negotiation.py:57}}
Jul 29 06:57:36.330248 np0000006062 devstack@g-api.service[99746]: DEBUG glance.api.middleware.version_negotiation [None req-d8f0ef13-611f-4b6d-b372-01953c96de72 tempest-TaggedBootDevicesTest_v242-1822316258 tempest-TaggedBootDevicesTest_v242-1822316258-project-member] Matched version: v2 {{(pid=99746) process_request /opt/stack/glance/glance/api/middleware/version_negotiation.py:69}}
Jul 29 06:57:36.330248 np0000006062 devstack@g-api.service[99746]: DEBUG glance.api.middleware.version_negotiation [None req-d8f0ef13-611f-4b6d-b372-01953c96de72 tempest-TaggedBootDevicesTest_v242-1822316258 tempest-TaggedBootDevicesTest_v242-1822316258-project-member] new path /v2/schemas/image {{(pid=99746) process_request /opt/stack/glance/glance/api/middleware/version_negotiation.py:70}}
Jul 29 06:57:36.332702 np0000006062 devstack@g-api.service[99746]: [pid: 99746|app: 0|req: 70/216] 127.0.0.1 () {44 vars in 1055 bytes} [Wed Jul 29 06:57:36 2026] GET /v2/schemas/image => generated 6083 bytes in 3 msecs (HTTP/1.1 200) 4 headers in 158 bytes (1 switches on core 0)
Jul 29 06:57:36.345375 np0000006062 devstack@g-api.service[99745]: DEBUG glance.api.middleware.version_negotiation [None req-d8f0ef13-611f-4b6d-b372-01953c96de72 service glance] Determining version of request: GET /v2/schemas/image Accept: */* {{(pid=99745) process_request /opt/stack/glance/glance/api/middleware/version_negotiation.py:44}}
Jul 29 06:57:36.345553 np0000006062 devstack@g-api.service[99745]: DEBUG glance.api.middleware.version_negotiation [None req-d8f0ef13-611f-4b6d-b372-01953c96de72 service glance] Using url versioning {{(pid=99745) process_request /opt/stack/glance/glance/api/middleware/version_negotiation.py:57}}
Jul 29 06:57:36.345825 np0000006062 devstack@g-api.service[99745]: DEBUG glance.api.middleware.version_negotiation [None req-d8f0ef13-611f-4b6d-b372-01953c96de72 service glance] Matched version: v2 {{(pid=99745) process_request /opt/stack/glance/glance/api/middleware/version_negotiation.py:69}}
Jul 29 06:57:36.345825 np0000006062 devstack@g-api.service[99745]: DEBUG glance.api.middleware.version_negotiation [None req-d8f0ef13-611f-4b6d-b372-01953c96de72 service glance] new path /v2/schemas/image {{(pid=99745) process_request /opt/stack/glance/glance/api/middleware/version_negotiation.py:70}}
Jul 29 06:57:36.355968 np0000006062 devstack@g-api.service[99745]: [pid: 99745|app: 0|req: 74/217] 127.0.0.1 () {44 vars in 1055 bytes} [Wed Jul 29 06:57:36 2026] GET /v2/schemas/image => generated 6083 bytes in 9 msecs (HTTP/1.1 200) 4 headers in 158 bytes (1 switches on core 0)
Jul 29 06:57:40.425932 np0000006062 devstack@g-api.service[99747]: DEBUG glance.api.middleware.version_negotiation [None req-d8f0ef13-611f-4b6d-b372-01953c96de72 tempest-TaggedBootDevicesTest_v242-1822316258 tempest-TaggedBootDevicesTest_v242-1822316258-project-member] Determining version of request: DELETE /v2/images/f7546004-502d-4493-b314-d5cb24b73ae6 Accept: application/json {{(pid=99747) process_request /opt/stack/glance/glance/api/middleware/version_negotiation.py:44}}
Jul 29 06:57:40.426408 np0000006062 devstack@g-api.service[99747]: DEBUG glance.api.middleware.version_negotiation [None req-d8f0ef13-611f-4b6d-b372-01953c96de72 tempest-TaggedBootDevicesTest_v242-1822316258 tempest-TaggedBootDevicesTest_v242-1822316258-project-member] Using url versioning {{(pid=99747) process_request /opt/stack/glance/glance/api/middleware/version_negotiation.py:57}}
Jul 29 06:57:40.426408 np0000006062 devstack@g-api.service[99747]: DEBUG glance.api.middleware.version_negotiation [None req-d8f0ef13-611f-4b6d-b372-01953c96de72 tempest-TaggedBootDevicesTest_v242-1822316258 tempest-TaggedBootDevicesTest_v242-1822316258-project-member] Matched version: v2 {{(pid=99747) process_request /opt/stack/glance/glance/api/middleware/version_negotiation.py:69}}
Jul 29 06:57:40.426408 np0000006062 devstack@g-api.service[99747]: DEBUG glance.api.middleware.version_negotiation [None req-d8f0ef13-611f-4b6d-b372-01953c96de72 tempest-TaggedBootDevicesTest_v242-1822316258 tempest-TaggedBootDevicesTest_v242-1822316258-project-member] new path /v2/images/f7546004-502d-4493-b314-d5cb24b73ae6 {{(pid=99747) process_request /opt/stack/glance/glance/api/middleware/version_negotiation.py:70}}
Jul 29 06:57:40.446649 np0000006062 devstack@g-api.service[99747]: WARNING glance.api.v2.images [None req-36a4d0bb-8444-4231-a782-91c122c7659a tempest-ServerBootFromVolumeStableRescueTest-1539763916 tempest-ServerBootFromVolumeStableRescueTest-1539763916-project-member] After upload to backend, deletion of staged image data has failed because it cannot be found at /tmp/staging//f7546004-502d-4493-b314-d5cb24b73ae6
Jul 29 06:57:40.448430 np0000006062 devstack@g-api.service[99747]: DEBUG glance_store.backend [None req-36a4d0bb-8444-4231-a782-91c122c7659a tempest-ServerBootFromVolumeStableRescueTest-1539763916 tempest-ServerBootFromVolumeStableRescueTest-1539763916-project-member] Attempting to import store swift {{(pid=99747) _load_store /opt/stack/data/venv/lib/python3.12/site-packages/glance_store/backend.py:215}}
Jul 29 06:57:40.450522 np0000006062 devstack@g-api.service[99747]: DEBUG glance_store.capabilities [None req-36a4d0bb-8444-4231-a782-91c122c7659a tempest-ServerBootFromVolumeStableRescueTest-1539763916 tempest-ServerBootFromVolumeStableRescueTest-1539763916-project-member] Store glance_store._drivers.swift.store.SingleTenantStore doesn't support updating dynamic storage capabilities. Please overwrite 'update_capabilities' method of the store to implement updating logics if needed. {{(pid=99747) update_capabilities /opt/stack/data/venv/lib/python3.12/site-packages/glance_store/capabilities.py:91}}
Jul 29 06:57:40.451454 np0000006062 devstack@g-api.service[99747]: DEBUG glance_store.driver [None req-36a4d0bb-8444-4231-a782-91c122c7659a tempest-ServerBootFromVolumeStableRescueTest-1539763916 tempest-ServerBootFromVolumeStableRescueTest-1539763916-project-member] Late loading location class glance_store._drivers.swift.store.StoreLocation {{(pid=99747) get_store_location_class /opt/stack/data/venv/lib/python3.12/site-packages/glance_store/driver.py:134}}
Jul 29 06:57:40.451625 np0000006062 devstack@g-api.service[99747]: DEBUG glance_store.location [None req-36a4d0bb-8444-4231-a782-91c122c7659a tempest-ServerBootFromVolumeStableRescueTest-1539763916 tempest-ServerBootFromVolumeStableRescueTest-1539763916-project-member] Registering scheme swift+https with {'store': , 'location_class': , 'store_entry': 'swift'} {{(pid=99747) register_scheme_map /opt/stack/data/venv/lib/python3.12/site-packages/glance_store/location.py:146}}
Jul 29 06:57:40.451743 np0000006062 devstack@g-api.service[99747]: DEBUG glance_store.location [None req-36a4d0bb-8444-4231-a782-91c122c7659a tempest-ServerBootFromVolumeStableRescueTest-1539763916 tempest-ServerBootFromVolumeStableRescueTest-1539763916-project-member] Registering scheme swift+https with {'store': , 'location_class': , 'store_entry': 'swift'} {{(pid=99747) register_scheme_map /opt/stack/data/venv/lib/python3.12/site-packages/glance_store/location.py:146}}
Jul 29 06:57:40.451858 np0000006062 devstack@g-api.service[99747]: DEBUG glance_store.location [None req-36a4d0bb-8444-4231-a782-91c122c7659a tempest-ServerBootFromVolumeStableRescueTest-1539763916 tempest-ServerBootFromVolumeStableRescueTest-1539763916-project-member] Registering scheme swift with {'store': , 'location_class': , 'store_entry': 'swift'} {{(pid=99747) register_scheme_map /opt/stack/data/venv/lib/python3.12/site-packages/glance_store/location.py:146}}
Jul 29 06:57:40.451981 np0000006062 devstack@g-api.service[99747]: DEBUG glance_store.location [None req-36a4d0bb-8444-4231-a782-91c122c7659a tempest-ServerBootFromVolumeStableRescueTest-1539763916 tempest-ServerBootFromVolumeStableRescueTest-1539763916-project-member] Registering scheme swift+https with {'store': , 'location_class': , 'store_entry': 'swift'} {{(pid=99747) register_scheme_map /opt/stack/data/venv/lib/python3.12/site-packages/glance_store/location.py:146}}
Jul 29 06:57:40.452080 np0000006062 devstack@g-api.service[99747]: DEBUG glance_store.location [None req-36a4d0bb-8444-4231-a782-91c122c7659a tempest-ServerBootFromVolumeStableRescueTest-1539763916 tempest-ServerBootFromVolumeStableRescueTest-1539763916-project-member] Registering scheme swift with {'store': , 'location_class': , 'store_entry': 'swift'} {{(pid=99747) register_scheme_map /opt/stack/data/venv/lib/python3.12/site-packages/glance_store/location.py:146}}
Jul 29 06:57:40.452266 np0000006062 devstack@g-api.service[99747]: DEBUG glance_store.location [None req-36a4d0bb-8444-4231-a782-91c122c7659a tempest-ServerBootFromVolumeStableRescueTest-1539763916 tempest-ServerBootFromVolumeStableRescueTest-1539763916-project-member] Registering scheme swift+http with {'store': , 'location_class': , 'store_entry': 'swift'} {{(pid=99747) register_scheme_map /opt/stack/data/venv/lib/python3.12/site-packages/glance_store/location.py:146}}
Jul 29 06:57:40.452399 np0000006062 devstack@g-api.service[99747]: DEBUG glance_store.location [None req-36a4d0bb-8444-4231-a782-91c122c7659a tempest-ServerBootFromVolumeStableRescueTest-1539763916 tempest-ServerBootFromVolumeStableRescueTest-1539763916-project-member] Registering scheme swift+https with {'store': , 'location_class': , 'store_entry': 'swift'} {{(pid=99747) register_scheme_map /opt/stack/data/venv/lib/python3.12/site-packages/glance_store/location.py:146}}
Jul 29 06:57:40.452962 np0000006062 devstack@g-api.service[99747]: DEBUG glance_store.location [None req-36a4d0bb-8444-4231-a782-91c122c7659a tempest-ServerBootFromVolumeStableRescueTest-1539763916 tempest-ServerBootFromVolumeStableRescueTest-1539763916-project-member] Registering scheme swift with {'store': , 'location_class': , 'store_entry': 'swift'} {{(pid=99747) register_scheme_map /opt/stack/data/venv/lib/python3.12/site-packages/glance_store/location.py:146}}
Jul 29 06:57:40.452962 np0000006062 devstack@g-api.service[99747]: DEBUG glance_store.location [None req-36a4d0bb-8444-4231-a782-91c122c7659a tempest-ServerBootFromVolumeStableRescueTest-1539763916 tempest-ServerBootFromVolumeStableRescueTest-1539763916-project-member] Registering scheme swift+http with {'store': , 'location_class': , 'store_entry': 'swift'} {{(pid=99747) register_scheme_map /opt/stack/data/venv/lib/python3.12/site-packages/glance_store/location.py:146}}
Jul 29 06:57:40.452962 np0000006062 devstack@g-api.service[99747]: DEBUG glance_store.location [None req-36a4d0bb-8444-4231-a782-91c122c7659a tempest-ServerBootFromVolumeStableRescueTest-1539763916 tempest-ServerBootFromVolumeStableRescueTest-1539763916-project-member] Registering scheme swift+config with {'store': , 'location_class': , 'store_entry': 'swift'} {{(pid=99747) register_scheme_map /opt/stack/data/venv/lib/python3.12/site-packages/glance_store/location.py:146}}
Jul 29 06:57:40.455709 np0000006062 devstack@g-api.service[99747]: DEBUG keystoneclient.auth.identity.v3.base [None req-36a4d0bb-8444-4231-a782-91c122c7659a tempest-ServerBootFromVolumeStableRescueTest-1539763916 tempest-ServerBootFromVolumeStableRescueTest-1539763916-project-member] Making authentication request to https://10.4.3.208/identity/v3/auth/tokens {{(pid=99747) get_auth_ref /opt/stack/data/venv/lib/python3.12/site-packages/keystoneclient/auth/identity/v3/base.py:185}}
Jul 29 06:57:40.646064 np0000006062 devstack@g-api.service[99746]: DEBUG glance.api.middleware.version_negotiation [None req-d8f0ef13-611f-4b6d-b372-01953c96de72 tempest-TaggedBootDevicesTest_v242-1822316258 tempest-TaggedBootDevicesTest_v242-1822316258-project-member] Determining version of request: GET /v2/images/e0bbbf54-5c80-4c0e-89aa-144aef972c43 Accept: */* {{(pid=99746) process_request /opt/stack/glance/glance/api/middleware/version_negotiation.py:44}}
Jul 29 06:57:40.646064 np0000006062 devstack@g-api.service[99746]: DEBUG glance.api.middleware.version_negotiation [None req-d8f0ef13-611f-4b6d-b372-01953c96de72 tempest-TaggedBootDevicesTest_v242-1822316258 tempest-TaggedBootDevicesTest_v242-1822316258-project-member] Using url versioning {{(pid=99746) process_request /opt/stack/glance/glance/api/middleware/version_negotiation.py:57}}
Jul 29 06:57:40.646064 np0000006062 devstack@g-api.service[99746]: DEBUG glance.api.middleware.version_negotiation [None req-d8f0ef13-611f-4b6d-b372-01953c96de72 tempest-TaggedBootDevicesTest_v242-1822316258 tempest-TaggedBootDevicesTest_v242-1822316258-project-member] Matched version: v2 {{(pid=99746) process_request /opt/stack/glance/glance/api/middleware/version_negotiation.py:69}}
Jul 29 06:57:40.646064 np0000006062 devstack@g-api.service[99746]: DEBUG glance.api.middleware.version_negotiation [None req-d8f0ef13-611f-4b6d-b372-01953c96de72 tempest-TaggedBootDevicesTest_v242-1822316258 tempest-TaggedBootDevicesTest_v242-1822316258-project-member] new path /v2/images/e0bbbf54-5c80-4c0e-89aa-144aef972c43 {{(pid=99746) process_request /opt/stack/glance/glance/api/middleware/version_negotiation.py:70}}
Jul 29 06:57:40.655665 np0000006062 devstack@g-api.service[99747]: DEBUG keystoneclient.auth.identity.v3.base [None req-36a4d0bb-8444-4231-a782-91c122c7659a tempest-ServerBootFromVolumeStableRescueTest-1539763916 tempest-ServerBootFromVolumeStableRescueTest-1539763916-project-member] {"token": {"methods": ["password"], "user": {"domain": {"id": "default", "name": "Default"}, "id": "ac817e36c7ee4b7a84737d89fa41d390", "name": "glance-swift", "password_expires_at": null}, "audit_ids": ["lOlTvH8FQf-PVpXolGUBTg"], "expires_at": "2026-07-29T07:57:40.000000Z", "issued_at": "2026-07-29T06:57:40.000000Z", "project": {"domain": {"id": "default", "name": "Default"}, "id": "b281c4f2bf474ae4983c91e50bcaa179", "name": "service"}, "is_domain": false, "roles": [{"id": "04d05616e90243d0bbb1f1e186806013", "name": "ResellerAdmin"}, {"id": "809159877c5a413d8a43617b282caf01", "name": "service"}], "catalog": [{"endpoints": [{"id": "43aa969482754ff7b4bc68a3779a2fa0", "interface": "public", "region_id": "RegionOne", "url": "https://10.4.3.208/placement", "region": "RegionOne"}], "id": "19a78f20824f4427ba09d45668d5b29e", "type": "placement", "name": "placement"}, {"endpoints": [{"id": "74def710fd24432191605c5df911682c", "interface": "public", "region_id": "RegionOne", "url": "https://10.4.3.208/networking", "region": "RegionOne"}], "id": "545925a5d8b547efaa87a24a262d3168", "type": "network", "name": "neutron"}, {"endpoints": [{"id": "af9b6a3e013941c991495870600aa7ef", "interface": "public", "region_id": "RegionOne", "url": "https://10.4.3.208/compute/v2.1", "region": "RegionOne"}], "id": "673d183e1b5f497c96e384726e963d98", "type": "compute", "name": "nova"}, {"endpoints": [{"id": "b2b0838d964e428f8e17685bff12511f", "interface": "public", "region_id": "RegionOne", "url": "https://10.4.3.208:8080/v1/AUTH_b281c4f2bf474ae4983c91e50bcaa179", "region": "RegionOne"}, {"id": "dc03613afb6f472b8e090f4ae149b800", "interface": "admin", "region_id": "RegionOne", "url": "https://10.4.3.208:8080", "region": "RegionOne"}], "id": "868bb15325c240669406f8d9419e561d", "type": "object-store", "name": "swift"}, {"endpoints": [{"id": "e61d65f6e9124ba1a8a2d58741a00026", "interface": "public", "region_id": "RegionOne", "url": "https://10.4.3.208/compute/v2/b281c4f2bf474ae4983c91e50bcaa179", "region": "RegionOne"}], "id": "c90261b2bc2846d2aea38fa0d9a829cf", "type": "compute_legacy", "name": "nova_legacy"}, {"endpoints": [{"id": "0e905bb213834282973e3090b2303276", "interface": "public", "region_id": "RegionOne", "url": "https://10.4.3.208/volume/v3", "region": "RegionOne"}], "id": "cc7c71df60f84500a4b65f6681ee24e8", "type": "block-storage", "name": "cinder"}, {"endpoints": [{"id": "cba9c41221a1453aa4b400f73b360c99", "interface": "public", "region_id": "RegionOne", "url": "https://10.4.3.208/image", "region": "RegionOne"}], "id": "ecdbbca0d66e4b638e3e7a44c644a9ce", "type": "image", "name": "glance"}, {"endpoints": [{"id": "21926175e5e94c908bf386ec91d19991", "interface": "public", "region_id": "RegionOne", "url": "https://10.4.3.208/identity", "region": "RegionOne"}], "id": "f27182b05d1548bc89f40f4f489997e6", "type": "identity", "name": "keystone"}]}} {{(pid=99747) get_auth_ref /opt/stack/data/venv/lib/python3.12/site-packages/keystoneclient/auth/identity/v3/base.py:190}}
Jul 29 06:57:40.656168 np0000006062 devstack@g-api.service[99747]: DEBUG keystoneclient.httpclient [None req-36a4d0bb-8444-4231-a782-91c122c7659a tempest-ServerBootFromVolumeStableRescueTest-1539763916 tempest-ServerBootFromVolumeStableRescueTest-1539763916-project-member] Failed to find endpoint for management url admin endpoint for identity service not found {{(pid=99747) _process_management_url /opt/stack/data/venv/lib/python3.12/site-packages/keystoneclient/httpclient.py:670}}
Jul 29 06:57:40.659780 np0000006062 devstack@g-api.service[99746]: [pid: 99746|app: 0|req: 71/218] 127.0.0.1 () {44 vars in 1115 bytes} [Wed Jul 29 06:57:40 2026] GET /v2/images/e0bbbf54-5c80-4c0e-89aa-144aef972c43 => generated 1044 bytes in 15 msecs (HTTP/1.1 200) 4 headers in 158 bytes (1 switches on core 0)
Jul 29 06:57:40.701475 np0000006062 devstack@g-api.service[99745]: DEBUG glance.api.middleware.version_negotiation [None req-d8f0ef13-611f-4b6d-b372-01953c96de72 tempest-TaggedBootDevicesTest_v242-1822316258 tempest-TaggedBootDevicesTest_v242-1822316258-project-member] Determining version of request: GET /v2/schemas/image Accept: */* {{(pid=99745) process_request /opt/stack/glance/glance/api/middleware/version_negotiation.py:44}}
Jul 29 06:57:40.702017 np0000006062 devstack@g-api.service[99745]: DEBUG glance.api.middleware.version_negotiation [None req-d8f0ef13-611f-4b6d-b372-01953c96de72 tempest-TaggedBootDevicesTest_v242-1822316258 tempest-TaggedBootDevicesTest_v242-1822316258-project-member] Using url versioning {{(pid=99745) process_request /opt/stack/glance/glance/api/middleware/version_negotiation.py:57}}
Jul 29 06:57:40.702017 np0000006062 devstack@g-api.service[99745]: DEBUG glance.api.middleware.version_negotiation [None req-d8f0ef13-611f-4b6d-b372-01953c96de72 tempest-TaggedBootDevicesTest_v242-1822316258 tempest-TaggedBootDevicesTest_v242-1822316258-project-member] Matched version: v2 {{(pid=99745) process_request /opt/stack/glance/glance/api/middleware/version_negotiation.py:69}}
Jul 29 06:57:40.702017 np0000006062 devstack@g-api.service[99745]: DEBUG glance.api.middleware.version_negotiation [None req-d8f0ef13-611f-4b6d-b372-01953c96de72 tempest-TaggedBootDevicesTest_v242-1822316258 tempest-TaggedBootDevicesTest_v242-1822316258-project-member] new path /v2/schemas/image {{(pid=99745) process_request /opt/stack/glance/glance/api/middleware/version_negotiation.py:70}}
Jul 29 06:57:40.714998 np0000006062 devstack@g-api.service[99745]: [pid: 99745|app: 0|req: 75/219] 127.0.0.1 () {44 vars in 1055 bytes} [Wed Jul 29 06:57:40 2026] GET /v2/schemas/image => generated 6083 bytes in 13 msecs (HTTP/1.1 200) 4 headers in 158 bytes (1 switches on core 0)
Jul 29 06:57:41.059158 np0000006062 devstack@g-api.service[99747]: DEBUG swiftclient [None req-36a4d0bb-8444-4231-a782-91c122c7659a tempest-ServerBootFromVolumeStableRescueTest-1539763916 tempest-ServerBootFromVolumeStableRescueTest-1539763916-project-member] REQ: curl -i https://10.4.3.208:8080/v1/AUTH_b281c4f2bf474ae4983c91e50bcaa179/glance/f7546004-502d-4493-b314-d5cb24b73ae6 -I -H "X-Auth-Token: gAAAAABqaaRkO7e9..." {{(pid=99747) http_log /opt/stack/data/venv/lib/python3.12/site-packages/swiftclient/client.py:160}}
Jul 29 06:57:41.059963 np0000006062 devstack@g-api.service[99747]: DEBUG swiftclient [None req-36a4d0bb-8444-4231-a782-91c122c7659a tempest-ServerBootFromVolumeStableRescueTest-1539763916 tempest-ServerBootFromVolumeStableRescueTest-1539763916-project-member] RESP STATUS: 200 OK {{(pid=99747) http_log /opt/stack/data/venv/lib/python3.12/site-packages/swiftclient/client.py:161}}
Jul 29 06:57:41.059963 np0000006062 devstack@g-api.service[99747]: DEBUG swiftclient [None req-36a4d0bb-8444-4231-a782-91c122c7659a tempest-ServerBootFromVolumeStableRescueTest-1539763916 tempest-ServerBootFromVolumeStableRescueTest-1539763916-project-member] RESP HEADERS: {'Date': 'Wed, 29 Jul 2026 06:57:41 GMT', 'Server': 'Apache/2.4.58 (Ubuntu)', 'Content-Type': 'application/octet-stream', 'Content-Length': '23527424', 'X-Object-Manifest': 'glance/f7546004-502d-4493-b314-d5cb24b73ae6-', 'Last-Modified': 'Wed, 29 Jul 2026 06:57:07 GMT', 'X-Timestamp': '1785308226.54505', 'Accept-Ranges': 'bytes', 'Etag': '"9c424351ecc3b84373f916fa8ecd34a2"', 'X-Trans-Id': 'tx1cb783b447e343568790c-006a69a464', 'X-Openstack-Request-Id': 'tx1cb783b447e343568790c-006a69a464', 'Connection': 'close'} {{(pid=99747) http_log /opt/stack/data/venv/lib/python3.12/site-packages/swiftclient/client.py:162}}
Jul 29 06:57:41.064043 np0000006062 devstack@g-api.service[99746]: DEBUG glance.api.middleware.version_negotiation [None req-50a5b216-6854-4b0f-9dc3-7678f0b15696 tempest-ServerActionsTestOtherA-276086266 tempest-ServerActionsTestOtherA-276086266-project-member] Determining version of request: GET /v2/images/e0bbbf54-5c80-4c0e-89aa-144aef972c43 Accept: */* {{(pid=99746) process_request /opt/stack/glance/glance/api/middleware/version_negotiation.py:44}}
Jul 29 06:57:41.064195 np0000006062 devstack@g-api.service[99746]: DEBUG glance.api.middleware.version_negotiation [None req-50a5b216-6854-4b0f-9dc3-7678f0b15696 tempest-ServerActionsTestOtherA-276086266 tempest-ServerActionsTestOtherA-276086266-project-member] Using url versioning {{(pid=99746) process_request /opt/stack/glance/glance/api/middleware/version_negotiation.py:57}}
Jul 29 06:57:41.064661 np0000006062 devstack@g-api.service[99746]: DEBUG glance.api.middleware.version_negotiation [None req-50a5b216-6854-4b0f-9dc3-7678f0b15696 tempest-ServerActionsTestOtherA-276086266 tempest-ServerActionsTestOtherA-276086266-project-member] Matched version: v2 {{(pid=99746) process_request /opt/stack/glance/glance/api/middleware/version_negotiation.py:69}}
Jul 29 06:57:41.064963 np0000006062 devstack@g-api.service[99746]: DEBUG glance.api.middleware.version_negotiation [None req-50a5b216-6854-4b0f-9dc3-7678f0b15696 tempest-ServerActionsTestOtherA-276086266 tempest-ServerActionsTestOtherA-276086266-project-member] new path /v2/images/e0bbbf54-5c80-4c0e-89aa-144aef972c43 {{(pid=99746) process_request /opt/stack/glance/glance/api/middleware/version_negotiation.py:70}}
Jul 29 06:57:41.087119 np0000006062 devstack@g-api.service[99747]: DEBUG swiftclient [None req-36a4d0bb-8444-4231-a782-91c122c7659a tempest-ServerBootFromVolumeStableRescueTest-1539763916 tempest-ServerBootFromVolumeStableRescueTest-1539763916-project-member] REQ: curl -i https://10.4.3.208:8080/v1/AUTH_b281c4f2bf474ae4983c91e50bcaa179/glance?format=json&prefix=f7546004-502d-4493-b314-d5cb24b73ae6- -X GET -H "X-Auth-Token: gAAAAABqaaRkO7e9..." -H "Accept-Encoding: gzip" {{(pid=99747) http_log /opt/stack/data/venv/lib/python3.12/site-packages/swiftclient/client.py:160}}
Jul 29 06:57:41.087553 np0000006062 devstack@g-api.service[99747]: DEBUG swiftclient [None req-36a4d0bb-8444-4231-a782-91c122c7659a tempest-ServerBootFromVolumeStableRescueTest-1539763916 tempest-ServerBootFromVolumeStableRescueTest-1539763916-project-member] RESP STATUS: 200 OK {{(pid=99747) http_log /opt/stack/data/venv/lib/python3.12/site-packages/swiftclient/client.py:161}}
Jul 29 06:57:41.087910 np0000006062 devstack@g-api.service[99747]: DEBUG swiftclient [None req-36a4d0bb-8444-4231-a782-91c122c7659a tempest-ServerBootFromVolumeStableRescueTest-1539763916 tempest-ServerBootFromVolumeStableRescueTest-1539763916-project-member] RESP HEADERS: {'Date': 'Wed, 29 Jul 2026 06:57:41 GMT', 'Server': 'Apache/2.4.58 (Ubuntu)', 'Content-Type': 'application/json; charset=utf-8', 'Content-Length': '210', 'X-Container-Object-Count': '7', 'X-Container-Bytes-Used': '111411200', 'X-Timestamp': '1785308015.67983', 'Last-Modified': 'Wed, 29 Jul 2026 06:53:36 GMT', 'Accept-Ranges': 'bytes', 'X-Storage-Policy': 'Policy-0', 'X-Container-Sharding': 'False', 'X-Trans-Id': 'tx62567a61eea64e7c9325c-006a69a465', 'X-Openstack-Request-Id': 'tx62567a61eea64e7c9325c-006a69a465', 'Connection': 'close'} {{(pid=99747) http_log /opt/stack/data/venv/lib/python3.12/site-packages/swiftclient/client.py:162}}
Jul 29 06:57:41.088138 np0000006062 devstack@g-api.service[99747]: DEBUG swiftclient [None req-36a4d0bb-8444-4231-a782-91c122c7659a tempest-ServerBootFromVolumeStableRescueTest-1539763916 tempest-ServerBootFromVolumeStableRescueTest-1539763916-project-member] RESP BODY: b'[{"bytes": 23527424, "hash": "4fa343ee581d8d2e78533191fd1ac3e1", "name": "f7546004-502d-4493-b314-d5cb24b73ae6-00001", "content_type": "application/octet-stream", "last_modified": "2026-07-29T06:57:06.144990"}]' {{(pid=99747) http_log /opt/stack/data/venv/lib/python3.12/site-packages/swiftclient/client.py:166}}
Jul 29 06:57:41.089349 np0000006062 devstack@g-api.service[99746]: [pid: 99746|app: 0|req: 72/220] 127.0.0.1 () {44 vars in 1115 bytes} [Wed Jul 29 06:57:41 2026] GET /v2/images/e0bbbf54-5c80-4c0e-89aa-144aef972c43 => generated 1044 bytes in 25 msecs (HTTP/1.1 200) 4 headers in 158 bytes (1 switches on core 0)
Jul 29 06:57:41.122262 np0000006062 devstack@g-api.service[99747]: DEBUG swiftclient [None req-36a4d0bb-8444-4231-a782-91c122c7659a tempest-ServerBootFromVolumeStableRescueTest-1539763916 tempest-ServerBootFromVolumeStableRescueTest-1539763916-project-member] REQ: curl -i https://10.4.3.208:8080/v1/AUTH_b281c4f2bf474ae4983c91e50bcaa179/glance/f7546004-502d-4493-b314-d5cb24b73ae6-00001 DELETE -H "X-Auth-Token: gAAAAABqaaRkO7e9..." {{(pid=99747) http_log /opt/stack/data/venv/lib/python3.12/site-packages/swiftclient/client.py:160}}
Jul 29 06:57:41.122610 np0000006062 devstack@g-api.service[99747]: DEBUG swiftclient [None req-36a4d0bb-8444-4231-a782-91c122c7659a tempest-ServerBootFromVolumeStableRescueTest-1539763916 tempest-ServerBootFromVolumeStableRescueTest-1539763916-project-member] RESP STATUS: 204 No Content {{(pid=99747) http_log /opt/stack/data/venv/lib/python3.12/site-packages/swiftclient/client.py:161}}
Jul 29 06:57:41.123189 np0000006062 devstack@g-api.service[99747]: DEBUG swiftclient [None req-36a4d0bb-8444-4231-a782-91c122c7659a tempest-ServerBootFromVolumeStableRescueTest-1539763916 tempest-ServerBootFromVolumeStableRescueTest-1539763916-project-member] RESP HEADERS: {'Date': 'Wed, 29 Jul 2026 06:57:41 GMT', 'Server': 'Apache/2.4.58 (Ubuntu)', 'Content-Type': 'text/html; charset=UTF-8', 'X-Trans-Id': 'tx0a43fcc6d86b4004bd475-006a69a465', 'X-Openstack-Request-Id': 'tx0a43fcc6d86b4004bd475-006a69a465', 'Connection': 'close'} {{(pid=99747) http_log /opt/stack/data/venv/lib/python3.12/site-packages/swiftclient/client.py:162}}
Jul 29 06:57:41.140091 np0000006062 devstack@g-api.service[99745]: DEBUG glance.api.middleware.version_negotiation [None req-50a5b216-6854-4b0f-9dc3-7678f0b15696 tempest-ServerActionsTestOtherA-276086266 tempest-ServerActionsTestOtherA-276086266-project-member] Determining version of request: GET /v2/schemas/image Accept: */* {{(pid=99745) process_request /opt/stack/glance/glance/api/middleware/version_negotiation.py:44}}
Jul 29 06:57:41.141194 np0000006062 devstack@g-api.service[99745]: DEBUG glance.api.middleware.version_negotiation [None req-50a5b216-6854-4b0f-9dc3-7678f0b15696 tempest-ServerActionsTestOtherA-276086266 tempest-ServerActionsTestOtherA-276086266-project-member] Using url versioning {{(pid=99745) process_request /opt/stack/glance/glance/api/middleware/version_negotiation.py:57}}
Jul 29 06:57:41.142502 np0000006062 devstack@g-api.service[99745]: DEBUG glance.api.middleware.version_negotiation [None req-50a5b216-6854-4b0f-9dc3-7678f0b15696 tempest-ServerActionsTestOtherA-276086266 tempest-ServerActionsTestOtherA-276086266-project-member] Matched version: v2 {{(pid=99745) process_request /opt/stack/glance/glance/api/middleware/version_negotiation.py:69}}
Jul 29 06:57:41.142662 np0000006062 devstack@g-api.service[99745]: DEBUG glance.api.middleware.version_negotiation [None req-50a5b216-6854-4b0f-9dc3-7678f0b15696 tempest-ServerActionsTestOtherA-276086266 tempest-ServerActionsTestOtherA-276086266-project-member] new path /v2/schemas/image {{(pid=99745) process_request /opt/stack/glance/glance/api/middleware/version_negotiation.py:70}}
Jul 29 06:57:41.148467 np0000006062 devstack@g-api.service[99745]: [pid: 99745|app: 0|req: 76/221] 127.0.0.1 () {44 vars in 1055 bytes} [Wed Jul 29 06:57:41 2026] GET /v2/schemas/image => generated 6083 bytes in 8 msecs (HTTP/1.1 200) 4 headers in 158 bytes (1 switches on core 0)
Jul 29 06:57:41.151244 np0000006062 devstack@g-api.service[99747]: DEBUG swiftclient [None req-36a4d0bb-8444-4231-a782-91c122c7659a tempest-ServerBootFromVolumeStableRescueTest-1539763916 tempest-ServerBootFromVolumeStableRescueTest-1539763916-project-member] REQ: curl -i https://10.4.3.208:8080/v1/AUTH_b281c4f2bf474ae4983c91e50bcaa179/glance/f7546004-502d-4493-b314-d5cb24b73ae6 DELETE -H "X-Auth-Token: gAAAAABqaaRkO7e9..." {{(pid=99747) http_log /opt/stack/data/venv/lib/python3.12/site-packages/swiftclient/client.py:160}}
Jul 29 06:57:41.151495 np0000006062 devstack@g-api.service[99747]: DEBUG swiftclient [None req-36a4d0bb-8444-4231-a782-91c122c7659a tempest-ServerBootFromVolumeStableRescueTest-1539763916 tempest-ServerBootFromVolumeStableRescueTest-1539763916-project-member] RESP STATUS: 204 No Content {{(pid=99747) http_log /opt/stack/data/venv/lib/python3.12/site-packages/swiftclient/client.py:161}}
Jul 29 06:57:41.151708 np0000006062 devstack@g-api.service[99747]: DEBUG swiftclient [None req-36a4d0bb-8444-4231-a782-91c122c7659a tempest-ServerBootFromVolumeStableRescueTest-1539763916 tempest-ServerBootFromVolumeStableRescueTest-1539763916-project-member] RESP HEADERS: {'Date': 'Wed, 29 Jul 2026 06:57:41 GMT', 'Server': 'Apache/2.4.58 (Ubuntu)', 'Content-Type': 'text/html; charset=UTF-8', 'X-Trans-Id': 'txce4b6384282241bdb683f-006a69a465', 'X-Openstack-Request-Id': 'txce4b6384282241bdb683f-006a69a465', 'Connection': 'close'} {{(pid=99747) http_log /opt/stack/data/venv/lib/python3.12/site-packages/swiftclient/client.py:162}}
Jul 29 06:57:41.309052 np0000006062 devstack@g-api.service[99747]: DEBUG glance.api.middleware.cache [None req-36a4d0bb-8444-4231-a782-91c122c7659a tempest-ServerBootFromVolumeStableRescueTest-1539763916 tempest-ServerBootFromVolumeStableRescueTest-1539763916-project-member] Removing image f7546004-502d-4493-b314-d5cb24b73ae6 from cache {{(pid=99747) _process_DELETE_response /opt/stack/glance/glance/api/middleware/cache.py:264}}
Jul 29 06:57:41.309232 np0000006062 devstack@g-api.service[99747]: DEBUG glance.image_cache.drivers.centralized_db [None req-36a4d0bb-8444-4231-a782-91c122c7659a tempest-ServerBootFromVolumeStableRescueTest-1539763916 tempest-ServerBootFromVolumeStableRescueTest-1539763916-project-member] Deleting image cache file '/opt/stack/data/glance/cache/f7546004-502d-4493-b314-d5cb24b73ae6' {{(pid=99747) delete_cached_file /opt/stack/glance/glance/image_cache/drivers/centralized_db.py:400}}
Jul 29 06:57:41.325400 np0000006062 devstack@g-api.service[99746]: DEBUG glance.api.middleware.version_negotiation [None req-50a5b216-6854-4b0f-9dc3-7678f0b15696 tempest-ServerActionsTestOtherA-276086266 tempest-ServerActionsTestOtherA-276086266-project-member] Determining version of request: GET /v2/images/e0bbbf54-5c80-4c0e-89aa-144aef972c43 Accept: */* {{(pid=99746) process_request /opt/stack/glance/glance/api/middleware/version_negotiation.py:44}}
Jul 29 06:57:41.325518 np0000006062 devstack@g-api.service[99746]: DEBUG glance.api.middleware.version_negotiation [None req-50a5b216-6854-4b0f-9dc3-7678f0b15696 tempest-ServerActionsTestOtherA-276086266 tempest-ServerActionsTestOtherA-276086266-project-member] Using url versioning {{(pid=99746) process_request /opt/stack/glance/glance/api/middleware/version_negotiation.py:57}}
Jul 29 06:57:41.325703 np0000006062 devstack@g-api.service[99746]: DEBUG glance.api.middleware.version_negotiation [None req-50a5b216-6854-4b0f-9dc3-7678f0b15696 tempest-ServerActionsTestOtherA-276086266 tempest-ServerActionsTestOtherA-276086266-project-member] Matched version: v2 {{(pid=99746) process_request /opt/stack/glance/glance/api/middleware/version_negotiation.py:69}}
Jul 29 06:57:41.325837 np0000006062 devstack@g-api.service[99746]: DEBUG glance.api.middleware.version_negotiation [None req-50a5b216-6854-4b0f-9dc3-7678f0b15696 tempest-ServerActionsTestOtherA-276086266 tempest-ServerActionsTestOtherA-276086266-project-member] new path /v2/images/e0bbbf54-5c80-4c0e-89aa-144aef972c43 {{(pid=99746) process_request /opt/stack/glance/glance/api/middleware/version_negotiation.py:70}}
Jul 29 06:57:41.332392 np0000006062 devstack@g-api.service[99747]: [pid: 99747|app: 0|req: 74/222] 127.0.0.1 () {40 vars in 841 bytes} [Wed Jul 29 06:57:40 2026] DELETE /v2/images/f7546004-502d-4493-b314-d5cb24b73ae6 => generated 0 bytes in 906 msecs (HTTP/1.1 204) 4 headers in 171 bytes (1 switches on core 0)
Jul 29 06:57:41.340091 np0000006062 devstack@g-api.service[99746]: [pid: 99746|app: 0|req: 73/223] 127.0.0.1 () {44 vars in 1115 bytes} [Wed Jul 29 06:57:41 2026] GET /v2/images/e0bbbf54-5c80-4c0e-89aa-144aef972c43 => generated 1044 bytes in 15 msecs (HTTP/1.1 200) 4 headers in 158 bytes (1 switches on core 0)
Jul 29 06:57:41.398274 np0000006062 devstack@g-api.service[99745]: DEBUG glance.api.middleware.version_negotiation [None req-50a5b216-6854-4b0f-9dc3-7678f0b15696 tempest-ServerActionsTestOtherA-276086266 tempest-ServerActionsTestOtherA-276086266-project-member] Determining version of request: GET /v2/schemas/image Accept: */* {{(pid=99745) process_request /opt/stack/glance/glance/api/middleware/version_negotiation.py:44}}
Jul 29 06:57:41.398693 np0000006062 devstack@g-api.service[99745]: DEBUG glance.api.middleware.version_negotiation [None req-50a5b216-6854-4b0f-9dc3-7678f0b15696 tempest-ServerActionsTestOtherA-276086266 tempest-ServerActionsTestOtherA-276086266-project-member] Using url versioning {{(pid=99745) process_request /opt/stack/glance/glance/api/middleware/version_negotiation.py:57}}
Jul 29 06:57:41.401881 np0000006062 devstack@g-api.service[99745]: DEBUG glance.api.middleware.version_negotiation [None req-50a5b216-6854-4b0f-9dc3-7678f0b15696 tempest-ServerActionsTestOtherA-276086266 tempest-ServerActionsTestOtherA-276086266-project-member] Matched version: v2 {{(pid=99745) process_request /opt/stack/glance/glance/api/middleware/version_negotiation.py:69}}
Jul 29 06:57:41.401881 np0000006062 devstack@g-api.service[99745]: DEBUG glance.api.middleware.version_negotiation [None req-50a5b216-6854-4b0f-9dc3-7678f0b15696 tempest-ServerActionsTestOtherA-276086266 tempest-ServerActionsTestOtherA-276086266-project-member] new path /v2/schemas/image {{(pid=99745) process_request /opt/stack/glance/glance/api/middleware/version_negotiation.py:70}}
Jul 29 06:57:41.410189 np0000006062 devstack@g-api.service[99745]: [pid: 99745|app: 0|req: 77/224] 127.0.0.1 () {44 vars in 1055 bytes} [Wed Jul 29 06:57:41 2026] GET /v2/schemas/image => generated 6083 bytes in 12 msecs (HTTP/1.1 200) 4 headers in 158 bytes (1 switches on core 0)
Jul 29 06:57:43.097255 np0000006062 devstack@g-api.service[99747]: DEBUG glance.api.middleware.version_negotiation [None req-36a4d0bb-8444-4231-a782-91c122c7659a tempest-ServerBootFromVolumeStableRescueTest-1539763916 tempest-ServerBootFromVolumeStableRescueTest-1539763916-project-member] Determining version of request: GET /v2/images/e0bbbf54-5c80-4c0e-89aa-144aef972c43 Accept: */* {{(pid=99747) process_request /opt/stack/glance/glance/api/middleware/version_negotiation.py:44}}
Jul 29 06:57:43.097255 np0000006062 devstack@g-api.service[99747]: DEBUG glance.api.middleware.version_negotiation [None req-36a4d0bb-8444-4231-a782-91c122c7659a tempest-ServerBootFromVolumeStableRescueTest-1539763916 tempest-ServerBootFromVolumeStableRescueTest-1539763916-project-member] Using url versioning {{(pid=99747) process_request /opt/stack/glance/glance/api/middleware/version_negotiation.py:57}}
