Jul 29 06:55:13.640715 np0000006062 devstack@neutron-api.service[87590]: DEBUG neutron_lib.callbacks.manager [None req-be2adaef-fa97-4366-85d6-ce6034d8ae94 admin admin] Publish callbacks ['neutron.plugins.ml2.plugin.SecurityGroupDbMixin._ensure_default_security_group_handler-298328'] for network (None), before_create {{(pid=87590) _notify_loop /opt/stack/data/venv/lib/python3.12/site-packages/neutron_lib/callbacks/manager.py:184}}
Jul 29 06:55:13.644159 np0000006062 devstack@neutron-api.service[87590]: DEBUG neutron_lib.callbacks.manager [None req-be2adaef-fa97-4366-85d6-ce6034d8ae94 admin admin] Publish callbacks [] for security_group (None), before_create {{(pid=87590) _notify_loop /opt/stack/data/venv/lib/python3.12/site-packages/neutron_lib/callbacks/manager.py:184}}
Jul 29 06:55:13.651523 np0000006062 devstack@neutron-api.service[87591]: DEBUG neutron.plugins.ml2.drivers.ovn.mech_driver.mech_driver [None req-87de7e36-7d12-4e91-87ce-1af94043d7e5 admin admin] Validating network segment with type geneve, segmentation ID 6067, physical network None {{(pid=87591) _validate_network_segments /opt/stack/neutron/neutron/plugins/ml2/drivers/ovn/mech_driver/mech_driver.py:646}}
Jul 29 06:55:13.651666 np0000006062 devstack@neutron-api.service[87591]: DEBUG neutron.db.ovn_revision_numbers_db [None req-87de7e36-7d12-4e91-87ce-1af94043d7e5 admin admin] create_initial_revision uuid=8de17354-64f1-45f7-a8b7-034dbbd25a5e, type=networks, rev=-1 {{(pid=87591) create_initial_revision /opt/stack/neutron/neutron/db/ovn_revision_numbers_db.py:98}}
Jul 29 06:55:13.663071 np0000006062 devstack@neutron-api.service[87591]: DEBUG neutron_lib.callbacks.manager [None req-87de7e36-7d12-4e91-87ce-1af94043d7e5 admin admin] Publish callbacks ['neutron.plugins.ml2.ovo_rpc._ObjectChangeHandler.handle_event-7836784'] for network (8de17354-64f1-45f7-a8b7-034dbbd25a5e), after_create {{(pid=87591) _notify_loop /opt/stack/data/venv/lib/python3.12/site-packages/neutron_lib/callbacks/manager.py:184}}
Jul 29 06:55:13.686510 np0000006062 devstack@neutron-api.service[87592]: DEBUG neutron_lib.callbacks.manager [None req-5b83a859-560f-47a7-8e52-649bfa717499 admin admin] Publish callbacks ['neutron.plugins.ml2.drivers.ovn.mech_driver.mech_driver.OVNMechanismDriver._validate_allowed_address_pairs-8325473'] for allowed_address_pair (14998381-d94d-4585-b735-e4e8878b7622), before_create {{(pid=87592) _notify_loop /opt/stack/data/venv/lib/python3.12/site-packages/neutron_lib/callbacks/manager.py:184}}
Jul 29 06:55:13.686626 np0000006062 devstack@neutron-api.service[87591]: DEBUG neutron.api.rpc.handlers.resources_rpc [None req-87de7e36-7d12-4e91-87ce-1af94043d7e5 admin admin] Pushing event updated for resources: {'Network': ['ID=8de17354-64f1-45f7-a8b7-034dbbd25a5e,revision_number=1']} {{(pid=87591) push /opt/stack/neutron/neutron/api/rpc/handlers/resources_rpc.py:237}}
Jul 29 06:55:13.686983 np0000006062 devstack@neutron-api.service[87592]: DEBUG neutron_lib.callbacks.manager [None req-5b83a859-560f-47a7-8e52-649bfa717499 admin admin] Publish callbacks [] for port (14998381-d94d-4585-b735-e4e8878b7622), precommit_create {{(pid=87592) _notify_loop /opt/stack/data/venv/lib/python3.12/site-packages/neutron_lib/callbacks/manager.py:184}}
Jul 29 06:55:13.687120 np0000006062 devstack@neutron-api.service[87592]: DEBUG neutron.plugins.ml2.drivers.ovn.mech_driver.mech_driver [None req-5b83a859-560f-47a7-8e52-649bfa717499 admin admin] No provisioning block for port 14998381-d94d-4585-b735-e4e8878b7622 since it does not have a host {{(pid=87592) _is_port_provisioning_required /opt/stack/neutron/neutron/plugins/ml2/drivers/ovn/mech_driver/mech_driver.py:899}}
Jul 29 06:55:13.687229 np0000006062 devstack@neutron-api.service[87592]: DEBUG neutron.db.ovn_revision_numbers_db [None req-5b83a859-560f-47a7-8e52-649bfa717499 admin admin] create_initial_revision uuid=14998381-d94d-4585-b735-e4e8878b7622, type=ports, rev=-1 {{(pid=87592) create_initial_revision /opt/stack/neutron/neutron/db/ovn_revision_numbers_db.py:98}}
Jul 29 06:55:13.693698 np0000006062 devstack@neutron-api.service[87591]: DEBUG ovsdbapp.backend.ovs_idl.transaction [None req-cda441bd-3b52-406e-8744-bb923226ad72 None None] Running txn n=1 command(idx=0): AddNetworkCommand(_result=None, network_uuid=8de17354-64f1-45f7-a8b7-034dbbd25a5e, may_exist=True, columns={'external_ids': {'neutron:network_name': 'tempest-VolumesAssistedSnapshotsTest-1811881192-network', 'neutron:mtu': '1372', 'neutron:revision_number': '1', 'neutron:availability_zone_hints': '', 'neutron:provnet-network-type': 'geneve'}, 'other_config': {'mcast_snoop': 'false', 'mcast_flood_unregistered': 'false', 'vlan-passthru': 'false'}}) {{(pid=87591) do_commit /opt/stack/data/venv/lib/python3.12/site-packages/ovsdbapp/backend/ovs_idl/transaction.py:89}}
Jul 29 06:55:13.693877 np0000006062 devstack@neutron-api.service[87591]: DEBUG neutron.common.ovn.utils [None req-cda441bd-3b52-406e-8744-bb923226ad72 None None] OVS persist_uuid supported=True {{(pid=87591) ovs_persist_uuid_supported /opt/stack/neutron/neutron/common/ovn/utils.py:1565}}
Jul 29 06:55:13.696728 np0000006062 devstack@neutron-api.service[87590]: DEBUG neutron.plugins.ml2.drivers.ovn.mech_driver.ovsdb.ovsdb_monitor [None req-477618c1-6597-4758-8197-ee3e6261a271 None None] Hash Ring: Node fdbbc0d2ad8d56d19b664a9b46a7bcde (host: np0000006062) handling event "create" for row 8de17354-64f1-45f7-a8b7-034dbbd25a5e (table: Logical_Switch) {{(pid=87590) notify /opt/stack/neutron/neutron/plugins/ml2/drivers/ovn/mech_driver/ovsdb/ovsdb_monitor.py:1013}}
Jul 29 06:55:13.700473 np0000006062 devstack@neutron-api.service[87592]: DEBUG neutron.plugins.ml2.drivers.ovn.mech_driver.ovsdb.ovsdb_monitor [None req-92e57e70-6419-463e-834f-9cbc0a773612 None None] Hash Ring: Node 398a68f8e65d5f5db7840a5b502df59f (host: np0000006062) handling event "create" for row b031d954-e2a2-4614-8490-2d3f36621830 (table: Datapath_Binding) {{(pid=87592) notify /opt/stack/neutron/neutron/plugins/ml2/drivers/ovn/mech_driver/ovsdb/ovsdb_monitor.py:1013}}
Jul 29 06:55:13.709670 np0000006062 devstack@neutron-api.service[87590]: DEBUG neutron_lib.callbacks.manager [None req-be2adaef-fa97-4366-85d6-ce6034d8ae94 admin admin] Publish callbacks ['neutron.plugins.ml2.drivers.ovn.mech_driver.mech_driver.OVNMechanismDriver._create_security_group_precommit-8349719'] for security_group (763f5945-eff8-473a-a6fc-42ee73f3a81b), precommit_create {{(pid=87590) _notify_loop /opt/stack/data/venv/lib/python3.12/site-packages/neutron_lib/callbacks/manager.py:184}}
Jul 29 06:55:13.709777 np0000006062 devstack@neutron-api.service[87590]: DEBUG neutron.db.ovn_revision_numbers_db [None req-be2adaef-fa97-4366-85d6-ce6034d8ae94 admin admin] create_initial_revision uuid=763f5945-eff8-473a-a6fc-42ee73f3a81b, type=security_groups, rev=-1 {{(pid=87590) create_initial_revision /opt/stack/neutron/neutron/db/ovn_revision_numbers_db.py:98}}
Jul 29 06:55:13.710902 np0000006062 devstack@neutron-api.service[87590]: DEBUG neutron.db.ovn_revision_numbers_db [None req-be2adaef-fa97-4366-85d6-ce6034d8ae94 admin admin] create_initial_revision uuid=599f82aa-d123-4521-83b3-f08f7035431a, type=security_group_rules, rev=-1 {{(pid=87590) create_initial_revision /opt/stack/neutron/neutron/db/ovn_revision_numbers_db.py:98}}
Jul 29 06:55:13.711739 np0000006062 devstack@neutron-api.service[87590]: DEBUG neutron.db.ovn_revision_numbers_db [None req-be2adaef-fa97-4366-85d6-ce6034d8ae94 admin admin] create_initial_revision uuid=9645e384-ff4a-49f9-8a26-a52ad0b55810, type=security_group_rules, rev=-1 {{(pid=87590) create_initial_revision /opt/stack/neutron/neutron/db/ovn_revision_numbers_db.py:98}}
Jul 29 06:55:13.712765 np0000006062 devstack@neutron-api.service[87590]: DEBUG neutron.db.ovn_revision_numbers_db [None req-be2adaef-fa97-4366-85d6-ce6034d8ae94 admin admin] create_initial_revision uuid=9cc1294c-36f6-4edb-8de6-1f9b3cb10b83, type=security_group_rules, rev=-1 {{(pid=87590) create_initial_revision /opt/stack/neutron/neutron/db/ovn_revision_numbers_db.py:98}}
Jul 29 06:55:13.713083 np0000006062 devstack@neutron-api.service[87591]: INFO neutron.db.ovn_revision_numbers_db [None req-87de7e36-7d12-4e91-87ce-1af94043d7e5 admin admin] Successfully bumped revision number for resource 8de17354-64f1-45f7-a8b7-034dbbd25a5e (type: networks) to 1
Jul 29 06:55:13.713704 np0000006062 devstack@neutron-api.service[87590]: DEBUG neutron.db.ovn_revision_numbers_db [None req-be2adaef-fa97-4366-85d6-ce6034d8ae94 admin admin] create_initial_revision uuid=abbec695-6600-436b-b457-d7d037f342ca, type=security_group_rules, rev=-1 {{(pid=87590) create_initial_revision /opt/stack/neutron/neutron/db/ovn_revision_numbers_db.py:98}}
Jul 29 06:55:13.717247 np0000006062 devstack@neutron-api.service[87592]: DEBUG neutron_lib.callbacks.manager [None req-5b83a859-560f-47a7-8e52-649bfa717499 admin admin] Publish callbacks ['neutron.plugins.ml2.ovo_rpc._ObjectChangeHandler.handle_event-7418432'] for port (14998381-d94d-4585-b735-e4e8878b7622), after_create {{(pid=87592) _notify_loop /opt/stack/data/venv/lib/python3.12/site-packages/neutron_lib/callbacks/manager.py:184}}
Jul 29 06:55:13.717612 np0000006062 devstack@neutron-api.service[87590]: DEBUG neutron_lib.callbacks.manager [None req-be2adaef-fa97-4366-85d6-ce6034d8ae94 admin admin] Publish callbacks ['neutron.plugins.ml2.drivers.ovn.mech_driver.mech_driver.OVNMechanismDriver._create_security_group-8349741', 'neutron.plugins.ml2.ovo_rpc._ObjectChangeHandler.handle_event-6533589'] for security_group (763f5945-eff8-473a-a6fc-42ee73f3a81b), after_create {{(pid=87590) _notify_loop /opt/stack/data/venv/lib/python3.12/site-packages/neutron_lib/callbacks/manager.py:184}}
Jul 29 06:55:13.718285 np0000006062 devstack@neutron-api.service[87590]: DEBUG ovsdbapp.backend.ovs_idl.transaction [None req-477618c1-6597-4758-8197-ee3e6261a271 None None] Running txn n=1 command(idx=0): PgAddCommand(_result=None, name=pg_763f5945_eff8_473a_a6fc_42ee73f3a81b, may_exist=False, columns={'acls': [], 'external_ids': {'neutron:security_group_id': '763f5945-eff8-473a-a6fc-42ee73f3a81b'}}) {{(pid=87590) do_commit /opt/stack/data/venv/lib/python3.12/site-packages/ovsdbapp/backend/ovs_idl/transaction.py:89}}
Jul 29 06:55:13.718694 np0000006062 devstack@neutron-api.service[87590]: DEBUG ovsdbapp.backend.ovs_idl.transaction [None req-477618c1-6597-4758-8197-ee3e6261a271 None None] Running txn n=1 command(idx=1): PgAclAddCommand(_result=None, entity=pg_763f5945_eff8_473a_a6fc_42ee73f3a81b, direction=to-lport, priority=1002, match=outport == @pg_763f5945_eff8_473a_a6fc_42ee73f3a81b && ip4 && ip4.src == $pg_763f5945_eff8_473a_a6fc_42ee73f3a81b_ip4, action=allow-related, log=False, may_exist=True, severity=[], name=[], meter=[], external_ids={'neutron:security_group_rule_id': '599f82aa-d123-4521-83b3-f08f7035431a'}) {{(pid=87590) do_commit /opt/stack/data/venv/lib/python3.12/site-packages/ovsdbapp/backend/ovs_idl/transaction.py:89}}
Jul 29 06:55:13.719053 np0000006062 devstack@neutron-api.service[87590]: DEBUG ovsdbapp.backend.ovs_idl.transaction [None req-477618c1-6597-4758-8197-ee3e6261a271 None None] Running txn n=1 command(idx=2): PgAclAddCommand(_result=None, entity=pg_763f5945_eff8_473a_a6fc_42ee73f3a81b, direction=from-lport, priority=1002, match=inport == @pg_763f5945_eff8_473a_a6fc_42ee73f3a81b && ip4, action=allow-related, log=False, may_exist=True, severity=[], name=[], meter=[], external_ids={'neutron:security_group_rule_id': '9645e384-ff4a-49f9-8a26-a52ad0b55810'}) {{(pid=87590) do_commit /opt/stack/data/venv/lib/python3.12/site-packages/ovsdbapp/backend/ovs_idl/transaction.py:89}}
Jul 29 06:55:13.719387 np0000006062 devstack@neutron-api.service[87590]: DEBUG ovsdbapp.backend.ovs_idl.transaction [None req-477618c1-6597-4758-8197-ee3e6261a271 None None] Running txn n=1 command(idx=3): PgAclAddCommand(_result=None, entity=pg_763f5945_eff8_473a_a6fc_42ee73f3a81b, direction=to-lport, priority=1002, match=outport == @pg_763f5945_eff8_473a_a6fc_42ee73f3a81b && ip6 && ip6.src == $pg_763f5945_eff8_473a_a6fc_42ee73f3a81b_ip6, action=allow-related, log=False, may_exist=True, severity=[], name=[], meter=[], external_ids={'neutron:security_group_rule_id': '9cc1294c-36f6-4edb-8de6-1f9b3cb10b83'}) {{(pid=87590) do_commit /opt/stack/data/venv/lib/python3.12/site-packages/ovsdbapp/backend/ovs_idl/transaction.py:89}}
Jul 29 06:55:13.719630 np0000006062 devstack@neutron-api.service[87590]: DEBUG ovsdbapp.backend.ovs_idl.transaction [None req-477618c1-6597-4758-8197-ee3e6261a271 None None] Running txn n=1 command(idx=4): PgAclAddCommand(_result=None, entity=pg_763f5945_eff8_473a_a6fc_42ee73f3a81b, direction=from-lport, priority=1002, match=inport == @pg_763f5945_eff8_473a_a6fc_42ee73f3a81b && ip6, action=allow-related, log=False, may_exist=True, severity=[], name=[], meter=[], external_ids={'neutron:security_group_rule_id': 'abbec695-6600-436b-b457-d7d037f342ca'}) {{(pid=87590) do_commit /opt/stack/data/venv/lib/python3.12/site-packages/ovsdbapp/backend/ovs_idl/transaction.py:89}}
Jul 29 06:55:13.725933 np0000006062 devstack@neutron-api.service[87590]: DEBUG neutron.plugins.ml2.drivers.ovn.mech_driver.ovsdb.ovsdb_monitor [None req-477618c1-6597-4758-8197-ee3e6261a271 None None] Hash Ring: Node fdbbc0d2ad8d56d19b664a9b46a7bcde (host: np0000006062) handling event "create" for row 33b284b1-c8dc-4169-9620-9209f90e5ff4 (table: ACL) {{(pid=87590) notify /opt/stack/neutron/neutron/plugins/ml2/drivers/ovn/mech_driver/ovsdb/ovsdb_monitor.py:1013}}
Jul 29 06:55:13.726264 np0000006062 devstack@neutron-api.service[87590]: DEBUG neutron.plugins.ml2.drivers.ovn.mech_driver.ovsdb.ovsdb_monitor [None req-477618c1-6597-4758-8197-ee3e6261a271 None None] Hash Ring: Node fdbbc0d2ad8d56d19b664a9b46a7bcde (host: np0000006062) handling event "create" for row ba37c73d-fead-46b1-b544-d16ee6a4b1ad (table: Port_Group) {{(pid=87590) notify /opt/stack/neutron/neutron/plugins/ml2/drivers/ovn/mech_driver/ovsdb/ovsdb_monitor.py:1013}}
Jul 29 06:55:13.741396 np0000006062 devstack@neutron-api.service[87592]: DEBUG neutron.plugins.ml2.drivers.ovn.mech_driver.ovsdb.ovsdb_monitor [None req-c9847de9-b6af-48bc-94e1-6e724c4f4845 None None] Hash Ring: Node 398a68f8e65d5f5db7840a5b502df59f (host: np0000006062) handling event "create" for row 46efbdea-e9c5-41db-853b-ad6fa9dcb601 (table: ACL) {{(pid=87592) notify /opt/stack/neutron/neutron/plugins/ml2/drivers/ovn/mech_driver/ovsdb/ovsdb_monitor.py:1013}}
Jul 29 06:55:13.744581 np0000006062 devstack@neutron-api.service[87591]: DEBUG neutron.plugins.ml2.drivers.ovn.mech_driver.ovsdb.ovsdb_monitor [None req-cda441bd-3b52-406e-8744-bb923226ad72 None None] Hash Ring: Node e091b5f5d368535c9e5179fd90e7991c (host: np0000006062) handling event "create" for row aa0a9c48-51d1-4bb9-bab0-cf11a97f8eec (table: ACL) {{(pid=87591) notify /opt/stack/neutron/neutron/plugins/ml2/drivers/ovn/mech_driver/ovsdb/ovsdb_monitor.py:1013}}
Jul 29 06:55:13.744953 np0000006062 devstack@neutron-api.service[87591]: DEBUG neutron.plugins.ml2.drivers.ovn.mech_driver.ovsdb.ovsdb_monitor [None req-cda441bd-3b52-406e-8744-bb923226ad72 None None] Hash Ring: Node e091b5f5d368535c9e5179fd90e7991c (host: np0000006062) handling event "create" for row f392b32e-d2e4-4f4d-9719-742aa53c5a70 (table: ACL) {{(pid=87591) notify /opt/stack/neutron/neutron/plugins/ml2/drivers/ovn/mech_driver/ovsdb/ovsdb_monitor.py:1013}}
Jul 29 06:55:13.745318 np0000006062 devstack@neutron-api.service[87590]: INFO neutron.db.ovn_revision_numbers_db [None req-be2adaef-fa97-4366-85d6-ce6034d8ae94 admin admin] Successfully bumped revision number for resource 763f5945-eff8-473a-a6fc-42ee73f3a81b (type: security_groups) to 1
Jul 29 06:55:13.749643 np0000006062 devstack@neutron-api.service[87592]: DEBUG neutron.api.rpc.handlers.resources_rpc [None req-5b83a859-560f-47a7-8e52-649bfa717499 admin admin] Pushing event updated for resources: {'Port': ['ID=14998381-d94d-4585-b735-e4e8878b7622,revision_number=1']} {{(pid=87592) push /opt/stack/neutron/neutron/api/rpc/handlers/resources_rpc.py:237}}
Jul 29 06:55:13.754088 np0000006062 devstack@neutron-api.service[87592]: DEBUG neutron.plugins.ml2.drivers.ovn.mech_driver.ovsdb.commands [None req-5b83a859-560f-47a7-8e52-649bfa717499 admin admin] Converting tag [] to a tag_request {{(pid=87592) _tag_column_to_tag_request /opt/stack/neutron/neutron/plugins/ml2/drivers/ovn/mech_driver/ovsdb/commands.py:205}}
Jul 29 06:55:13.754754 np0000006062 devstack@neutron-api.service[87592]: DEBUG ovsdbapp.backend.ovs_idl.transaction [None req-c9847de9-b6af-48bc-94e1-6e724c4f4845 None None] Running txn n=1 command(idx=0): AddLSwitchPortCommand(_result=None, lport=14998381-d94d-4585-b735-e4e8878b7622, lswitch=neutron-0e4eaf09-77c1-491f-9305-8942e5b5467f, may_exist=True, network_uuid=0e4eaf09-77c1-491f-9305-8942e5b5467f, columns={'addresses': ['fa:16:3e:b6:f6:48'], 'external_ids': {'neutron:port_name': '', 'neutron:device_id': 'ovnmeta-0e4eaf09-77c1-491f-9305-8942e5b5467f', 'neutron:project_id': 'a606c1d7f53e47758c45cfad8a0f46bd', 'neutron:cidrs': '', 'neutron:device_owner': 'network:distributed', 'neutron:subnet_pool_addr_scope4': '', 'neutron:subnet_pool_addr_scope6': '', 'neutron:network_name': 'neutron-0e4eaf09-77c1-491f-9305-8942e5b5467f', 'neutron:security_group_ids': '', 'neutron:revision_number': '1', 'neutron:vnic_type': 'normal', 'neutron:port_capabilities': '', 'neutron:mtu': '1372'}, 'parent_name': [], 'enabled': True, 'options': {}, 'type': 'localport', 'port_security': [], 'dhcpv4_options': [], 'dhcpv6_options': [], 'tag_request': []}) {{(pid=87592) do_commit /opt/stack/data/venv/lib/python3.12/site-packages/ovsdbapp/backend/ovs_idl/transaction.py:89}}
Jul 29 06:55:13.755262 np0000006062 devstack@neutron-api.service[87592]: DEBUG ovsdbapp.backend.ovs_idl.transaction [None req-c9847de9-b6af-48bc-94e1-6e724c4f4845 None None] Running txn n=1 command(idx=1): QoSDelCommand(_result=None, switch=neutron-0e4eaf09-77c1-491f-9305-8942e5b5467f, conditions=[('direction', '=', 'to-lport'), ('priority', '=', 2002), ('match', '=', 'outport == "14998381-d94d-4585-b735-e4e8878b7622"')], if_exists=True) {{(pid=87592) do_commit /opt/stack/data/venv/lib/python3.12/site-packages/ovsdbapp/backend/ovs_idl/transaction.py:89}}
Jul 29 06:55:13.755481 np0000006062 devstack@neutron-api.service[87592]: DEBUG ovsdbapp.backend.ovs_idl.transaction [None req-c9847de9-b6af-48bc-94e1-6e724c4f4845 None None] Running txn n=1 command(idx=2): QoSDelCommand(_result=None, switch=neutron-0e4eaf09-77c1-491f-9305-8942e5b5467f, conditions=[('direction', '=', 'from-lport'), ('priority', '=', 2002), ('match', '=', 'inport == "14998381-d94d-4585-b735-e4e8878b7622"')], if_exists=True) {{(pid=87592) do_commit /opt/stack/data/venv/lib/python3.12/site-packages/ovsdbapp/backend/ovs_idl/transaction.py:89}}
Jul 29 06:55:13.758009 np0000006062 devstack@neutron-api.service[87592]: DEBUG neutron.plugins.ml2.drivers.ovn.mech_driver.ovsdb.ovsdb_monitor [None req-c9847de9-b6af-48bc-94e1-6e724c4f4845 None None] Hash Ring: Node 398a68f8e65d5f5db7840a5b502df59f (host: np0000006062) handling event "create" for row 862fdb38-8d75-4eab-8868-77dc09d28c47 (table: Logical_Switch_Port) {{(pid=87592) notify /opt/stack/neutron/neutron/plugins/ml2/drivers/ovn/mech_driver/ovsdb/ovsdb_monitor.py:1013}}
Jul 29 06:55:13.758420 np0000006062 devstack@neutron-api.service[87592]: DEBUG ovsdbapp.backend.ovs_idl.event [None req-c9847de9-b6af-48bc-94e1-6e724c4f4845 None None] Matched CREATE: LogicalSwitchPortCreateEvent(events=('create',), table='Logical_Switch_Port', conditions=[], old_conditions=None), priority=20 to row=Logical_Switch_Port(uuid=862fdb38-8d75-4eab-8868-77dc09d28c47, addresses=['fa:16:3e:b6:f6:48'], dhcpv4_options=[], dhcpv6_options=[], dynamic_addresses=[], enabled=True, external_ids={'neutron:cidrs': '', 'neutron:device_id': 'ovnmeta-0e4eaf09-77c1-491f-9305-8942e5b5467f', 'neutron:device_owner': 'network:distributed', 'neutron:mtu': '1372', 'neutron:network_name': 'neutron-0e4eaf09-77c1-491f-9305-8942e5b5467f', 'neutron:port_capabilities': '', 'neutron:port_name': '', 'neutron:project_id': 'a606c1d7f53e47758c45cfad8a0f46bd', 'neutron:revision_number': '1', 'neutron:security_group_ids': '', 'neutron:subnet_pool_addr_scope4': '', 'neutron:subnet_pool_addr_scope6': '', 'neutron:vnic_type': 'normal'}, ha_chassis_group=[], mirror_rules=[], name='14998381-d94d-4585-b735-e4e8878b7622', options={}, parent_name=[], port_security=[], tag=[], tag_request=[], type='localport', up=[]) old= {{(pid=87592) matches /opt/stack/data/venv/lib/python3.12/site-packages/ovsdbapp/backend/ovs_idl/event.py:55}}
Jul 29 06:55:13.758921 np0000006062 devstack@neutron-api.service[87592]: INFO neutron.plugins.ml2.drivers.ovn.mech_driver.mech_driver [None req-85829b97-c3c0-40fd-8cd4-0f36ef4e8f9a None None] OVN reports status down for port: 14998381-d94d-4585-b735-e4e8878b7622
Jul 29 06:55:13.759922 np0000006062 devstack@neutron-api.service[87590]: DEBUG neutron.plugins.ml2.drivers.ovn.mech_driver.ovsdb.ovsdb_monitor [None req-477618c1-6597-4758-8197-ee3e6261a271 None None] Hash Ring: Node fdbbc0d2ad8d56d19b664a9b46a7bcde (host: np0000006062) handling event "update" for row 0e4eaf09-77c1-491f-9305-8942e5b5467f (table: Logical_Switch) {{(pid=87590) notify /opt/stack/neutron/neutron/plugins/ml2/drivers/ovn/mech_driver/ovsdb/ovsdb_monitor.py:1013}}
Jul 29 06:55:13.760611 np0000006062 devstack@neutron-api.service[87590]: INFO neutron.db.ovn_revision_numbers_db [None req-be2adaef-fa97-4366-85d6-ce6034d8ae94 admin admin] Successfully bumped revision number for resource 599f82aa-d123-4521-83b3-f08f7035431a (type: security_group_rules) to 0
Jul 29 06:55:13.760817 np0000006062 devstack@neutron-api.service[87591]: DEBUG neutron_lib.callbacks.manager [None req-87de7e36-7d12-4e91-87ce-1af94043d7e5 admin admin] Publish callbacks ['neutron.plugins.ml2.plugin.SecurityGroupDbMixin._ensure_default_security_group_handler-1069429'] for port (None), before_create {{(pid=87591) _notify_loop /opt/stack/data/venv/lib/python3.12/site-packages/neutron_lib/callbacks/manager.py:184}}
Jul 29 06:55:13.767505 np0000006062 devstack@neutron-api.service[87592]: DEBUG neutron.plugins.ml2.drivers.ovn.mech_driver.ovsdb.ovsdb_monitor [None req-c9847de9-b6af-48bc-94e1-6e724c4f4845 None None] Hash Ring: Node 398a68f8e65d5f5db7840a5b502df59f (host: np0000006062) handling event "update" for row 862fdb38-8d75-4eab-8868-77dc09d28c47 (table: Logical_Switch_Port) {{(pid=87592) notify /opt/stack/neutron/neutron/plugins/ml2/drivers/ovn/mech_driver/ovsdb/ovsdb_monitor.py:1013}}
Jul 29 06:55:13.768025 np0000006062 devstack@neutron-api.service[87590]: DEBUG neutron.plugins.ml2.drivers.ovn.mech_driver.ovsdb.ovsdb_monitor [None req-9561af41-7a92-4b0d-8634-4e6365246e92 None None] Hash Ring: Node fdbbc0d2ad8d56d19b664a9b46a7bcde (host: np0000006062) handling event "create" for row 1a7a3555-4707-4035-b47f-c7f66964e5e2 (table: Port_Binding) {{(pid=87590) notify /opt/stack/neutron/neutron/plugins/ml2/drivers/ovn/mech_driver/ovsdb/ovsdb_monitor.py:1013}}
Jul 29 06:55:13.774984 np0000006062 devstack@neutron-api.service[87590]: INFO neutron.db.ovn_revision_numbers_db [None req-be2adaef-fa97-4366-85d6-ce6034d8ae94 admin admin] Successfully bumped revision number for resource 9645e384-ff4a-49f9-8a26-a52ad0b55810 (type: security_group_rules) to 0
Jul 29 06:55:13.784471 np0000006062 devstack@neutron-api.service[87590]: INFO neutron.db.ovn_revision_numbers_db [None req-be2adaef-fa97-4366-85d6-ce6034d8ae94 admin admin] Successfully bumped revision number for resource 9cc1294c-36f6-4edb-8de6-1f9b3cb10b83 (type: security_group_rules) to 0
Jul 29 06:55:13.796009 np0000006062 devstack@neutron-api.service[87590]: INFO neutron.db.ovn_revision_numbers_db [None req-be2adaef-fa97-4366-85d6-ce6034d8ae94 admin admin] Successfully bumped revision number for resource abbec695-6600-436b-b457-d7d037f342ca (type: security_group_rules) to 0
Jul 29 06:55:13.809646 np0000006062 devstack@neutron-api.service[87592]: INFO neutron.db.ovn_revision_numbers_db [None req-5b83a859-560f-47a7-8e52-649bfa717499 admin admin] Successfully bumped revision number for resource 14998381-d94d-4585-b735-e4e8878b7622 (type: ports) to 1
Jul 29 06:55:13.811015 np0000006062 devstack@neutron-api.service[87592]: DEBUG neutron.db.provisioning_blocks [None req-85829b97-c3c0-40fd-8cd4-0f36ef4e8f9a None None] Transition to ACTIVE for port object 14998381-d94d-4585-b735-e4e8878b7622 will not be triggered until provisioned by entity L2. {{(pid=87592) add_provisioning_component /opt/stack/neutron/neutron/db/provisioning_blocks.py:74}}
Jul 29 06:55:13.816145 np0000006062 devstack@neutron-api.service[87590]: DEBUG neutron.api.rpc.handlers.resources_rpc [None req-be2adaef-fa97-4366-85d6-ce6034d8ae94 admin admin] Pushing event updated for resources: {'SecurityGroup': ['ID=763f5945-eff8-473a-a6fc-42ee73f3a81b,revision_number=1']} {{(pid=87590) push /opt/stack/neutron/neutron/api/rpc/handlers/resources_rpc.py:237}}
Jul 29 06:55:13.818969 np0000006062 devstack@neutron-api.service[87592]: DEBUG neutron.pecan_wsgi.hooks.policy_enforcement [None req-5b83a859-560f-47a7-8e52-649bfa717499 admin admin] Attributes excluded by policy engine: ['standard_attr_id'] {{(pid=87592) _exclude_attributes_by_policy /opt/stack/neutron/neutron/pecan_wsgi/hooks/policy_enforcement.py:259}}
Jul 29 06:55:13.819283 np0000006062 devstack@neutron-api.service[87592]: DEBUG neutron_lib.callbacks.manager [None req-5b83a859-560f-47a7-8e52-649bfa717499 admin admin] Publish callbacks [] for network (None), before_response {{(pid=87592) _notify_loop /opt/stack/data/venv/lib/python3.12/site-packages/neutron_lib/callbacks/manager.py:184}}
Jul 29 06:55:13.821800 np0000006062 devstack@neutron-api.service[87590]: DEBUG neutron.api.rpc.callbacks.version_manager [None req-be2adaef-fa97-4366-85d6-ce6034d8ae94 admin admin] Tracked resource versions report:
Jul 29 06:55:13.821800 np0000006062 devstack@neutron-api.service[87590]: pushed versions:
Jul 29 06:55:13.821800 np0000006062 devstack@neutron-api.service[87590]: { 'AddressGroup': {'1.2'},
Jul 29 06:55:13.821800 np0000006062 devstack@neutron-api.service[87590]: 'Agent': {'1.1'},
Jul 29 06:55:13.821800 np0000006062 devstack@neutron-api.service[87590]: 'ConntrackHelper': {'1.0'},
Jul 29 06:55:13.821800 np0000006062 devstack@neutron-api.service[87590]: 'LocalIPAssociation': {'1.0'},
Jul 29 06:55:13.821800 np0000006062 devstack@neutron-api.service[87590]: 'Log': {'1.0'},
Jul 29 06:55:13.821800 np0000006062 devstack@neutron-api.service[87590]: 'NDPProxy': {'1.0'},
Jul 29 06:55:13.821800 np0000006062 devstack@neutron-api.service[87590]: 'Network': {'1.3'},
Jul 29 06:55:13.821800 np0000006062 devstack@neutron-api.service[87590]: 'Port': {'1.11'},
Jul 29 06:55:13.821800 np0000006062 devstack@neutron-api.service[87590]: 'PortForwarding': {'1.3'},
Jul 29 06:55:13.821800 np0000006062 devstack@neutron-api.service[87590]: 'QosPolicy': {'1.10'},
Jul 29 06:55:13.821800 np0000006062 devstack@neutron-api.service[87590]: 'SecurityGroup': {'1.6'},
Jul 29 06:55:13.821800 np0000006062 devstack@neutron-api.service[87590]: 'SecurityGroupRule': {'1.3'},
Jul 29 06:55:13.821800 np0000006062 devstack@neutron-api.service[87590]: 'SubPort': {'1.0'},
Jul 29 06:55:13.821800 np0000006062 devstack@neutron-api.service[87590]: 'Subnet': {'1.2'},
Jul 29 06:55:13.821800 np0000006062 devstack@neutron-api.service[87590]: 'Trunk': {'1.1'}}
Jul 29 06:55:13.821800 np0000006062 devstack@neutron-api.service[87590]: consumer versions:
Jul 29 06:55:13.821800 np0000006062 devstack@neutron-api.service[87590]: { OVN Controller Gateway agent@np0000006062: {},
Jul 29 06:55:13.821800 np0000006062 devstack@neutron-api.service[87590]: OVN Neutron agent@np0000006062: {}}
Jul 29 06:55:13.821800 np0000006062 devstack@neutron-api.service[87590]: {{(pid=87590) report /opt/stack/neutron/neutron/api/rpc/callbacks/version_manager.py:183}}
Jul 29 06:55:13.837124 np0000006062 devstack@neutron-api.service[87592]: [pid: 87592|app: 0|req: 16/44] 10.4.3.208 () {68 vars in 1277 bytes} [Wed Jul 29 06:55:12 2026] POST /networking/v2.0/networks => generated 725 bytes in 903 msecs (HTTP/1.1 201) 4 headers in 162 bytes (1 switches on core 0)
Jul 29 06:55:13.838604 np0000006062 devstack@neutron-api.service[87592]: DEBUG neutron.plugins.ml2.plugin [None req-85829b97-c3c0-40fd-8cd4-0f36ef4e8f9a None None] Current status of the port 14998381-d94d-4585-b735-e4e8878b7622 is: DOWN; New status is: DOWN {{(pid=87592) _update_individual_port_db_status /opt/stack/neutron/neutron/plugins/ml2/plugin.py:2473}}
Jul 29 06:55:13.840116 np0000006062 devstack@neutron-api.service[87592]: DEBUG ovsdbapp.backend.ovs_idl.transaction [None req-c9847de9-b6af-48bc-94e1-6e724c4f4845 None None] Running txn n=1 command(idx=0): DbRemoveCommand(_result=None, table=Logical_Switch_Port, record=14998381-d94d-4585-b735-e4e8878b7622, column=external_ids, values=('neutron:host_id',), keyvalues={}, if_exists=True) {{(pid=87592) do_commit /opt/stack/data/venv/lib/python3.12/site-packages/ovsdbapp/backend/ovs_idl/transaction.py:89}}
Jul 29 06:55:13.845475 np0000006062 devstack@neutron-api.service[87591]: DEBUG neutron_lib.callbacks.manager [None req-87de7e36-7d12-4e91-87ce-1af94043d7e5 admin admin] Publish callbacks ['neutron.plugins.ml2.drivers.ovn.mech_driver.mech_driver.OVNMechanismDriver._validate_allowed_address_pairs-8330461'] for allowed_address_pair (fdea11e8-7b4a-4445-8f7c-d8504b596f7b), before_create {{(pid=87591) _notify_loop /opt/stack/data/venv/lib/python3.12/site-packages/neutron_lib/callbacks/manager.py:184}}
Jul 29 06:55:13.845960 np0000006062 devstack@neutron-api.service[87591]: DEBUG neutron_lib.callbacks.manager [None req-87de7e36-7d12-4e91-87ce-1af94043d7e5 admin admin] Publish callbacks [] for port (fdea11e8-7b4a-4445-8f7c-d8504b596f7b), precommit_create {{(pid=87591) _notify_loop /opt/stack/data/venv/lib/python3.12/site-packages/neutron_lib/callbacks/manager.py:184}}
Jul 29 06:55:13.846127 np0000006062 devstack@neutron-api.service[87591]: DEBUG neutron.plugins.ml2.drivers.ovn.mech_driver.mech_driver [None req-87de7e36-7d12-4e91-87ce-1af94043d7e5 admin admin] No provisioning block for port fdea11e8-7b4a-4445-8f7c-d8504b596f7b since it does not have a host {{(pid=87591) _is_port_provisioning_required /opt/stack/neutron/neutron/plugins/ml2/drivers/ovn/mech_driver/mech_driver.py:899}}
Jul 29 06:55:13.846230 np0000006062 devstack@neutron-api.service[87591]: DEBUG neutron.db.ovn_revision_numbers_db [None req-87de7e36-7d12-4e91-87ce-1af94043d7e5 admin admin] create_initial_revision uuid=fdea11e8-7b4a-4445-8f7c-d8504b596f7b, type=ports, rev=-1 {{(pid=87591) create_initial_revision /opt/stack/neutron/neutron/db/ovn_revision_numbers_db.py:98}}
Jul 29 06:55:13.853831 np0000006062 devstack@neutron-api.service[87590]: DEBUG neutron.plugins.ml2.drivers.helpers [None req-be2adaef-fa97-4366-85d6-ce6034d8ae94 admin admin] geneve segment allocate from pool success with {'geneve_vni': 61338} {{(pid=87590) allocate_partially_specified_segment /opt/stack/neutron/neutron/plugins/ml2/drivers/helpers.py:142}}
Jul 29 06:55:13.859204 np0000006062 devstack@neutron-api.service[87590]: DEBUG neutron_lib.callbacks.manager [None req-be2adaef-fa97-4366-85d6-ce6034d8ae94 admin admin] Publish callbacks ['neutron.plugins.ml2.plugin.Ml2Plugin._handle_segment_change-54542'] for segment (8c431a81-c8e8-4daf-a62a-593269402a44), precommit_create {{(pid=87590) _notify_loop /opt/stack/data/venv/lib/python3.12/site-packages/neutron_lib/callbacks/manager.py:184}}
Jul 29 06:55:13.859390 np0000006062 devstack@neutron-api.service[87590]: INFO neutron.db.segments_db [None req-be2adaef-fa97-4366-85d6-ce6034d8ae94 admin admin] Added segment 8c431a81-c8e8-4daf-a62a-593269402a44 of type geneve for network 3c1039ed-dc83-4c92-ab9b-201050da4018
Jul 29 06:55:13.869906 np0000006062 devstack@neutron-api.service[87590]: DEBUG neutron_lib.callbacks.manager [None req-be2adaef-fa97-4366-85d6-ce6034d8ae94 admin admin] Publish callbacks ['neutron.services.auto_allocate.db._ensure_external_network_default_value_callback-7863827626448'] for network (3c1039ed-dc83-4c92-ab9b-201050da4018), precommit_create {{(pid=87590) _notify_loop /opt/stack/data/venv/lib/python3.12/site-packages/neutron_lib/callbacks/manager.py:184}}
Jul 29 06:55:13.878148 np0000006062 devstack@neutron-api.service[87590]: DEBUG neutron.plugins.ml2.drivers.ovn.mech_driver.mech_driver [None req-be2adaef-fa97-4366-85d6-ce6034d8ae94 admin admin] Validating network segment with type geneve, segmentation ID 61338, physical network None {{(pid=87590) _validate_network_segments /opt/stack/neutron/neutron/plugins/ml2/drivers/ovn/mech_driver/mech_driver.py:646}}
Jul 29 06:55:13.878277 np0000006062 devstack@neutron-api.service[87590]: DEBUG neutron.db.ovn_revision_numbers_db [None req-be2adaef-fa97-4366-85d6-ce6034d8ae94 admin admin] create_initial_revision uuid=3c1039ed-dc83-4c92-ab9b-201050da4018, type=networks, rev=-1 {{(pid=87590) create_initial_revision /opt/stack/neutron/neutron/db/ovn_revision_numbers_db.py:98}}
Jul 29 06:55:13.881870 np0000006062 devstack@neutron-api.service[87591]: DEBUG neutron_lib.callbacks.manager [None req-87de7e36-7d12-4e91-87ce-1af94043d7e5 admin admin] Publish callbacks ['neutron.plugins.ml2.ovo_rpc._ObjectChangeHandler.handle_event-7837065'] for port (fdea11e8-7b4a-4445-8f7c-d8504b596f7b), after_create {{(pid=87591) _notify_loop /opt/stack/data/venv/lib/python3.12/site-packages/neutron_lib/callbacks/manager.py:184}}
Jul 29 06:55:13.885342 np0000006062 devstack@neutron-api.service[87590]: DEBUG neutron_lib.callbacks.manager [None req-be2adaef-fa97-4366-85d6-ce6034d8ae94 admin admin] Publish callbacks ['neutron.plugins.ml2.ovo_rpc._ObjectChangeHandler.handle_event-6533200'] for network (3c1039ed-dc83-4c92-ab9b-201050da4018), after_create {{(pid=87590) _notify_loop /opt/stack/data/venv/lib/python3.12/site-packages/neutron_lib/callbacks/manager.py:184}}
Jul 29 06:55:13.899190 np0000006062 devstack@neutron-api.service[87590]: DEBUG neutron.api.rpc.handlers.resources_rpc [None req-be2adaef-fa97-4366-85d6-ce6034d8ae94 admin admin] Pushing event updated for resources: {'Network': ['ID=3c1039ed-dc83-4c92-ab9b-201050da4018,revision_number=1']} {{(pid=87590) push /opt/stack/neutron/neutron/api/rpc/handlers/resources_rpc.py:237}}
Jul 29 06:55:13.905742 np0000006062 devstack@neutron-api.service[87590]: DEBUG ovsdbapp.backend.ovs_idl.transaction [None req-477618c1-6597-4758-8197-ee3e6261a271 None None] Running txn n=1 command(idx=0): AddNetworkCommand(_result=None, network_uuid=3c1039ed-dc83-4c92-ab9b-201050da4018, may_exist=True, columns={'external_ids': {'neutron:network_name': 'tempest-AttachSCSIVolumeTestJSON-555771594-network', 'neutron:mtu': '1372', 'neutron:revision_number': '1', 'neutron:availability_zone_hints': '', 'neutron:provnet-network-type': 'geneve'}, 'other_config': {'mcast_snoop': 'false', 'mcast_flood_unregistered': 'false', 'vlan-passthru': 'false'}}) {{(pid=87590) do_commit /opt/stack/data/venv/lib/python3.12/site-packages/ovsdbapp/backend/ovs_idl/transaction.py:89}}
Jul 29 06:55:13.911281 np0000006062 devstack@neutron-api.service[87591]: DEBUG neutron.api.rpc.handlers.resources_rpc [None req-87de7e36-7d12-4e91-87ce-1af94043d7e5 admin admin] Pushing event updated for resources: {'Port': ['ID=fdea11e8-7b4a-4445-8f7c-d8504b596f7b,revision_number=1']} {{(pid=87591) push /opt/stack/neutron/neutron/api/rpc/handlers/resources_rpc.py:237}}
Jul 29 06:55:13.913097 np0000006062 devstack@neutron-api.service[87592]: DEBUG neutron.plugins.ml2.drivers.ovn.mech_driver.ovsdb.ovsdb_monitor [None req-92e57e70-6419-463e-834f-9cbc0a773612 None None] Hash Ring: Node 398a68f8e65d5f5db7840a5b502df59f (host: np0000006062) handling event "create" for row 08df27cf-6ccc-4f74-89f9-0d4b3f984c20 (table: Datapath_Binding) {{(pid=87592) notify /opt/stack/neutron/neutron/plugins/ml2/drivers/ovn/mech_driver/ovsdb/ovsdb_monitor.py:1013}}
Jul 29 06:55:13.913938 np0000006062 devstack@neutron-api.service[87592]: DEBUG neutron.plugins.ml2.drivers.ovn.mech_driver.ovsdb.ovsdb_monitor [None req-c9847de9-b6af-48bc-94e1-6e724c4f4845 None None] Hash Ring: Node 398a68f8e65d5f5db7840a5b502df59f (host: np0000006062) handling event "create" for row 3c1039ed-dc83-4c92-ab9b-201050da4018 (table: Logical_Switch) {{(pid=87592) notify /opt/stack/neutron/neutron/plugins/ml2/drivers/ovn/mech_driver/ovsdb/ovsdb_monitor.py:1013}}
Jul 29 06:55:13.923286 np0000006062 devstack@neutron-api.service[87591]: DEBUG neutron.plugins.ml2.drivers.ovn.mech_driver.ovsdb.commands [None req-87de7e36-7d12-4e91-87ce-1af94043d7e5 admin admin] Converting tag [] to a tag_request {{(pid=87591) _tag_column_to_tag_request /opt/stack/neutron/neutron/plugins/ml2/drivers/ovn/mech_driver/ovsdb/commands.py:205}}
Jul 29 06:55:13.923805 np0000006062 devstack@neutron-api.service[87591]: DEBUG ovsdbapp.backend.ovs_idl.transaction [None req-cda441bd-3b52-406e-8744-bb923226ad72 None None] Running txn n=1 command(idx=0): AddLSwitchPortCommand(_result=None, lport=fdea11e8-7b4a-4445-8f7c-d8504b596f7b, lswitch=neutron-8de17354-64f1-45f7-a8b7-034dbbd25a5e, may_exist=True, network_uuid=8de17354-64f1-45f7-a8b7-034dbbd25a5e, columns={'addresses': ['fa:16:3e:80:a7:0b'], 'external_ids': {'neutron:port_name': '', 'neutron:device_id': 'ovnmeta-8de17354-64f1-45f7-a8b7-034dbbd25a5e', 'neutron:project_id': '93ff20ea15a04b94a96c4f35cf82d2ab', 'neutron:cidrs': '', 'neutron:device_owner': 'network:distributed', 'neutron:subnet_pool_addr_scope4': '', 'neutron:subnet_pool_addr_scope6': '', 'neutron:network_name': 'neutron-8de17354-64f1-45f7-a8b7-034dbbd25a5e', 'neutron:security_group_ids': '', 'neutron:revision_number': '1', 'neutron:vnic_type': 'normal', 'neutron:port_capabilities': '', 'neutron:mtu': '1372'}, 'parent_name': [], 'enabled': True, 'options': {}, 'type': 'localport', 'port_security': [], 'dhcpv4_options': [], 'dhcpv6_options': [], 'tag_request': []}) {{(pid=87591) do_commit /opt/stack/data/venv/lib/python3.12/site-packages/ovsdbapp/backend/ovs_idl/transaction.py:89}}
Jul 29 06:55:13.924226 np0000006062 devstack@neutron-api.service[87591]: DEBUG ovsdbapp.backend.ovs_idl.transaction [None req-cda441bd-3b52-406e-8744-bb923226ad72 None None] Running txn n=1 command(idx=1): QoSDelCommand(_result=None, switch=neutron-8de17354-64f1-45f7-a8b7-034dbbd25a5e, conditions=[('direction', '=', 'to-lport'), ('priority', '=', 2002), ('match', '=', 'outport == "fdea11e8-7b4a-4445-8f7c-d8504b596f7b"')], if_exists=True) {{(pid=87591) do_commit /opt/stack/data/venv/lib/python3.12/site-packages/ovsdbapp/backend/ovs_idl/transaction.py:89}}
Jul 29 06:55:13.924419 np0000006062 devstack@neutron-api.service[87591]: DEBUG ovsdbapp.backend.ovs_idl.transaction [None req-cda441bd-3b52-406e-8744-bb923226ad72 None None] Running txn n=1 command(idx=2): QoSDelCommand(_result=None, switch=neutron-8de17354-64f1-45f7-a8b7-034dbbd25a5e, conditions=[('direction', '=', 'from-lport'), ('priority', '=', 2002), ('match', '=', 'inport == "fdea11e8-7b4a-4445-8f7c-d8504b596f7b"')], if_exists=True) {{(pid=87591) do_commit /opt/stack/data/venv/lib/python3.12/site-packages/ovsdbapp/backend/ovs_idl/transaction.py:89}}
Jul 29 06:55:13.926769 np0000006062 devstack@neutron-api.service[87590]: DEBUG neutron.plugins.ml2.drivers.ovn.mech_driver.ovsdb.ovsdb_monitor [None req-477618c1-6597-4758-8197-ee3e6261a271 None None] Hash Ring: Node fdbbc0d2ad8d56d19b664a9b46a7bcde (host: np0000006062) handling event "update" for row 8de17354-64f1-45f7-a8b7-034dbbd25a5e (table: Logical_Switch) {{(pid=87590) notify /opt/stack/neutron/neutron/plugins/ml2/drivers/ovn/mech_driver/ovsdb/ovsdb_monitor.py:1013}}
Jul 29 06:55:13.928846 np0000006062 devstack@neutron-api.service[87592]: DEBUG neutron.plugins.ml2.drivers.ovn.mech_driver.ovsdb.ovsdb_monitor [None req-c9847de9-b6af-48bc-94e1-6e724c4f4845 None None] Hash Ring: Node 398a68f8e65d5f5db7840a5b502df59f (host: np0000006062) handling event "create" for row 38f35e5c-d3e7-4975-8764-2b1dc77920f8 (table: Logical_Switch_Port) {{(pid=87592) notify /opt/stack/neutron/neutron/plugins/ml2/drivers/ovn/mech_driver/ovsdb/ovsdb_monitor.py:1013}}
Jul 29 06:55:13.932729 np0000006062 devstack@neutron-api.service[87590]: INFO neutron.db.ovn_revision_numbers_db [None req-be2adaef-fa97-4366-85d6-ce6034d8ae94 admin admin] Successfully bumped revision number for resource 3c1039ed-dc83-4c92-ab9b-201050da4018 (type: networks) to 1
Jul 29 06:55:13.934310 np0000006062 devstack@neutron-api.service[87592]: DEBUG ovsdbapp.backend.ovs_idl.event [None req-c9847de9-b6af-48bc-94e1-6e724c4f4845 None None] Matched CREATE: LogicalSwitchPortCreateEvent(events=('create',), table='Logical_Switch_Port', conditions=[], old_conditions=None), priority=20 to row=Logical_Switch_Port(uuid=38f35e5c-d3e7-4975-8764-2b1dc77920f8, addresses=['fa:16:3e:80:a7:0b'], dhcpv4_options=[], dhcpv6_options=[], dynamic_addresses=[], enabled=True, external_ids={'neutron:cidrs': '', 'neutron:device_id': 'ovnmeta-8de17354-64f1-45f7-a8b7-034dbbd25a5e', 'neutron:device_owner': 'network:distributed', 'neutron:mtu': '1372', 'neutron:network_name': 'neutron-8de17354-64f1-45f7-a8b7-034dbbd25a5e', 'neutron:port_capabilities': '', 'neutron:port_name': '', 'neutron:project_id': '93ff20ea15a04b94a96c4f35cf82d2ab', 'neutron:revision_number': '1', 'neutron:security_group_ids': '', 'neutron:subnet_pool_addr_scope4': '', 'neutron:subnet_pool_addr_scope6': '', 'neutron:vnic_type': 'normal'}, ha_chassis_group=[], mirror_rules=[], name='fdea11e8-7b4a-4445-8f7c-d8504b596f7b', options={}, parent_name=[], port_security=[], tag=[], tag_request=[], type='localport', up=[]) old= {{(pid=87592) matches /opt/stack/data/venv/lib/python3.12/site-packages/ovsdbapp/backend/ovs_idl/event.py:55}}
Jul 29 06:55:13.936954 np0000006062 devstack@neutron-api.service[87592]: INFO neutron.plugins.ml2.drivers.ovn.mech_driver.mech_driver [None req-85829b97-c3c0-40fd-8cd4-0f36ef4e8f9a None None] OVN reports status down for port: fdea11e8-7b4a-4445-8f7c-d8504b596f7b
Jul 29 06:55:13.938842 np0000006062 devstack@neutron-api.service[87592]: DEBUG neutron.plugins.ml2.drivers.ovn.mech_driver.ovsdb.ovsdb_monitor [None req-92e57e70-6419-463e-834f-9cbc0a773612 None None] Hash Ring: Node 398a68f8e65d5f5db7840a5b502df59f (host: np0000006062) handling event "create" for row 2b69f029-c8df-447a-b1cb-17f075b182d1 (table: Port_Binding) {{(pid=87592) notify /opt/stack/neutron/neutron/plugins/ml2/drivers/ovn/mech_driver/ovsdb/ovsdb_monitor.py:1013}}
Jul 29 06:55:13.939303 np0000006062 devstack@neutron-api.service[87592]: DEBUG neutron.plugins.ml2.drivers.ovn.mech_driver.ovsdb.ovsdb_monitor [None req-c9847de9-b6af-48bc-94e1-6e724c4f4845 None None] Hash Ring: Node 398a68f8e65d5f5db7840a5b502df59f (host: np0000006062) handling event "update" for row 38f35e5c-d3e7-4975-8764-2b1dc77920f8 (table: Logical_Switch_Port) {{(pid=87592) notify /opt/stack/neutron/neutron/plugins/ml2/drivers/ovn/mech_driver/ovsdb/ovsdb_monitor.py:1013}}
Jul 29 06:55:13.944525 np0000006062 devstack@neutron-api.service[87590]: DEBUG neutron_lib.callbacks.manager [None req-be2adaef-fa97-4366-85d6-ce6034d8ae94 admin admin] Publish callbacks ['neutron.plugins.ml2.plugin.SecurityGroupDbMixin._ensure_default_security_group_handler-298328'] for port (None), before_create {{(pid=87590) _notify_loop /opt/stack/data/venv/lib/python3.12/site-packages/neutron_lib/callbacks/manager.py:184}}
Jul 29 06:55:13.957067 np0000006062 devstack@neutron-api.service[87591]: INFO neutron.db.ovn_revision_numbers_db [None req-87de7e36-7d12-4e91-87ce-1af94043d7e5 admin admin] Successfully bumped revision number for resource fdea11e8-7b4a-4445-8f7c-d8504b596f7b (type: ports) to 1
Jul 29 06:55:13.958427 np0000006062 devstack@neutron-api.service[87592]: DEBUG neutron.db.provisioning_blocks [None req-85829b97-c3c0-40fd-8cd4-0f36ef4e8f9a None None] Transition to ACTIVE for port object fdea11e8-7b4a-4445-8f7c-d8504b596f7b will not be triggered until provisioned by entity L2. {{(pid=87592) add_provisioning_component /opt/stack/neutron/neutron/db/provisioning_blocks.py:74}}
Jul 29 06:55:13.963071 np0000006062 devstack@neutron-api.service[87591]: DEBUG neutron.pecan_wsgi.hooks.policy_enforcement [None req-87de7e36-7d12-4e91-87ce-1af94043d7e5 admin admin] Attributes excluded by policy engine: ['standard_attr_id'] {{(pid=87591) _exclude_attributes_by_policy /opt/stack/neutron/neutron/pecan_wsgi/hooks/policy_enforcement.py:259}}
Jul 29 06:55:13.963410 np0000006062 devstack@neutron-api.service[87591]: DEBUG neutron_lib.callbacks.manager [None req-87de7e36-7d12-4e91-87ce-1af94043d7e5 admin admin] Publish callbacks [] for network (None), before_response {{(pid=87591) _notify_loop /opt/stack/data/venv/lib/python3.12/site-packages/neutron_lib/callbacks/manager.py:184}}
Jul 29 06:55:13.974586 np0000006062 devstack@neutron-api.service[87591]: [pid: 87591|app: 0|req: 15/45] 10.4.3.208 () {68 vars in 1277 bytes} [Wed Jul 29 06:55:13 2026] POST /networking/v2.0/networks => generated 728 bytes in 933 msecs (HTTP/1.1 201) 4 headers in 162 bytes (2 switches on core 0)
Jul 29 06:55:13.981946 np0000006062 devstack@neutron-api.service[87592]: DEBUG neutron.plugins.ml2.plugin [None req-85829b97-c3c0-40fd-8cd4-0f36ef4e8f9a None None] Current status of the port fdea11e8-7b4a-4445-8f7c-d8504b596f7b is: DOWN; New status is: DOWN {{(pid=87592) _update_individual_port_db_status /opt/stack/neutron/neutron/plugins/ml2/plugin.py:2473}}
Jul 29 06:55:13.982994 np0000006062 devstack@neutron-api.service[87592]: DEBUG ovsdbapp.backend.ovs_idl.transaction [None req-c9847de9-b6af-48bc-94e1-6e724c4f4845 None None] Running txn n=1 command(idx=0): DbRemoveCommand(_result=None, table=Logical_Switch_Port, record=fdea11e8-7b4a-4445-8f7c-d8504b596f7b, column=external_ids, values=('neutron:host_id',), keyvalues={}, if_exists=True) {{(pid=87592) do_commit /opt/stack/data/venv/lib/python3.12/site-packages/ovsdbapp/backend/ovs_idl/transaction.py:89}}
Jul 29 06:55:13.995903 np0000006062 devstack@neutron-api.service[87592]: DEBUG neutron.api.v2.base [None req-80b9f68d-868d-45db-bfba-5f1d4f065fff admin admin] Request body: {'network': {'name': 'tempest-ServerActionsTestOtherA-119074144-network', 'project_id': '31d224a6641f4c558b7bbaa15ded2462'}} {{(pid=87592) prepare_request_body /opt/stack/neutron/neutron/api/v2/base.py:727}}
Jul 29 06:55:14.009127 np0000006062 devstack@neutron-api.service[87592]: DEBUG neutron.pecan_wsgi.hooks.quota_enforcement [None req-80b9f68d-868d-45db-bfba-5f1d4f065fff admin admin] Made reservation on behalf of 31d224a6641f4c558b7bbaa15ded2462 for: {'network': 1} {{(pid=87592) before /opt/stack/neutron/neutron/pecan_wsgi/hooks/quota_enforcement.py:66}}
Jul 29 06:55:14.009251 np0000006062 devstack@neutron-api.service[87590]: DEBUG neutron_lib.callbacks.manager [None req-be2adaef-fa97-4366-85d6-ce6034d8ae94 admin admin] Publish callbacks ['neutron.plugins.ml2.drivers.ovn.mech_driver.mech_driver.OVNMechanismDriver._validate_allowed_address_pairs-8349855'] for allowed_address_pair (b876ea7c-6d3f-4f00-85f8-29fbb05a0808), before_create {{(pid=87590) _notify_loop /opt/stack/data/venv/lib/python3.12/site-packages/neutron_lib/callbacks/manager.py:184}}
Jul 29 06:55:14.009596 np0000006062 devstack@neutron-api.service[87590]: DEBUG neutron_lib.callbacks.manager [None req-be2adaef-fa97-4366-85d6-ce6034d8ae94 admin admin] Publish callbacks [] for port (b876ea7c-6d3f-4f00-85f8-29fbb05a0808), precommit_create {{(pid=87590) _notify_loop /opt/stack/data/venv/lib/python3.12/site-packages/neutron_lib/callbacks/manager.py:184}}
Jul 29 06:55:14.009739 np0000006062 devstack@neutron-api.service[87590]: DEBUG neutron.plugins.ml2.drivers.ovn.mech_driver.mech_driver [None req-be2adaef-fa97-4366-85d6-ce6034d8ae94 admin admin] No provisioning block for port b876ea7c-6d3f-4f00-85f8-29fbb05a0808 since it does not have a host {{(pid=87590) _is_port_provisioning_required /opt/stack/neutron/neutron/plugins/ml2/drivers/ovn/mech_driver/mech_driver.py:899}}
Jul 29 06:55:14.009833 np0000006062 devstack@neutron-api.service[87590]: DEBUG neutron.db.ovn_revision_numbers_db [None req-be2adaef-fa97-4366-85d6-ce6034d8ae94 admin admin] create_initial_revision uuid=b876ea7c-6d3f-4f00-85f8-29fbb05a0808, type=ports, rev=-1 {{(pid=87590) create_initial_revision /opt/stack/neutron/neutron/db/ovn_revision_numbers_db.py:98}}
Jul 29 06:55:14.011178 np0000006062 devstack@neutron-api.service[87592]: DEBUG neutron_lib.callbacks.manager [None req-80b9f68d-868d-45db-bfba-5f1d4f065fff admin admin] Publish callbacks ['neutron.plugins.ml2.plugin.SecurityGroupDbMixin._ensure_default_security_group_handler-34842'] for network (None), before_create {{(pid=87592) _notify_loop /opt/stack/data/venv/lib/python3.12/site-packages/neutron_lib/callbacks/manager.py:184}}
Jul 29 06:55:14.014952 np0000006062 devstack@neutron-api.service[87592]: DEBUG neutron_lib.callbacks.manager [None req-80b9f68d-868d-45db-bfba-5f1d4f065fff admin admin] Publish callbacks [] for security_group (None), before_create {{(pid=87592) _notify_loop /opt/stack/data/venv/lib/python3.12/site-packages/neutron_lib/callbacks/manager.py:184}}
Jul 29 06:55:14.033802 np0000006062 devstack@neutron-api.service[87590]: DEBUG neutron_lib.callbacks.manager [None req-be2adaef-fa97-4366-85d6-ce6034d8ae94 admin admin] Publish callbacks ['neutron.plugins.ml2.ovo_rpc._ObjectChangeHandler.handle_event-6533604'] for port (b876ea7c-6d3f-4f00-85f8-29fbb05a0808), after_create {{(pid=87590) _notify_loop /opt/stack/data/venv/lib/python3.12/site-packages/neutron_lib/callbacks/manager.py:184}}
Jul 29 06:55:14.060788 np0000006062 devstack@neutron-api.service[87590]: DEBUG neutron.api.rpc.handlers.resources_rpc [None req-be2adaef-fa97-4366-85d6-ce6034d8ae94 admin admin] Pushing event updated for resources: {'Port': ['ID=b876ea7c-6d3f-4f00-85f8-29fbb05a0808,revision_number=1']} {{(pid=87590) push /opt/stack/neutron/neutron/api/rpc/handlers/resources_rpc.py:237}}
