Aug 09 08:53:18.651221 np0000006824 devstack@g-api.service[99765]: DEBUG glance_store.location [-] Registering scheme https with {'store': , 'location_class': , 'store_entry': 'http'} {{(pid=99765) register_scheme_map /opt/stack/data/venv/lib/python3.12/site-packages/glance_store/location.py:146}}
Aug 09 08:53:18.651331 np0000006824 devstack@g-api.service[99765]: DEBUG glance_store.backend [-] Attempting to import store swift {{(pid=99765) _load_store /opt/stack/data/venv/lib/python3.12/site-packages/glance_store/backend.py:215}}
Aug 09 08:53:18.651526 np0000006824 devstack@g-api.service[99765]: WARNING oslo_config.cfg [-] Deprecated: Option "default_store" from group "glance_store" is deprecated for removal (
Aug 09 08:53:18.651526 np0000006824 devstack@g-api.service[99765]: This option is deprecated against new config option
Aug 09 08:53:18.651526 np0000006824 devstack@g-api.service[99765]: ``default_backend`` which acts similar to ``default_store`` config
Aug 09 08:53:18.651526 np0000006824 devstack@g-api.service[99765]: option.
Aug 09 08:53:18.651526 np0000006824 devstack@g-api.service[99765]: This option is scheduled for removal in the U development
Aug 09 08:53:18.651526 np0000006824 devstack@g-api.service[99765]: cycle.
Aug 09 08:53:18.651526 np0000006824 devstack@g-api.service[99765]: ). Its value may be silently ignored in the future.
Aug 09 08:53:18.652676 np0000006824 devstack@g-api.service[99765]: DEBUG glance_store.capabilities [-] Store glance_store._drivers.swift.store.SingleTenantStore doesn't support updating dynamic storage capabilities. Please overwrite 'update_capabilities' method of the store to implement updating logics if needed. {{(pid=99765) update_capabilities /opt/stack/data/venv/lib/python3.12/site-packages/glance_store/capabilities.py:91}}
Aug 09 08:53:18.652736 np0000006824 devstack@g-api.service[99765]: DEBUG glance_store.backend [-] Registering store swift with schemes ('swift+https', 'swift', 'swift+http', 'swift+config') {{(pid=99765) create_stores /opt/stack/data/venv/lib/python3.12/site-packages/glance_store/backend.py:261}}
Aug 09 08:53:18.652772 np0000006824 devstack@g-api.service[99765]: DEBUG glance_store.driver [-] Late loading location class glance_store._drivers.swift.store.StoreLocation {{(pid=99765) get_store_location_class /opt/stack/data/venv/lib/python3.12/site-packages/glance_store/driver.py:134}}
Aug 09 08:53:18.652862 np0000006824 devstack@g-api.service[99765]: DEBUG glance_store.location [-] Registering scheme swift+https with {'store': , 'location_class': , 'store_entry': 'swift'} {{(pid=99765) register_scheme_map /opt/stack/data/venv/lib/python3.12/site-packages/glance_store/location.py:146}}
Aug 09 08:53:18.652929 np0000006824 devstack@g-api.service[99765]: DEBUG glance_store.location [-] Registering scheme swift with {'store': , 'location_class': , 'store_entry': 'swift'} {{(pid=99765) register_scheme_map /opt/stack/data/venv/lib/python3.12/site-packages/glance_store/location.py:146}}
Aug 09 08:53:18.652992 np0000006824 devstack@g-api.service[99765]: DEBUG glance_store.location [-] Registering scheme swift+http with {'store': , 'location_class': , 'store_entry': 'swift'} {{(pid=99765) register_scheme_map /opt/stack/data/venv/lib/python3.12/site-packages/glance_store/location.py:146}}
Aug 09 08:53:18.653047 np0000006824 devstack@g-api.service[99765]: DEBUG glance_store.location [-] Registering scheme swift+config with {'store': , 'location_class': , 'store_entry': 'swift'} {{(pid=99765) register_scheme_map /opt/stack/data/venv/lib/python3.12/site-packages/glance_store/location.py:146}}
Aug 09 08:53:18.653121 np0000006824 devstack@g-api.service[99765]: DEBUG glance_store.backend [-] Attempting to import store swift {{(pid=99765) _load_store /opt/stack/data/venv/lib/python3.12/site-packages/glance_store/backend.py:215}}
Aug 09 08:53:18.654416 np0000006824 devstack@g-api.service[99765]: DEBUG glance_store.capabilities [-] Store glance_store._drivers.swift.store.SingleTenantStore doesn't support updating dynamic storage capabilities. Please overwrite 'update_capabilities' method of the store to implement updating logics if needed. {{(pid=99765) update_capabilities /opt/stack/data/venv/lib/python3.12/site-packages/glance_store/capabilities.py:91}}
Aug 09 08:53:18.654467 np0000006824 devstack@g-api.service[99765]: DEBUG glance_store.driver [-] Late loading location class glance_store._drivers.swift.store.StoreLocation {{(pid=99765) get_store_location_class /opt/stack/data/venv/lib/python3.12/site-packages/glance_store/driver.py:134}}
Aug 09 08:53:18.654557 np0000006824 devstack@g-api.service[99765]: DEBUG glance_store.location [-] Registering scheme swift+https with {'store': , 'location_class': , 'store_entry': 'swift'} {{(pid=99765) register_scheme_map /opt/stack/data/venv/lib/python3.12/site-packages/glance_store/location.py:146}}
Aug 09 08:53:18.654666 np0000006824 devstack@g-api.service[99765]: DEBUG glance_store.location [-] Registering scheme swift+https with {'store': , 'location_class': , 'store_entry': 'swift'} {{(pid=99765) register_scheme_map /opt/stack/data/venv/lib/python3.12/site-packages/glance_store/location.py:146}}
Aug 09 08:53:18.654666 np0000006824 devstack@g-api.service[99765]: DEBUG glance_store.location [-] Registering scheme swift with {'store': , 'location_class': , 'store_entry': 'swift'} {{(pid=99765) register_scheme_map /opt/stack/data/venv/lib/python3.12/site-packages/glance_store/location.py:146}}
Aug 09 08:53:18.654734 np0000006824 devstack@g-api.service[99765]: DEBUG glance_store.location [-] Registering scheme swift+https with {'store': , 'location_class': , 'store_entry': 'swift'} {{(pid=99765) register_scheme_map /opt/stack/data/venv/lib/python3.12/site-packages/glance_store/location.py:146}}
Aug 09 08:53:18.654734 np0000006824 devstack@g-api.service[99765]: DEBUG glance_store.location [-] Registering scheme swift with {'store': , 'location_class': , 'store_entry': 'swift'} {{(pid=99765) register_scheme_map /opt/stack/data/venv/lib/python3.12/site-packages/glance_store/location.py:146}}
Aug 09 08:53:18.654786 np0000006824 devstack@g-api.service[99765]: DEBUG glance_store.location [-] Registering scheme swift+http with {'store': , 'location_class': , 'store_entry': 'swift'} {{(pid=99765) register_scheme_map /opt/stack/data/venv/lib/python3.12/site-packages/glance_store/location.py:146}}
Aug 09 08:53:18.654819 np0000006824 devstack@g-api.service[99765]: DEBUG glance_store.location [-] Registering scheme swift+https with {'store': , 'location_class': , 'store_entry': 'swift'} {{(pid=99765) register_scheme_map /opt/stack/data/venv/lib/python3.12/site-packages/glance_store/location.py:146}}
Aug 09 08:53:18.654848 np0000006824 devstack@g-api.service[99765]: DEBUG glance_store.location [-] Registering scheme swift with {'store': , 'location_class': , 'store_entry': 'swift'} {{(pid=99765) register_scheme_map /opt/stack/data/venv/lib/python3.12/site-packages/glance_store/location.py:146}}
Aug 09 08:53:18.654961 np0000006824 devstack@g-api.service[99765]: DEBUG glance_store.location [-] Registering scheme swift+http with {'store': , 'location_class': , 'store_entry': 'swift'} {{(pid=99765) register_scheme_map /opt/stack/data/venv/lib/python3.12/site-packages/glance_store/location.py:146}}
Aug 09 08:53:18.654961 np0000006824 devstack@g-api.service[99765]: DEBUG glance_store.location [-] Registering scheme swift+config with {'store': , 'location_class': , 'store_entry': 'swift'} {{(pid=99765) register_scheme_map /opt/stack/data/venv/lib/python3.12/site-packages/glance_store/location.py:146}}
Aug 09 08:53:18.655199 np0000006824 devstack@g-api.service[99765]: DEBUG glance.sqlite_migration [-] SQLite caching database not located, skipping migration {{(pid=99765) get_db_path /opt/stack/glance/glance/sqlite_migration.py:68}}
Aug 09 08:53:18.655420 np0000006824 devstack@g-api.service[99765]: WARNING glance.common.wsgi_app [-] Import methods are enabled but staging directory /tmp/staging/ does not exist; Imports will fail!
Aug 09 08:53:18.767905 np0000006824 devstack@g-api.service[99763]: DEBUG glance.common.config [None req-4a4a4757-1020-4741-9c1d-a29fd874722c None None] Loading glance-api-keystone+cachemanagement from /etc/glance/glance-api-paste.ini {{(pid=99763) load_paste_app /opt/stack/glance/glance/common/config.py:765}}
Aug 09 08:53:18.778246 np0000006824 devstack@g-api.service[99764]: DEBUG glance.common.config [None req-4ba08d15-5e20-4174-a06a-8c1afcfb8742 None None] Loading glance-api-keystone+cachemanagement from /etc/glance/glance-api-paste.ini {{(pid=99764) load_paste_app /opt/stack/glance/glance/common/config.py:765}}
Aug 09 08:53:18.789508 np0000006824 devstack@g-api.service[99765]: DEBUG glance.common.config [None req-295ef344-7e9d-45c0-aebb-9a91b8a210eb None None] Loading glance-api-keystone+cachemanagement from /etc/glance/glance-api-paste.ini {{(pid=99765) load_paste_app /opt/stack/glance/glance/common/config.py:765}}
Aug 09 08:53:19.406377 np0000006824 devstack@g-api.service[99765]: INFO glance.image_cache [None req-295ef344-7e9d-45c0-aebb-9a91b8a210eb None None] Image cache loaded driver 'centralized_db'.
Aug 09 08:53:19.413101 np0000006824 devstack@g-api.service[99764]: INFO glance.image_cache [None req-4ba08d15-5e20-4174-a06a-8c1afcfb8742 None None] Image cache loaded driver 'centralized_db'.
Aug 09 08:53:19.415087 np0000006824 devstack@g-api.service[99763]: INFO glance.image_cache [None req-4a4a4757-1020-4741-9c1d-a29fd874722c None None] Image cache loaded driver 'centralized_db'.
Aug 09 08:53:19.454738 np0000006824 devstack@g-api.service[99765]: INFO dbcounter [None req-295ef344-7e9d-45c0-aebb-9a91b8a210eb None None] Registered counter for database glance
Aug 09 08:53:19.462614 np0000006824 devstack@g-api.service[99764]: INFO dbcounter [None req-4ba08d15-5e20-4174-a06a-8c1afcfb8742 None None] Registered counter for database glance
Aug 09 08:53:19.463751 np0000006824 devstack@g-api.service[99763]: INFO dbcounter [None req-4a4a4757-1020-4741-9c1d-a29fd874722c None None] Registered counter for database glance
Aug 09 08:53:19.495180 np0000006824 devstack@g-api.service[99765]: DEBUG oslo_db.sqlalchemy.engines [None req-295ef344-7e9d-45c0-aebb-9a91b8a210eb None None] MySQL server mode set to STRICT_TRANS_TABLES,STRICT_ALL_TABLES,NO_ZERO_IN_DATE,NO_ZERO_DATE,ERROR_FOR_DIVISION_BY_ZERO,TRADITIONAL,NO_ENGINE_SUBSTITUTION {{(pid=99765) _check_effective_sql_mode /opt/stack/data/venv/lib/python3.12/site-packages/oslo_db/sqlalchemy/engines.py:325}}
Aug 09 08:53:19.504095 np0000006824 devstack@g-api.service[99764]: DEBUG oslo_db.sqlalchemy.engines [None req-4ba08d15-5e20-4174-a06a-8c1afcfb8742 None None] MySQL server mode set to STRICT_TRANS_TABLES,STRICT_ALL_TABLES,NO_ZERO_IN_DATE,NO_ZERO_DATE,ERROR_FOR_DIVISION_BY_ZERO,TRADITIONAL,NO_ENGINE_SUBSTITUTION {{(pid=99764) _check_effective_sql_mode /opt/stack/data/venv/lib/python3.12/site-packages/oslo_db/sqlalchemy/engines.py:325}}
Aug 09 08:53:19.507336 np0000006824 devstack@g-api.service[99763]: DEBUG oslo_db.sqlalchemy.engines [None req-4a4a4757-1020-4741-9c1d-a29fd874722c None None] MySQL server mode set to STRICT_TRANS_TABLES,STRICT_ALL_TABLES,NO_ZERO_IN_DATE,NO_ZERO_DATE,ERROR_FOR_DIVISION_BY_ZERO,TRADITIONAL,NO_ENGINE_SUBSTITUTION {{(pid=99763) _check_effective_sql_mode /opt/stack/data/venv/lib/python3.12/site-packages/oslo_db/sqlalchemy/engines.py:325}}
Aug 09 08:53:19.618155 np0000006824 devstack@g-api.service[99764]: DEBUG dbcounter [-] [99764] Writer thread running {{(pid=99764) stat_writer /opt/stack/data/venv/lib/python3.12/site-packages/dbcounter.py:102}}
Aug 09 08:53:19.630209 np0000006824 devstack@g-api.service[99764]: INFO glance.image_cache [None req-4ba08d15-5e20-4174-a06a-8c1afcfb8742 None None] Image cache loaded driver 'centralized_db'.
Aug 09 08:53:19.632687 np0000006824 devstack@g-api.service[99763]: DEBUG dbcounter [-] [99763] Writer thread running {{(pid=99763) stat_writer /opt/stack/data/venv/lib/python3.12/site-packages/dbcounter.py:102}}
Aug 09 08:53:19.635693 np0000006824 devstack@g-api.service[99763]: DEBUG glance.image_cache.drivers.centralized_db [None req-4a4a4757-1020-4741-9c1d-a29fd874722c None None] Node reference is already recorded, ignoring it {{(pid=99763) configure /opt/stack/glance/glance/image_cache/drivers/centralized_db.py:71}}
Aug 09 08:53:19.638665 np0000006824 devstack@g-api.service[99764]: DEBUG glance.image_cache.drivers.centralized_db [None req-4ba08d15-5e20-4174-a06a-8c1afcfb8742 None None] Node reference is already recorded, ignoring it {{(pid=99764) configure /opt/stack/glance/glance/image_cache/drivers/centralized_db.py:71}}
Aug 09 08:53:19.641115 np0000006824 devstack@g-api.service[99763]: INFO glance.image_cache [None req-4a4a4757-1020-4741-9c1d-a29fd874722c None None] Image cache loaded driver 'centralized_db'.
Aug 09 08:53:19.643312 np0000006824 devstack@g-api.service[99764]: DEBUG glance.api.v2.cached_images [None req-4ba08d15-5e20-4174-a06a-8c1afcfb8742 None None] Started cache worker thread {{(pid=99764) __init__ /opt/stack/glance/glance/api/v2/cached_images.py:71}}
Aug 09 08:53:19.644130 np0000006824 devstack@g-api.service[99764]: INFO glance.image_cache [None req-4ba08d15-5e20-4174-a06a-8c1afcfb8742 None None] Image cache loaded driver 'centralized_db'.
Aug 09 08:53:19.648157 np0000006824 devstack@g-api.service[99765]: DEBUG dbcounter [-] [99765] Writer thread running {{(pid=99765) stat_writer /opt/stack/data/venv/lib/python3.12/site-packages/dbcounter.py:102}}
Aug 09 08:53:19.648980 np0000006824 devstack@g-api.service[99763]: DEBUG glance.image_cache.drivers.centralized_db [None req-4a4a4757-1020-4741-9c1d-a29fd874722c None None] Node reference is already recorded, ignoring it {{(pid=99763) configure /opt/stack/glance/glance/image_cache/drivers/centralized_db.py:71}}
Aug 09 08:53:19.652175 np0000006824 devstack@g-api.service[99764]: DEBUG glance.image_cache.drivers.centralized_db [None req-4ba08d15-5e20-4174-a06a-8c1afcfb8742 None None] Node reference is already recorded, ignoring it {{(pid=99764) configure /opt/stack/glance/glance/image_cache/drivers/centralized_db.py:71}}
Aug 09 08:53:19.652326 np0000006824 devstack@g-api.service[99765]: DEBUG glance.image_cache.drivers.centralized_db [None req-295ef344-7e9d-45c0-aebb-9a91b8a210eb None None] Node reference is already recorded, ignoring it {{(pid=99765) configure /opt/stack/glance/glance/image_cache/drivers/centralized_db.py:71}}
Aug 09 08:53:19.653885 np0000006824 devstack@g-api.service[99763]: DEBUG glance.api.v2.cached_images [None req-4a4a4757-1020-4741-9c1d-a29fd874722c None None] Started cache worker thread {{(pid=99763) __init__ /opt/stack/glance/glance/api/v2/cached_images.py:71}}
Aug 09 08:53:19.654535 np0000006824 devstack@g-api.service[99763]: INFO glance.image_cache [None req-4a4a4757-1020-4741-9c1d-a29fd874722c None None] Image cache loaded driver 'centralized_db'.
Aug 09 08:53:19.658059 np0000006824 devstack@g-api.service[99764]: INFO glance.api.middleware.cache_manage [None req-4ba08d15-5e20-4174-a06a-8c1afcfb8742 None None] Initialized image cache management middleware
Aug 09 08:53:19.658203 np0000006824 devstack@g-api.service[99764]: INFO glance.image_cache [None req-4ba08d15-5e20-4174-a06a-8c1afcfb8742 None None] Image cache loaded driver 'centralized_db'.
Aug 09 08:53:19.661363 np0000006824 devstack@g-api.service[99765]: INFO glance.image_cache [None req-295ef344-7e9d-45c0-aebb-9a91b8a210eb None None] Image cache loaded driver 'centralized_db'.
Aug 09 08:53:19.661564 np0000006824 devstack@g-api.service[99763]: DEBUG glance.image_cache.drivers.centralized_db [None req-4a4a4757-1020-4741-9c1d-a29fd874722c None None] Node reference is already recorded, ignoring it {{(pid=99763) configure /opt/stack/glance/glance/image_cache/drivers/centralized_db.py:71}}
Aug 09 08:53:19.664455 np0000006824 devstack@g-api.service[99764]: DEBUG glance.image_cache.drivers.centralized_db [None req-4ba08d15-5e20-4174-a06a-8c1afcfb8742 None None] Node reference is already recorded, ignoring it {{(pid=99764) configure /opt/stack/glance/glance/image_cache/drivers/centralized_db.py:71}}
Aug 09 08:53:19.667541 np0000006824 devstack@g-api.service[99763]: INFO glance.api.middleware.cache_manage [None req-4a4a4757-1020-4741-9c1d-a29fd874722c None None] Initialized image cache management middleware
Aug 09 08:53:19.667720 np0000006824 devstack@g-api.service[99763]: INFO glance.image_cache [None req-4a4a4757-1020-4741-9c1d-a29fd874722c None None] Image cache loaded driver 'centralized_db'.
Aug 09 08:53:19.667782 np0000006824 devstack@g-api.service[99764]: INFO glance.api.middleware.cache [None req-4ba08d15-5e20-4174-a06a-8c1afcfb8742 None None] Initialized image cache middleware
Aug 09 08:53:19.671959 np0000006824 devstack@g-api.service[99765]: DEBUG glance.image_cache.drivers.centralized_db [None req-295ef344-7e9d-45c0-aebb-9a91b8a210eb None None] Node reference is already recorded, ignoring it {{(pid=99765) configure /opt/stack/glance/glance/image_cache/drivers/centralized_db.py:71}}
Aug 09 08:53:19.674328 np0000006824 devstack@g-api.service[99763]: DEBUG glance.image_cache.drivers.centralized_db [None req-4a4a4757-1020-4741-9c1d-a29fd874722c None None] Node reference is already recorded, ignoring it {{(pid=99763) configure /opt/stack/glance/glance/image_cache/drivers/centralized_db.py:71}}
Aug 09 08:53:19.677976 np0000006824 devstack@g-api.service[99764]: DEBUG glance.common.config [None req-4ba08d15-5e20-4174-a06a-8c1afcfb8742 None None] ******************************************************************************** {{(pid=99764) log_opt_values /opt/stack/data/venv/lib/python3.12/site-packages/oslo_config/cfg.py:3518}}
Aug 09 08:53:19.678041 np0000006824 devstack@g-api.service[99763]: INFO glance.api.middleware.cache [None req-4a4a4757-1020-4741-9c1d-a29fd874722c None None] Initialized image cache middleware
Aug 09 08:53:19.678069 np0000006824 devstack@g-api.service[99764]: DEBUG glance.common.config [None req-4ba08d15-5e20-4174-a06a-8c1afcfb8742 None None] Configuration options gathered from: {{(pid=99764) log_opt_values /opt/stack/data/venv/lib/python3.12/site-packages/oslo_config/cfg.py:3519}}
Aug 09 08:53:19.678398 np0000006824 devstack@g-api.service[99764]: DEBUG glance.common.config [None req-4ba08d15-5e20-4174-a06a-8c1afcfb8742 None None] command line args: [] {{(pid=99764) log_opt_values /opt/stack/data/venv/lib/python3.12/site-packages/oslo_config/cfg.py:3520}}
Aug 09 08:53:19.678522 np0000006824 devstack@g-api.service[99764]: DEBUG glance.common.config [None req-4ba08d15-5e20-4174-a06a-8c1afcfb8742 None None] config files: ['/etc/glance/glance-image-import.conf', '/etc/glance/glance-api.conf'] {{(pid=99764) log_opt_values /opt/stack/data/venv/lib/python3.12/site-packages/oslo_config/cfg.py:3521}}
Aug 09 08:53:19.678621 np0000006824 devstack@g-api.service[99764]: DEBUG glance.common.config [None req-4ba08d15-5e20-4174-a06a-8c1afcfb8742 None None] ================================================================================ {{(pid=99764) log_opt_values /opt/stack/data/venv/lib/python3.12/site-packages/oslo_config/cfg.py:3526}}
Aug 09 08:53:19.678711 np0000006824 devstack@g-api.service[99764]: DEBUG glance.common.config [None req-4ba08d15-5e20-4174-a06a-8c1afcfb8742 None None] allow_anonymous_access = False {{(pid=99764) log_opt_values /opt/stack/data/venv/lib/python3.12/site-packages/oslo_config/cfg.py:3534}}
Aug 09 08:53:19.678810 np0000006824 devstack@g-api.service[99764]: DEBUG glance.common.config [None req-4ba08d15-5e20-4174-a06a-8c1afcfb8742 None None] api_limit_max = 1000 {{(pid=99764) log_opt_values /opt/stack/data/venv/lib/python3.12/site-packages/oslo_config/cfg.py:3534}}
Aug 09 08:53:19.678906 np0000006824 devstack@g-api.service[99764]: DEBUG glance.common.config [None req-4ba08d15-5e20-4174-a06a-8c1afcfb8742 None None] config_dir = [] {{(pid=99764) log_opt_values /opt/stack/data/venv/lib/python3.12/site-packages/oslo_config/cfg.py:3534}}
Aug 09 08:53:19.678976 np0000006824 devstack@g-api.service[99764]: DEBUG glance.common.config [None req-4ba08d15-5e20-4174-a06a-8c1afcfb8742 None None] config_file = ['/etc/glance/glance-image-import.conf', '/etc/glance/glance-api.conf'] {{(pid=99764) log_opt_values /opt/stack/data/venv/lib/python3.12/site-packages/oslo_config/cfg.py:3534}}
Aug 09 08:53:19.679066 np0000006824 devstack@g-api.service[99764]: DEBUG glance.common.config [None req-4ba08d15-5e20-4174-a06a-8c1afcfb8742 None None] config_source = [] {{(pid=99764) log_opt_values /opt/stack/data/venv/lib/python3.12/site-packages/oslo_config/cfg.py:3534}}
Aug 09 08:53:19.679161 np0000006824 devstack@g-api.service[99764]: DEBUG glance.common.config [None req-4ba08d15-5e20-4174-a06a-8c1afcfb8742 None None] control_exchange = glance {{(pid=99764) log_opt_values /opt/stack/data/venv/lib/python3.12/site-packages/oslo_config/cfg.py:3534}}
Aug 09 08:53:19.679243 np0000006824 devstack@g-api.service[99764]: DEBUG glance.common.config [None req-4ba08d15-5e20-4174-a06a-8c1afcfb8742 None None] debug = True {{(pid=99764) log_opt_values /opt/stack/data/venv/lib/python3.12/site-packages/oslo_config/cfg.py:3534}}
Aug 09 08:53:19.679444 np0000006824 devstack@g-api.service[99764]: DEBUG glance.common.config [None req-4ba08d15-5e20-4174-a06a-8c1afcfb8742 None None] default_log_levels = ['amqp=WARN', 'boto=WARN', 'sqlalchemy=WARN', 'suds=INFO', 'oslo.messaging=INFO', 'oslo_messaging=INFO', 'iso8601=WARN', 'requests.packages.urllib3.connectionpool=WARN', 'urllib3.connectionpool=WARN', 'websocket=WARN', 'requests.packages.urllib3.util.retry=WARN', 'urllib3.util.retry=WARN', 'keystonemiddleware=WARN', 'routes.middleware=WARN', 'stevedore=WARN', 'taskflow=WARN', 'keystoneauth=WARN', 'oslo.cache=INFO', 'oslo_policy=INFO', 'dogpile.core.dogpile=INFO'] {{(pid=99764) log_opt_values /opt/stack/data/venv/lib/python3.12/site-packages/oslo_config/cfg.py:3534}}
Aug 09 08:53:19.679540 np0000006824 devstack@g-api.service[99764]: DEBUG glance.common.config [None req-4ba08d15-5e20-4174-a06a-8c1afcfb8742 None None] default_publisher_id = image.localhost {{(pid=99764) log_opt_values /opt/stack/data/venv/lib/python3.12/site-packages/oslo_config/cfg.py:3534}}
Aug 09 08:53:19.679655 np0000006824 devstack@g-api.service[99764]: DEBUG glance.common.config [None req-4ba08d15-5e20-4174-a06a-8c1afcfb8742 None None] delayed_delete = False {{(pid=99764) log_opt_values /opt/stack/data/venv/lib/python3.12/site-packages/oslo_config/cfg.py:3534}}
Aug 09 08:53:19.679739 np0000006824 devstack@g-api.service[99764]: DEBUG glance.common.config [None req-4ba08d15-5e20-4174-a06a-8c1afcfb8742 None None] digest_algorithm = sha256 {{(pid=99764) log_opt_values /opt/stack/data/venv/lib/python3.12/site-packages/oslo_config/cfg.py:3534}}
Aug 09 08:53:19.679809 np0000006824 devstack@g-api.service[99764]: DEBUG glance.common.config [None req-4ba08d15-5e20-4174-a06a-8c1afcfb8742 None None] disabled_notifications = [] {{(pid=99764) log_opt_values /opt/stack/data/venv/lib/python3.12/site-packages/oslo_config/cfg.py:3534}}
Aug 09 08:53:19.679871 np0000006824 devstack@g-api.service[99765]: DEBUG glance.api.v2.cached_images [None req-295ef344-7e9d-45c0-aebb-9a91b8a210eb None None] Started cache worker thread {{(pid=99765) __init__ /opt/stack/glance/glance/api/v2/cached_images.py:71}}
Aug 09 08:53:19.679958 np0000006824 devstack@g-api.service[99764]: DEBUG glance.common.config [None req-4ba08d15-5e20-4174-a06a-8c1afcfb8742 None None] do_secure_hash = True {{(pid=99764) log_opt_values /opt/stack/data/venv/lib/python3.12/site-packages/oslo_config/cfg.py:3534}}
Aug 09 08:53:19.679958 np0000006824 devstack@g-api.service[99764]: DEBUG glance.common.config [None req-4ba08d15-5e20-4174-a06a-8c1afcfb8742 None None] enabled_backends = None {{(pid=99764) log_opt_values /opt/stack/data/venv/lib/python3.12/site-packages/oslo_config/cfg.py:3534}}
Aug 09 08:53:19.680059 np0000006824 devstack@g-api.service[99764]: DEBUG glance.common.config [None req-4ba08d15-5e20-4174-a06a-8c1afcfb8742 None None] enabled_import_methods = ['glance-direct', 'web-download', 'copy-image'] {{(pid=99764) log_opt_values /opt/stack/data/venv/lib/python3.12/site-packages/oslo_config/cfg.py:3534}}
Aug 09 08:53:19.680152 np0000006824 devstack@g-api.service[99764]: DEBUG glance.common.config [None req-4ba08d15-5e20-4174-a06a-8c1afcfb8742 None None] fatal_deprecations = False {{(pid=99764) log_opt_values /opt/stack/data/venv/lib/python3.12/site-packages/oslo_config/cfg.py:3534}}
Aug 09 08:53:19.680243 np0000006824 devstack@g-api.service[99764]: DEBUG glance.common.config [None req-4ba08d15-5e20-4174-a06a-8c1afcfb8742 None None] hashing_algorithm = sha512 {{(pid=99764) log_opt_values /opt/stack/data/venv/lib/python3.12/site-packages/oslo_config/cfg.py:3534}}
Aug 09 08:53:19.680347 np0000006824 devstack@g-api.service[99764]: DEBUG glance.common.config [None req-4ba08d15-5e20-4174-a06a-8c1afcfb8742 None None] http_retries = 3 {{(pid=99764) log_opt_values /opt/stack/data/venv/lib/python3.12/site-packages/oslo_config/cfg.py:3534}}
Aug 09 08:53:19.680495 np0000006824 devstack@g-api.service[99764]: DEBUG glance.common.config [None req-4ba08d15-5e20-4174-a06a-8c1afcfb8742 None None] image_cache_dir = /opt/stack/data/glance/cache/ {{(pid=99764) log_opt_values /opt/stack/data/venv/lib/python3.12/site-packages/oslo_config/cfg.py:3534}}
Aug 09 08:53:19.680593 np0000006824 devstack@g-api.service[99764]: DEBUG glance.common.config [None req-4ba08d15-5e20-4174-a06a-8c1afcfb8742 None None] image_cache_driver = centralized_db {{(pid=99764) log_opt_values /opt/stack/data/venv/lib/python3.12/site-packages/oslo_config/cfg.py:3534}}
Aug 09 08:53:19.680677 np0000006824 devstack@g-api.service[99765]: INFO glance.image_cache [None req-295ef344-7e9d-45c0-aebb-9a91b8a210eb None None] Image cache loaded driver 'centralized_db'.
Aug 09 08:53:19.680738 np0000006824 devstack@g-api.service[99764]: DEBUG glance.common.config [None req-4ba08d15-5e20-4174-a06a-8c1afcfb8742 None None] image_cache_max_size = 10737418240 {{(pid=99764) log_opt_values /opt/stack/data/venv/lib/python3.12/site-packages/oslo_config/cfg.py:3534}}
Aug 09 08:53:19.680803 np0000006824 devstack@g-api.service[99764]: DEBUG glance.common.config [None req-4ba08d15-5e20-4174-a06a-8c1afcfb8742 None None] image_cache_sqlite_db = cache.db {{(pid=99764) log_opt_values /opt/stack/data/venv/lib/python3.12/site-packages/oslo_config/cfg.py:3534}}
Aug 09 08:53:19.680862 np0000006824 devstack@g-api.service[99764]: DEBUG glance.common.config [None req-4ba08d15-5e20-4174-a06a-8c1afcfb8742 None None] image_cache_stall_time = 86400 {{(pid=99764) log_opt_values /opt/stack/data/venv/lib/python3.12/site-packages/oslo_config/cfg.py:3534}}
Aug 09 08:53:19.680968 np0000006824 devstack@g-api.service[99764]: DEBUG glance.common.config [None req-4ba08d15-5e20-4174-a06a-8c1afcfb8742 None None] image_location_quota = 10 {{(pid=99764) log_opt_values /opt/stack/data/venv/lib/python3.12/site-packages/oslo_config/cfg.py:3534}}
Aug 09 08:53:19.681057 np0000006824 devstack@g-api.service[99764]: DEBUG glance.common.config [None req-4ba08d15-5e20-4174-a06a-8c1afcfb8742 None None] image_member_quota = 128 {{(pid=99764) log_opt_values /opt/stack/data/venv/lib/python3.12/site-packages/oslo_config/cfg.py:3534}}
Aug 09 08:53:19.681141 np0000006824 devstack@g-api.service[99764]: DEBUG glance.common.config [None req-4ba08d15-5e20-4174-a06a-8c1afcfb8742 None None] image_property_quota = 128 {{(pid=99764) log_opt_values /opt/stack/data/venv/lib/python3.12/site-packages/oslo_config/cfg.py:3534}}
Aug 09 08:53:19.681227 np0000006824 devstack@g-api.service[99764]: DEBUG glance.common.config [None req-4ba08d15-5e20-4174-a06a-8c1afcfb8742 None None] image_size_cap = 1099511627776 {{(pid=99764) log_opt_values /opt/stack/data/venv/lib/python3.12/site-packages/oslo_config/cfg.py:3534}}
Aug 09 08:53:19.681312 np0000006824 devstack@g-api.service[99764]: DEBUG glance.common.config [None req-4ba08d15-5e20-4174-a06a-8c1afcfb8742 None None] image_tag_quota = 128 {{(pid=99764) log_opt_values /opt/stack/data/venv/lib/python3.12/site-packages/oslo_config/cfg.py:3534}}
Aug 09 08:53:19.681438 np0000006824 devstack@g-api.service[99764]: DEBUG glance.common.config [None req-4ba08d15-5e20-4174-a06a-8c1afcfb8742 None None] instance_format = [instance: %(uuid)s] {{(pid=99764) log_opt_values /opt/stack/data/venv/lib/python3.12/site-packages/oslo_config/cfg.py:3534}}
Aug 09 08:53:19.681547 np0000006824 devstack@g-api.service[99764]: DEBUG glance.common.config [None req-4ba08d15-5e20-4174-a06a-8c1afcfb8742 None None] instance_uuid_format = [instance: %(uuid)s] {{(pid=99764) log_opt_values /opt/stack/data/venv/lib/python3.12/site-packages/oslo_config/cfg.py:3534}}
Aug 09 08:53:19.681630 np0000006824 devstack@g-api.service[99764]: DEBUG glance.common.config [None req-4ba08d15-5e20-4174-a06a-8c1afcfb8742 None None] limit_param_default = 25 {{(pid=99764) log_opt_values /opt/stack/data/venv/lib/python3.12/site-packages/oslo_config/cfg.py:3534}}
Aug 09 08:53:19.681727 np0000006824 devstack@g-api.service[99764]: DEBUG glance.common.config [None req-4ba08d15-5e20-4174-a06a-8c1afcfb8742 None None] log_color = False {{(pid=99764) log_opt_values /opt/stack/data/venv/lib/python3.12/site-packages/oslo_config/cfg.py:3534}}
Aug 09 08:53:19.681816 np0000006824 devstack@g-api.service[99764]: DEBUG glance.common.config [None req-4ba08d15-5e20-4174-a06a-8c1afcfb8742 None None] log_config_append = None {{(pid=99764) log_opt_values /opt/stack/data/venv/lib/python3.12/site-packages/oslo_config/cfg.py:3534}}
Aug 09 08:53:19.681920 np0000006824 devstack@g-api.service[99764]: DEBUG glance.common.config [None req-4ba08d15-5e20-4174-a06a-8c1afcfb8742 None None] log_date_format = %Y-%m-%d %H:%M:%S {{(pid=99764) log_opt_values /opt/stack/data/venv/lib/python3.12/site-packages/oslo_config/cfg.py:3534}}
Aug 09 08:53:19.682014 np0000006824 devstack@g-api.service[99764]: DEBUG glance.common.config [None req-4ba08d15-5e20-4174-a06a-8c1afcfb8742 None None] log_dir = None {{(pid=99764) log_opt_values /opt/stack/data/venv/lib/python3.12/site-packages/oslo_config/cfg.py:3534}}
Aug 09 08:53:19.682100 np0000006824 devstack@g-api.service[99764]: DEBUG glance.common.config [None req-4ba08d15-5e20-4174-a06a-8c1afcfb8742 None None] log_file = None {{(pid=99764) log_opt_values /opt/stack/data/venv/lib/python3.12/site-packages/oslo_config/cfg.py:3534}}
Aug 09 08:53:19.682183 np0000006824 devstack@g-api.service[99764]: DEBUG glance.common.config [None req-4ba08d15-5e20-4174-a06a-8c1afcfb8742 None None] log_rotate_interval = 1 {{(pid=99764) log_opt_values /opt/stack/data/venv/lib/python3.12/site-packages/oslo_config/cfg.py:3534}}
Aug 09 08:53:19.682274 np0000006824 devstack@g-api.service[99764]: DEBUG glance.common.config [None req-4ba08d15-5e20-4174-a06a-8c1afcfb8742 None None] log_rotate_interval_type = days {{(pid=99764) log_opt_values /opt/stack/data/venv/lib/python3.12/site-packages/oslo_config/cfg.py:3534}}
Aug 09 08:53:19.682405 np0000006824 devstack@g-api.service[99764]: DEBUG glance.common.config [None req-4ba08d15-5e20-4174-a06a-8c1afcfb8742 None None] log_rotation_type = none {{(pid=99764) log_opt_values /opt/stack/data/venv/lib/python3.12/site-packages/oslo_config/cfg.py:3534}}
Aug 09 08:53:19.682478 np0000006824 devstack@g-api.service[99764]: DEBUG glance.common.config [None req-4ba08d15-5e20-4174-a06a-8c1afcfb8742 None None] logging_context_format_string = %(color)s%(levelname)s %(name)s [%(global_request_id)s %(request_id)s %(project_name)s %(user_name)s%(color)s] %(instance)s%(color)s%(message)s {{(pid=99764) log_opt_values /opt/stack/data/venv/lib/python3.12/site-packages/oslo_config/cfg.py:3534}}
Aug 09 08:53:19.682563 np0000006824 devstack@g-api.service[99764]: DEBUG glance.common.config [None req-4ba08d15-5e20-4174-a06a-8c1afcfb8742 None None] logging_debug_format_suffix = {{(pid=%(process)d) %(funcName)s %(pathname)s:%(lineno)d}} {{(pid=99764) log_opt_values /opt/stack/data/venv/lib/python3.12/site-packages/oslo_config/cfg.py:3534}}
Aug 09 08:53:19.682648 np0000006824 devstack@g-api.service[99764]: DEBUG glance.common.config [None req-4ba08d15-5e20-4174-a06a-8c1afcfb8742 None None] logging_default_format_string = %(color)s%(levelname)s %(name)s [-%(color)s] %(instance)s%(color)s%(message)s {{(pid=99764) log_opt_values /opt/stack/data/venv/lib/python3.12/site-packages/oslo_config/cfg.py:3534}}
Aug 09 08:53:19.682742 np0000006824 devstack@g-api.service[99764]: DEBUG glance.common.config [None req-4ba08d15-5e20-4174-a06a-8c1afcfb8742 None None] logging_exception_prefix = ERROR %(name)s %(instance)s {{(pid=99764) log_opt_values /opt/stack/data/venv/lib/python3.12/site-packages/oslo_config/cfg.py:3534}}
Aug 09 08:53:19.682812 np0000006824 devstack@g-api.service[99764]: DEBUG glance.common.config [None req-4ba08d15-5e20-4174-a06a-8c1afcfb8742 None None] logging_user_identity_format = %(user)s %(project)s %(domain)s %(system_scope)s %(user_domain)s %(project_domain)s {{(pid=99764) log_opt_values /opt/stack/data/venv/lib/python3.12/site-packages/oslo_config/cfg.py:3534}}
Aug 09 08:53:19.682896 np0000006824 devstack@g-api.service[99764]: DEBUG glance.common.config [None req-4ba08d15-5e20-4174-a06a-8c1afcfb8742 None None] max_logfile_count = 30 {{(pid=99764) log_opt_values /opt/stack/data/venv/lib/python3.12/site-packages/oslo_config/cfg.py:3534}}
Aug 09 08:53:19.683014 np0000006824 devstack@g-api.service[99764]: DEBUG glance.common.config [None req-4ba08d15-5e20-4174-a06a-8c1afcfb8742 None None] max_logfile_size_mb = 200 {{(pid=99764) log_opt_values /opt/stack/data/venv/lib/python3.12/site-packages/oslo_config/cfg.py:3534}}
Aug 09 08:53:19.683092 np0000006824 devstack@g-api.service[99764]: DEBUG glance.common.config [None req-4ba08d15-5e20-4174-a06a-8c1afcfb8742 None None] max_request_id_length = 64 {{(pid=99764) log_opt_values /opt/stack/data/venv/lib/python3.12/site-packages/oslo_config/cfg.py:3534}}
Aug 09 08:53:19.683161 np0000006824 devstack@g-api.service[99764]: DEBUG glance.common.config [None req-4ba08d15-5e20-4174-a06a-8c1afcfb8742 None None] metadata_encryption_key = **** {{(pid=99764) log_opt_values /opt/stack/data/venv/lib/python3.12/site-packages/oslo_config/cfg.py:3534}}
Aug 09 08:53:19.683256 np0000006824 devstack@g-api.service[99764]: DEBUG glance.common.config [None req-4ba08d15-5e20-4174-a06a-8c1afcfb8742 None None] node_staging_uri = file:///tmp/staging/ {{(pid=99764) log_opt_values /opt/stack/data/venv/lib/python3.12/site-packages/oslo_config/cfg.py:3534}}
Aug 09 08:53:19.683351 np0000006824 devstack@g-api.service[99764]: DEBUG glance.common.config [None req-4ba08d15-5e20-4174-a06a-8c1afcfb8742 None None] property_protection_file = None {{(pid=99764) log_opt_values /opt/stack/data/venv/lib/python3.12/site-packages/oslo_config/cfg.py:3534}}
Aug 09 08:53:19.683460 np0000006824 devstack@g-api.service[99764]: DEBUG glance.common.config [None req-4ba08d15-5e20-4174-a06a-8c1afcfb8742 None None] property_protection_rule_format = roles {{(pid=99764) log_opt_values /opt/stack/data/venv/lib/python3.12/site-packages/oslo_config/cfg.py:3534}}
Aug 09 08:53:19.683551 np0000006824 devstack@g-api.service[99764]: DEBUG glance.common.config [None req-4ba08d15-5e20-4174-a06a-8c1afcfb8742 None None] public_endpoint = https://10.4.3.245/image {{(pid=99764) log_opt_values /opt/stack/data/venv/lib/python3.12/site-packages/oslo_config/cfg.py:3534}}
Aug 09 08:53:19.683653 np0000006824 devstack@g-api.service[99764]: DEBUG glance.common.config [None req-4ba08d15-5e20-4174-a06a-8c1afcfb8742 None None] publish_errors = False {{(pid=99764) log_opt_values /opt/stack/data/venv/lib/python3.12/site-packages/oslo_config/cfg.py:3534}}
Aug 09 08:53:19.683735 np0000006824 devstack@g-api.service[99764]: DEBUG glance.common.config [None req-4ba08d15-5e20-4174-a06a-8c1afcfb8742 None None] pydev_worker_debug_host = None {{(pid=99764) log_opt_values /opt/stack/data/venv/lib/python3.12/site-packages/oslo_config/cfg.py:3534}}
Aug 09 08:53:19.683822 np0000006824 devstack@g-api.service[99764]: DEBUG glance.common.config [None req-4ba08d15-5e20-4174-a06a-8c1afcfb8742 None None] pydev_worker_debug_port = 5678 {{(pid=99764) log_opt_values /opt/stack/data/venv/lib/python3.12/site-packages/oslo_config/cfg.py:3534}}
Aug 09 08:53:19.683906 np0000006824 devstack@g-api.service[99764]: DEBUG glance.common.config [None req-4ba08d15-5e20-4174-a06a-8c1afcfb8742 None None] rate_limit_burst = 0 {{(pid=99764) log_opt_values /opt/stack/data/venv/lib/python3.12/site-packages/oslo_config/cfg.py:3534}}
Aug 09 08:53:19.684013 np0000006824 devstack@g-api.service[99764]: DEBUG glance.common.config [None req-4ba08d15-5e20-4174-a06a-8c1afcfb8742 None None] rate_limit_except_level = CRITICAL {{(pid=99764) log_opt_values /opt/stack/data/venv/lib/python3.12/site-packages/oslo_config/cfg.py:3534}}
Aug 09 08:53:19.684102 np0000006824 devstack@g-api.service[99764]: DEBUG glance.common.config [None req-4ba08d15-5e20-4174-a06a-8c1afcfb8742 None None] rate_limit_interval = 0 {{(pid=99764) log_opt_values /opt/stack/data/venv/lib/python3.12/site-packages/oslo_config/cfg.py:3534}}
Aug 09 08:53:19.684184 np0000006824 devstack@g-api.service[99764]: DEBUG glance.common.config [None req-4ba08d15-5e20-4174-a06a-8c1afcfb8742 None None] scrub_pool_size = 1 {{(pid=99764) log_opt_values /opt/stack/data/venv/lib/python3.12/site-packages/oslo_config/cfg.py:3534}}
Aug 09 08:53:19.684267 np0000006824 devstack@g-api.service[99764]: DEBUG glance.common.config [None req-4ba08d15-5e20-4174-a06a-8c1afcfb8742 None None] scrub_time = 0 {{(pid=99764) log_opt_values /opt/stack/data/venv/lib/python3.12/site-packages/oslo_config/cfg.py:3534}}
Aug 09 08:53:19.684386 np0000006824 devstack@g-api.service[99764]: DEBUG glance.common.config [None req-4ba08d15-5e20-4174-a06a-8c1afcfb8742 None None] shell_completion = None {{(pid=99764) log_opt_values /opt/stack/data/venv/lib/python3.12/site-packages/oslo_config/cfg.py:3534}}
Aug 09 08:53:19.684502 np0000006824 devstack@g-api.service[99764]: DEBUG glance.common.config [None req-4ba08d15-5e20-4174-a06a-8c1afcfb8742 None None] show_image_direct_url = False {{(pid=99764) log_opt_values /opt/stack/data/venv/lib/python3.12/site-packages/oslo_config/cfg.py:3534}}
Aug 09 08:53:19.684703 np0000006824 devstack@g-api.service[99764]: WARNING oslo_config.cfg [None req-4ba08d15-5e20-4174-a06a-8c1afcfb8742 None None] Deprecated: Option "show_multiple_locations" from group "DEFAULT" is deprecated for removal (Use of this option, deprecated since Newton, is a security risk and will be removed once we figure out a way to satisfy those use cases that currently require it. An earlier announcement that the same functionality can be achieved with greater granularity by using policies is incorrect. You cannot work around this option via policy configuration at the present time, though that is the direction we believe the fix will take. Please keep an eye on the Glance release notes to stay up to date on progress in addressing this issue.). Its value may be silently ignored in the future.
Aug 09 08:53:19.684818 np0000006824 devstack@g-api.service[99764]: DEBUG glance.common.config [None req-4ba08d15-5e20-4174-a06a-8c1afcfb8742 None None] show_multiple_locations = False {{(pid=99764) log_opt_values /opt/stack/data/venv/lib/python3.12/site-packages/oslo_config/cfg.py:3534}}
Aug 09 08:53:19.684892 np0000006824 devstack@g-api.service[99764]: DEBUG glance.common.config [None req-4ba08d15-5e20-4174-a06a-8c1afcfb8742 None None] syslog_log_facility = LOG_USER {{(pid=99764) log_opt_values /opt/stack/data/venv/lib/python3.12/site-packages/oslo_config/cfg.py:3534}}
Aug 09 08:53:19.684990 np0000006824 devstack@g-api.service[99764]: DEBUG glance.common.config [None req-4ba08d15-5e20-4174-a06a-8c1afcfb8742 None None] transport_url = **** {{(pid=99764) log_opt_values /opt/stack/data/venv/lib/python3.12/site-packages/oslo_config/cfg.py:3534}}
Aug 09 08:53:19.685104 np0000006824 devstack@g-api.service[99764]: DEBUG glance.common.config [None req-4ba08d15-5e20-4174-a06a-8c1afcfb8742 None None] use_journal = False {{(pid=99764) log_opt_values /opt/stack/data/venv/lib/python3.12/site-packages/oslo_config/cfg.py:3534}}
Aug 09 08:53:19.685194 np0000006824 devstack@g-api.service[99764]: DEBUG glance.common.config [None req-4ba08d15-5e20-4174-a06a-8c1afcfb8742 None None] use_json = False {{(pid=99764) log_opt_values /opt/stack/data/venv/lib/python3.12/site-packages/oslo_config/cfg.py:3534}}
Aug 09 08:53:19.685286 np0000006824 devstack@g-api.service[99764]: DEBUG glance.common.config [None req-4ba08d15-5e20-4174-a06a-8c1afcfb8742 None None] use_keystone_limits = True {{(pid=99764) log_opt_values /opt/stack/data/venv/lib/python3.12/site-packages/oslo_config/cfg.py:3534}}
Aug 09 08:53:19.685408 np0000006824 devstack@g-api.service[99764]: DEBUG glance.common.config [None req-4ba08d15-5e20-4174-a06a-8c1afcfb8742 None None] use_stderr = False {{(pid=99764) log_opt_values /opt/stack/data/venv/lib/python3.12/site-packages/oslo_config/cfg.py:3534}}
Aug 09 08:53:19.685502 np0000006824 devstack@g-api.service[99764]: DEBUG glance.common.config [None req-4ba08d15-5e20-4174-a06a-8c1afcfb8742 None None] use_syslog = False {{(pid=99764) log_opt_values /opt/stack/data/venv/lib/python3.12/site-packages/oslo_config/cfg.py:3534}}
Aug 09 08:53:19.685593 np0000006824 devstack@g-api.service[99764]: DEBUG glance.common.config [None req-4ba08d15-5e20-4174-a06a-8c1afcfb8742 None None] user_storage_quota = 0 {{(pid=99764) log_opt_values /opt/stack/data/venv/lib/python3.12/site-packages/oslo_config/cfg.py:3534}}
Aug 09 08:53:19.685726 np0000006824 devstack@g-api.service[99764]: DEBUG glance.common.config [None req-4ba08d15-5e20-4174-a06a-8c1afcfb8742 None None] worker_self_reference_url = http://127.0.0.1:60999 {{(pid=99764) log_opt_values /opt/stack/data/venv/lib/python3.12/site-packages/oslo_config/cfg.py:3534}}
Aug 09 08:53:19.685806 np0000006824 devstack@g-api.service[99764]: DEBUG glance.common.config [None req-4ba08d15-5e20-4174-a06a-8c1afcfb8742 None None] oslo_concurrency.disable_process_locking = False {{(pid=99764) log_opt_values /opt/stack/data/venv/lib/python3.12/site-packages/oslo_config/cfg.py:3545}}
Aug 09 08:53:19.685903 np0000006824 devstack@g-api.service[99764]: DEBUG glance.common.config [None req-4ba08d15-5e20-4174-a06a-8c1afcfb8742 None None] oslo_concurrency.lock_path = /opt/stack/data/glance/locks {{(pid=99764) log_opt_values /opt/stack/data/venv/lib/python3.12/site-packages/oslo_config/cfg.py:3545}}
Aug 09 08:53:19.686014 np0000006824 devstack@g-api.service[99764]: DEBUG glance.common.config [None req-4ba08d15-5e20-4174-a06a-8c1afcfb8742 None None] oslo_middleware.enable_proxy_headers_parsing = False {{(pid=99764) log_opt_values /opt/stack/data/venv/lib/python3.12/site-packages/oslo_config/cfg.py:3545}}
Aug 09 08:53:19.686108 np0000006824 devstack@g-api.service[99764]: DEBUG glance.common.config [None req-4ba08d15-5e20-4174-a06a-8c1afcfb8742 None None] oslo_middleware.http_basic_auth_user_file = /etc/htpasswd {{(pid=99764) log_opt_values /opt/stack/data/venv/lib/python3.12/site-packages/oslo_config/cfg.py:3545}}
Aug 09 08:53:19.686212 np0000006824 devstack@g-api.service[99764]: DEBUG glance.common.config [None req-4ba08d15-5e20-4174-a06a-8c1afcfb8742 None None] paste_deploy.config_file = None {{(pid=99764) log_opt_values /opt/stack/data/venv/lib/python3.12/site-packages/oslo_config/cfg.py:3545}}
Aug 09 08:53:19.686313 np0000006824 devstack@g-api.service[99764]: DEBUG glance.common.config [None req-4ba08d15-5e20-4174-a06a-8c1afcfb8742 None None] paste_deploy.flavor = keystone+cachemanagement {{(pid=99764) log_opt_values /opt/stack/data/venv/lib/python3.12/site-packages/oslo_config/cfg.py:3545}}
Aug 09 08:53:19.686509 np0000006824 devstack@g-api.service[99764]: DEBUG glance.common.config [None req-4ba08d15-5e20-4174-a06a-8c1afcfb8742 None None] image_format.container_formats = ['ami', 'ari', 'aki', 'bare', 'ovf', 'ova', 'docker', 'compressed'] {{(pid=99764) log_opt_values /opt/stack/data/venv/lib/python3.12/site-packages/oslo_config/cfg.py:3545}}
Aug 09 08:53:19.686687 np0000006824 devstack@g-api.service[99764]: DEBUG glance.common.config [None req-4ba08d15-5e20-4174-a06a-8c1afcfb8742 None None] image_format.disk_formats = ['ami', 'ari', 'aki', 'vhd', 'vhdx', 'vmdk', 'raw', 'qcow2', 'vdi', 'iso', 'ploop'] {{(pid=99764) log_opt_values /opt/stack/data/venv/lib/python3.12/site-packages/oslo_config/cfg.py:3545}}
Aug 09 08:53:19.686783 np0000006824 devstack@g-api.service[99764]: DEBUG glance.common.config [None req-4ba08d15-5e20-4174-a06a-8c1afcfb8742 None None] image_format.gpt_safety_checks_nonfatal = [] {{(pid=99764) log_opt_values /opt/stack/data/venv/lib/python3.12/site-packages/oslo_config/cfg.py:3545}}
Aug 09 08:53:19.686882 np0000006824 devstack@g-api.service[99764]: DEBUG glance.common.config [None req-4ba08d15-5e20-4174-a06a-8c1afcfb8742 None None] image_format.require_image_format_match = True {{(pid=99764) log_opt_values /opt/stack/data/venv/lib/python3.12/site-packages/oslo_config/cfg.py:3545}}
Aug 09 08:53:19.686980 np0000006824 devstack@g-api.service[99764]: DEBUG glance.common.config [None req-4ba08d15-5e20-4174-a06a-8c1afcfb8742 None None] image_format.vmdk_allowed_types = ['streamOptimized', 'monolithicSparse'] {{(pid=99764) log_opt_values /opt/stack/data/venv/lib/python3.12/site-packages/oslo_config/cfg.py:3545}}
Aug 09 08:53:19.687082 np0000006824 devstack@g-api.service[99764]: DEBUG glance.common.config [None req-4ba08d15-5e20-4174-a06a-8c1afcfb8742 None None] task.task_executor = taskflow {{(pid=99764) log_opt_values /opt/stack/data/venv/lib/python3.12/site-packages/oslo_config/cfg.py:3545}}
Aug 09 08:53:19.687173 np0000006824 devstack@g-api.service[99764]: DEBUG glance.common.config [None req-4ba08d15-5e20-4174-a06a-8c1afcfb8742 None None] task.task_time_to_live = 48 {{(pid=99764) log_opt_values /opt/stack/data/venv/lib/python3.12/site-packages/oslo_config/cfg.py:3545}}
Aug 09 08:53:19.687260 np0000006824 devstack@g-api.service[99764]: DEBUG glance.common.config [None req-4ba08d15-5e20-4174-a06a-8c1afcfb8742 None None] task.work_dir = None {{(pid=99764) log_opt_values /opt/stack/data/venv/lib/python3.12/site-packages/oslo_config/cfg.py:3545}}
Aug 09 08:53:19.687396 np0000006824 devstack@g-api.service[99764]: DEBUG glance.common.config [None req-4ba08d15-5e20-4174-a06a-8c1afcfb8742 None None] wsgi.python_interpreter = /opt/stack/data/venv/bin/python3 {{(pid=99764) log_opt_values /opt/stack/data/venv/lib/python3.12/site-packages/oslo_config/cfg.py:3545}}
Aug 09 08:53:19.687493 np0000006824 devstack@g-api.service[99764]: DEBUG glance.common.config [None req-4ba08d15-5e20-4174-a06a-8c1afcfb8742 None None] wsgi.task_pool_threads = 16 {{(pid=99764) log_opt_values /opt/stack/data/venv/lib/python3.12/site-packages/oslo_config/cfg.py:3545}}
Aug 09 08:53:19.687603 np0000006824 devstack@g-api.service[99764]: DEBUG glance.common.config [None req-4ba08d15-5e20-4174-a06a-8c1afcfb8742 None None] import_filtering_opts.allowed_hosts = [] {{(pid=99764) log_opt_values /opt/stack/data/venv/lib/python3.12/site-packages/oslo_config/cfg.py:3545}}
Aug 09 08:53:19.687707 np0000006824 devstack@g-api.service[99764]: DEBUG glance.common.config [None req-4ba08d15-5e20-4174-a06a-8c1afcfb8742 None None] import_filtering_opts.allowed_ports = [80, 443] {{(pid=99764) log_opt_values /opt/stack/data/venv/lib/python3.12/site-packages/oslo_config/cfg.py:3545}}
Aug 09 08:53:19.687811 np0000006824 devstack@g-api.service[99764]: DEBUG glance.common.config [None req-4ba08d15-5e20-4174-a06a-8c1afcfb8742 None None] import_filtering_opts.allowed_schemes = ['http', 'https'] {{(pid=99764) log_opt_values /opt/stack/data/venv/lib/python3.12/site-packages/oslo_config/cfg.py:3545}}
Aug 09 08:53:19.687900 np0000006824 devstack@g-api.service[99764]: DEBUG glance.common.config [None req-4ba08d15-5e20-4174-a06a-8c1afcfb8742 None None] import_filtering_opts.disallowed_hosts = [] {{(pid=99764) log_opt_values /opt/stack/data/venv/lib/python3.12/site-packages/oslo_config/cfg.py:3545}}
Aug 09 08:53:19.687988 np0000006824 devstack@g-api.service[99764]: DEBUG glance.common.config [None req-4ba08d15-5e20-4174-a06a-8c1afcfb8742 None None] import_filtering_opts.disallowed_ports = [] {{(pid=99764) log_opt_values /opt/stack/data/venv/lib/python3.12/site-packages/oslo_config/cfg.py:3545}}
Aug 09 08:53:19.688075 np0000006824 devstack@g-api.service[99764]: DEBUG glance.common.config [None req-4ba08d15-5e20-4174-a06a-8c1afcfb8742 None None] import_filtering_opts.disallowed_schemes = [] {{(pid=99764) log_opt_values /opt/stack/data/venv/lib/python3.12/site-packages/oslo_config/cfg.py:3545}}
Aug 09 08:53:19.688167 np0000006824 devstack@g-api.service[99764]: DEBUG glance.common.config [None req-4ba08d15-5e20-4174-a06a-8c1afcfb8742 None None] oslo_messaging_metrics.metrics_buffer_size = 1000 {{(pid=99764) log_opt_values /opt/stack/data/venv/lib/python3.12/site-packages/oslo_config/cfg.py:3545}}
Aug 09 08:53:19.688254 np0000006824 devstack@g-api.service[99764]: DEBUG glance.common.config [None req-4ba08d15-5e20-4174-a06a-8c1afcfb8742 None None] oslo_messaging_metrics.metrics_enabled = False {{(pid=99764) log_opt_values /opt/stack/data/venv/lib/python3.12/site-packages/oslo_config/cfg.py:3545}}
Aug 09 08:53:19.688378 np0000006824 devstack@g-api.service[99764]: DEBUG glance.common.config [None req-4ba08d15-5e20-4174-a06a-8c1afcfb8742 None None] oslo_messaging_metrics.metrics_process_name = {{(pid=99764) log_opt_values /opt/stack/data/venv/lib/python3.12/site-packages/oslo_config/cfg.py:3545}}
Aug 09 08:53:19.688528 np0000006824 devstack@g-api.service[99764]: DEBUG glance.common.config [None req-4ba08d15-5e20-4174-a06a-8c1afcfb8742 None None] oslo_messaging_metrics.metrics_socket_file = /var/tmp/metrics_collector.sock {{(pid=99764) log_opt_values /opt/stack/data/venv/lib/python3.12/site-packages/oslo_config/cfg.py:3545}}
