Aug 09 08:52:54.936611 np0000006824 systemd[1]: Starting devstack@n-api-meta.service - Devstack devstack@n-api-meta.service...
Aug 09 08:52:54.941990 np0000006824 devstack@n-api-meta.service[92822]: [uWSGI] getting INI configuration from /etc/nova/nova-metadata-uwsgi.ini
Aug 09 08:52:54.944515 np0000006824 devstack@n-api-meta.service[92822]: *** Starting uWSGI 2.0.24-debian (64bit) on [Sun Aug 9 08:52:54 2026] ***
Aug 09 08:52:54.944515 np0000006824 devstack@n-api-meta.service[92822]: compiled with version: 13.2.0 on 17 April 2024 16:23:48
Aug 09 08:52:54.944515 np0000006824 devstack@n-api-meta.service[92822]: os: Linux-6.8.0-137-generic #137-Ubuntu SMP PREEMPT_DYNAMIC Fri Jul 17 20:28:23 UTC 2026
Aug 09 08:52:54.944515 np0000006824 devstack@n-api-meta.service[92822]: nodename: np0000006824
Aug 09 08:52:54.944515 np0000006824 devstack@n-api-meta.service[92822]: machine: x86_64
Aug 09 08:52:54.944515 np0000006824 devstack@n-api-meta.service[92822]: clock source: unix
Aug 09 08:52:54.944515 np0000006824 devstack@n-api-meta.service[92822]: pcre jit disabled
Aug 09 08:52:54.944515 np0000006824 devstack@n-api-meta.service[92822]: detected number of CPU cores: 16
Aug 09 08:52:54.944515 np0000006824 devstack@n-api-meta.service[92822]: current working directory: /
Aug 09 08:52:54.944515 np0000006824 devstack@n-api-meta.service[92822]: detected binary path: /usr/bin/uwsgi-core
Aug 09 08:52:54.944793 np0000006824 devstack@n-api-meta.service[92822]: your processes number limit is 252954
Aug 09 08:52:54.944793 np0000006824 devstack@n-api-meta.service[92822]: your memory page size is 4096 bytes
Aug 09 08:52:54.944793 np0000006824 devstack@n-api-meta.service[92822]: detected max file descriptor number: 2048
Aug 09 08:52:54.944793 np0000006824 devstack@n-api-meta.service[92822]: lock engine: pthread robust mutexes
Aug 09 08:52:54.944793 np0000006824 devstack@n-api-meta.service[92822]: thunder lock: enabled
Aug 09 08:52:54.945029 np0000006824 devstack@n-api-meta.service[92822]: uWSGI http bound on 0.0.0.0:8775 fd 5
Aug 09 08:52:54.945073 np0000006824 devstack@n-api-meta.service[92822]: uwsgi socket 0 bound to TCP address 127.0.0.1:44345 (port auto-assigned) fd 4
Aug 09 08:52:54.945104 np0000006824 devstack@n-api-meta.service[92822]: Python version: 3.12.3 (main, Jun 19 2026, 12:46:00) [GCC 13.3.0]
Aug 09 08:52:54.945104 np0000006824 devstack@n-api-meta.service[92822]: PEP 405 virtualenv detected: /opt/stack/data/venv
Aug 09 08:52:54.945104 np0000006824 devstack@n-api-meta.service[92822]: Set PythonHome to /opt/stack/data/venv
Aug 09 08:52:54.976728 np0000006824 devstack@n-api-meta.service[92822]: Python main interpreter initialized at 0x7eab562a4668
Aug 09 08:52:54.976728 np0000006824 devstack@n-api-meta.service[92822]: python threads support enabled
Aug 09 08:52:54.976799 np0000006824 devstack@n-api-meta.service[92822]: your server socket listen backlog is limited to 100 connections
Aug 09 08:52:54.976799 np0000006824 devstack@n-api-meta.service[92822]: your mercy for graceful operations on workers is 80 seconds
Aug 09 08:52:54.977112 np0000006824 devstack@n-api-meta.service[92822]: mapped 537436 bytes (524 KB) for 3 cores
Aug 09 08:52:54.977218 np0000006824 devstack@n-api-meta.service[92822]: *** Operational MODE: preforking ***
Aug 09 08:52:54.977399 np0000006824 devstack@n-api-meta.service[92822]: *** uWSGI is running in multiple interpreter mode ***
Aug 09 08:52:54.977399 np0000006824 devstack@n-api-meta.service[92822]: spawned uWSGI master process (pid: 92822)
Aug 09 08:52:54.977611 np0000006824 systemd[1]: Started devstack@n-api-meta.service - Devstack devstack@n-api-meta.service.
Aug 09 08:52:54.978000 np0000006824 devstack@n-api-meta.service[92822]: spawned uWSGI worker 1 (pid: 92824, cores: 1)
Aug 09 08:52:54.978515 np0000006824 devstack@n-api-meta.service[92822]: spawned uWSGI worker 2 (pid: 92825, cores: 1)
Aug 09 08:52:54.978994 np0000006824 devstack@n-api-meta.service[92822]: spawned uWSGI worker 3 (pid: 92827, cores: 1)
Aug 09 08:52:54.979466 np0000006824 devstack@n-api-meta.service[92822]: spawned uWSGI http 1 (pid: 92828)
Aug 09 08:52:54.979466 np0000006824 devstack@n-api-meta.service[92822]: running "unix_signal:15 gracefully_kill_them_all" (master-start)...
Aug 09 08:52:56.601960 np0000006824 devstack@n-api-meta.service[92827]: INFO dbcounter [None req-57ffafba-8ba8-4c90-bec4-6b631ab41bd5 None None] Registered counter for database nova_api
Aug 09 08:52:56.627897 np0000006824 devstack@n-api-meta.service[92825]: INFO dbcounter [None req-c7c84976-42f9-490f-8ab2-b2030080b3ea None None] Registered counter for database nova_api
Aug 09 08:52:56.638480 np0000006824 devstack@n-api-meta.service[92827]: DEBUG oslo_db.sqlalchemy.engines [None req-57ffafba-8ba8-4c90-bec4-6b631ab41bd5 None None] MySQL server mode set to STRICT_TRANS_TABLES,STRICT_ALL_TABLES,NO_ZERO_IN_DATE,NO_ZERO_DATE,ERROR_FOR_DIVISION_BY_ZERO,TRADITIONAL,NO_ENGINE_SUBSTITUTION {{(pid=92827) _check_effective_sql_mode /opt/stack/data/venv/lib/python3.12/site-packages/oslo_db/sqlalchemy/engines.py:325}}
Aug 09 08:52:56.655297 np0000006824 devstack@n-api-meta.service[92824]: INFO dbcounter [None req-c13a35f7-4263-419e-8e26-c47afdc4a8b4 None None] Registered counter for database nova_api
Aug 09 08:52:56.666957 np0000006824 devstack@n-api-meta.service[92825]: DEBUG oslo_db.sqlalchemy.engines [None req-c7c84976-42f9-490f-8ab2-b2030080b3ea None None] MySQL server mode set to STRICT_TRANS_TABLES,STRICT_ALL_TABLES,NO_ZERO_IN_DATE,NO_ZERO_DATE,ERROR_FOR_DIVISION_BY_ZERO,TRADITIONAL,NO_ENGINE_SUBSTITUTION {{(pid=92825) _check_effective_sql_mode /opt/stack/data/venv/lib/python3.12/site-packages/oslo_db/sqlalchemy/engines.py:325}}
Aug 09 08:52:56.667059 np0000006824 devstack@n-api-meta.service[92827]: DEBUG dbcounter [-] [92827] Writer thread running {{(pid=92827) stat_writer /opt/stack/data/venv/lib/python3.12/site-packages/dbcounter.py:102}}
Aug 09 08:52:56.668975 np0000006824 devstack@n-api-meta.service[92827]: DEBUG nova.context [None req-57ffafba-8ba8-4c90-bec4-6b631ab41bd5 None None] Found 2 cells: 00000000-0000-0000-0000-000000000000(cell0),b9fb9230-e0f4-4af8-8997-675836a36658(cell1) {{(pid=92827) load_cells /opt/stack/nova/nova/context.py:509}}
Aug 09 08:52:56.668975 np0000006824 devstack@n-api-meta.service[92827]: INFO nova.utils [None req-57ffafba-8ba8-4c90-bec4-6b631ab41bd5 None None] The cell worker thread pool MainProcess.cell_worker is initialized
Aug 09 08:52:56.670586 np0000006824 devstack@n-api-meta.service[92827]: DEBUG oslo_concurrency.lockutils [None req-57ffafba-8ba8-4c90-bec4-6b631ab41bd5 None None] Acquiring lock "00000000-0000-0000-0000-000000000000" by "nova.context.set_target_cell..get_or_set_cached_cell_and_set_connections" {{(pid=92827) inner /opt/stack/data/venv/lib/python3.12/site-packages/oslo_concurrency/lockutils.py:512}}
Aug 09 08:52:56.670755 np0000006824 devstack@n-api-meta.service[92827]: DEBUG oslo_concurrency.lockutils [None req-57ffafba-8ba8-4c90-bec4-6b631ab41bd5 None None] Lock "00000000-0000-0000-0000-000000000000" acquired by "nova.context.set_target_cell..get_or_set_cached_cell_and_set_connections" :: waited 0.000s {{(pid=92827) inner /opt/stack/data/venv/lib/python3.12/site-packages/oslo_concurrency/lockutils.py:525}}
Aug 09 08:52:56.671114 np0000006824 devstack@n-api-meta.service[92827]: DEBUG oslo_concurrency.lockutils [None req-57ffafba-8ba8-4c90-bec4-6b631ab41bd5 None None] Lock "00000000-0000-0000-0000-000000000000" "released" by "nova.context.set_target_cell..get_or_set_cached_cell_and_set_connections" :: held 0.000s {{(pid=92827) inner /opt/stack/data/venv/lib/python3.12/site-packages/oslo_concurrency/lockutils.py:544}}
Aug 09 08:52:56.672470 np0000006824 devstack@n-api-meta.service[92827]: DEBUG oslo_concurrency.lockutils [None req-57ffafba-8ba8-4c90-bec4-6b631ab41bd5 None None] Acquiring lock "b9fb9230-e0f4-4af8-8997-675836a36658" by "nova.context.set_target_cell..get_or_set_cached_cell_and_set_connections" {{(pid=92827) inner /opt/stack/data/venv/lib/python3.12/site-packages/oslo_concurrency/lockutils.py:512}}
Aug 09 08:52:56.675768 np0000006824 devstack@n-api-meta.service[92827]: INFO dbcounter [None req-57ffafba-8ba8-4c90-bec4-6b631ab41bd5 None None] Registered counter for database nova_cell0
Aug 09 08:52:56.677140 np0000006824 devstack@n-api-meta.service[92827]: DEBUG oslo_concurrency.lockutils [None req-57ffafba-8ba8-4c90-bec4-6b631ab41bd5 None None] Lock "b9fb9230-e0f4-4af8-8997-675836a36658" acquired by "nova.context.set_target_cell..get_or_set_cached_cell_and_set_connections" :: waited 0.003s {{(pid=92827) inner /opt/stack/data/venv/lib/python3.12/site-packages/oslo_concurrency/lockutils.py:525}}
Aug 09 08:52:56.678309 np0000006824 devstack@n-api-meta.service[92827]: DEBUG oslo_concurrency.lockutils [None req-57ffafba-8ba8-4c90-bec4-6b631ab41bd5 None None] Lock "b9fb9230-e0f4-4af8-8997-675836a36658" "released" by "nova.context.set_target_cell..get_or_set_cached_cell_and_set_connections" :: held 0.003s {{(pid=92827) inner /opt/stack/data/venv/lib/python3.12/site-packages/oslo_concurrency/lockutils.py:544}}
Aug 09 08:52:56.680343 np0000006824 devstack@n-api-meta.service[92827]: INFO dbcounter [None req-57ffafba-8ba8-4c90-bec4-6b631ab41bd5 None None] Registered counter for database nova_cell1
Aug 09 08:52:56.694559 np0000006824 devstack@n-api-meta.service[92825]: DEBUG dbcounter [-] [92825] Writer thread running {{(pid=92825) stat_writer /opt/stack/data/venv/lib/python3.12/site-packages/dbcounter.py:102}}
Aug 09 08:52:56.696992 np0000006824 devstack@n-api-meta.service[92825]: DEBUG nova.context [None req-c7c84976-42f9-490f-8ab2-b2030080b3ea None None] Found 2 cells: 00000000-0000-0000-0000-000000000000(cell0),b9fb9230-e0f4-4af8-8997-675836a36658(cell1) {{(pid=92825) load_cells /opt/stack/nova/nova/context.py:509}}
Aug 09 08:52:56.697209 np0000006824 devstack@n-api-meta.service[92825]: INFO nova.utils [None req-c7c84976-42f9-490f-8ab2-b2030080b3ea None None] The cell worker thread pool MainProcess.cell_worker is initialized
Aug 09 08:52:56.697587 np0000006824 devstack@n-api-meta.service[92824]: DEBUG oslo_db.sqlalchemy.engines [None req-c13a35f7-4263-419e-8e26-c47afdc4a8b4 None None] MySQL server mode set to STRICT_TRANS_TABLES,STRICT_ALL_TABLES,NO_ZERO_IN_DATE,NO_ZERO_DATE,ERROR_FOR_DIVISION_BY_ZERO,TRADITIONAL,NO_ENGINE_SUBSTITUTION {{(pid=92824) _check_effective_sql_mode /opt/stack/data/venv/lib/python3.12/site-packages/oslo_db/sqlalchemy/engines.py:325}}
Aug 09 08:52:56.699048 np0000006824 devstack@n-api-meta.service[92825]: DEBUG oslo_concurrency.lockutils [None req-c7c84976-42f9-490f-8ab2-b2030080b3ea None None] Acquiring lock "00000000-0000-0000-0000-000000000000" by "nova.context.set_target_cell..get_or_set_cached_cell_and_set_connections" {{(pid=92825) inner /opt/stack/data/venv/lib/python3.12/site-packages/oslo_concurrency/lockutils.py:512}}
Aug 09 08:52:56.699048 np0000006824 devstack@n-api-meta.service[92825]: DEBUG oslo_concurrency.lockutils [None req-c7c84976-42f9-490f-8ab2-b2030080b3ea None None] Lock "00000000-0000-0000-0000-000000000000" acquired by "nova.context.set_target_cell..get_or_set_cached_cell_and_set_connections" :: waited 0.000s {{(pid=92825) inner /opt/stack/data/venv/lib/python3.12/site-packages/oslo_concurrency/lockutils.py:525}}
Aug 09 08:52:56.699432 np0000006824 devstack@n-api-meta.service[92825]: DEBUG oslo_concurrency.lockutils [None req-c7c84976-42f9-490f-8ab2-b2030080b3ea None None] Lock "00000000-0000-0000-0000-000000000000" "released" by "nova.context.set_target_cell..get_or_set_cached_cell_and_set_connections" :: held 0.000s {{(pid=92825) inner /opt/stack/data/venv/lib/python3.12/site-packages/oslo_concurrency/lockutils.py:544}}
Aug 09 08:52:56.700044 np0000006824 devstack@n-api-meta.service[92825]: DEBUG oslo_concurrency.lockutils [None req-c7c84976-42f9-490f-8ab2-b2030080b3ea None None] Acquiring lock "b9fb9230-e0f4-4af8-8997-675836a36658" by "nova.context.set_target_cell..get_or_set_cached_cell_and_set_connections" {{(pid=92825) inner /opt/stack/data/venv/lib/python3.12/site-packages/oslo_concurrency/lockutils.py:512}}
Aug 09 08:52:56.700187 np0000006824 devstack@n-api-meta.service[92825]: DEBUG oslo_concurrency.lockutils [None req-c7c84976-42f9-490f-8ab2-b2030080b3ea None None] Lock "b9fb9230-e0f4-4af8-8997-675836a36658" acquired by "nova.context.set_target_cell..get_or_set_cached_cell_and_set_connections" :: waited 0.000s {{(pid=92825) inner /opt/stack/data/venv/lib/python3.12/site-packages/oslo_concurrency/lockutils.py:525}}
Aug 09 08:52:56.701000 np0000006824 devstack@n-api-meta.service[92825]: DEBUG oslo_concurrency.lockutils [None req-c7c84976-42f9-490f-8ab2-b2030080b3ea None None] Lock "b9fb9230-e0f4-4af8-8997-675836a36658" "released" by "nova.context.set_target_cell..get_or_set_cached_cell_and_set_connections" :: held 0.001s {{(pid=92825) inner /opt/stack/data/venv/lib/python3.12/site-packages/oslo_concurrency/lockutils.py:544}}
Aug 09 08:52:56.702796 np0000006824 devstack@n-api-meta.service[92825]: INFO dbcounter [None req-c7c84976-42f9-490f-8ab2-b2030080b3ea None None] Registered counter for database nova_cell0
Aug 09 08:52:56.706088 np0000006824 devstack@n-api-meta.service[92825]: INFO dbcounter [None req-c7c84976-42f9-490f-8ab2-b2030080b3ea None None] Registered counter for database nova_cell1
Aug 09 08:52:56.724505 np0000006824 devstack@n-api-meta.service[92827]: DEBUG oslo_db.sqlalchemy.engines [None req-57ffafba-8ba8-4c90-bec4-6b631ab41bd5 None None] MySQL server mode set to STRICT_TRANS_TABLES,STRICT_ALL_TABLES,NO_ZERO_IN_DATE,NO_ZERO_DATE,ERROR_FOR_DIVISION_BY_ZERO,TRADITIONAL,NO_ENGINE_SUBSTITUTION {{(pid=92827) _check_effective_sql_mode /opt/stack/data/venv/lib/python3.12/site-packages/oslo_db/sqlalchemy/engines.py:325}}
Aug 09 08:52:56.733211 np0000006824 devstack@n-api-meta.service[92824]: DEBUG dbcounter [-] [92824] Writer thread running {{(pid=92824) stat_writer /opt/stack/data/venv/lib/python3.12/site-packages/dbcounter.py:102}}
Aug 09 08:52:56.736124 np0000006824 devstack@n-api-meta.service[92824]: DEBUG nova.context [None req-c13a35f7-4263-419e-8e26-c47afdc4a8b4 None None] Found 2 cells: 00000000-0000-0000-0000-000000000000(cell0),b9fb9230-e0f4-4af8-8997-675836a36658(cell1) {{(pid=92824) load_cells /opt/stack/nova/nova/context.py:509}}
Aug 09 08:52:56.736654 np0000006824 devstack@n-api-meta.service[92824]: INFO nova.utils [None req-c13a35f7-4263-419e-8e26-c47afdc4a8b4 None None] The cell worker thread pool MainProcess.cell_worker is initialized
Aug 09 08:52:56.738849 np0000006824 devstack@n-api-meta.service[92824]: DEBUG oslo_concurrency.lockutils [None req-c13a35f7-4263-419e-8e26-c47afdc4a8b4 None None] Acquiring lock "00000000-0000-0000-0000-000000000000" by "nova.context.set_target_cell..get_or_set_cached_cell_and_set_connections" {{(pid=92824) inner /opt/stack/data/venv/lib/python3.12/site-packages/oslo_concurrency/lockutils.py:512}}
Aug 09 08:52:56.739112 np0000006824 devstack@n-api-meta.service[92824]: DEBUG oslo_concurrency.lockutils [None req-c13a35f7-4263-419e-8e26-c47afdc4a8b4 None None] Lock "00000000-0000-0000-0000-000000000000" acquired by "nova.context.set_target_cell..get_or_set_cached_cell_and_set_connections" :: waited 0.000s {{(pid=92824) inner /opt/stack/data/venv/lib/python3.12/site-packages/oslo_concurrency/lockutils.py:525}}
Aug 09 08:52:56.739709 np0000006824 devstack@n-api-meta.service[92824]: DEBUG oslo_concurrency.lockutils [None req-c13a35f7-4263-419e-8e26-c47afdc4a8b4 None None] Lock "00000000-0000-0000-0000-000000000000" "released" by "nova.context.set_target_cell..get_or_set_cached_cell_and_set_connections" :: held 0.001s {{(pid=92824) inner /opt/stack/data/venv/lib/python3.12/site-packages/oslo_concurrency/lockutils.py:544}}
Aug 09 08:52:56.740567 np0000006824 devstack@n-api-meta.service[92824]: DEBUG oslo_concurrency.lockutils [None req-c13a35f7-4263-419e-8e26-c47afdc4a8b4 None None] Acquiring lock "b9fb9230-e0f4-4af8-8997-675836a36658" by "nova.context.set_target_cell..get_or_set_cached_cell_and_set_connections" {{(pid=92824) inner /opt/stack/data/venv/lib/python3.12/site-packages/oslo_concurrency/lockutils.py:512}}
Aug 09 08:52:56.742181 np0000006824 devstack@n-api-meta.service[92824]: DEBUG oslo_concurrency.lockutils [None req-c13a35f7-4263-419e-8e26-c47afdc4a8b4 None None] Lock "b9fb9230-e0f4-4af8-8997-675836a36658" acquired by "nova.context.set_target_cell..get_or_set_cached_cell_and_set_connections" :: waited 0.002s {{(pid=92824) inner /opt/stack/data/venv/lib/python3.12/site-packages/oslo_concurrency/lockutils.py:525}}
Aug 09 08:52:56.743477 np0000006824 devstack@n-api-meta.service[92824]: INFO dbcounter [None req-c13a35f7-4263-419e-8e26-c47afdc4a8b4 None None] Registered counter for database nova_cell0
Aug 09 08:52:56.745222 np0000006824 devstack@n-api-meta.service[92824]: DEBUG oslo_concurrency.lockutils [None req-c13a35f7-4263-419e-8e26-c47afdc4a8b4 None None] Lock "b9fb9230-e0f4-4af8-8997-675836a36658" "released" by "nova.context.set_target_cell..get_or_set_cached_cell_and_set_connections" :: held 0.001s {{(pid=92824) inner /opt/stack/data/venv/lib/python3.12/site-packages/oslo_concurrency/lockutils.py:544}}
Aug 09 08:52:56.747170 np0000006824 devstack@n-api-meta.service[92824]: INFO dbcounter [None req-c13a35f7-4263-419e-8e26-c47afdc4a8b4 None None] Registered counter for database nova_cell1
Aug 09 08:52:56.748961 np0000006824 devstack@n-api-meta.service[92825]: DEBUG oslo_db.sqlalchemy.engines [None req-c7c84976-42f9-490f-8ab2-b2030080b3ea None None] MySQL server mode set to STRICT_TRANS_TABLES,STRICT_ALL_TABLES,NO_ZERO_IN_DATE,NO_ZERO_DATE,ERROR_FOR_DIVISION_BY_ZERO,TRADITIONAL,NO_ENGINE_SUBSTITUTION {{(pid=92825) _check_effective_sql_mode /opt/stack/data/venv/lib/python3.12/site-packages/oslo_db/sqlalchemy/engines.py:325}}
Aug 09 08:52:56.753070 np0000006824 devstack@n-api-meta.service[92825]: DEBUG oslo_db.sqlalchemy.engines [None req-c7c84976-42f9-490f-8ab2-b2030080b3ea None None] MySQL server mode set to STRICT_TRANS_TABLES,STRICT_ALL_TABLES,NO_ZERO_IN_DATE,NO_ZERO_DATE,ERROR_FOR_DIVISION_BY_ZERO,TRADITIONAL,NO_ENGINE_SUBSTITUTION {{(pid=92825) _check_effective_sql_mode /opt/stack/data/venv/lib/python3.12/site-packages/oslo_db/sqlalchemy/engines.py:325}}
Aug 09 08:52:56.794132 np0000006824 devstack@n-api-meta.service[92824]: DEBUG oslo_db.sqlalchemy.engines [None req-c13a35f7-4263-419e-8e26-c47afdc4a8b4 None None] MySQL server mode set to STRICT_TRANS_TABLES,STRICT_ALL_TABLES,NO_ZERO_IN_DATE,NO_ZERO_DATE,ERROR_FOR_DIVISION_BY_ZERO,TRADITIONAL,NO_ENGINE_SUBSTITUTION {{(pid=92824) _check_effective_sql_mode /opt/stack/data/venv/lib/python3.12/site-packages/oslo_db/sqlalchemy/engines.py:325}}
Aug 09 08:52:56.800375 np0000006824 devstack@n-api-meta.service[92827]: DEBUG oslo_db.sqlalchemy.engines [None req-57ffafba-8ba8-4c90-bec4-6b631ab41bd5 None None] MySQL server mode set to STRICT_TRANS_TABLES,STRICT_ALL_TABLES,NO_ZERO_IN_DATE,NO_ZERO_DATE,ERROR_FOR_DIVISION_BY_ZERO,TRADITIONAL,NO_ENGINE_SUBSTITUTION {{(pid=92827) _check_effective_sql_mode /opt/stack/data/venv/lib/python3.12/site-packages/oslo_db/sqlalchemy/engines.py:325}}
Aug 09 08:52:56.812010 np0000006824 devstack@n-api-meta.service[92824]: DEBUG oslo_db.sqlalchemy.engines [None req-c13a35f7-4263-419e-8e26-c47afdc4a8b4 None None] MySQL server mode set to STRICT_TRANS_TABLES,STRICT_ALL_TABLES,NO_ZERO_IN_DATE,NO_ZERO_DATE,ERROR_FOR_DIVISION_BY_ZERO,TRADITIONAL,NO_ENGINE_SUBSTITUTION {{(pid=92824) _check_effective_sql_mode /opt/stack/data/venv/lib/python3.12/site-packages/oslo_db/sqlalchemy/engines.py:325}}
Aug 09 08:52:56.815890 np0000006824 devstack@n-api-meta.service[92827]: DEBUG dbcounter [-] [92827] Writer thread running {{(pid=92827) stat_writer /opt/stack/data/venv/lib/python3.12/site-packages/dbcounter.py:102}}
Aug 09 08:52:56.823811 np0000006824 devstack@n-api-meta.service[92827]: DEBUG dbcounter [-] [92827] Writer thread running {{(pid=92827) stat_writer /opt/stack/data/venv/lib/python3.12/site-packages/dbcounter.py:102}}
Aug 09 08:52:56.827227 np0000006824 devstack@n-api-meta.service[92827]: INFO dbcounter [None req-57ffafba-8ba8-4c90-bec4-6b631ab41bd5 None None] Registered counter for database nova_cell0
Aug 09 08:52:56.835057 np0000006824 devstack@n-api-meta.service[92825]: DEBUG dbcounter [-] [92825] Writer thread running {{(pid=92825) stat_writer /opt/stack/data/venv/lib/python3.12/site-packages/dbcounter.py:102}}
Aug 09 08:52:56.844086 np0000006824 devstack@n-api-meta.service[92825]: DEBUG dbcounter [-] [92825] Writer thread running {{(pid=92825) stat_writer /opt/stack/data/venv/lib/python3.12/site-packages/dbcounter.py:102}}
Aug 09 08:52:56.847190 np0000006824 devstack@n-api-meta.service[92825]: INFO dbcounter [None req-c7c84976-42f9-490f-8ab2-b2030080b3ea None None] Registered counter for database nova_cell0
Aug 09 08:52:56.862704 np0000006824 devstack@n-api-meta.service[92827]: DEBUG oslo_db.sqlalchemy.engines [None req-57ffafba-8ba8-4c90-bec4-6b631ab41bd5 None None] MySQL server mode set to STRICT_TRANS_TABLES,STRICT_ALL_TABLES,NO_ZERO_IN_DATE,NO_ZERO_DATE,ERROR_FOR_DIVISION_BY_ZERO,TRADITIONAL,NO_ENGINE_SUBSTITUTION {{(pid=92827) _check_effective_sql_mode /opt/stack/data/venv/lib/python3.12/site-packages/oslo_db/sqlalchemy/engines.py:325}}
Aug 09 08:52:56.868745 np0000006824 devstack@n-api-meta.service[92827]: DEBUG dbcounter [-] [92827] Writer thread running {{(pid=92827) stat_writer /opt/stack/data/venv/lib/python3.12/site-packages/dbcounter.py:102}}
Aug 09 08:52:56.881549 np0000006824 devstack@n-api-meta.service[92824]: DEBUG dbcounter [-] [92824] Writer thread running {{(pid=92824) stat_writer /opt/stack/data/venv/lib/python3.12/site-packages/dbcounter.py:102}}
Aug 09 08:52:56.883166 np0000006824 devstack@n-api-meta.service[92825]: DEBUG oslo_db.sqlalchemy.engines [None req-c7c84976-42f9-490f-8ab2-b2030080b3ea None None] MySQL server mode set to STRICT_TRANS_TABLES,STRICT_ALL_TABLES,NO_ZERO_IN_DATE,NO_ZERO_DATE,ERROR_FOR_DIVISION_BY_ZERO,TRADITIONAL,NO_ENGINE_SUBSTITUTION {{(pid=92825) _check_effective_sql_mode /opt/stack/data/venv/lib/python3.12/site-packages/oslo_db/sqlalchemy/engines.py:325}}
Aug 09 08:52:56.886710 np0000006824 devstack@n-api-meta.service[92824]: DEBUG dbcounter [-] [92824] Writer thread running {{(pid=92824) stat_writer /opt/stack/data/venv/lib/python3.12/site-packages/dbcounter.py:102}}
Aug 09 08:52:56.889802 np0000006824 devstack@n-api-meta.service[92825]: DEBUG dbcounter [-] [92825] Writer thread running {{(pid=92825) stat_writer /opt/stack/data/venv/lib/python3.12/site-packages/dbcounter.py:102}}
Aug 09 08:52:56.890155 np0000006824 devstack@n-api-meta.service[92824]: INFO dbcounter [None req-c13a35f7-4263-419e-8e26-c47afdc4a8b4 None None] Registered counter for database nova_cell0
Aug 09 08:52:56.911473 np0000006824 devstack@n-api-meta.service[92827]: WARNING nova.api.metadata.handler [None req-57ffafba-8ba8-4c90-bec4-6b631ab41bd5 None None] metadata_proxy_shared_secret is not configured, the metadata information returned by the proxy cannot be trusted
Aug 09 08:52:56.913841 np0000006824 devstack@n-api-meta.service[92827]: DEBUG nova.api.openstack.wsgi_app [None req-57ffafba-8ba8-4c90-bec4-6b631ab41bd5 None None] ******************************************************************************** {{(pid=92827) log_opt_values /opt/stack/data/venv/lib/python3.12/site-packages/oslo_config/cfg.py:3518}}
Aug 09 08:52:56.913957 np0000006824 devstack@n-api-meta.service[92827]: DEBUG nova.api.openstack.wsgi_app [None req-57ffafba-8ba8-4c90-bec4-6b631ab41bd5 None None] Configuration options gathered from: {{(pid=92827) log_opt_values /opt/stack/data/venv/lib/python3.12/site-packages/oslo_config/cfg.py:3519}}
Aug 09 08:52:56.914081 np0000006824 devstack@n-api-meta.service[92827]: DEBUG nova.api.openstack.wsgi_app [None req-57ffafba-8ba8-4c90-bec4-6b631ab41bd5 None None] command line args: [] {{(pid=92827) log_opt_values /opt/stack/data/venv/lib/python3.12/site-packages/oslo_config/cfg.py:3520}}
Aug 09 08:52:56.914703 np0000006824 devstack@n-api-meta.service[92827]: DEBUG nova.api.openstack.wsgi_app [None req-57ffafba-8ba8-4c90-bec4-6b631ab41bd5 None None] config files: ['/etc/nova/api-paste.ini', '/etc/nova/nova.conf'] {{(pid=92827) log_opt_values /opt/stack/data/venv/lib/python3.12/site-packages/oslo_config/cfg.py:3521}}
Aug 09 08:52:56.914703 np0000006824 devstack@n-api-meta.service[92827]: DEBUG nova.api.openstack.wsgi_app [None req-57ffafba-8ba8-4c90-bec4-6b631ab41bd5 None None] ================================================================================ {{(pid=92827) log_opt_values /opt/stack/data/venv/lib/python3.12/site-packages/oslo_config/cfg.py:3526}}
Aug 09 08:52:56.914703 np0000006824 devstack@n-api-meta.service[92827]: DEBUG nova.api.openstack.wsgi_app [None req-57ffafba-8ba8-4c90-bec4-6b631ab41bd5 None None] allow_resize_to_same_host = True {{(pid=92827) log_opt_values /opt/stack/data/venv/lib/python3.12/site-packages/oslo_config/cfg.py:3534}}
Aug 09 08:52:56.914703 np0000006824 devstack@n-api-meta.service[92827]: DEBUG nova.api.openstack.wsgi_app [None req-57ffafba-8ba8-4c90-bec4-6b631ab41bd5 None None] arq_binding_timeout = 300 {{(pid=92827) log_opt_values /opt/stack/data/venv/lib/python3.12/site-packages/oslo_config/cfg.py:3534}}
Aug 09 08:52:56.914835 np0000006824 devstack@n-api-meta.service[92827]: DEBUG nova.api.openstack.wsgi_app [None req-57ffafba-8ba8-4c90-bec4-6b631ab41bd5 None None] block_device_allocate_retries = 60 {{(pid=92827) log_opt_values /opt/stack/data/venv/lib/python3.12/site-packages/oslo_config/cfg.py:3534}}
Aug 09 08:52:56.914913 np0000006824 devstack@n-api-meta.service[92827]: DEBUG nova.api.openstack.wsgi_app [None req-57ffafba-8ba8-4c90-bec4-6b631ab41bd5 None None] block_device_allocate_retries_interval = 3 {{(pid=92827) log_opt_values /opt/stack/data/venv/lib/python3.12/site-packages/oslo_config/cfg.py:3534}}
Aug 09 08:52:56.915011 np0000006824 devstack@n-api-meta.service[92827]: DEBUG nova.api.openstack.wsgi_app [None req-57ffafba-8ba8-4c90-bec4-6b631ab41bd5 None None] cell_worker_thread_pool_size = 5 {{(pid=92827) log_opt_values /opt/stack/data/venv/lib/python3.12/site-packages/oslo_config/cfg.py:3534}}
Aug 09 08:52:56.915212 np0000006824 devstack@n-api-meta.service[92827]: DEBUG nova.api.openstack.wsgi_app [None req-57ffafba-8ba8-4c90-bec4-6b631ab41bd5 None None] cert = self.pem {{(pid=92827) log_opt_values /opt/stack/data/venv/lib/python3.12/site-packages/oslo_config/cfg.py:3534}}
Aug 09 08:52:56.915376 np0000006824 devstack@n-api-meta.service[92827]: DEBUG nova.api.openstack.wsgi_app [None req-57ffafba-8ba8-4c90-bec4-6b631ab41bd5 None None] compute_driver = libvirt.LibvirtDriver {{(pid=92827) log_opt_values /opt/stack/data/venv/lib/python3.12/site-packages/oslo_config/cfg.py:3534}}
Aug 09 08:52:56.915520 np0000006824 devstack@n-api-meta.service[92827]: DEBUG nova.api.openstack.wsgi_app [None req-57ffafba-8ba8-4c90-bec4-6b631ab41bd5 None None] compute_monitors = [] {{(pid=92827) log_opt_values /opt/stack/data/venv/lib/python3.12/site-packages/oslo_config/cfg.py:3534}}
Aug 09 08:52:56.915684 np0000006824 devstack@n-api-meta.service[92827]: DEBUG nova.api.openstack.wsgi_app [None req-57ffafba-8ba8-4c90-bec4-6b631ab41bd5 None None] concurrency_backend = auto {{(pid=92827) log_opt_values /opt/stack/data/venv/lib/python3.12/site-packages/oslo_config/cfg.py:3534}}
Aug 09 08:52:56.915844 np0000006824 devstack@n-api-meta.service[92827]: DEBUG nova.api.openstack.wsgi_app [None req-57ffafba-8ba8-4c90-bec4-6b631ab41bd5 None None] config_dir = [] {{(pid=92827) log_opt_values /opt/stack/data/venv/lib/python3.12/site-packages/oslo_config/cfg.py:3534}}
Aug 09 08:52:56.915989 np0000006824 devstack@n-api-meta.service[92827]: DEBUG nova.api.openstack.wsgi_app [None req-57ffafba-8ba8-4c90-bec4-6b631ab41bd5 None None] config_drive_format = iso9660 {{(pid=92827) log_opt_values /opt/stack/data/venv/lib/python3.12/site-packages/oslo_config/cfg.py:3534}}
Aug 09 08:52:56.916138 np0000006824 devstack@n-api-meta.service[92827]: DEBUG nova.api.openstack.wsgi_app [None req-57ffafba-8ba8-4c90-bec4-6b631ab41bd5 None None] config_file = ['/etc/nova/api-paste.ini', '/etc/nova/nova.conf'] {{(pid=92827) log_opt_values /opt/stack/data/venv/lib/python3.12/site-packages/oslo_config/cfg.py:3534}}
Aug 09 08:52:56.916219 np0000006824 devstack@n-api-meta.service[92827]: DEBUG nova.api.openstack.wsgi_app [None req-57ffafba-8ba8-4c90-bec4-6b631ab41bd5 None None] config_source = [] {{(pid=92827) log_opt_values /opt/stack/data/venv/lib/python3.12/site-packages/oslo_config/cfg.py:3534}}
Aug 09 08:52:56.916370 np0000006824 devstack@n-api-meta.service[92827]: DEBUG nova.api.openstack.wsgi_app [None req-57ffafba-8ba8-4c90-bec4-6b631ab41bd5 None None] console_host = np0000006824 {{(pid=92827) log_opt_values /opt/stack/data/venv/lib/python3.12/site-packages/oslo_config/cfg.py:3534}}
Aug 09 08:52:56.916493 np0000006824 devstack@n-api-meta.service[92827]: DEBUG nova.api.openstack.wsgi_app [None req-57ffafba-8ba8-4c90-bec4-6b631ab41bd5 None None] control_exchange = nova {{(pid=92827) log_opt_values /opt/stack/data/venv/lib/python3.12/site-packages/oslo_config/cfg.py:3534}}
Aug 09 08:52:56.916644 np0000006824 devstack@n-api-meta.service[92827]: DEBUG nova.api.openstack.wsgi_app [None req-57ffafba-8ba8-4c90-bec4-6b631ab41bd5 None None] cpu_allocation_ratio = None {{(pid=92827) log_opt_values /opt/stack/data/venv/lib/python3.12/site-packages/oslo_config/cfg.py:3534}}
Aug 09 08:52:56.916772 np0000006824 devstack@n-api-meta.service[92827]: DEBUG nova.api.openstack.wsgi_app [None req-57ffafba-8ba8-4c90-bec4-6b631ab41bd5 None None] daemon = False {{(pid=92827) log_opt_values /opt/stack/data/venv/lib/python3.12/site-packages/oslo_config/cfg.py:3534}}
Aug 09 08:52:56.916909 np0000006824 devstack@n-api-meta.service[92827]: DEBUG nova.api.openstack.wsgi_app [None req-57ffafba-8ba8-4c90-bec4-6b631ab41bd5 None None] debug = True {{(pid=92827) log_opt_values /opt/stack/data/venv/lib/python3.12/site-packages/oslo_config/cfg.py:3534}}
Aug 09 08:52:56.917028 np0000006824 devstack@n-api-meta.service[92827]: DEBUG nova.api.openstack.wsgi_app [None req-57ffafba-8ba8-4c90-bec4-6b631ab41bd5 None None] default_access_ip_network_name = None {{(pid=92827) log_opt_values /opt/stack/data/venv/lib/python3.12/site-packages/oslo_config/cfg.py:3534}}
Aug 09 08:52:56.917145 np0000006824 devstack@n-api-meta.service[92827]: DEBUG nova.api.openstack.wsgi_app [None req-57ffafba-8ba8-4c90-bec4-6b631ab41bd5 None None] default_availability_zone = nova {{(pid=92827) log_opt_values /opt/stack/data/venv/lib/python3.12/site-packages/oslo_config/cfg.py:3534}}
Aug 09 08:52:56.917278 np0000006824 devstack@n-api-meta.service[92827]: DEBUG nova.api.openstack.wsgi_app [None req-57ffafba-8ba8-4c90-bec4-6b631ab41bd5 None None] default_ephemeral_format = ext4 {{(pid=92827) log_opt_values /opt/stack/data/venv/lib/python3.12/site-packages/oslo_config/cfg.py:3534}}
Aug 09 08:52:56.917425 np0000006824 devstack@n-api-meta.service[92827]: DEBUG nova.api.openstack.wsgi_app [None req-57ffafba-8ba8-4c90-bec4-6b631ab41bd5 None None] default_green_pool_size = 1000 {{(pid=92827) log_opt_values /opt/stack/data/venv/lib/python3.12/site-packages/oslo_config/cfg.py:3534}}
Aug 09 08:52:56.917614 np0000006824 devstack@n-api-meta.service[92827]: DEBUG nova.api.openstack.wsgi_app [None req-57ffafba-8ba8-4c90-bec4-6b631ab41bd5 None None] default_log_levels = ['amqp=WARN', 'boto=WARN', 'sqlalchemy=WARN', 'suds=INFO', 'oslo.messaging=INFO', 'oslo_messaging=INFO', 'iso8601=WARN', 'requests.packages.urllib3.connectionpool=WARN', 'urllib3.connectionpool=WARN', 'websocket=WARN', 'requests.packages.urllib3.util.retry=WARN', 'urllib3.util.retry=WARN', 'keystonemiddleware=WARN', 'routes.middleware=WARN', 'stevedore=WARN', 'taskflow=WARN', 'keystoneauth=WARN', 'oslo.cache=INFO', 'oslo_policy=INFO', 'dogpile.core.dogpile=INFO', 'glanceclient=WARN', 'oslo.privsep.daemon=INFO'] {{(pid=92827) log_opt_values /opt/stack/data/venv/lib/python3.12/site-packages/oslo_config/cfg.py:3534}}
Aug 09 08:52:56.917765 np0000006824 devstack@n-api-meta.service[92827]: DEBUG nova.api.openstack.wsgi_app [None req-57ffafba-8ba8-4c90-bec4-6b631ab41bd5 None None] default_schedule_zone = None {{(pid=92827) log_opt_values /opt/stack/data/venv/lib/python3.12/site-packages/oslo_config/cfg.py:3534}}
Aug 09 08:52:56.917895 np0000006824 devstack@n-api-meta.service[92827]: DEBUG nova.api.openstack.wsgi_app [None req-57ffafba-8ba8-4c90-bec4-6b631ab41bd5 None None] default_thread_pool_size = 10 {{(pid=92827) log_opt_values /opt/stack/data/venv/lib/python3.12/site-packages/oslo_config/cfg.py:3534}}
Aug 09 08:52:56.918006 np0000006824 devstack@n-api-meta.service[92827]: DEBUG nova.api.openstack.wsgi_app [None req-57ffafba-8ba8-4c90-bec4-6b631ab41bd5 None None] disk_allocation_ratio = None {{(pid=92827) log_opt_values /opt/stack/data/venv/lib/python3.12/site-packages/oslo_config/cfg.py:3534}}
Aug 09 08:52:56.918115 np0000006824 devstack@n-api-meta.service[92827]: DEBUG nova.api.openstack.wsgi_app [None req-57ffafba-8ba8-4c90-bec4-6b631ab41bd5 None None] enable_new_services = True {{(pid=92827) log_opt_values /opt/stack/data/venv/lib/python3.12/site-packages/oslo_config/cfg.py:3534}}
Aug 09 08:52:56.918244 np0000006824 devstack@n-api-meta.service[92827]: DEBUG nova.api.openstack.wsgi_app [None req-57ffafba-8ba8-4c90-bec4-6b631ab41bd5 None None] flat_injected = False {{(pid=92827) log_opt_values /opt/stack/data/venv/lib/python3.12/site-packages/oslo_config/cfg.py:3534}}
Aug 09 08:52:56.918398 np0000006824 devstack@n-api-meta.service[92827]: DEBUG nova.api.openstack.wsgi_app [None req-57ffafba-8ba8-4c90-bec4-6b631ab41bd5 None None] force_config_drive = True {{(pid=92827) log_opt_values /opt/stack/data/venv/lib/python3.12/site-packages/oslo_config/cfg.py:3534}}
Aug 09 08:52:56.918519 np0000006824 devstack@n-api-meta.service[92827]: DEBUG nova.api.openstack.wsgi_app [None req-57ffafba-8ba8-4c90-bec4-6b631ab41bd5 None None] force_raw_images = True {{(pid=92827) log_opt_values /opt/stack/data/venv/lib/python3.12/site-packages/oslo_config/cfg.py:3534}}
Aug 09 08:52:56.918685 np0000006824 devstack@n-api-meta.service[92827]: DEBUG nova.api.openstack.wsgi_app [None req-57ffafba-8ba8-4c90-bec4-6b631ab41bd5 None None] graceful_shutdown_timeout = 5 {{(pid=92827) log_opt_values /opt/stack/data/venv/lib/python3.12/site-packages/oslo_config/cfg.py:3534}}
Aug 09 08:52:56.918829 np0000006824 devstack@n-api-meta.service[92827]: DEBUG nova.api.openstack.wsgi_app [None req-57ffafba-8ba8-4c90-bec4-6b631ab41bd5 None None] heal_instance_info_cache_interval = -1 {{(pid=92827) log_opt_values /opt/stack/data/venv/lib/python3.12/site-packages/oslo_config/cfg.py:3534}}
Aug 09 08:52:56.919055 np0000006824 devstack@n-api-meta.service[92827]: DEBUG nova.api.openstack.wsgi_app [None req-57ffafba-8ba8-4c90-bec4-6b631ab41bd5 None None] host = np0000006824 {{(pid=92827) log_opt_values /opt/stack/data/venv/lib/python3.12/site-packages/oslo_config/cfg.py:3534}}
Aug 09 08:52:56.919146 np0000006824 devstack@n-api-meta.service[92827]: DEBUG nova.api.openstack.wsgi_app [None req-57ffafba-8ba8-4c90-bec4-6b631ab41bd5 None None] initial_cpu_allocation_ratio = 4.0 {{(pid=92827) log_opt_values /opt/stack/data/venv/lib/python3.12/site-packages/oslo_config/cfg.py:3534}}
Aug 09 08:52:56.919267 np0000006824 devstack@n-api-meta.service[92827]: DEBUG nova.api.openstack.wsgi_app [None req-57ffafba-8ba8-4c90-bec4-6b631ab41bd5 None None] initial_disk_allocation_ratio = 1.0 {{(pid=92827) log_opt_values /opt/stack/data/venv/lib/python3.12/site-packages/oslo_config/cfg.py:3534}}
Aug 09 08:52:56.919444 np0000006824 devstack@n-api-meta.service[92827]: DEBUG nova.api.openstack.wsgi_app [None req-57ffafba-8ba8-4c90-bec4-6b631ab41bd5 None None] initial_ram_allocation_ratio = 1.0 {{(pid=92827) log_opt_values /opt/stack/data/venv/lib/python3.12/site-packages/oslo_config/cfg.py:3534}}
Aug 09 08:52:56.919635 np0000006824 devstack@n-api-meta.service[92827]: DEBUG nova.api.openstack.wsgi_app [None req-57ffafba-8ba8-4c90-bec4-6b631ab41bd5 None None] injected_network_template = /opt/stack/nova/nova/virt/interfaces.template {{(pid=92827) log_opt_values /opt/stack/data/venv/lib/python3.12/site-packages/oslo_config/cfg.py:3534}}
Aug 09 08:52:56.919757 np0000006824 devstack@n-api-meta.service[92827]: DEBUG nova.api.openstack.wsgi_app [None req-57ffafba-8ba8-4c90-bec4-6b631ab41bd5 None None] instance_build_timeout = 0 {{(pid=92827) log_opt_values /opt/stack/data/venv/lib/python3.12/site-packages/oslo_config/cfg.py:3534}}
Aug 09 08:52:56.919875 np0000006824 devstack@n-api-meta.service[92827]: DEBUG nova.api.openstack.wsgi_app [None req-57ffafba-8ba8-4c90-bec4-6b631ab41bd5 None None] instance_delete_interval = 300 {{(pid=92827) log_opt_values /opt/stack/data/venv/lib/python3.12/site-packages/oslo_config/cfg.py:3534}}
Aug 09 08:52:56.920006 np0000006824 devstack@n-api-meta.service[92827]: DEBUG nova.api.openstack.wsgi_app [None req-57ffafba-8ba8-4c90-bec4-6b631ab41bd5 None None] instance_format = [instance: %(uuid)s] {{(pid=92827) log_opt_values /opt/stack/data/venv/lib/python3.12/site-packages/oslo_config/cfg.py:3534}}
Aug 09 08:52:56.920124 np0000006824 devstack@n-api-meta.service[92827]: DEBUG nova.api.openstack.wsgi_app [None req-57ffafba-8ba8-4c90-bec4-6b631ab41bd5 None None] instance_name_template = instance-%08x {{(pid=92827) log_opt_values /opt/stack/data/venv/lib/python3.12/site-packages/oslo_config/cfg.py:3534}}
Aug 09 08:52:56.920252 np0000006824 devstack@n-api-meta.service[92827]: DEBUG nova.api.openstack.wsgi_app [None req-57ffafba-8ba8-4c90-bec4-6b631ab41bd5 None None] instance_usage_audit = False {{(pid=92827) log_opt_values /opt/stack/data/venv/lib/python3.12/site-packages/oslo_config/cfg.py:3534}}
Aug 09 08:52:56.920447 np0000006824 devstack@n-api-meta.service[92827]: DEBUG nova.api.openstack.wsgi_app [None req-57ffafba-8ba8-4c90-bec4-6b631ab41bd5 None None] instance_usage_audit_period = month {{(pid=92827) log_opt_values /opt/stack/data/venv/lib/python3.12/site-packages/oslo_config/cfg.py:3534}}
Aug 09 08:52:56.920572 np0000006824 devstack@n-api-meta.service[92827]: DEBUG nova.api.openstack.wsgi_app [None req-57ffafba-8ba8-4c90-bec4-6b631ab41bd5 None None] instance_uuid_format = [instance: %(uuid)s] {{(pid=92827) log_opt_values /opt/stack/data/venv/lib/python3.12/site-packages/oslo_config/cfg.py:3534}}
Aug 09 08:52:56.920771 np0000006824 devstack@n-api-meta.service[92827]: DEBUG nova.api.openstack.wsgi_app [None req-57ffafba-8ba8-4c90-bec4-6b631ab41bd5 None None] instances_path = /opt/stack/data/nova/instances {{(pid=92827) log_opt_values /opt/stack/data/venv/lib/python3.12/site-packages/oslo_config/cfg.py:3534}}
Aug 09 08:52:56.920854 np0000006824 devstack@n-api-meta.service[92827]: DEBUG nova.api.openstack.wsgi_app [None req-57ffafba-8ba8-4c90-bec4-6b631ab41bd5 None None] internal_service_availability_zone = internal {{(pid=92827) log_opt_values /opt/stack/data/venv/lib/python3.12/site-packages/oslo_config/cfg.py:3534}}
Aug 09 08:52:56.920996 np0000006824 devstack@n-api-meta.service[92827]: DEBUG nova.api.openstack.wsgi_app [None req-57ffafba-8ba8-4c90-bec4-6b631ab41bd5 None None] key = None {{(pid=92827) log_opt_values /opt/stack/data/venv/lib/python3.12/site-packages/oslo_config/cfg.py:3534}}
Aug 09 08:52:56.921110 np0000006824 devstack@n-api-meta.service[92827]: DEBUG nova.api.openstack.wsgi_app [None req-57ffafba-8ba8-4c90-bec4-6b631ab41bd5 None None] live_migration_retry_count = 30 {{(pid=92827) log_opt_values /opt/stack/data/venv/lib/python3.12/site-packages/oslo_config/cfg.py:3534}}
Aug 09 08:52:56.921236 np0000006824 devstack@n-api-meta.service[92827]: DEBUG nova.api.openstack.wsgi_app [None req-57ffafba-8ba8-4c90-bec4-6b631ab41bd5 None None] log_color = False {{(pid=92827) log_opt_values /opt/stack/data/venv/lib/python3.12/site-packages/oslo_config/cfg.py:3534}}
Aug 09 08:52:56.921387 np0000006824 devstack@n-api-meta.service[92827]: DEBUG nova.api.openstack.wsgi_app [None req-57ffafba-8ba8-4c90-bec4-6b631ab41bd5 None None] log_config_append = None {{(pid=92827) log_opt_values /opt/stack/data/venv/lib/python3.12/site-packages/oslo_config/cfg.py:3534}}
Aug 09 08:52:56.921519 np0000006824 devstack@n-api-meta.service[92827]: DEBUG nova.api.openstack.wsgi_app [None req-57ffafba-8ba8-4c90-bec4-6b631ab41bd5 None None] log_date_format = %Y-%m-%d %H:%M:%S {{(pid=92827) log_opt_values /opt/stack/data/venv/lib/python3.12/site-packages/oslo_config/cfg.py:3534}}
Aug 09 08:52:56.921668 np0000006824 devstack@n-api-meta.service[92827]: DEBUG nova.api.openstack.wsgi_app [None req-57ffafba-8ba8-4c90-bec4-6b631ab41bd5 None None] log_dir = None {{(pid=92827) log_opt_values /opt/stack/data/venv/lib/python3.12/site-packages/oslo_config/cfg.py:3534}}
Aug 09 08:52:56.921785 np0000006824 devstack@n-api-meta.service[92827]: DEBUG nova.api.openstack.wsgi_app [None req-57ffafba-8ba8-4c90-bec4-6b631ab41bd5 None None] log_file = None {{(pid=92827) log_opt_values /opt/stack/data/venv/lib/python3.12/site-packages/oslo_config/cfg.py:3534}}
Aug 09 08:52:56.921878 np0000006824 devstack@n-api-meta.service[92827]: DEBUG nova.api.openstack.wsgi_app [None req-57ffafba-8ba8-4c90-bec4-6b631ab41bd5 None None] log_options = True {{(pid=92827) log_opt_values /opt/stack/data/venv/lib/python3.12/site-packages/oslo_config/cfg.py:3534}}
Aug 09 08:52:56.922008 np0000006824 devstack@n-api-meta.service[92827]: DEBUG nova.api.openstack.wsgi_app [None req-57ffafba-8ba8-4c90-bec4-6b631ab41bd5 None None] log_rotate_interval = 1 {{(pid=92827) log_opt_values /opt/stack/data/venv/lib/python3.12/site-packages/oslo_config/cfg.py:3534}}
Aug 09 08:52:56.922131 np0000006824 devstack@n-api-meta.service[92827]: DEBUG nova.api.openstack.wsgi_app [None req-57ffafba-8ba8-4c90-bec4-6b631ab41bd5 None None] log_rotate_interval_type = days {{(pid=92827) log_opt_values /opt/stack/data/venv/lib/python3.12/site-packages/oslo_config/cfg.py:3534}}
Aug 09 08:52:56.922174 np0000006824 devstack@n-api-meta.service[92825]: WARNING nova.api.metadata.handler [None req-c7c84976-42f9-490f-8ab2-b2030080b3ea None None] metadata_proxy_shared_secret is not configured, the metadata information returned by the proxy cannot be trusted
Aug 09 08:52:56.922399 np0000006824 devstack@n-api-meta.service[92827]: DEBUG nova.api.openstack.wsgi_app [None req-57ffafba-8ba8-4c90-bec4-6b631ab41bd5 None None] log_rotation_type = none {{(pid=92827) log_opt_values /opt/stack/data/venv/lib/python3.12/site-packages/oslo_config/cfg.py:3534}}
Aug 09 08:52:56.922473 np0000006824 devstack@n-api-meta.service[92827]: DEBUG nova.api.openstack.wsgi_app [None req-57ffafba-8ba8-4c90-bec4-6b631ab41bd5 None None] logging_context_format_string = %(color)s%(levelname)s %(name)s [%(global_request_id)s %(request_id)s %(project_name)s %(user_name)s%(color)s] %(instance)s%(color)s%(message)s {{(pid=92827) log_opt_values /opt/stack/data/venv/lib/python3.12/site-packages/oslo_config/cfg.py:3534}}
Aug 09 08:52:56.922568 np0000006824 devstack@n-api-meta.service[92827]: DEBUG nova.api.openstack.wsgi_app [None req-57ffafba-8ba8-4c90-bec4-6b631ab41bd5 None None] logging_debug_format_suffix = {{(pid=%(process)d) %(funcName)s %(pathname)s:%(lineno)d}} {{(pid=92827) log_opt_values /opt/stack/data/venv/lib/python3.12/site-packages/oslo_config/cfg.py:3534}}
Aug 09 08:52:56.922737 np0000006824 devstack@n-api-meta.service[92827]: DEBUG nova.api.openstack.wsgi_app [None req-57ffafba-8ba8-4c90-bec4-6b631ab41bd5 None None] logging_default_format_string = %(color)s%(levelname)s %(name)s [-%(color)s] %(instance)s%(color)s%(message)s {{(pid=92827) log_opt_values /opt/stack/data/venv/lib/python3.12/site-packages/oslo_config/cfg.py:3534}}
Aug 09 08:52:56.922858 np0000006824 devstack@n-api-meta.service[92827]: DEBUG nova.api.openstack.wsgi_app [None req-57ffafba-8ba8-4c90-bec4-6b631ab41bd5 None None] logging_exception_prefix = ERROR %(name)s %(instance)s {{(pid=92827) log_opt_values /opt/stack/data/venv/lib/python3.12/site-packages/oslo_config/cfg.py:3534}}
Aug 09 08:52:56.922972 np0000006824 devstack@n-api-meta.service[92827]: DEBUG nova.api.openstack.wsgi_app [None req-57ffafba-8ba8-4c90-bec4-6b631ab41bd5 None None] logging_user_identity_format = %(user)s %(project)s %(domain)s %(system_scope)s %(user_domain)s %(project_domain)s {{(pid=92827) log_opt_values /opt/stack/data/venv/lib/python3.12/site-packages/oslo_config/cfg.py:3534}}
Aug 09 08:52:56.923090 np0000006824 devstack@n-api-meta.service[92827]: DEBUG nova.api.openstack.wsgi_app [None req-57ffafba-8ba8-4c90-bec4-6b631ab41bd5 None None] long_rpc_timeout = 1800 {{(pid=92827) log_opt_values /opt/stack/data/venv/lib/python3.12/site-packages/oslo_config/cfg.py:3534}}
Aug 09 08:52:56.923202 np0000006824 devstack@n-api-meta.service[92827]: DEBUG nova.api.openstack.wsgi_app [None req-57ffafba-8ba8-4c90-bec4-6b631ab41bd5 None None] manager_shutdown_timeout = 160 {{(pid=92827) log_opt_values /opt/stack/data/venv/lib/python3.12/site-packages/oslo_config/cfg.py:3534}}
Aug 09 08:52:56.923329 np0000006824 devstack@n-api-meta.service[92827]: DEBUG nova.api.openstack.wsgi_app [None req-57ffafba-8ba8-4c90-bec4-6b631ab41bd5 None None] max_concurrent_builds = 10 {{(pid=92827) log_opt_values /opt/stack/data/venv/lib/python3.12/site-packages/oslo_config/cfg.py:3534}}
Aug 09 08:52:56.923481 np0000006824 devstack@n-api-meta.service[92827]: DEBUG nova.api.openstack.wsgi_app [None req-57ffafba-8ba8-4c90-bec4-6b631ab41bd5 None None] max_concurrent_live_migrations = 1 {{(pid=92827) log_opt_values /opt/stack/data/venv/lib/python3.12/site-packages/oslo_config/cfg.py:3534}}
Aug 09 08:52:56.923600 np0000006824 devstack@n-api-meta.service[92827]: DEBUG nova.api.openstack.wsgi_app [None req-57ffafba-8ba8-4c90-bec4-6b631ab41bd5 None None] max_concurrent_snapshots = 5 {{(pid=92827) log_opt_values /opt/stack/data/venv/lib/python3.12/site-packages/oslo_config/cfg.py:3534}}
Aug 09 08:52:56.923735 np0000006824 devstack@n-api-meta.service[92827]: DEBUG nova.api.openstack.wsgi_app [None req-57ffafba-8ba8-4c90-bec4-6b631ab41bd5 None None] max_local_block_devices = 3 {{(pid=92827) log_opt_values /opt/stack/data/venv/lib/python3.12/site-packages/oslo_config/cfg.py:3534}}
Aug 09 08:52:56.923844 np0000006824 devstack@n-api-meta.service[92827]: DEBUG nova.api.openstack.wsgi_app [None req-57ffafba-8ba8-4c90-bec4-6b631ab41bd5 None None] max_logfile_count = 30 {{(pid=92827) log_opt_values /opt/stack/data/venv/lib/python3.12/site-packages/oslo_config/cfg.py:3534}}
Aug 09 08:52:56.923994 np0000006824 devstack@n-api-meta.service[92827]: DEBUG nova.api.openstack.wsgi_app [None req-57ffafba-8ba8-4c90-bec4-6b631ab41bd5 None None] max_logfile_size_mb = 200 {{(pid=92827) log_opt_values /opt/stack/data/venv/lib/python3.12/site-packages/oslo_config/cfg.py:3534}}
Aug 09 08:52:56.924085 np0000006824 devstack@n-api-meta.service[92827]: DEBUG nova.api.openstack.wsgi_app [None req-57ffafba-8ba8-4c90-bec4-6b631ab41bd5 None None] maximum_instance_delete_attempts = 5 {{(pid=92827) log_opt_values /opt/stack/data/venv/lib/python3.12/site-packages/oslo_config/cfg.py:3534}}
Aug 09 08:52:56.924209 np0000006824 devstack@n-api-meta.service[92827]: DEBUG nova.api.openstack.wsgi_app [None req-57ffafba-8ba8-4c90-bec4-6b631ab41bd5 None None] migrate_max_retries = -1 {{(pid=92827) log_opt_values /opt/stack/data/venv/lib/python3.12/site-packages/oslo_config/cfg.py:3534}}
Aug 09 08:52:56.924349 np0000006824 devstack@n-api-meta.service[92827]: DEBUG nova.api.openstack.wsgi_app [None req-57ffafba-8ba8-4c90-bec4-6b631ab41bd5 None None] mkisofs_cmd = genisoimage {{(pid=92827) log_opt_values /opt/stack/data/venv/lib/python3.12/site-packages/oslo_config/cfg.py:3534}}
Aug 09 08:52:56.924544 np0000006824 devstack@n-api-meta.service[92827]: DEBUG nova.api.openstack.wsgi_app [None req-57ffafba-8ba8-4c90-bec4-6b631ab41bd5 None None] my_block_storage_ip = 10.4.3.245 {{(pid=92827) log_opt_values /opt/stack/data/venv/lib/python3.12/site-packages/oslo_config/cfg.py:3534}}
Aug 09 08:52:56.924694 np0000006824 devstack@n-api-meta.service[92827]: DEBUG nova.api.openstack.wsgi_app [None req-57ffafba-8ba8-4c90-bec4-6b631ab41bd5 None None] my_ip = 10.4.3.245 {{(pid=92827) log_opt_values /opt/stack/data/venv/lib/python3.12/site-packages/oslo_config/cfg.py:3534}}
Aug 09 08:52:56.924909 np0000006824 devstack@n-api-meta.service[92827]: DEBUG nova.api.openstack.wsgi_app [None req-57ffafba-8ba8-4c90-bec4-6b631ab41bd5 None None] my_shared_fs_storage_ip = 10.4.3.245 {{(pid=92827) log_opt_values /opt/stack/data/venv/lib/python3.12/site-packages/oslo_config/cfg.py:3534}}
Aug 09 08:52:56.925089 np0000006824 devstack@n-api-meta.service[92827]: DEBUG nova.api.openstack.wsgi_app [None req-57ffafba-8ba8-4c90-bec4-6b631ab41bd5 None None] network_allocate_retries = 0 {{(pid=92827) log_opt_values /opt/stack/data/venv/lib/python3.12/site-packages/oslo_config/cfg.py:3534}}
Aug 09 08:52:56.925284 np0000006824 devstack@n-api-meta.service[92825]: DEBUG nova.api.openstack.wsgi_app [None req-c7c84976-42f9-490f-8ab2-b2030080b3ea None None] ******************************************************************************** {{(pid=92825) log_opt_values /opt/stack/data/venv/lib/python3.12/site-packages/oslo_config/cfg.py:3518}}
Aug 09 08:52:56.925341 np0000006824 devstack@n-api-meta.service[92827]: DEBUG nova.api.openstack.wsgi_app [None req-57ffafba-8ba8-4c90-bec4-6b631ab41bd5 None None] non_inheritable_image_properties = ['cache_in_nova', 'bittorrent'] {{(pid=92827) log_opt_values /opt/stack/data/venv/lib/python3.12/site-packages/oslo_config/cfg.py:3534}}
Aug 09 08:52:56.925456 np0000006824 devstack@n-api-meta.service[92825]: DEBUG nova.api.openstack.wsgi_app [None req-c7c84976-42f9-490f-8ab2-b2030080b3ea None None] Configuration options gathered from: {{(pid=92825) log_opt_values /opt/stack/data/venv/lib/python3.12/site-packages/oslo_config/cfg.py:3519}}
