Aug 09 08:52:56.361440 np0000006824 nova-scheduler[93404]: DEBUG cotyledon.oslo_config_glue [-] oslo_messaging_rabbit.rabbit_quorum_delivery_limit = 0 {{(pid=93404) log_opt_values /opt/stack/data/venv/lib/python3.12/site-packages/oslo_config/cfg.py:3545}}
Aug 09 08:52:56.361440 np0000006824 nova-scheduler[93404]: DEBUG cotyledon.oslo_config_glue [-] oslo_messaging_rabbit.rabbit_quorum_max_memory_bytes = 0 {{(pid=93404) log_opt_values /opt/stack/data/venv/lib/python3.12/site-packages/oslo_config/cfg.py:3545}}
Aug 09 08:52:56.361440 np0000006824 nova-scheduler[93404]: DEBUG cotyledon.oslo_config_glue [-] oslo_messaging_rabbit.rabbit_quorum_max_memory_length = 0 {{(pid=93404) log_opt_values /opt/stack/data/venv/lib/python3.12/site-packages/oslo_config/cfg.py:3545}}
Aug 09 08:52:56.361440 np0000006824 nova-scheduler[93404]: DEBUG cotyledon.oslo_config_glue [-] oslo_messaging_rabbit.rabbit_quorum_queue = False {{(pid=93404) log_opt_values /opt/stack/data/venv/lib/python3.12/site-packages/oslo_config/cfg.py:3545}}
Aug 09 08:52:56.361440 np0000006824 nova-scheduler[93404]: DEBUG cotyledon.oslo_config_glue [-] oslo_messaging_rabbit.rabbit_retry_backoff = 2 {{(pid=93404) log_opt_values /opt/stack/data/venv/lib/python3.12/site-packages/oslo_config/cfg.py:3545}}
Aug 09 08:52:56.361440 np0000006824 nova-scheduler[93404]: DEBUG cotyledon.oslo_config_glue [-] oslo_messaging_rabbit.rabbit_retry_interval = 1 {{(pid=93404) log_opt_values /opt/stack/data/venv/lib/python3.12/site-packages/oslo_config/cfg.py:3545}}
Aug 09 08:52:56.361440 np0000006824 nova-scheduler[93404]: DEBUG cotyledon.oslo_config_glue [-] oslo_messaging_rabbit.rabbit_stream_fanout = False {{(pid=93404) log_opt_values /opt/stack/data/venv/lib/python3.12/site-packages/oslo_config/cfg.py:3545}}
Aug 09 08:52:56.361706 np0000006824 nova-scheduler[93404]: DEBUG cotyledon.oslo_config_glue [-] oslo_messaging_rabbit.rabbit_transient_queues_ttl = 1800 {{(pid=93404) log_opt_values /opt/stack/data/venv/lib/python3.12/site-packages/oslo_config/cfg.py:3545}}
Aug 09 08:52:56.361706 np0000006824 nova-scheduler[93404]: DEBUG cotyledon.oslo_config_glue [-] oslo_messaging_rabbit.rabbit_transient_quorum_queue = False {{(pid=93404) log_opt_values /opt/stack/data/venv/lib/python3.12/site-packages/oslo_config/cfg.py:3545}}
Aug 09 08:52:56.361706 np0000006824 nova-scheduler[93404]: DEBUG cotyledon.oslo_config_glue [-] oslo_messaging_rabbit.rpc_conn_pool_size = 30 {{(pid=93404) log_opt_values /opt/stack/data/venv/lib/python3.12/site-packages/oslo_config/cfg.py:3545}}
Aug 09 08:52:56.361706 np0000006824 nova-scheduler[93404]: DEBUG cotyledon.oslo_config_glue [-] oslo_messaging_rabbit.ssl = False {{(pid=93404) log_opt_values /opt/stack/data/venv/lib/python3.12/site-packages/oslo_config/cfg.py:3545}}
Aug 09 08:52:56.361706 np0000006824 nova-scheduler[93404]: DEBUG cotyledon.oslo_config_glue [-] oslo_messaging_rabbit.ssl_ca_file = {{(pid=93404) log_opt_values /opt/stack/data/venv/lib/python3.12/site-packages/oslo_config/cfg.py:3545}}
Aug 09 08:52:56.361706 np0000006824 nova-scheduler[93404]: DEBUG cotyledon.oslo_config_glue [-] oslo_messaging_rabbit.ssl_cert_file = {{(pid=93404) log_opt_values /opt/stack/data/venv/lib/python3.12/site-packages/oslo_config/cfg.py:3545}}
Aug 09 08:52:56.361706 np0000006824 nova-scheduler[93404]: DEBUG cotyledon.oslo_config_glue [-] oslo_messaging_rabbit.ssl_enforce_fips_mode = False {{(pid=93404) log_opt_values /opt/stack/data/venv/lib/python3.12/site-packages/oslo_config/cfg.py:3545}}
Aug 09 08:52:56.361706 np0000006824 nova-scheduler[93404]: DEBUG cotyledon.oslo_config_glue [-] oslo_messaging_rabbit.ssl_enforce_hostname_verification = True {{(pid=93404) log_opt_values /opt/stack/data/venv/lib/python3.12/site-packages/oslo_config/cfg.py:3545}}
Aug 09 08:52:56.361706 np0000006824 nova-scheduler[93404]: DEBUG cotyledon.oslo_config_glue [-] oslo_messaging_rabbit.ssl_key_file = {{(pid=93404) log_opt_values /opt/stack/data/venv/lib/python3.12/site-packages/oslo_config/cfg.py:3545}}
Aug 09 08:52:56.361902 np0000006824 nova-scheduler[93404]: DEBUG cotyledon.oslo_config_glue [-] oslo_messaging_rabbit.ssl_version = {{(pid=93404) log_opt_values /opt/stack/data/venv/lib/python3.12/site-packages/oslo_config/cfg.py:3545}}
Aug 09 08:52:56.361902 np0000006824 nova-scheduler[93404]: DEBUG cotyledon.oslo_config_glue [-] oslo_messaging_rabbit.use_queue_manager = False {{(pid=93404) log_opt_values /opt/stack/data/venv/lib/python3.12/site-packages/oslo_config/cfg.py:3545}}
Aug 09 08:52:56.361902 np0000006824 nova-scheduler[93404]: DEBUG cotyledon.oslo_config_glue [-] oslo_messaging_notifications.driver = ['messagingv2'] {{(pid=93404) log_opt_values /opt/stack/data/venv/lib/python3.12/site-packages/oslo_config/cfg.py:3545}}
Aug 09 08:52:56.361902 np0000006824 nova-scheduler[93404]: DEBUG cotyledon.oslo_config_glue [-] oslo_messaging_notifications.retry = -1 {{(pid=93404) log_opt_values /opt/stack/data/venv/lib/python3.12/site-packages/oslo_config/cfg.py:3545}}
Aug 09 08:52:56.361902 np0000006824 nova-scheduler[93404]: DEBUG cotyledon.oslo_config_glue [-] oslo_messaging_notifications.topics = ['notifications'] {{(pid=93404) log_opt_values /opt/stack/data/venv/lib/python3.12/site-packages/oslo_config/cfg.py:3545}}
Aug 09 08:52:56.361902 np0000006824 nova-scheduler[93404]: DEBUG cotyledon.oslo_config_glue [-] oslo_messaging_notifications.transport_url = **** {{(pid=93404) log_opt_values /opt/stack/data/venv/lib/python3.12/site-packages/oslo_config/cfg.py:3545}}
Aug 09 08:52:56.361902 np0000006824 nova-scheduler[93404]: DEBUG cotyledon.oslo_config_glue [-] oslo_limit.auth_section = None {{(pid=93404) log_opt_values /opt/stack/data/venv/lib/python3.12/site-packages/oslo_config/cfg.py:3545}}
Aug 09 08:52:56.361902 np0000006824 nova-scheduler[93404]: DEBUG cotyledon.oslo_config_glue [-] oslo_limit.auth_type = None {{(pid=93404) log_opt_values /opt/stack/data/venv/lib/python3.12/site-packages/oslo_config/cfg.py:3545}}
Aug 09 08:52:56.361902 np0000006824 nova-scheduler[93404]: DEBUG cotyledon.oslo_config_glue [-] oslo_limit.cafile = None {{(pid=93404) log_opt_values /opt/stack/data/venv/lib/python3.12/site-packages/oslo_config/cfg.py:3545}}
Aug 09 08:52:56.362060 np0000006824 nova-scheduler[93404]: DEBUG cotyledon.oslo_config_glue [-] oslo_limit.certfile = None {{(pid=93404) log_opt_values /opt/stack/data/venv/lib/python3.12/site-packages/oslo_config/cfg.py:3545}}
Aug 09 08:52:56.362060 np0000006824 nova-scheduler[93404]: DEBUG cotyledon.oslo_config_glue [-] oslo_limit.collect_timing = False {{(pid=93404) log_opt_values /opt/stack/data/venv/lib/python3.12/site-packages/oslo_config/cfg.py:3545}}
Aug 09 08:52:56.362060 np0000006824 nova-scheduler[93404]: DEBUG cotyledon.oslo_config_glue [-] oslo_limit.connect_retries = None {{(pid=93404) log_opt_values /opt/stack/data/venv/lib/python3.12/site-packages/oslo_config/cfg.py:3545}}
Aug 09 08:52:56.362060 np0000006824 nova-scheduler[93404]: DEBUG cotyledon.oslo_config_glue [-] oslo_limit.connect_retry_delay = None {{(pid=93404) log_opt_values /opt/stack/data/venv/lib/python3.12/site-packages/oslo_config/cfg.py:3545}}
Aug 09 08:52:56.362060 np0000006824 nova-scheduler[93404]: DEBUG cotyledon.oslo_config_glue [-] oslo_limit.endpoint_id = None {{(pid=93404) log_opt_values /opt/stack/data/venv/lib/python3.12/site-packages/oslo_config/cfg.py:3545}}
Aug 09 08:52:56.362060 np0000006824 nova-scheduler[93404]: DEBUG cotyledon.oslo_config_glue [-] oslo_limit.endpoint_interface = public {{(pid=93404) log_opt_values /opt/stack/data/venv/lib/python3.12/site-packages/oslo_config/cfg.py:3545}}
Aug 09 08:52:56.362060 np0000006824 nova-scheduler[93404]: DEBUG cotyledon.oslo_config_glue [-] oslo_limit.endpoint_override = None {{(pid=93404) log_opt_values /opt/stack/data/venv/lib/python3.12/site-packages/oslo_config/cfg.py:3545}}
Aug 09 08:52:56.362060 np0000006824 nova-scheduler[93404]: DEBUG cotyledon.oslo_config_glue [-] oslo_limit.endpoint_region_name = None {{(pid=93404) log_opt_values /opt/stack/data/venv/lib/python3.12/site-packages/oslo_config/cfg.py:3545}}
Aug 09 08:52:56.362060 np0000006824 nova-scheduler[93404]: DEBUG cotyledon.oslo_config_glue [-] oslo_limit.endpoint_service_name = None {{(pid=93404) log_opt_values /opt/stack/data/venv/lib/python3.12/site-packages/oslo_config/cfg.py:3545}}
Aug 09 08:52:56.362211 np0000006824 nova-scheduler[93404]: DEBUG cotyledon.oslo_config_glue [-] oslo_limit.endpoint_service_type = None {{(pid=93404) log_opt_values /opt/stack/data/venv/lib/python3.12/site-packages/oslo_config/cfg.py:3545}}
Aug 09 08:52:56.362211 np0000006824 nova-scheduler[93404]: DEBUG cotyledon.oslo_config_glue [-] oslo_limit.insecure = False {{(pid=93404) log_opt_values /opt/stack/data/venv/lib/python3.12/site-packages/oslo_config/cfg.py:3545}}
Aug 09 08:52:56.362211 np0000006824 nova-scheduler[93404]: DEBUG cotyledon.oslo_config_glue [-] oslo_limit.keyfile = None {{(pid=93404) log_opt_values /opt/stack/data/venv/lib/python3.12/site-packages/oslo_config/cfg.py:3545}}
Aug 09 08:52:56.362211 np0000006824 nova-scheduler[93404]: DEBUG cotyledon.oslo_config_glue [-] oslo_limit.max_version = None {{(pid=93404) log_opt_values /opt/stack/data/venv/lib/python3.12/site-packages/oslo_config/cfg.py:3545}}
Aug 09 08:52:56.362211 np0000006824 nova-scheduler[93404]: DEBUG cotyledon.oslo_config_glue [-] oslo_limit.min_version = None {{(pid=93404) log_opt_values /opt/stack/data/venv/lib/python3.12/site-packages/oslo_config/cfg.py:3545}}
Aug 09 08:52:56.362211 np0000006824 nova-scheduler[93404]: DEBUG cotyledon.oslo_config_glue [-] oslo_limit.region_name = None {{(pid=93404) log_opt_values /opt/stack/data/venv/lib/python3.12/site-packages/oslo_config/cfg.py:3545}}
Aug 09 08:52:56.362211 np0000006824 nova-scheduler[93404]: DEBUG cotyledon.oslo_config_glue [-] oslo_limit.retriable_status_codes = None {{(pid=93404) log_opt_values /opt/stack/data/venv/lib/python3.12/site-packages/oslo_config/cfg.py:3545}}
Aug 09 08:52:56.362211 np0000006824 nova-scheduler[93404]: DEBUG cotyledon.oslo_config_glue [-] oslo_limit.service_name = None {{(pid=93404) log_opt_values /opt/stack/data/venv/lib/python3.12/site-packages/oslo_config/cfg.py:3545}}
Aug 09 08:52:56.362211 np0000006824 nova-scheduler[93404]: DEBUG cotyledon.oslo_config_glue [-] oslo_limit.service_type = None {{(pid=93404) log_opt_values /opt/stack/data/venv/lib/python3.12/site-packages/oslo_config/cfg.py:3545}}
Aug 09 08:52:56.362385 np0000006824 nova-scheduler[93404]: DEBUG cotyledon.oslo_config_glue [-] oslo_limit.split_loggers = False {{(pid=93404) log_opt_values /opt/stack/data/venv/lib/python3.12/site-packages/oslo_config/cfg.py:3545}}
Aug 09 08:52:56.362385 np0000006824 nova-scheduler[93404]: DEBUG cotyledon.oslo_config_glue [-] oslo_limit.status_code_retries = None {{(pid=93404) log_opt_values /opt/stack/data/venv/lib/python3.12/site-packages/oslo_config/cfg.py:3545}}
Aug 09 08:52:56.362385 np0000006824 nova-scheduler[93404]: DEBUG cotyledon.oslo_config_glue [-] oslo_limit.status_code_retry_delay = None {{(pid=93404) log_opt_values /opt/stack/data/venv/lib/python3.12/site-packages/oslo_config/cfg.py:3545}}
Aug 09 08:52:56.362385 np0000006824 nova-scheduler[93404]: DEBUG cotyledon.oslo_config_glue [-] oslo_limit.timeout = None {{(pid=93404) log_opt_values /opt/stack/data/venv/lib/python3.12/site-packages/oslo_config/cfg.py:3545}}
Aug 09 08:52:56.362385 np0000006824 nova-scheduler[93404]: DEBUG cotyledon.oslo_config_glue [-] oslo_limit.valid_interfaces = None {{(pid=93404) log_opt_values /opt/stack/data/venv/lib/python3.12/site-packages/oslo_config/cfg.py:3545}}
Aug 09 08:52:56.362385 np0000006824 nova-scheduler[93404]: DEBUG cotyledon.oslo_config_glue [-] oslo_limit.version = None {{(pid=93404) log_opt_values /opt/stack/data/venv/lib/python3.12/site-packages/oslo_config/cfg.py:3545}}
Aug 09 08:52:56.362385 np0000006824 nova-scheduler[93404]: DEBUG cotyledon.oslo_config_glue [-] oslo_reports.file_event_handler = None {{(pid=93404) log_opt_values /opt/stack/data/venv/lib/python3.12/site-packages/oslo_config/cfg.py:3545}}
Aug 09 08:52:56.362385 np0000006824 nova-scheduler[93404]: DEBUG cotyledon.oslo_config_glue [-] oslo_reports.file_event_handler_interval = 1 {{(pid=93404) log_opt_values /opt/stack/data/venv/lib/python3.12/site-packages/oslo_config/cfg.py:3545}}
Aug 09 08:52:56.362385 np0000006824 nova-scheduler[93404]: DEBUG cotyledon.oslo_config_glue [-] oslo_reports.log_dir = None {{(pid=93404) log_opt_values /opt/stack/data/venv/lib/python3.12/site-packages/oslo_config/cfg.py:3545}}
Aug 09 08:52:56.362573 np0000006824 nova-scheduler[93404]: DEBUG cotyledon.oslo_config_glue [-] ******************************************************************************** {{(pid=93404) log_opt_values /opt/stack/data/venv/lib/python3.12/site-packages/oslo_config/cfg.py:3552}}
Aug 09 08:52:56.362573 np0000006824 nova-scheduler[93404]: DEBUG cotyledon._service_worker [-] Run service ServiceWrapper(2) [93404] {{(pid=93404) wait_forever /opt/stack/data/venv/lib/python3.12/site-packages/cotyledon/_service_worker.py:218}}
Aug 09 08:52:56.362573 np0000006824 nova-scheduler[93404]: INFO nova.service [-] Starting scheduler node (version 33.1.0)
Aug 09 08:52:56.362573 np0000006824 nova-scheduler[93404]: INFO dbcounter [None req-593bda98-decc-45f0-8f28-930dd8b9f28f None None] Registered counter for database nova_cell0
Aug 09 08:52:56.362679 np0000006824 nova-scheduler[93398]: DEBUG oslo_db.sqlalchemy.engines [None req-cbbef871-05e4-4bb9-b82d-4dbd1a35ac41 None None] MySQL server mode set to STRICT_TRANS_TABLES,STRICT_ALL_TABLES,NO_ZERO_IN_DATE,NO_ZERO_DATE,ERROR_FOR_DIVISION_BY_ZERO,TRADITIONAL,NO_ENGINE_SUBSTITUTION {{(pid=93398) _check_effective_sql_mode /opt/stack/data/venv/lib/python3.12/site-packages/oslo_db/sqlalchemy/engines.py:325}}
Aug 09 08:52:56.368559 np0000006824 nova-scheduler[93398]: DEBUG dbcounter [-] [93398] Writer thread running {{(pid=93398) stat_writer /opt/stack/data/venv/lib/python3.12/site-packages/dbcounter.py:102}}
Aug 09 08:52:56.378701 np0000006824 nova-scheduler[93396]: DEBUG oslo_db.sqlalchemy.engines [None req-95eec8e9-c2d8-4842-b709-0a9ab8969056 None None] MySQL server mode set to STRICT_TRANS_TABLES,STRICT_ALL_TABLES,NO_ZERO_IN_DATE,NO_ZERO_DATE,ERROR_FOR_DIVISION_BY_ZERO,TRADITIONAL,NO_ENGINE_SUBSTITUTION {{(pid=93396) _check_effective_sql_mode /opt/stack/data/venv/lib/python3.12/site-packages/oslo_db/sqlalchemy/engines.py:325}}
Aug 09 08:52:56.384373 np0000006824 nova-scheduler[93398]: DEBUG nova.service [None req-cbbef871-05e4-4bb9-b82d-4dbd1a35ac41 None None] Creating RPC server for service: nova-scheduler on topic: scheduler {{(pid=93398) start /opt/stack/nova/nova/service.py:196}}
Aug 09 08:52:56.387653 np0000006824 nova-scheduler[93404]: DEBUG oslo_db.sqlalchemy.engines [None req-593bda98-decc-45f0-8f28-930dd8b9f28f None None] MySQL server mode set to STRICT_TRANS_TABLES,STRICT_ALL_TABLES,NO_ZERO_IN_DATE,NO_ZERO_DATE,ERROR_FOR_DIVISION_BY_ZERO,TRADITIONAL,NO_ENGINE_SUBSTITUTION {{(pid=93404) _check_effective_sql_mode /opt/stack/data/venv/lib/python3.12/site-packages/oslo_db/sqlalchemy/engines.py:325}}
Aug 09 08:52:56.387924 np0000006824 nova-scheduler[93396]: DEBUG dbcounter [-] [93396] Writer thread running {{(pid=93396) stat_writer /opt/stack/data/venv/lib/python3.12/site-packages/dbcounter.py:102}}
Aug 09 08:52:56.391032 np0000006824 nova-scheduler[93396]: DEBUG nova.service [None req-95eec8e9-c2d8-4842-b709-0a9ab8969056 None None] Creating RPC server for service: nova-scheduler on topic: scheduler {{(pid=93396) start /opt/stack/nova/nova/service.py:196}}
Aug 09 08:52:56.398921 np0000006824 nova-scheduler[93404]: DEBUG dbcounter [-] [93404] Writer thread running {{(pid=93404) stat_writer /opt/stack/data/venv/lib/python3.12/site-packages/dbcounter.py:102}}
Aug 09 08:52:56.402123 np0000006824 nova-scheduler[93404]: DEBUG nova.service [None req-593bda98-decc-45f0-8f28-930dd8b9f28f None None] Creating RPC server for service: nova-scheduler on topic: scheduler {{(pid=93404) start /opt/stack/nova/nova/service.py:196}}
Aug 09 08:52:56.409940 np0000006824 nova-scheduler[93396]: DEBUG nova.service [None req-95eec8e9-c2d8-4842-b709-0a9ab8969056 None None] Join ServiceGroup membership for this service scheduler {{(pid=93396) start /opt/stack/nova/nova/service.py:222}}
Aug 09 08:52:56.410148 np0000006824 nova-scheduler[93396]: DEBUG nova.servicegroup.drivers.db [None req-95eec8e9-c2d8-4842-b709-0a9ab8969056 None None] DB_Driver: join new ServiceGroup member np0000006824 to the scheduler group, service = {{(pid=93396) join /opt/stack/nova/nova/servicegroup/drivers/db.py:44}}
Aug 09 08:52:56.410507 np0000006824 nova-scheduler[93398]: DEBUG nova.service [None req-cbbef871-05e4-4bb9-b82d-4dbd1a35ac41 None None] Join ServiceGroup membership for this service scheduler {{(pid=93398) start /opt/stack/nova/nova/service.py:222}}
Aug 09 08:52:56.410707 np0000006824 nova-scheduler[93398]: DEBUG nova.servicegroup.drivers.db [None req-cbbef871-05e4-4bb9-b82d-4dbd1a35ac41 None None] DB_Driver: join new ServiceGroup member np0000006824 to the scheduler group, service = {{(pid=93398) join /opt/stack/nova/nova/servicegroup/drivers/db.py:44}}
Aug 09 08:52:56.418535 np0000006824 nova-scheduler[93404]: DEBUG nova.service [None req-593bda98-decc-45f0-8f28-930dd8b9f28f None None] Join ServiceGroup membership for this service scheduler {{(pid=93404) start /opt/stack/nova/nova/service.py:222}}
Aug 09 08:52:56.418698 np0000006824 nova-scheduler[93404]: DEBUG nova.servicegroup.drivers.db [None req-593bda98-decc-45f0-8f28-930dd8b9f28f None None] DB_Driver: join new ServiceGroup member np0000006824 to the scheduler group, service = {{(pid=93404) join /opt/stack/nova/nova/servicegroup/drivers/db.py:44}}
Aug 09 08:52:57.414263 np0000006824 nova-scheduler[93398]: DEBUG oslo.service.backend._threading.loopingcall [None req-1a37b3e3-a894-4346-b474-d8485ef55a5f None None] Dynamic interval looping call 'nova.service.Service.periodic_tasks' sleeping for 60.00 seconds {{(pid=93398) _run_loop /opt/stack/data/venv/lib/python3.12/site-packages/oslo_service/backend/_threading/loopingcall.py:125}}
Aug 09 08:53:01.427856 np0000006824 nova-scheduler[93398]: DEBUG oslo.service.backend._threading.loopingcall [-] Fixed interval looping call 'nova.servicegroup.drivers.db.DbDriver._report_state' sleeping for 119.99 seconds {{(pid=93398) _run_loop /opt/stack/data/venv/lib/python3.12/site-packages/oslo_service/backend/_threading/loopingcall.py:125}}
Aug 09 08:53:01.428704 np0000006824 nova-scheduler[93396]: DEBUG oslo.service.backend._threading.loopingcall [-] Fixed interval looping call 'nova.servicegroup.drivers.db.DbDriver._report_state' sleeping for 119.98 seconds {{(pid=93396) _run_loop /opt/stack/data/venv/lib/python3.12/site-packages/oslo_service/backend/_threading/loopingcall.py:125}}
Aug 09 08:53:01.430940 np0000006824 nova-scheduler[93404]: DEBUG oslo.service.backend._threading.loopingcall [-] Fixed interval looping call 'nova.servicegroup.drivers.db.DbDriver._report_state' sleeping for 119.99 seconds {{(pid=93404) _run_loop /opt/stack/data/venv/lib/python3.12/site-packages/oslo_service/backend/_threading/loopingcall.py:125}}
Aug 09 08:53:04.973299 np0000006824 nova-scheduler[92197]: DEBUG dbcounter [-] [92197] Writing DB stats nova_api:SELECT=3 {{(pid=92197) stat_writer /opt/stack/data/venv/lib/python3.12/site-packages/dbcounter.py:115}}
Aug 09 08:53:05.091724 np0000006824 nova-scheduler[92197]: DEBUG dbcounter [-] [92197] Writing DB stats nova_cell0:SELECT=1 {{(pid=92197) stat_writer /opt/stack/data/venv/lib/python3.12/site-packages/dbcounter.py:115}}
Aug 09 08:53:05.096940 np0000006824 nova-scheduler[92197]: DEBUG dbcounter [-] [92197] Writing DB stats nova_cell1:SELECT=1 {{(pid=92197) stat_writer /opt/stack/data/venv/lib/python3.12/site-packages/dbcounter.py:115}}
Aug 09 08:53:08.412499 np0000006824 nova-scheduler[93396]: DEBUG oslo.service.backend._threading.loopingcall [None req-7fe0ff0d-3e31-47b7-b08e-b474f494d4a3 None None] Dynamic interval looping call 'nova.service.Service.periodic_tasks' sleeping for 60.00 seconds {{(pid=93396) _run_loop /opt/stack/data/venv/lib/python3.12/site-packages/oslo_service/backend/_threading/loopingcall.py:125}}
Aug 09 08:53:11.423374 np0000006824 nova-scheduler[93396]: DEBUG dbcounter [-] [93396] Writing DB stats nova_cell0:SELECT=3,nova_cell0:UPDATE=1 {{(pid=93396) stat_writer /opt/stack/data/venv/lib/python3.12/site-packages/dbcounter.py:115}}
Aug 09 08:53:11.423851 np0000006824 nova-scheduler[93398]: DEBUG dbcounter [-] [93398] Writing DB stats nova_cell0:SELECT=4,nova_cell0:INSERT=1,nova_cell0:UPDATE=1 {{(pid=93398) stat_writer /opt/stack/data/venv/lib/python3.12/site-packages/dbcounter.py:115}}
Aug 09 08:53:11.429698 np0000006824 nova-scheduler[93404]: DEBUG dbcounter [-] [93404] Writing DB stats nova_cell0:SELECT=3,nova_cell0:UPDATE=1 {{(pid=93404) stat_writer /opt/stack/data/venv/lib/python3.12/site-packages/dbcounter.py:115}}
Aug 09 08:53:30.420571 np0000006824 nova-scheduler[93404]: DEBUG oslo.service.backend._threading.loopingcall [None req-ac8e4b91-9786-4ece-9110-582a0051f0b4 None None] Dynamic interval looping call 'nova.service.Service.periodic_tasks' sleeping for 60.00 seconds {{(pid=93404) _run_loop /opt/stack/data/venv/lib/python3.12/site-packages/oslo_service/backend/_threading/loopingcall.py:125}}
Aug 09 08:53:57.414187 np0000006824 nova-scheduler[93398]: DEBUG oslo.service.backend._threading.loopingcall [None req-1a37b3e3-a894-4346-b474-d8485ef55a5f None None] Dynamic interval looping call 'nova.service.Service.periodic_tasks' sleeping for 60.00 seconds {{(pid=93398) _run_loop /opt/stack/data/venv/lib/python3.12/site-packages/oslo_service/backend/_threading/loopingcall.py:125}}
Aug 09 08:54:08.412948 np0000006824 nova-scheduler[93396]: DEBUG oslo.service.backend._threading.loopingcall [None req-7fe0ff0d-3e31-47b7-b08e-b474f494d4a3 None None] Dynamic interval looping call 'nova.service.Service.periodic_tasks' sleeping for 60.00 seconds {{(pid=93396) _run_loop /opt/stack/data/venv/lib/python3.12/site-packages/oslo_service/backend/_threading/loopingcall.py:125}}
Aug 09 08:54:30.421006 np0000006824 nova-scheduler[93404]: DEBUG oslo.service.backend._threading.loopingcall [None req-ac8e4b91-9786-4ece-9110-582a0051f0b4 None None] Dynamic interval looping call 'nova.service.Service.periodic_tasks' sleeping for 60.00 seconds {{(pid=93404) _run_loop /opt/stack/data/venv/lib/python3.12/site-packages/oslo_service/backend/_threading/loopingcall.py:125}}
Aug 09 08:54:57.414765 np0000006824 nova-scheduler[93398]: DEBUG oslo.service.backend._threading.loopingcall [None req-1a37b3e3-a894-4346-b474-d8485ef55a5f None None] Dynamic interval looping call 'nova.service.Service.periodic_tasks' sleeping for 60.00 seconds {{(pid=93398) _run_loop /opt/stack/data/venv/lib/python3.12/site-packages/oslo_service/backend/_threading/loopingcall.py:125}}
Aug 09 08:55:01.426380 np0000006824 nova-scheduler[93396]: DEBUG oslo.service.backend._threading.loopingcall [-] Fixed interval looping call 'nova.servicegroup.drivers.db.DbDriver._report_state' sleeping for 119.98 seconds {{(pid=93396) _run_loop /opt/stack/data/venv/lib/python3.12/site-packages/oslo_service/backend/_threading/loopingcall.py:125}}
Aug 09 08:55:01.426922 np0000006824 nova-scheduler[93398]: DEBUG oslo.service.backend._threading.loopingcall [-] Fixed interval looping call 'nova.servicegroup.drivers.db.DbDriver._report_state' sleeping for 119.99 seconds {{(pid=93398) _run_loop /opt/stack/data/venv/lib/python3.12/site-packages/oslo_service/backend/_threading/loopingcall.py:125}}
Aug 09 08:55:01.427231 np0000006824 nova-scheduler[93404]: DEBUG oslo.service.backend._threading.loopingcall [-] Fixed interval looping call 'nova.servicegroup.drivers.db.DbDriver._report_state' sleeping for 119.99 seconds {{(pid=93404) _run_loop /opt/stack/data/venv/lib/python3.12/site-packages/oslo_service/backend/_threading/loopingcall.py:125}}
Aug 09 08:55:08.413526 np0000006824 nova-scheduler[93396]: DEBUG oslo.service.backend._threading.loopingcall [None req-7fe0ff0d-3e31-47b7-b08e-b474f494d4a3 None None] Dynamic interval looping call 'nova.service.Service.periodic_tasks' sleeping for 60.00 seconds {{(pid=93396) _run_loop /opt/stack/data/venv/lib/python3.12/site-packages/oslo_service/backend/_threading/loopingcall.py:125}}
Aug 09 08:55:11.419964 np0000006824 nova-scheduler[93396]: DEBUG dbcounter [-] [93396] Writing DB stats nova_cell0:SELECT=1,nova_cell0:UPDATE=1 {{(pid=93396) stat_writer /opt/stack/data/venv/lib/python3.12/site-packages/dbcounter.py:115}}
Aug 09 08:55:11.421731 np0000006824 nova-scheduler[93398]: DEBUG dbcounter [-] [93398] Writing DB stats nova_cell0:SELECT=1,nova_cell0:UPDATE=1 {{(pid=93398) stat_writer /opt/stack/data/venv/lib/python3.12/site-packages/dbcounter.py:115}}
Aug 09 08:55:11.424482 np0000006824 nova-scheduler[93404]: DEBUG dbcounter [-] [93404] Writing DB stats nova_cell0:SELECT=1,nova_cell0:UPDATE=1 {{(pid=93404) stat_writer /opt/stack/data/venv/lib/python3.12/site-packages/dbcounter.py:115}}
Aug 09 08:55:25.795306 np0000006824 nova-scheduler[93396]: DEBUG nova.scheduler.manager [None req-dc5fe673-2552-47b9-a57e-cd93526ee7fa tempest-DeleteServersTestJSON-40090167 tempest-DeleteServersTestJSON-40090167-project-member] Starting to schedule for instances: ['dce31019-4157-4f4f-a102-48082e91302a'] {{(pid=93396) select_destinations /opt/stack/nova/nova/scheduler/manager.py:209}}
Aug 09 08:55:25.799381 np0000006824 nova-scheduler[93396]: DEBUG nova.scheduler.request_filter [None req-dc5fe673-2552-47b9-a57e-cd93526ee7fa tempest-DeleteServersTestJSON-40090167 tempest-DeleteServersTestJSON-40090167-project-member] compute_status_filter request filter added forbidden trait COMPUTE_STATUS_DISABLED {{(pid=93396) compute_status_filter /opt/stack/nova/nova/scheduler/request_filter.py:253}}
Aug 09 08:55:25.799381 np0000006824 nova-scheduler[93396]: DEBUG nova.scheduler.request_filter [None req-dc5fe673-2552-47b9-a57e-cd93526ee7fa tempest-DeleteServersTestJSON-40090167 tempest-DeleteServersTestJSON-40090167-project-member] Request filter 'compute_status_filter' took 0.0 seconds {{(pid=93396) wrapper /opt/stack/nova/nova/scheduler/request_filter.py:46}}
Aug 09 08:55:25.799381 np0000006824 nova-scheduler[93396]: DEBUG nova.scheduler.request_filter [None req-dc5fe673-2552-47b9-a57e-cd93526ee7fa tempest-DeleteServersTestJSON-40090167 tempest-DeleteServersTestJSON-40090167-project-member] Request filter 'accelerators_filter' took 0.0 seconds {{(pid=93396) wrapper /opt/stack/nova/nova/scheduler/request_filter.py:46}}
Aug 09 08:55:25.799381 np0000006824 nova-scheduler[93396]: DEBUG nova.scheduler.request_filter [None req-dc5fe673-2552-47b9-a57e-cd93526ee7fa tempest-DeleteServersTestJSON-40090167 tempest-DeleteServersTestJSON-40090167-project-member] Request filter 'packed_virtqueue_filter' took 0.0 seconds {{(pid=93396) wrapper /opt/stack/nova/nova/scheduler/request_filter.py:46}}
Aug 09 08:55:25.799381 np0000006824 nova-scheduler[93396]: DEBUG nova.scheduler.request_filter [None req-dc5fe673-2552-47b9-a57e-cd93526ee7fa tempest-DeleteServersTestJSON-40090167 tempest-DeleteServersTestJSON-40090167-project-member] Request filter 'remote_managed_ports_filter' took 0.0 seconds {{(pid=93396) wrapper /opt/stack/nova/nova/scheduler/request_filter.py:46}}
Aug 09 08:55:25.799650 np0000006824 nova-scheduler[93396]: DEBUG nova.scheduler.request_filter [None req-dc5fe673-2552-47b9-a57e-cd93526ee7fa tempest-DeleteServersTestJSON-40090167 tempest-DeleteServersTestJSON-40090167-project-member] ephemeral_encryption_filter skipped {{(pid=93396) ephemeral_encryption_filter /opt/stack/nova/nova/scheduler/request_filter.py:426}}
Aug 09 08:55:25.799650 np0000006824 nova-scheduler[93396]: DEBUG nova.scheduler.request_filter [None req-dc5fe673-2552-47b9-a57e-cd93526ee7fa tempest-DeleteServersTestJSON-40090167 tempest-DeleteServersTestJSON-40090167-project-member] virtio_sound_filter skipped {{(pid=93396) virtio_sound_filter /opt/stack/nova/nova/scheduler/request_filter.py:460}}
Aug 09 08:55:25.799650 np0000006824 nova-scheduler[93396]: DEBUG nova.scheduler.request_filter [None req-dc5fe673-2552-47b9-a57e-cd93526ee7fa tempest-DeleteServersTestJSON-40090167 tempest-DeleteServersTestJSON-40090167-project-member] tpm_secret_security_filter skipped {{(pid=93396) tpm_secret_security_filter /opt/stack/nova/nova/scheduler/request_filter.py:477}}
Aug 09 08:55:26.310908 np0000006824 nova-scheduler[93396]: INFO nova.utils [None req-dc5fe673-2552-47b9-a57e-cd93526ee7fa tempest-DeleteServersTestJSON-40090167 tempest-DeleteServersTestJSON-40090167-project-member] The cell worker thread pool ForkProcess-1.cell_worker is initialized
Aug 09 08:55:26.311293 np0000006824 nova-scheduler[93396]: DEBUG oslo_concurrency.lockutils [None req-dc5fe673-2552-47b9-a57e-cd93526ee7fa tempest-DeleteServersTestJSON-40090167 tempest-DeleteServersTestJSON-40090167-project-member] Acquiring lock "b9fb9230-e0f4-4af8-8997-675836a36658" by "nova.context.set_target_cell..get_or_set_cached_cell_and_set_connections" {{(pid=93396) inner /opt/stack/data/venv/lib/python3.12/site-packages/oslo_concurrency/lockutils.py:512}}
Aug 09 08:55:26.311596 np0000006824 nova-scheduler[93396]: DEBUG oslo_concurrency.lockutils [None req-dc5fe673-2552-47b9-a57e-cd93526ee7fa tempest-DeleteServersTestJSON-40090167 tempest-DeleteServersTestJSON-40090167-project-member] Lock "b9fb9230-e0f4-4af8-8997-675836a36658" acquired by "nova.context.set_target_cell..get_or_set_cached_cell_and_set_connections" :: waited 0.000s {{(pid=93396) inner /opt/stack/data/venv/lib/python3.12/site-packages/oslo_concurrency/lockutils.py:525}}
Aug 09 08:55:26.312818 np0000006824 nova-scheduler[93396]: DEBUG oslo_concurrency.lockutils [None req-dc5fe673-2552-47b9-a57e-cd93526ee7fa tempest-DeleteServersTestJSON-40090167 tempest-DeleteServersTestJSON-40090167-project-member] Lock "b9fb9230-e0f4-4af8-8997-675836a36658" "released" by "nova.context.set_target_cell..get_or_set_cached_cell_and_set_connections" :: held 0.001s {{(pid=93396) inner /opt/stack/data/venv/lib/python3.12/site-packages/oslo_concurrency/lockutils.py:544}}
Aug 09 08:55:26.315811 np0000006824 nova-scheduler[93396]: INFO dbcounter [None req-dc5fe673-2552-47b9-a57e-cd93526ee7fa tempest-DeleteServersTestJSON-40090167 tempest-DeleteServersTestJSON-40090167-project-member] Registered counter for database nova_cell1
Aug 09 08:55:26.355139 np0000006824 nova-scheduler[93396]: DEBUG oslo_db.sqlalchemy.engines [None req-dc5fe673-2552-47b9-a57e-cd93526ee7fa tempest-DeleteServersTestJSON-40090167 tempest-DeleteServersTestJSON-40090167-project-member] MySQL server mode set to STRICT_TRANS_TABLES,STRICT_ALL_TABLES,NO_ZERO_IN_DATE,NO_ZERO_DATE,ERROR_FOR_DIVISION_BY_ZERO,TRADITIONAL,NO_ENGINE_SUBSTITUTION {{(pid=93396) _check_effective_sql_mode /opt/stack/data/venv/lib/python3.12/site-packages/oslo_db/sqlalchemy/engines.py:325}}
Aug 09 08:55:26.359720 np0000006824 nova-scheduler[93396]: DEBUG dbcounter [-] [93396] Writer thread running {{(pid=93396) stat_writer /opt/stack/data/venv/lib/python3.12/site-packages/dbcounter.py:102}}
Aug 09 08:55:26.371974 np0000006824 nova-scheduler[93396]: DEBUG oslo_db.sqlalchemy.engines [None req-dc5fe673-2552-47b9-a57e-cd93526ee7fa tempest-DeleteServersTestJSON-40090167 tempest-DeleteServersTestJSON-40090167-project-member] Parent process 92197 forked (93396) with an open database connection, which is being discarded and recreated. {{(pid=93396) checkout /opt/stack/data/venv/lib/python3.12/site-packages/oslo_db/sqlalchemy/engines.py:402}}
Aug 09 08:55:26.409368 np0000006824 nova-scheduler[93396]: DEBUG dbcounter [-] [93396] Writer thread running {{(pid=93396) stat_writer /opt/stack/data/venv/lib/python3.12/site-packages/dbcounter.py:102}}
Aug 09 08:55:26.411740 np0000006824 nova-scheduler[93396]: DEBUG oslo_concurrency.lockutils [None req-dc5fe673-2552-47b9-a57e-cd93526ee7fa tempest-DeleteServersTestJSON-40090167 tempest-DeleteServersTestJSON-40090167-project-member] Acquiring lock "b9fb9230-e0f4-4af8-8997-675836a36658" by "nova.context.set_target_cell..get_or_set_cached_cell_and_set_connections" {{(pid=93396) inner /opt/stack/data/venv/lib/python3.12/site-packages/oslo_concurrency/lockutils.py:512}}
Aug 09 08:55:26.411864 np0000006824 nova-scheduler[93396]: DEBUG oslo_concurrency.lockutils [None req-dc5fe673-2552-47b9-a57e-cd93526ee7fa tempest-DeleteServersTestJSON-40090167 tempest-DeleteServersTestJSON-40090167-project-member] Lock "b9fb9230-e0f4-4af8-8997-675836a36658" acquired by "nova.context.set_target_cell..get_or_set_cached_cell_and_set_connections" :: waited 0.000s {{(pid=93396) inner /opt/stack/data/venv/lib/python3.12/site-packages/oslo_concurrency/lockutils.py:525}}
Aug 09 08:55:26.411963 np0000006824 nova-scheduler[93396]: DEBUG oslo_concurrency.lockutils [None req-dc5fe673-2552-47b9-a57e-cd93526ee7fa tempest-DeleteServersTestJSON-40090167 tempest-DeleteServersTestJSON-40090167-project-member] Lock "b9fb9230-e0f4-4af8-8997-675836a36658" "released" by "nova.context.set_target_cell..get_or_set_cached_cell_and_set_connections" :: held 0.000s {{(pid=93396) inner /opt/stack/data/venv/lib/python3.12/site-packages/oslo_concurrency/lockutils.py:544}}
Aug 09 08:55:26.414696 np0000006824 nova-scheduler[93396]: DEBUG oslo_concurrency.lockutils [None req-dc5fe673-2552-47b9-a57e-cd93526ee7fa tempest-DeleteServersTestJSON-40090167 tempest-DeleteServersTestJSON-40090167-project-member] Acquiring lock "np0000006824-np0000006824" by "nova.scheduler.host_manager.HostState.update.._locked_update" {{(pid=93396) inner /opt/stack/data/venv/lib/python3.12/site-packages/oslo_concurrency/lockutils.py:512}}
Aug 09 08:55:26.414819 np0000006824 nova-scheduler[93396]: DEBUG oslo_concurrency.lockutils [None req-dc5fe673-2552-47b9-a57e-cd93526ee7fa tempest-DeleteServersTestJSON-40090167 tempest-DeleteServersTestJSON-40090167-project-member] Lock "np0000006824-np0000006824" acquired by "nova.scheduler.host_manager.HostState.update.._locked_update" :: waited 0.000s {{(pid=93396) inner /opt/stack/data/venv/lib/python3.12/site-packages/oslo_concurrency/lockutils.py:525}}
Aug 09 08:55:26.415697 np0000006824 nova-scheduler[93396]: DEBUG nova.scheduler.host_manager [None req-dc5fe673-2552-47b9-a57e-cd93526ee7fa tempest-DeleteServersTestJSON-40090167 tempest-DeleteServersTestJSON-40090167-project-member] Update host state from compute node: ComputeNode(cpu_allocation_ratio=4.0,cpu_info='{"arch": "x86_64", "model": "EPYC-Milan", "vendor": "AMD", "topology": {"cells": 1, "sockets": 16, "cores": 1, "threads": 1}, "maxphysaddr": {"mode": "emulate", "bits": 40}, "features": ["pschange-mc-no", "avx", "3dnowprefetch", "x2apic", "sep", "invpcid", "fxsr_opt", "pcid", "ssbd", "mce", "cr8legacy", "fma", "xsaveopt", "flushbyasid", "tsc_adjust", "pse36", "pause-filter", "hypervisor", "pclmuldq", "ibrs", "pat", "sse4.2", "pni", "sse4a", "vgif", "pku", "vpclmulqdq", "null-sel-clr-base", "smap", "lahf_lm", "fsgsbase", "ibpb", "lfence-always-serializing", "clflush", "rdctl-no", "bmi2", "pae", "no-nested-data-bp", "virt-ssbd", "xgetbv1", "arch-capabilities", "bmi1", "rdrand", "umip", "cmov", "stibp", "amd-stibp", "misalignsse", "npt", "sha-ni", "stibp-always-on", "tsc", "lm", "clzero", "msr", "movbe", "mmxext", "xsaves", "tsc-scale", "mds-no", "mtrr", "smep", "rdpid", "xsavec", "tsc-deadline", "sse4.1", "clwb", "syscall", "popcnt", "xsaveerptr", "amd-psfd", "avx2", "pdpe1gb", "abm", "rdtscp", "wbnoinvd", "nx", "gds-no", "fsrm", "pge", "amd-ssbd", "lbrv", "sse", "sse2", "perfctr_core", "apic", "adx", "fxsr", "pfthreshold", "spec-ctrl", "cx16", "arat", "ssse3", "erms", "rdseed", "v-vmsave-vmload", "vme", "skip-l1dfl-vmentry", "cx8", "mmx", "cmp_legacy", "vaes", "aes", "clflushopt", "f16c", "vmcb-clean", "fpu", "xsave", "svm", "pse", "nrip-save", "osvw", "svme-addr-chk", "mca", "de", "topoext"]}',created_at=2026-08-09T08:53:18Z,current_workload=0,deleted=False,deleted_at=None,disk_allocation_ratio=1.0,disk_available_least=73,free_disk_gb=95,free_ram_mb=62765,host='np0000006824',host_ip=10.4.3.245,hypervisor_hostname='np0000006824',hypervisor_type='QEMU',hypervisor_version=8002002,id=1,local_gb=95,local_gb_used=0,mapped=1,memory_mb=63277,memory_mb_used=512,metrics='[]',numa_topology='{"nova_object.name": "NUMATopology", "nova_object.namespace": "nova", "nova_object.version": "1.2", "nova_object.data": {"cells": [{"nova_object.name": "NUMACell", "nova_object.namespace": "nova", "nova_object.version": "1.5", "nova_object.data": {"id": 0, "cpuset": [0, 1, 2, 3, 4, 5, 6, 7, 8, 9, 10, 11, 12, 13, 14, 15], "pcpuset": [0, 1, 2, 3, 4, 5, 6, 7, 8, 9, 10, 11, 12, 13, 14, 15], "memory": 63277, "cpu_usage": 0, "memory_usage": 0, "pinned_cpus": [], "siblings": [[6], [12], [2], [15], [5], [11], [8], [14], [4], [1], [7], [10], [0], [13], [3], [9]], "mempages": [{"nova_object.name": "NUMAPagesTopology", "nova_object.namespace": "nova", "nova_object.version": "1.1", "nova_object.data": {"size_kb": 4, "total": 16177928, "used": 0, "reserved": 0}, "nova_object.changes": ["reserved", "size_kb", "total", "used"]}, {"nova_object.name": "NUMAPagesTopology", "nova_object.namespace": "nova", "nova_object.version": "1.1", "nova_object.data": {"size_kb": 2048, "total": 41, "used": 0, "reserved": 0}, "nova_object.changes": ["reserved", "size_kb", "total", "used"]}, {"nova_object.name": "NUMAPagesTopology", "nova_object.namespace": "nova", "nova_object.version": "1.1", "nova_object.data": {"size_kb": 1048576, "total": 0, "used": 0, "reserved": 0}, "nova_object.changes": ["reserved", "size_kb", "total", "used"]}], "network_metadata": {"nova_object.name": "NetworkMetadata", "nova_object.namespace": "nova", "nova_object.version": "1.0", "nova_object.data": {"physnets": [], "tunneled": false}, "nova_object.changes": ["physnets", "tunneled"]}, "socket": null}, "nova_object.changes": ["network_metadata", "siblings", "cpuset", "memory", "cpu_usage", "pcpuset", "pinned_cpus", "socket", "id", "memory_usage", "mempages"]}]}, "nova_object.changes": ["cells"]}',pci_device_pools=PciDevicePoolList,ram_allocation_ratio=1.0,running_vms=0,service_id=2,stats={failed_builds='0',uptime=' 08:55:05 up 13 min, 2 users, load average: 1.57, 1.46, 0.84
Aug 09 08:55:26.415697 np0000006824 nova-scheduler[93396]: '},supported_hv_specs=[HVSpec,HVSpec,HVSpec,HVSpec,HVSpec,HVSpec,HVSpec,HVSpec,HVSpec,HVSpec,HVSpec,HVSpec,HVSpec,HVSpec,HVSpec,HVSpec,HVSpec,HVSpec,HVSpec,HVSpec,HVSpec,HVSpec,HVSpec,HVSpec,HVSpec],updated_at=2026-08-09T08:55:05Z,uuid=dfdbefd5-95d3-45d7-8274-9c192d865136,vcpus=16,vcpus_used=0) {{(pid=93396) _locked_update /opt/stack/nova/nova/scheduler/host_manager.py:168}}
Aug 09 08:55:26.416493 np0000006824 nova-scheduler[93396]: DEBUG nova.scheduler.host_manager [None req-dc5fe673-2552-47b9-a57e-cd93526ee7fa tempest-DeleteServersTestJSON-40090167 tempest-DeleteServersTestJSON-40090167-project-member] Update host state with aggregates: [] {{(pid=93396) _locked_update /opt/stack/nova/nova/scheduler/host_manager.py:171}}
Aug 09 08:55:26.416623 np0000006824 nova-scheduler[93396]: DEBUG nova.scheduler.host_manager [None req-dc5fe673-2552-47b9-a57e-cd93526ee7fa tempest-DeleteServersTestJSON-40090167 tempest-DeleteServersTestJSON-40090167-project-member] Update host state with service dict: {'id': 2, 'uuid': '9d7521ea-9f74-497d-8100-882724fc766c', 'host': 'np0000006824', 'binary': 'nova-compute', 'topic': 'compute', 'report_count': 2, 'disabled': False, 'disabled_reason': None, 'last_seen_up': datetime.datetime(2026, 8, 9, 8, 55, 24, tzinfo=datetime.timezone.utc), 'forced_down': False, 'version': 72, 'created_at': datetime.datetime(2026, 8, 9, 8, 53, 18, tzinfo=datetime.timezone.utc), 'updated_at': datetime.datetime(2026, 8, 9, 8, 55, 24, tzinfo=datetime.timezone.utc), 'deleted_at': None, 'deleted': False} {{(pid=93396) _locked_update /opt/stack/nova/nova/scheduler/host_manager.py:174}}
Aug 09 08:55:26.416736 np0000006824 nova-scheduler[93396]: DEBUG nova.scheduler.host_manager [None req-dc5fe673-2552-47b9-a57e-cd93526ee7fa tempest-DeleteServersTestJSON-40090167 tempest-DeleteServersTestJSON-40090167-project-member] Update host state with instances: [] {{(pid=93396) _locked_update /opt/stack/nova/nova/scheduler/host_manager.py:177}}
Aug 09 08:55:26.416835 np0000006824 nova-scheduler[93396]: DEBUG oslo_concurrency.lockutils [None req-dc5fe673-2552-47b9-a57e-cd93526ee7fa tempest-DeleteServersTestJSON-40090167 tempest-DeleteServersTestJSON-40090167-project-member] Lock "np0000006824-np0000006824" "released" by "nova.scheduler.host_manager.HostState.update.._locked_update" :: held 0.002s {{(pid=93396) inner /opt/stack/data/venv/lib/python3.12/site-packages/oslo_concurrency/lockutils.py:544}}
Aug 09 08:55:26.417195 np0000006824 nova-scheduler[93396]: DEBUG nova.filters [None req-dc5fe673-2552-47b9-a57e-cd93526ee7fa tempest-DeleteServersTestJSON-40090167 tempest-DeleteServersTestJSON-40090167-project-member] Starting with 1 host(s) {{(pid=93396) get_filtered_objects /opt/stack/nova/nova/filters.py:70}}
Aug 09 08:55:26.417618 np0000006824 nova-scheduler[93396]: DEBUG nova.filters [None req-dc5fe673-2552-47b9-a57e-cd93526ee7fa tempest-DeleteServersTestJSON-40090167 tempest-DeleteServersTestJSON-40090167-project-member] Filter ComputeFilter returned 1 host(s) {{(pid=93396) get_filtered_objects /opt/stack/nova/nova/filters.py:102}}
Aug 09 08:55:26.417754 np0000006824 nova-scheduler[93396]: DEBUG nova.filters [None req-dc5fe673-2552-47b9-a57e-cd93526ee7fa tempest-DeleteServersTestJSON-40090167 tempest-DeleteServersTestJSON-40090167-project-member] Filter ComputeCapabilitiesFilter returned 1 host(s) {{(pid=93396) get_filtered_objects /opt/stack/nova/nova/filters.py:102}}
Aug 09 08:55:26.417971 np0000006824 nova-scheduler[93396]: DEBUG nova.filters [None req-dc5fe673-2552-47b9-a57e-cd93526ee7fa tempest-DeleteServersTestJSON-40090167 tempest-DeleteServersTestJSON-40090167-project-member] Filter ImagePropertiesFilter returned 1 host(s) {{(pid=93396) get_filtered_objects /opt/stack/nova/nova/filters.py:102}}
Aug 09 08:55:26.418141 np0000006824 nova-scheduler[93396]: DEBUG nova.filters [None req-dc5fe673-2552-47b9-a57e-cd93526ee7fa tempest-DeleteServersTestJSON-40090167 tempest-DeleteServersTestJSON-40090167-project-member] Filter ServerGroupAntiAffinityFilter returned 1 host(s) {{(pid=93396) get_filtered_objects /opt/stack/nova/nova/filters.py:102}}
Aug 09 08:55:26.418270 np0000006824 nova-scheduler[93396]: DEBUG nova.filters [None req-dc5fe673-2552-47b9-a57e-cd93526ee7fa tempest-DeleteServersTestJSON-40090167 tempest-DeleteServersTestJSON-40090167-project-member] Filter ServerGroupAffinityFilter returned 1 host(s) {{(pid=93396) get_filtered_objects /opt/stack/nova/nova/filters.py:102}}
Aug 09 08:55:26.418411 np0000006824 nova-scheduler[93396]: DEBUG nova.filters [None req-dc5fe673-2552-47b9-a57e-cd93526ee7fa tempest-DeleteServersTestJSON-40090167 tempest-DeleteServersTestJSON-40090167-project-member] Filter SameHostFilter returned 1 host(s) {{(pid=93396) get_filtered_objects /opt/stack/nova/nova/filters.py:102}}
Aug 09 08:55:26.418534 np0000006824 nova-scheduler[93396]: DEBUG nova.filters [None req-dc5fe673-2552-47b9-a57e-cd93526ee7fa tempest-DeleteServersTestJSON-40090167 tempest-DeleteServersTestJSON-40090167-project-member] Filter DifferentHostFilter returned 1 host(s) {{(pid=93396) get_filtered_objects /opt/stack/nova/nova/filters.py:102}}
Aug 09 08:55:26.418674 np0000006824 nova-scheduler[93396]: DEBUG nova.scheduler.manager [None req-dc5fe673-2552-47b9-a57e-cd93526ee7fa tempest-DeleteServersTestJSON-40090167 tempest-DeleteServersTestJSON-40090167-project-member] Filtered [(np0000006824, np0000006824) ram: 62765MB disk: 74752MB io_ops: 0 instances: 0, allocation_candidates: 1] {{(pid=93396) _get_sorted_hosts /opt/stack/nova/nova/scheduler/manager.py:742}}
Aug 09 08:55:26.418836 np0000006824 nova-scheduler[93396]: DEBUG nova.scheduler.manager [None req-dc5fe673-2552-47b9-a57e-cd93526ee7fa tempest-DeleteServersTestJSON-40090167 tempest-DeleteServersTestJSON-40090167-project-member] Weighed [WeighedHost [host: (np0000006824, np0000006824) ram: 62765MB disk: 74752MB io_ops: 0 instances: 0, allocation_candidates: 1, weight: 0.0]] {{(pid=93396) _get_sorted_hosts /opt/stack/nova/nova/scheduler/manager.py:764}}
Aug 09 08:55:26.419000 np0000006824 nova-scheduler[93396]: DEBUG nova.scheduler.utils [None req-dc5fe673-2552-47b9-a57e-cd93526ee7fa tempest-DeleteServersTestJSON-40090167 tempest-DeleteServersTestJSON-40090167-project-member] Attempting to claim resources in the placement API for instance dce31019-4157-4f4f-a102-48082e91302a {{(pid=93396) claim_resources /opt/stack/nova/nova/scheduler/utils.py:1345}}
Aug 09 08:55:26.568916 np0000006824 nova-scheduler[93396]: DEBUG nova.scheduler.manager [None req-dc5fe673-2552-47b9-a57e-cd93526ee7fa tempest-DeleteServersTestJSON-40090167 tempest-DeleteServersTestJSON-40090167-project-member] [instance: dce31019-4157-4f4f-a102-48082e91302a] Selected host: (np0000006824, np0000006824) ram: 62765MB disk: 74752MB io_ops: 0 instances: 0, allocation_candidates: 1 {{(pid=93396) _consume_selected_host /opt/stack/nova/nova/scheduler/manager.py:624}}
Aug 09 08:55:26.569227 np0000006824 nova-scheduler[93396]: DEBUG oslo_concurrency.lockutils [None req-dc5fe673-2552-47b9-a57e-cd93526ee7fa tempest-DeleteServersTestJSON-40090167 tempest-DeleteServersTestJSON-40090167-project-member] Acquiring lock "np0000006824-np0000006824" by "nova.scheduler.host_manager.HostState.consume_from_request.._locked" {{(pid=93396) inner /opt/stack/data/venv/lib/python3.12/site-packages/oslo_concurrency/lockutils.py:512}}
Aug 09 08:55:26.569443 np0000006824 nova-scheduler[93396]: DEBUG oslo_concurrency.lockutils [None req-dc5fe673-2552-47b9-a57e-cd93526ee7fa tempest-DeleteServersTestJSON-40090167 tempest-DeleteServersTestJSON-40090167-project-member] Lock "np0000006824-np0000006824" acquired by "nova.scheduler.host_manager.HostState.consume_from_request.._locked" :: waited 0.000s {{(pid=93396) inner /opt/stack/data/venv/lib/python3.12/site-packages/oslo_concurrency/lockutils.py:525}}
Aug 09 08:55:26.569647 np0000006824 nova-scheduler[93396]: DEBUG oslo_concurrency.lockutils [None req-dc5fe673-2552-47b9-a57e-cd93526ee7fa tempest-DeleteServersTestJSON-40090167 tempest-DeleteServersTestJSON-40090167-project-member] Lock "np0000006824-np0000006824" "released" by "nova.scheduler.host_manager.HostState.consume_from_request.._locked" :: held 0.000s {{(pid=93396) inner /opt/stack/data/venv/lib/python3.12/site-packages/oslo_concurrency/lockutils.py:544}}
Aug 09 08:55:27.787945 np0000006824 nova-scheduler[93398]: DEBUG nova.scheduler.manager [None req-78659a93-135b-4950-80c9-5c9dee190277 tempest-ServerActionsTestOtherA-458082250 tempest-ServerActionsTestOtherA-458082250-project-member] Starting to schedule for instances: ['6127b9e0-7ff3-45b2-9ec8-deabefc6f6ff'] {{(pid=93398) select_destinations /opt/stack/nova/nova/scheduler/manager.py:209}}
Aug 09 08:55:27.789341 np0000006824 nova-scheduler[93398]: DEBUG nova.scheduler.request_filter [None req-78659a93-135b-4950-80c9-5c9dee190277 tempest-ServerActionsTestOtherA-458082250 tempest-ServerActionsTestOtherA-458082250-project-member] compute_status_filter request filter added forbidden trait COMPUTE_STATUS_DISABLED {{(pid=93398) compute_status_filter /opt/stack/nova/nova/scheduler/request_filter.py:253}}
Aug 09 08:55:27.789481 np0000006824 nova-scheduler[93398]: DEBUG nova.scheduler.request_filter [None req-78659a93-135b-4950-80c9-5c9dee190277 tempest-ServerActionsTestOtherA-458082250 tempest-ServerActionsTestOtherA-458082250-project-member] Request filter 'compute_status_filter' took 0.0 seconds {{(pid=93398) wrapper /opt/stack/nova/nova/scheduler/request_filter.py:46}}
Aug 09 08:55:27.789742 np0000006824 nova-scheduler[93398]: DEBUG nova.scheduler.request_filter [None req-78659a93-135b-4950-80c9-5c9dee190277 tempest-ServerActionsTestOtherA-458082250 tempest-ServerActionsTestOtherA-458082250-project-member] Request filter 'accelerators_filter' took 0.0 seconds {{(pid=93398) wrapper /opt/stack/nova/nova/scheduler/request_filter.py:46}}
Aug 09 08:55:27.790886 np0000006824 nova-scheduler[93398]: DEBUG nova.scheduler.request_filter [None req-78659a93-135b-4950-80c9-5c9dee190277 tempest-ServerActionsTestOtherA-458082250 tempest-ServerActionsTestOtherA-458082250-project-member] Request filter 'packed_virtqueue_filter' took 0.0 seconds {{(pid=93398) wrapper /opt/stack/nova/nova/scheduler/request_filter.py:46}}
Aug 09 08:55:27.791959 np0000006824 nova-scheduler[93398]: DEBUG nova.scheduler.request_filter [None req-78659a93-135b-4950-80c9-5c9dee190277 tempest-ServerActionsTestOtherA-458082250 tempest-ServerActionsTestOtherA-458082250-project-member] Request filter 'remote_managed_ports_filter' took 0.0 seconds {{(pid=93398) wrapper /opt/stack/nova/nova/scheduler/request_filter.py:46}}
Aug 09 08:55:27.791959 np0000006824 nova-scheduler[93398]: DEBUG nova.scheduler.request_filter [None req-78659a93-135b-4950-80c9-5c9dee190277 tempest-ServerActionsTestOtherA-458082250 tempest-ServerActionsTestOtherA-458082250-project-member] ephemeral_encryption_filter skipped {{(pid=93398) ephemeral_encryption_filter /opt/stack/nova/nova/scheduler/request_filter.py:426}}
Aug 09 08:55:27.791959 np0000006824 nova-scheduler[93398]: DEBUG nova.scheduler.request_filter [None req-78659a93-135b-4950-80c9-5c9dee190277 tempest-ServerActionsTestOtherA-458082250 tempest-ServerActionsTestOtherA-458082250-project-member] virtio_sound_filter skipped {{(pid=93398) virtio_sound_filter /opt/stack/nova/nova/scheduler/request_filter.py:460}}
Aug 09 08:55:27.791959 np0000006824 nova-scheduler[93398]: DEBUG nova.scheduler.request_filter [None req-78659a93-135b-4950-80c9-5c9dee190277 tempest-ServerActionsTestOtherA-458082250 tempest-ServerActionsTestOtherA-458082250-project-member] tpm_secret_security_filter skipped {{(pid=93398) tpm_secret_security_filter /opt/stack/nova/nova/scheduler/request_filter.py:477}}
