Aug 09 08:52:31.133848 np0000006824 devstack@neutron-api.service[87621]: INFO neutron.quota.resource_registry [None req-aaff1a22-8e7e-41c1-ae04-3bfb055c7051 None None] Creating instance of TrackedResource for resource:security_group_rule
Aug 09 08:52:31.134053 np0000006824 devstack@neutron-api.service[87620]: DEBUG neutron.api.extensions [None req-1464a3dc-f7cc-4c7a-b538-156dc0bec993 None None] Extended resource: security-groups-default-statefulness {{(pid=87620) __init__ /opt/stack/neutron/neutron/api/extensions.py:156}}
Aug 09 08:52:31.134313 np0000006824 devstack@neutron-api.service[87621]: DEBUG neutron.api.v2.resource_helper [None req-aaff1a22-8e7e-41c1-ae04-3bfb055c7051 None None] Service CORE assigned prefix: {{(pid=87621) build_resource_info /opt/stack/neutron/neutron/api/v2/resource_helper.py:77}}
Aug 09 08:52:31.134447 np0000006824 devstack@neutron-api.service[87620]: DEBUG neutron.api.extensions [None req-1464a3dc-f7cc-4c7a-b538-156dc0bec993 None None] Extended resource: security-groups {{(pid=87620) __init__ /opt/stack/neutron/neutron/api/extensions.py:156}}
Aug 09 08:52:31.134784 np0000006824 devstack@neutron-api.service[87621]: INFO neutron.quota.resource_registry [None req-aaff1a22-8e7e-41c1-ae04-3bfb055c7051 None None] Creating instance of TrackedResource for resource:subnetpool
Aug 09 08:52:31.134784 np0000006824 devstack@neutron-api.service[87621]: WARNING neutron.quota.resource_registry [None req-aaff1a22-8e7e-41c1-ae04-3bfb055c7051 None None] subnetpool is already registered
Aug 09 08:52:31.135164 np0000006824 devstack@neutron-api.service[87620]: DEBUG neutron.api.extensions [None req-1464a3dc-f7cc-4c7a-b538-156dc0bec993 None None] Extended resource: security-group-rules {{(pid=87620) __init__ /opt/stack/neutron/neutron/api/extensions.py:156}}
Aug 09 08:52:31.135376 np0000006824 devstack@neutron-api.service[87621]: DEBUG neutron.api.v2.resource_helper [None req-aaff1a22-8e7e-41c1-ae04-3bfb055c7051 None None] Service CORE assigned prefix: {{(pid=87621) build_resource_info /opt/stack/neutron/neutron/api/v2/resource_helper.py:77}}
Aug 09 08:52:31.135376 np0000006824 devstack@neutron-api.service[87621]: INFO neutron.quota.resource_registry [None req-aaff1a22-8e7e-41c1-ae04-3bfb055c7051 None None] Creating instance of TrackedResource for resource:subnetpool
Aug 09 08:52:31.135376 np0000006824 devstack@neutron-api.service[87621]: WARNING neutron.quota.resource_registry [None req-aaff1a22-8e7e-41c1-ae04-3bfb055c7051 None None] subnetpool is already registered
Aug 09 08:52:31.135601 np0000006824 devstack@neutron-api.service[87620]: DEBUG neutron.api.extensions [None req-1464a3dc-f7cc-4c7a-b538-156dc0bec993 None None] Extended resource: service-providers {{(pid=87620) __init__ /opt/stack/neutron/neutron/api/extensions.py:156}}
Aug 09 08:52:31.135601 np0000006824 devstack@neutron-api.service[87620]: DEBUG neutron.api.extensions [None req-1464a3dc-f7cc-4c7a-b538-156dc0bec993 None None] Extended resource: subnetpools {{(pid=87620) __init__ /opt/stack/neutron/neutron/api/extensions.py:156}}
Aug 09 08:52:31.135601 np0000006824 devstack@neutron-api.service[87620]: DEBUG neutron.api.extensions [None req-1464a3dc-f7cc-4c7a-b538-156dc0bec993 None None] Extended resource: subnetpools {{(pid=87620) __init__ /opt/stack/neutron/neutron/api/extensions.py:156}}
Aug 09 08:52:31.135601 np0000006824 devstack@neutron-api.service[87620]: DEBUG neutron.api.extensions [None req-1464a3dc-f7cc-4c7a-b538-156dc0bec993 None None] Extended resource: tags {{(pid=87620) __init__ /opt/stack/neutron/neutron/api/extensions.py:156}}
Aug 09 08:52:31.135847 np0000006824 devstack@neutron-api.service[87621]: INFO neutron.quota.resource_registry [None req-aaff1a22-8e7e-41c1-ae04-3bfb055c7051 None None] Creating instance of CountableResource for resource:router_route
Aug 09 08:52:31.135847 np0000006824 devstack@neutron-api.service[87621]: WARNING neutron.quota.resource_registry [None req-aaff1a22-8e7e-41c1-ae04-3bfb055c7051 None None] router_route is already registered
Aug 09 08:52:31.135847 np0000006824 devstack@neutron-api.service[87621]: DEBUG neutron.api.v2.resource_helper [None req-aaff1a22-8e7e-41c1-ae04-3bfb055c7051 None None] Service L3_ROUTER_NAT assigned prefix: {{(pid=87621) build_resource_info /opt/stack/neutron/neutron/api/v2/resource_helper.py:77}}
Aug 09 08:52:31.136027 np0000006824 devstack@neutron-api.service[87620]: DEBUG neutron.api.extensions [None req-1464a3dc-f7cc-4c7a-b538-156dc0bec993 None None] Extended resource: tags {{(pid=87620) __init__ /opt/stack/neutron/neutron/api/extensions.py:156}}
Aug 09 08:52:31.136621 np0000006824 devstack@neutron-api.service[87621]: DEBUG neutron.api.v2.resource_helper [None req-aaff1a22-8e7e-41c1-ae04-3bfb055c7051 None None] Service FLAVORS assigned prefix: {{(pid=87621) build_resource_info /opt/stack/neutron/neutron/api/v2/resource_helper.py:77}}
Aug 09 08:52:31.136843 np0000006824 devstack@neutron-api.service[87620]: DEBUG neutron.api.extensions [None req-1464a3dc-f7cc-4c7a-b538-156dc0bec993 None None] Extended resource: tags {{(pid=87620) __init__ /opt/stack/neutron/neutron/api/extensions.py:156}}
Aug 09 08:52:31.137148 np0000006824 devstack@neutron-api.service[87621]: DEBUG neutron.api.v2.resource_helper [None req-aaff1a22-8e7e-41c1-ae04-3bfb055c7051 None None] Service L3_ROUTER_NAT assigned prefix: {{(pid=87621) build_resource_info /opt/stack/neutron/neutron/api/v2/resource_helper.py:77}}
Aug 09 08:52:31.137462 np0000006824 devstack@neutron-api.service[87620]: DEBUG neutron.api.extensions [None req-1464a3dc-f7cc-4c7a-b538-156dc0bec993 None None] Extended resource: tags {{(pid=87620) __init__ /opt/stack/neutron/neutron/api/extensions.py:156}}
Aug 09 08:52:31.138018 np0000006824 devstack@neutron-api.service[87621]: DEBUG neutron.api.v2.resource_helper [None req-aaff1a22-8e7e-41c1-ae04-3bfb055c7051 None None] Service L3_ROUTER_NAT assigned prefix: {{(pid=87621) build_resource_info /opt/stack/neutron/neutron/api/v2/resource_helper.py:77}}
Aug 09 08:52:31.138018 np0000006824 devstack@neutron-api.service[87621]: INFO neutron.quota.resource_registry [None req-aaff1a22-8e7e-41c1-ae04-3bfb055c7051 None None] Creating instance of TrackedResource for resource:router
Aug 09 08:52:31.138018 np0000006824 devstack@neutron-api.service[87621]: WARNING neutron.quota.resource_registry [None req-aaff1a22-8e7e-41c1-ae04-3bfb055c7051 None None] router is already registered
Aug 09 08:52:31.138233 np0000006824 devstack@neutron-api.service[87620]: DEBUG neutron.api.extensions [None req-1464a3dc-f7cc-4c7a-b538-156dc0bec993 None None] Extended resource: tags {{(pid=87620) __init__ /opt/stack/neutron/neutron/api/extensions.py:156}}
Aug 09 08:52:31.138382 np0000006824 devstack@neutron-api.service[87621]: INFO neutron.quota.resource_registry [None req-aaff1a22-8e7e-41c1-ae04-3bfb055c7051 None None] Creating instance of TrackedResource for resource:floatingip
Aug 09 08:52:31.138382 np0000006824 devstack@neutron-api.service[87621]: WARNING neutron.quota.resource_registry [None req-aaff1a22-8e7e-41c1-ae04-3bfb055c7051 None None] floatingip is already registered
Aug 09 08:52:31.138731 np0000006824 devstack@neutron-api.service[87620]: DEBUG neutron.api.extensions [None req-1464a3dc-f7cc-4c7a-b538-156dc0bec993 None None] Extended resource: tags {{(pid=87620) __init__ /opt/stack/neutron/neutron/api/extensions.py:156}}
Aug 09 08:52:31.138731 np0000006824 devstack@neutron-api.service[87620]: DEBUG neutron.api.extensions [None req-1464a3dc-f7cc-4c7a-b538-156dc0bec993 None None] Extended resource: tags {{(pid=87620) __init__ /opt/stack/neutron/neutron/api/extensions.py:156}}
Aug 09 08:52:31.139094 np0000006824 devstack@neutron-api.service[87621]: INFO neutron.quota.resource_registry [None req-aaff1a22-8e7e-41c1-ae04-3bfb055c7051 None None] Creating instance of CountableResource for resource:rbac_policy
Aug 09 08:52:31.139094 np0000006824 devstack@neutron-api.service[87621]: WARNING neutron.quota.resource_registry [None req-aaff1a22-8e7e-41c1-ae04-3bfb055c7051 None None] rbac_policy is already registered
Aug 09 08:52:31.139550 np0000006824 devstack@neutron-api.service[87620]: DEBUG neutron.api.extensions [None req-1464a3dc-f7cc-4c7a-b538-156dc0bec993 None None] Extended resource: tags {{(pid=87620) __init__ /opt/stack/neutron/neutron/api/extensions.py:156}}
Aug 09 08:52:31.139550 np0000006824 devstack@neutron-api.service[87620]: DEBUG neutron.api.extensions [None req-1464a3dc-f7cc-4c7a-b538-156dc0bec993 None None] Extended resource: tags {{(pid=87620) __init__ /opt/stack/neutron/neutron/api/extensions.py:156}}
Aug 09 08:52:31.139730 np0000006824 devstack@neutron-api.service[87621]: INFO neutron.quota.resource_registry [None req-aaff1a22-8e7e-41c1-ae04-3bfb055c7051 None None] Creating instance of TrackedResource for resource:security_group
Aug 09 08:52:31.139730 np0000006824 devstack@neutron-api.service[87621]: WARNING neutron.quota.resource_registry [None req-aaff1a22-8e7e-41c1-ae04-3bfb055c7051 None None] security_group is already registered
Aug 09 08:52:31.139730 np0000006824 devstack@neutron-api.service[87621]: INFO neutron.quota.resource_registry [None req-aaff1a22-8e7e-41c1-ae04-3bfb055c7051 None None] Creating instance of TrackedResource for resource:security_group_rule
Aug 09 08:52:31.139924 np0000006824 devstack@neutron-api.service[87620]: DEBUG neutron.api.extensions [None req-1464a3dc-f7cc-4c7a-b538-156dc0bec993 None None] Extended resource: tags {{(pid=87620) __init__ /opt/stack/neutron/neutron/api/extensions.py:156}}
Aug 09 08:52:31.140061 np0000006824 devstack@neutron-api.service[87621]: WARNING neutron.quota.resource_registry [None req-aaff1a22-8e7e-41c1-ae04-3bfb055c7051 None None] security_group_rule is already registered
Aug 09 08:52:31.140061 np0000006824 devstack@neutron-api.service[87621]: DEBUG neutron.api.v2.resource_helper [None req-aaff1a22-8e7e-41c1-ae04-3bfb055c7051 None None] Service CORE assigned prefix: {{(pid=87621) build_resource_info /opt/stack/neutron/neutron/api/v2/resource_helper.py:77}}
Aug 09 08:52:31.140061 np0000006824 devstack@neutron-api.service[87621]: INFO neutron.quota.resource_registry [None req-aaff1a22-8e7e-41c1-ae04-3bfb055c7051 None None] Creating instance of TrackedResource for resource:subnetpool
Aug 09 08:52:31.140061 np0000006824 devstack@neutron-api.service[87621]: WARNING neutron.quota.resource_registry [None req-aaff1a22-8e7e-41c1-ae04-3bfb055c7051 None None] subnetpool is already registered
Aug 09 08:52:31.140061 np0000006824 devstack@neutron-api.service[87621]: DEBUG neutron.api.v2.resource_helper [None req-aaff1a22-8e7e-41c1-ae04-3bfb055c7051 None None] Service CORE assigned prefix: {{(pid=87621) build_resource_info /opt/stack/neutron/neutron/api/v2/resource_helper.py:77}}
Aug 09 08:52:31.140061 np0000006824 devstack@neutron-api.service[87621]: INFO neutron.quota.resource_registry [None req-aaff1a22-8e7e-41c1-ae04-3bfb055c7051 None None] Creating instance of TrackedResource for resource:subnetpool
Aug 09 08:52:31.140061 np0000006824 devstack@neutron-api.service[87621]: WARNING neutron.quota.resource_registry [None req-aaff1a22-8e7e-41c1-ae04-3bfb055c7051 None None] subnetpool is already registered
Aug 09 08:52:31.140061 np0000006824 devstack@neutron-api.service[87621]: DEBUG neutron.api.extensions [None req-aaff1a22-8e7e-41c1-ae04-3bfb055c7051 None None] Extended resource: extensions {{(pid=87621) __init__ /opt/stack/neutron/neutron/api/extensions.py:156}}
Aug 09 08:52:31.140061 np0000006824 devstack@neutron-api.service[87621]: DEBUG neutron.api.extensions [None req-aaff1a22-8e7e-41c1-ae04-3bfb055c7051 None None] Extended resource: address-groups {{(pid=87621) __init__ /opt/stack/neutron/neutron/api/extensions.py:156}}
Aug 09 08:52:31.140741 np0000006824 devstack@neutron-api.service[87621]: DEBUG neutron.api.extensions [None req-aaff1a22-8e7e-41c1-ae04-3bfb055c7051 None None] Extended resource: address-scopes {{(pid=87621) __init__ /opt/stack/neutron/neutron/api/extensions.py:156}}
Aug 09 08:52:31.140741 np0000006824 devstack@neutron-api.service[87621]: DEBUG neutron.api.extensions [None req-aaff1a22-8e7e-41c1-ae04-3bfb055c7051 None None] Extended resource: agents {{(pid=87621) __init__ /opt/stack/neutron/neutron/api/extensions.py:156}}
Aug 09 08:52:31.140741 np0000006824 devstack@neutron-api.service[87621]: DEBUG neutron.api.extensions [None req-aaff1a22-8e7e-41c1-ae04-3bfb055c7051 None None] Extended resource: auto-allocated-topology {{(pid=87621) __init__ /opt/stack/neutron/neutron/api/extensions.py:156}}
Aug 09 08:52:31.140741 np0000006824 devstack@neutron-api.service[87621]: DEBUG neutron.api.extensions [None req-aaff1a22-8e7e-41c1-ae04-3bfb055c7051 None None] Extended resource: availability_zones {{(pid=87621) __init__ /opt/stack/neutron/neutron/api/extensions.py:156}}
Aug 09 08:52:31.140741 np0000006824 devstack@neutron-api.service[87621]: DEBUG neutron.api.extensions [None req-aaff1a22-8e7e-41c1-ae04-3bfb055c7051 None None] Extended resource: dhcp-networks {{(pid=87621) __init__ /opt/stack/neutron/neutron/api/extensions.py:156}}
Aug 09 08:52:31.140741 np0000006824 devstack@neutron-api.service[87621]: DEBUG neutron.api.extensions [None req-aaff1a22-8e7e-41c1-ae04-3bfb055c7051 None None] Extended resource: dhcp-agents {{(pid=87621) __init__ /opt/stack/neutron/neutron/api/extensions.py:156}}
Aug 09 08:52:31.140741 np0000006824 devstack@neutron-api.service[87621]: DEBUG neutron.api.extensions [None req-aaff1a22-8e7e-41c1-ae04-3bfb055c7051 None None] Extended resource: routers {{(pid=87621) __init__ /opt/stack/neutron/neutron/api/extensions.py:156}}
Aug 09 08:52:31.141387 np0000006824 devstack@neutron-api.service[87620]: DEBUG neutron_lib.callbacks.manager [None req-1464a3dc-f7cc-4c7a-b538-156dc0bec993 None None] Publish callbacks ['neutron.plugins.ml2.drivers.ovn.mech_driver.mech_driver.OVNMechanismDriver.pre_fork_initialize-460038'] for process (None), before_spawn {{(pid=87620) _notify_loop /opt/stack/data/venv/lib/python3.12/site-packages/neutron_lib/callbacks/manager.py:184}}
Aug 09 08:52:31.141852 np0000006824 devstack@neutron-api.service[87621]: DEBUG neutron.api.extensions [None req-aaff1a22-8e7e-41c1-ae04-3bfb055c7051 None None] Extended resource: flavors {{(pid=87621) __init__ /opt/stack/neutron/neutron/api/extensions.py:156}}
Aug 09 08:52:31.142500 np0000006824 devstack@neutron-api.service[87620]: DEBUG oslo_concurrency.processutils [None req-1464a3dc-f7cc-4c7a-b538-156dc0bec993 None None] Running cmd (subprocess): ovsdb-client transact ssl:10.4.3.245:6641 --timeout 180 -p /opt/stack/data/CA/int-ca/private/devstack-cert.key -c /opt/stack/data/CA/int-ca/devstack-cert.crt -C /opt/stack/data/CA/int-ca/ca-chain.pem ["OVN_Northbound", {"op": "wait", "timeout": 0, "table": "Port_Group", "where": [["name", "==", "neutron_pg_drop"]], "until": "==", "rows": []}, {"op": "insert", "table": "ACL", "row": {"action": "drop", "direction": "to-lport", "match": "outport == @neutron_pg_drop && ip", "priority": 1000}, "uuid-name": "droptoport"}, {"op": "insert", "table": "ACL", "row": {"action": "drop", "direction": "from-lport", "match": "inport == @neutron_pg_drop && ip", "priority": 1000}, "uuid-name": "dropfromport"}, {"op": "insert", "table": "Port_Group", "row": {"name": "neutron_pg_drop", "acls": ["set", [["named-uuid", "droptoport"], ["named-uuid", "dropfromport"]]]}}] {{(pid=87620) execute /opt/stack/data/venv/lib/python3.12/site-packages/oslo_concurrency/processutils.py:440}}
Aug 09 08:52:31.142999 np0000006824 devstack@neutron-api.service[87621]: DEBUG neutron.api.extensions [None req-aaff1a22-8e7e-41c1-ae04-3bfb055c7051 None None] Extended resource: service_profiles {{(pid=87621) __init__ /opt/stack/neutron/neutron/api/extensions.py:156}}
Aug 09 08:52:31.142999 np0000006824 devstack@neutron-api.service[87621]: DEBUG neutron.api.extensions [None req-aaff1a22-8e7e-41c1-ae04-3bfb055c7051 None None] Extended resource: next_providers {{(pid=87621) __init__ /opt/stack/neutron/neutron/api/extensions.py:156}}
Aug 09 08:52:31.142999 np0000006824 devstack@neutron-api.service[87621]: DEBUG neutron.api.extensions [None req-aaff1a22-8e7e-41c1-ae04-3bfb055c7051 None None] Extended resource: service_profiles {{(pid=87621) __init__ /opt/stack/neutron/neutron/api/extensions.py:156}}
Aug 09 08:52:31.142999 np0000006824 devstack@neutron-api.service[87621]: DEBUG neutron.api.extensions [None req-aaff1a22-8e7e-41c1-ae04-3bfb055c7051 None None] Extended resource: floatingip-pools {{(pid=87621) __init__ /opt/stack/neutron/neutron/api/extensions.py:156}}
Aug 09 08:52:31.142999 np0000006824 devstack@neutron-api.service[87621]: DEBUG neutron.api.extensions [None req-aaff1a22-8e7e-41c1-ae04-3bfb055c7051 None None] Extended resource: routers {{(pid=87621) __init__ /opt/stack/neutron/neutron/api/extensions.py:156}}
Aug 09 08:52:31.142999 np0000006824 devstack@neutron-api.service[87621]: DEBUG neutron.api.extensions [None req-aaff1a22-8e7e-41c1-ae04-3bfb055c7051 None None] Extended resource: floatingips {{(pid=87621) __init__ /opt/stack/neutron/neutron/api/extensions.py:156}}
Aug 09 08:52:31.142999 np0000006824 devstack@neutron-api.service[87621]: DEBUG neutron.api.extensions [None req-aaff1a22-8e7e-41c1-ae04-3bfb055c7051 None None] Extended resource: l3-routers {{(pid=87621) __init__ /opt/stack/neutron/neutron/api/extensions.py:156}}
Aug 09 08:52:31.142999 np0000006824 devstack@neutron-api.service[87621]: DEBUG neutron.api.extensions [None req-aaff1a22-8e7e-41c1-ae04-3bfb055c7051 None None] Extended resource: l3-agents {{(pid=87621) __init__ /opt/stack/neutron/neutron/api/extensions.py:156}}
Aug 09 08:52:31.143557 np0000006824 devstack@neutron-api.service[87621]: DEBUG neutron.api.extensions [None req-aaff1a22-8e7e-41c1-ae04-3bfb055c7051 None None] Extended resource: network-ip-availabilities {{(pid=87621) __init__ /opt/stack/neutron/neutron/api/extensions.py:156}}
Aug 09 08:52:31.143557 np0000006824 devstack@neutron-api.service[87621]: DEBUG neutron.api.extensions [None req-aaff1a22-8e7e-41c1-ae04-3bfb055c7051 None None] Extended resource: network-ip-availabilities {{(pid=87621) __init__ /opt/stack/neutron/neutron/api/extensions.py:156}}
Aug 09 08:52:31.143557 np0000006824 devstack@neutron-api.service[87621]: DEBUG neutron.api.extensions [None req-aaff1a22-8e7e-41c1-ae04-3bfb055c7051 None None] Extended resource: bindings {{(pid=87621) __init__ /opt/stack/neutron/neutron/api/extensions.py:156}}
Aug 09 08:52:31.143557 np0000006824 devstack@neutron-api.service[87621]: DEBUG neutron.api.extensions [None req-aaff1a22-8e7e-41c1-ae04-3bfb055c7051 None None] Extended resource: quotas {{(pid=87621) __init__ /opt/stack/neutron/neutron/api/extensions.py:156}}
Aug 09 08:52:31.143557 np0000006824 devstack@neutron-api.service[87621]: DEBUG neutron.api.extensions [None req-aaff1a22-8e7e-41c1-ae04-3bfb055c7051 None None] Extended resource: quotas {{(pid=87621) __init__ /opt/stack/neutron/neutron/api/extensions.py:156}}
Aug 09 08:52:31.143557 np0000006824 devstack@neutron-api.service[87621]: DEBUG neutron.api.extensions [None req-aaff1a22-8e7e-41c1-ae04-3bfb055c7051 None None] Extended resource: rbac-policies {{(pid=87621) __init__ /opt/stack/neutron/neutron/api/extensions.py:156}}
Aug 09 08:52:31.143557 np0000006824 devstack@neutron-api.service[87621]: DEBUG neutron.api.extensions [None req-aaff1a22-8e7e-41c1-ae04-3bfb055c7051 None None] Extended resource: default-security-group-rules {{(pid=87621) __init__ /opt/stack/neutron/neutron/api/extensions.py:156}}
Aug 09 08:52:31.143557 np0000006824 devstack@neutron-api.service[87621]: DEBUG neutron.api.extensions [None req-aaff1a22-8e7e-41c1-ae04-3bfb055c7051 None None] Extended resource: security-groups-default-statefulness {{(pid=87621) __init__ /opt/stack/neutron/neutron/api/extensions.py:156}}
Aug 09 08:52:31.144130 np0000006824 devstack@neutron-api.service[87621]: DEBUG neutron.api.extensions [None req-aaff1a22-8e7e-41c1-ae04-3bfb055c7051 None None] Extended resource: security-groups {{(pid=87621) __init__ /opt/stack/neutron/neutron/api/extensions.py:156}}
Aug 09 08:52:31.144130 np0000006824 devstack@neutron-api.service[87621]: DEBUG neutron.api.extensions [None req-aaff1a22-8e7e-41c1-ae04-3bfb055c7051 None None] Extended resource: security-group-rules {{(pid=87621) __init__ /opt/stack/neutron/neutron/api/extensions.py:156}}
Aug 09 08:52:31.144130 np0000006824 devstack@neutron-api.service[87621]: DEBUG neutron.api.extensions [None req-aaff1a22-8e7e-41c1-ae04-3bfb055c7051 None None] Extended resource: service-providers {{(pid=87621) __init__ /opt/stack/neutron/neutron/api/extensions.py:156}}
Aug 09 08:52:31.144130 np0000006824 devstack@neutron-api.service[87621]: DEBUG neutron.api.extensions [None req-aaff1a22-8e7e-41c1-ae04-3bfb055c7051 None None] Extended resource: subnetpools {{(pid=87621) __init__ /opt/stack/neutron/neutron/api/extensions.py:156}}
Aug 09 08:52:31.144806 np0000006824 devstack@neutron-api.service[87621]: DEBUG neutron.api.extensions [None req-aaff1a22-8e7e-41c1-ae04-3bfb055c7051 None None] Extended resource: subnetpools {{(pid=87621) __init__ /opt/stack/neutron/neutron/api/extensions.py:156}}
Aug 09 08:52:31.145417 np0000006824 devstack@neutron-api.service[87621]: DEBUG neutron.api.extensions [None req-aaff1a22-8e7e-41c1-ae04-3bfb055c7051 None None] Extended resource: tags {{(pid=87621) __init__ /opt/stack/neutron/neutron/api/extensions.py:156}}
Aug 09 08:52:31.146428 np0000006824 devstack@neutron-api.service[87621]: DEBUG neutron.api.extensions [None req-aaff1a22-8e7e-41c1-ae04-3bfb055c7051 None None] Extended resource: tags {{(pid=87621) __init__ /opt/stack/neutron/neutron/api/extensions.py:156}}
Aug 09 08:52:31.147321 np0000006824 devstack@neutron-api.service[87621]: DEBUG neutron.api.extensions [None req-aaff1a22-8e7e-41c1-ae04-3bfb055c7051 None None] Extended resource: tags {{(pid=87621) __init__ /opt/stack/neutron/neutron/api/extensions.py:156}}
Aug 09 08:52:31.148258 np0000006824 devstack@neutron-api.service[87621]: DEBUG neutron.api.extensions [None req-aaff1a22-8e7e-41c1-ae04-3bfb055c7051 None None] Extended resource: tags {{(pid=87621) __init__ /opt/stack/neutron/neutron/api/extensions.py:156}}
Aug 09 08:52:31.149411 np0000006824 devstack@neutron-api.service[87621]: DEBUG neutron.api.extensions [None req-aaff1a22-8e7e-41c1-ae04-3bfb055c7051 None None] Extended resource: tags {{(pid=87621) __init__ /opt/stack/neutron/neutron/api/extensions.py:156}}
Aug 09 08:52:31.150426 np0000006824 devstack@neutron-api.service[87621]: DEBUG neutron.api.extensions [None req-aaff1a22-8e7e-41c1-ae04-3bfb055c7051 None None] Extended resource: tags {{(pid=87621) __init__ /opt/stack/neutron/neutron/api/extensions.py:156}}
Aug 09 08:52:31.151041 np0000006824 devstack@neutron-api.service[87621]: DEBUG neutron.api.extensions [None req-aaff1a22-8e7e-41c1-ae04-3bfb055c7051 None None] Extended resource: tags {{(pid=87621) __init__ /opt/stack/neutron/neutron/api/extensions.py:156}}
Aug 09 08:52:31.152057 np0000006824 devstack@neutron-api.service[87621]: DEBUG neutron.api.extensions [None req-aaff1a22-8e7e-41c1-ae04-3bfb055c7051 None None] Extended resource: tags {{(pid=87621) __init__ /opt/stack/neutron/neutron/api/extensions.py:156}}
Aug 09 08:52:31.152953 np0000006824 devstack@neutron-api.service[87621]: DEBUG neutron.api.extensions [None req-aaff1a22-8e7e-41c1-ae04-3bfb055c7051 None None] Extended resource: tags {{(pid=87621) __init__ /opt/stack/neutron/neutron/api/extensions.py:156}}
Aug 09 08:52:31.154119 np0000006824 devstack@neutron-api.service[87621]: DEBUG neutron.api.extensions [None req-aaff1a22-8e7e-41c1-ae04-3bfb055c7051 None None] Extended resource: tags {{(pid=87621) __init__ /opt/stack/neutron/neutron/api/extensions.py:156}}
Aug 09 08:52:31.166084 np0000006824 devstack@neutron-api.service[87621]: DEBUG neutron_lib.callbacks.manager [None req-aaff1a22-8e7e-41c1-ae04-3bfb055c7051 None None] Publish callbacks ['neutron.plugins.ml2.drivers.ovn.mech_driver.mech_driver.OVNMechanismDriver.pre_fork_initialize-445396'] for process (None), before_spawn {{(pid=87621) _notify_loop /opt/stack/data/venv/lib/python3.12/site-packages/neutron_lib/callbacks/manager.py:184}}
Aug 09 08:52:31.166719 np0000006824 devstack@neutron-api.service[87621]: DEBUG oslo_concurrency.processutils [None req-aaff1a22-8e7e-41c1-ae04-3bfb055c7051 None None] Running cmd (subprocess): ovsdb-client transact ssl:10.4.3.245:6641 --timeout 180 -p /opt/stack/data/CA/int-ca/private/devstack-cert.key -c /opt/stack/data/CA/int-ca/devstack-cert.crt -C /opt/stack/data/CA/int-ca/ca-chain.pem ["OVN_Northbound", {"op": "wait", "timeout": 0, "table": "Port_Group", "where": [["name", "==", "neutron_pg_drop"]], "until": "==", "rows": []}, {"op": "insert", "table": "ACL", "row": {"action": "drop", "direction": "to-lport", "match": "outport == @neutron_pg_drop && ip", "priority": 1000}, "uuid-name": "droptoport"}, {"op": "insert", "table": "ACL", "row": {"action": "drop", "direction": "from-lport", "match": "inport == @neutron_pg_drop && ip", "priority": 1000}, "uuid-name": "dropfromport"}, {"op": "insert", "table": "Port_Group", "row": {"name": "neutron_pg_drop", "acls": ["set", [["named-uuid", "droptoport"], ["named-uuid", "dropfromport"]]]}}] {{(pid=87621) execute /opt/stack/data/venv/lib/python3.12/site-packages/oslo_concurrency/processutils.py:440}}
Aug 09 08:52:31.233823 np0000006824 devstack@neutron-api.service[87621]: DEBUG oslo_concurrency.processutils [None req-aaff1a22-8e7e-41c1-ae04-3bfb055c7051 None None] CMD "ovsdb-client transact ssl:10.4.3.245:6641 --timeout 180 -p /opt/stack/data/CA/int-ca/private/devstack-cert.key -c /opt/stack/data/CA/int-ca/devstack-cert.crt -C /opt/stack/data/CA/int-ca/ca-chain.pem ["OVN_Northbound", {"op": "wait", "timeout": 0, "table": "Port_Group", "where": [["name", "==", "neutron_pg_drop"]], "until": "==", "rows": []}, {"op": "insert", "table": "ACL", "row": {"action": "drop", "direction": "to-lport", "match": "outport == @neutron_pg_drop && ip", "priority": 1000}, "uuid-name": "droptoport"}, {"op": "insert", "table": "ACL", "row": {"action": "drop", "direction": "from-lport", "match": "inport == @neutron_pg_drop && ip", "priority": 1000}, "uuid-name": "dropfromport"}, {"op": "insert", "table": "Port_Group", "row": {"name": "neutron_pg_drop", "acls": ["set", [["named-uuid", "droptoport"], ["named-uuid", "dropfromport"]]]}}]" returned: 0 in 0.067s {{(pid=87621) execute /opt/stack/data/venv/lib/python3.12/site-packages/oslo_concurrency/processutils.py:468}}
Aug 09 08:52:31.235592 np0000006824 devstack@neutron-api.service[87621]: DEBUG neutron_lib.callbacks.manager [None req-aaff1a22-8e7e-41c1-ae04-3bfb055c7051 None None] Publish callbacks ['neutron.plugins.ml2.drivers.ovn.mech_driver.mech_driver.OVNMechanismDriver.post_fork_initialize-445436', 'neutron.services.pvlan.drivers.ovn.driver._initialize_pvlan_pg_drop-8406103104756', 'neutron.services.ovn_l3.plugin.OVNL3RouterPlugin._post_fork_initialize-2346'] for process (None), after_init {{(pid=87621) _notify_loop /opt/stack/data/venv/lib/python3.12/site-packages/neutron_lib/callbacks/manager.py:184}}
Aug 09 08:52:31.236899 np0000006824 devstack@neutron-api.service[87620]: DEBUG oslo_concurrency.processutils [None req-1464a3dc-f7cc-4c7a-b538-156dc0bec993 None None] CMD "ovsdb-client transact ssl:10.4.3.245:6641 --timeout 180 -p /opt/stack/data/CA/int-ca/private/devstack-cert.key -c /opt/stack/data/CA/int-ca/devstack-cert.crt -C /opt/stack/data/CA/int-ca/ca-chain.pem ["OVN_Northbound", {"op": "wait", "timeout": 0, "table": "Port_Group", "where": [["name", "==", "neutron_pg_drop"]], "until": "==", "rows": []}, {"op": "insert", "table": "ACL", "row": {"action": "drop", "direction": "to-lport", "match": "outport == @neutron_pg_drop && ip", "priority": 1000}, "uuid-name": "droptoport"}, {"op": "insert", "table": "ACL", "row": {"action": "drop", "direction": "from-lport", "match": "inport == @neutron_pg_drop && ip", "priority": 1000}, "uuid-name": "dropfromport"}, {"op": "insert", "table": "Port_Group", "row": {"name": "neutron_pg_drop", "acls": ["set", [["named-uuid", "droptoport"], ["named-uuid", "dropfromport"]]]}}]" returned: 0 in 0.106s {{(pid=87620) execute /opt/stack/data/venv/lib/python3.12/site-packages/oslo_concurrency/processutils.py:468}}
Aug 09 08:52:31.237578 np0000006824 devstack@neutron-api.service[87620]: DEBUG neutron_lib.callbacks.manager [None req-1464a3dc-f7cc-4c7a-b538-156dc0bec993 None None] Publish callbacks ['neutron.plugins.ml2.drivers.ovn.mech_driver.mech_driver.OVNMechanismDriver.post_fork_initialize-460158', 'neutron.services.pvlan.drivers.ovn.driver._initialize_pvlan_pg_drop-8406103101944', 'neutron.services.ovn_l3.plugin.OVNL3RouterPlugin._post_fork_initialize-255722'] for process (None), after_init {{(pid=87620) _notify_loop /opt/stack/data/venv/lib/python3.12/site-packages/neutron_lib/callbacks/manager.py:184}}
Aug 09 08:52:31.238225 np0000006824 devstack@neutron-api.service[87620]: DEBUG oslo_concurrency.lockutils [None req-1464a3dc-f7cc-4c7a-b538-156dc0bec993 None None] Acquiring lock "singleton_lock" {{(pid=87620) lock /opt/stack/data/venv/lib/python3.12/site-packages/oslo_concurrency/lockutils.py:396}}
Aug 09 08:52:31.238302 np0000006824 devstack@neutron-api.service[87621]: DEBUG oslo_concurrency.lockutils [None req-aaff1a22-8e7e-41c1-ae04-3bfb055c7051 None None] Acquiring lock "singleton_lock" {{(pid=87621) lock /opt/stack/data/venv/lib/python3.12/site-packages/oslo_concurrency/lockutils.py:396}}
Aug 09 08:52:31.239239 np0000006824 devstack@neutron-api.service[87621]: DEBUG oslo_concurrency.lockutils [None req-aaff1a22-8e7e-41c1-ae04-3bfb055c7051 None None] Acquired lock "singleton_lock" {{(pid=87621) lock /opt/stack/data/venv/lib/python3.12/site-packages/oslo_concurrency/lockutils.py:399}}
Aug 09 08:52:31.239847 np0000006824 devstack@neutron-api.service[87620]: DEBUG oslo_concurrency.lockutils [None req-1464a3dc-f7cc-4c7a-b538-156dc0bec993 None None] Acquired lock "singleton_lock" {{(pid=87620) lock /opt/stack/data/venv/lib/python3.12/site-packages/oslo_concurrency/lockutils.py:399}}
Aug 09 08:52:31.240182 np0000006824 devstack@neutron-api.service[87620]: DEBUG oslo_concurrency.lockutils [None req-1464a3dc-f7cc-4c7a-b538-156dc0bec993 None None] Releasing lock "singleton_lock" {{(pid=87620) lock /opt/stack/data/venv/lib/python3.12/site-packages/oslo_concurrency/lockutils.py:419}}
Aug 09 08:52:31.240554 np0000006824 devstack@neutron-api.service[87621]: DEBUG oslo_concurrency.lockutils [None req-aaff1a22-8e7e-41c1-ae04-3bfb055c7051 None None] Releasing lock "singleton_lock" {{(pid=87621) lock /opt/stack/data/venv/lib/python3.12/site-packages/oslo_concurrency/lockutils.py:419}}
Aug 09 08:52:31.242813 np0000006824 devstack@neutron-api.service[87620]: DEBUG neutron.plugins.ml2.drivers.ovn.mech_driver.mech_driver [None req-1464a3dc-f7cc-4c7a-b538-156dc0bec993 None None] Hash Ring setup using WSGI start time 2026-08-09 08:52:24+00:00 {{(pid=87620) _init_hash_ring /opt/stack/neutron/neutron/plugins/ml2/drivers/ovn/mech_driver/mech_driver.py:404}}
Aug 09 08:52:31.245249 np0000006824 devstack@neutron-api.service[87621]: DEBUG neutron.plugins.ml2.drivers.ovn.mech_driver.mech_driver [None req-aaff1a22-8e7e-41c1-ae04-3bfb055c7051 None None] Hash Ring setup using WSGI start time 2026-08-09 08:52:24+00:00 {{(pid=87621) _init_hash_ring /opt/stack/neutron/neutron/plugins/ml2/drivers/ovn/mech_driver/mech_driver.py:404}}
Aug 09 08:52:31.256056 np0000006824 devstack@neutron-api.service[87620]: INFO neutron.db.ovn_hash_ring_db [None req-1464a3dc-f7cc-4c7a-b538-156dc0bec993 None None] Nodes from host "np0000006824" and group "mechanism_driver" removed from the Hash Ring created at 2026-08-09 08:52:24+00:00
Aug 09 08:52:31.266671 np0000006824 devstack@neutron-api.service[87620]: INFO neutron.db.ovn_hash_ring_db [None req-1464a3dc-f7cc-4c7a-b538-156dc0bec993 None None] Node b57bb62953f650a8a4e3491b46cca29a from host "np0000006824" and group "mechanism_driver" added to the Hash Ring
Aug 09 08:52:31.271746 np0000006824 devstack@neutron-api.service[87620]: DEBUG neutron.plugins.ml2.drivers.ovn.mech_driver.mech_driver [None req-1464a3dc-f7cc-4c7a-b538-156dc0bec993 None None] Hash Ring setup, this worker has detected 2 OVN hash ring registers in the database {{(pid=87620) _init_hash_ring /opt/stack/neutron/neutron/plugins/ml2/drivers/ovn/mech_driver/mech_driver.py:414}}
Aug 09 08:52:31.275520 np0000006824 devstack@neutron-api.service[87621]: INFO neutron.db.ovn_hash_ring_db [None req-aaff1a22-8e7e-41c1-ae04-3bfb055c7051 None None] Nodes from host "np0000006824" and group "mechanism_driver" removed from the Hash Ring created at 2026-08-09 08:52:24+00:00
Aug 09 08:52:31.277140 np0000006824 devstack@neutron-api.service[87620]: DEBUG neutron.plugins.ml2.drivers.ovn.mech_driver.ovsdb.maintenance [None req-1464a3dc-f7cc-4c7a-b538-156dc0bec993 None None] Periodic task found: HashRingHealthCheckPeriodics.touch_hash_ring_node {{(pid=87620) add_periodics /opt/stack/neutron/neutron/plugins/ml2/drivers/ovn/mech_driver/ovsdb/maintenance.py:148}}
Aug 09 08:52:31.278080 np0000006824 devstack@neutron-api.service[87620]: INFO neutron.plugins.ml2.drivers.ovn.mech_driver.mech_driver [None req-1464a3dc-f7cc-4c7a-b538-156dc0bec993 None None] Hash Ring probing thread for node b57bb62953f650a8a4e3491b46cca29a has started
Aug 09 08:52:31.278753 np0000006824 devstack@neutron-api.service[87620]: INFO neutron.plugins.ml2.drivers.ovn.mech_driver.ovsdb.impl_idl_ovn [None req-1464a3dc-f7cc-4c7a-b538-156dc0bec993 None None] Getting OvsdbNbOvnIdl for WorkerService with retry
Aug 09 08:52:31.281265 np0000006824 devstack@neutron-api.service[87621]: INFO neutron.db.ovn_hash_ring_db [None req-aaff1a22-8e7e-41c1-ae04-3bfb055c7051 None None] Node 8e7176daf91c54f8bdbb29428b1e4f64 from host "np0000006824" and group "mechanism_driver" added to the Hash Ring
Aug 09 08:52:31.287031 np0000006824 devstack@neutron-api.service[87621]: DEBUG neutron.plugins.ml2.drivers.ovn.mech_driver.mech_driver [None req-aaff1a22-8e7e-41c1-ae04-3bfb055c7051 None None] Hash Ring setup, this worker has detected 3 OVN hash ring registers in the database {{(pid=87621) _init_hash_ring /opt/stack/neutron/neutron/plugins/ml2/drivers/ovn/mech_driver/mech_driver.py:414}}
Aug 09 08:52:31.292898 np0000006824 devstack@neutron-api.service[87621]: DEBUG neutron.plugins.ml2.drivers.ovn.mech_driver.ovsdb.maintenance [None req-aaff1a22-8e7e-41c1-ae04-3bfb055c7051 None None] Periodic task found: HashRingHealthCheckPeriodics.touch_hash_ring_node {{(pid=87621) add_periodics /opt/stack/neutron/neutron/plugins/ml2/drivers/ovn/mech_driver/ovsdb/maintenance.py:148}}
Aug 09 08:52:31.294002 np0000006824 devstack@neutron-api.service[87621]: INFO neutron.plugins.ml2.drivers.ovn.mech_driver.mech_driver [None req-aaff1a22-8e7e-41c1-ae04-3bfb055c7051 None None] Hash Ring probing thread for node 8e7176daf91c54f8bdbb29428b1e4f64 has started
Aug 09 08:52:31.295306 np0000006824 devstack@neutron-api.service[87621]: INFO neutron.plugins.ml2.drivers.ovn.mech_driver.ovsdb.impl_idl_ovn [None req-aaff1a22-8e7e-41c1-ae04-3bfb055c7051 None None] Getting OvsdbNbOvnIdl for WorkerService with retry
Aug 09 08:52:31.343648 np0000006824 devstack@neutron-api.service[87621]: DEBUG ovsdbapp.backend.ovs_idl [None req-aaff1a22-8e7e-41c1-ae04-3bfb055c7051 None None] Created lookup_table index Logical_Switch.name {{(pid=87621) autocreate_indices /opt/stack/data/venv/lib/python3.12/site-packages/ovsdbapp/backend/ovs_idl/__init__.py:87}}
Aug 09 08:52:31.343862 np0000006824 devstack@neutron-api.service[87620]: DEBUG ovsdbapp.backend.ovs_idl [None req-1464a3dc-f7cc-4c7a-b538-156dc0bec993 None None] Created lookup_table index Logical_Switch.name {{(pid=87620) autocreate_indices /opt/stack/data/venv/lib/python3.12/site-packages/ovsdbapp/backend/ovs_idl/__init__.py:87}}
Aug 09 08:52:31.345420 np0000006824 devstack@neutron-api.service[87621]: DEBUG ovsdbapp.backend.ovs_idl [None req-aaff1a22-8e7e-41c1-ae04-3bfb055c7051 None None] Created lookup_table index Logical_Router.name {{(pid=87621) autocreate_indices /opt/stack/data/venv/lib/python3.12/site-packages/ovsdbapp/backend/ovs_idl/__init__.py:87}}
Aug 09 08:52:31.345420 np0000006824 devstack@neutron-api.service[87621]: DEBUG ovsdbapp.backend.ovs_idl [None req-aaff1a22-8e7e-41c1-ae04-3bfb055c7051 None None] Created lookup_table index Load_Balancer.name {{(pid=87621) autocreate_indices /opt/stack/data/venv/lib/python3.12/site-packages/ovsdbapp/backend/ovs_idl/__init__.py:87}}
Aug 09 08:52:31.345602 np0000006824 devstack@neutron-api.service[87620]: DEBUG ovsdbapp.backend.ovs_idl [None req-1464a3dc-f7cc-4c7a-b538-156dc0bec993 None None] Created lookup_table index Logical_Router.name {{(pid=87620) autocreate_indices /opt/stack/data/venv/lib/python3.12/site-packages/ovsdbapp/backend/ovs_idl/__init__.py:87}}
Aug 09 08:52:31.345702 np0000006824 devstack@neutron-api.service[87621]: DEBUG ovsdbapp.backend.ovs_idl [None req-aaff1a22-8e7e-41c1-ae04-3bfb055c7051 None None] Created schema index Copp.name {{(pid=87621) autocreate_indices /opt/stack/data/venv/lib/python3.12/site-packages/ovsdbapp/backend/ovs_idl/__init__.py:106}}
Aug 09 08:52:31.345702 np0000006824 devstack@neutron-api.service[87621]: DEBUG ovsdbapp.backend.ovs_idl [None req-aaff1a22-8e7e-41c1-ae04-3bfb055c7051 None None] Created schema index Meter.name {{(pid=87621) autocreate_indices /opt/stack/data/venv/lib/python3.12/site-packages/ovsdbapp/backend/ovs_idl/__init__.py:106}}
Aug 09 08:52:31.345804 np0000006824 devstack@neutron-api.service[87620]: DEBUG ovsdbapp.backend.ovs_idl [None req-1464a3dc-f7cc-4c7a-b538-156dc0bec993 None None] Created lookup_table index Load_Balancer.name {{(pid=87620) autocreate_indices /opt/stack/data/venv/lib/python3.12/site-packages/ovsdbapp/backend/ovs_idl/__init__.py:87}}
Aug 09 08:52:31.346217 np0000006824 devstack@neutron-api.service[87621]: DEBUG ovsdbapp.backend.ovs_idl [None req-aaff1a22-8e7e-41c1-ae04-3bfb055c7051 None None] Created schema index Load_Balancer_Group.name {{(pid=87621) autocreate_indices /opt/stack/data/venv/lib/python3.12/site-packages/ovsdbapp/backend/ovs_idl/__init__.py:106}}
Aug 09 08:52:31.346217 np0000006824 devstack@neutron-api.service[87621]: DEBUG ovsdbapp.backend.ovs_idl [None req-aaff1a22-8e7e-41c1-ae04-3bfb055c7051 None None] Created schema index HA_Chassis_Group.name {{(pid=87621) autocreate_indices /opt/stack/data/venv/lib/python3.12/site-packages/ovsdbapp/backend/ovs_idl/__init__.py:106}}
Aug 09 08:52:31.346347 np0000006824 devstack@neutron-api.service[87620]: DEBUG ovsdbapp.backend.ovs_idl [None req-1464a3dc-f7cc-4c7a-b538-156dc0bec993 None None] Created schema index Copp.name {{(pid=87620) autocreate_indices /opt/stack/data/venv/lib/python3.12/site-packages/ovsdbapp/backend/ovs_idl/__init__.py:106}}
Aug 09 08:52:31.346462 np0000006824 devstack@neutron-api.service[87621]: DEBUG ovsdbapp.backend.ovs_idl [None req-aaff1a22-8e7e-41c1-ae04-3bfb055c7051 None None] Created schema index Address_Set.name {{(pid=87621) autocreate_indices /opt/stack/data/venv/lib/python3.12/site-packages/ovsdbapp/backend/ovs_idl/__init__.py:106}}
Aug 09 08:52:31.346812 np0000006824 devstack@neutron-api.service[87620]: DEBUG ovsdbapp.backend.ovs_idl [None req-1464a3dc-f7cc-4c7a-b538-156dc0bec993 None None] Created schema index Meter.name {{(pid=87620) autocreate_indices /opt/stack/data/venv/lib/python3.12/site-packages/ovsdbapp/backend/ovs_idl/__init__.py:106}}
Aug 09 08:52:31.346916 np0000006824 devstack@neutron-api.service[87621]: DEBUG ovsdbapp.backend.ovs_idl [None req-aaff1a22-8e7e-41c1-ae04-3bfb055c7051 None None] Created schema index Connection.target {{(pid=87621) autocreate_indices /opt/stack/data/venv/lib/python3.12/site-packages/ovsdbapp/backend/ovs_idl/__init__.py:106}}
Aug 09 08:52:31.346916 np0000006824 devstack@neutron-api.service[87621]: DEBUG ovsdbapp.backend.ovs_idl [None req-aaff1a22-8e7e-41c1-ae04-3bfb055c7051 None None] Created schema index Gateway_Chassis.name {{(pid=87621) autocreate_indices /opt/stack/data/venv/lib/python3.12/site-packages/ovsdbapp/backend/ovs_idl/__init__.py:106}}
Aug 09 08:52:31.347173 np0000006824 devstack@neutron-api.service[87620]: DEBUG ovsdbapp.backend.ovs_idl [None req-1464a3dc-f7cc-4c7a-b538-156dc0bec993 None None] Created schema index Load_Balancer_Group.name {{(pid=87620) autocreate_indices /opt/stack/data/venv/lib/python3.12/site-packages/ovsdbapp/backend/ovs_idl/__init__.py:106}}
Aug 09 08:52:31.347334 np0000006824 devstack@neutron-api.service[87621]: DEBUG ovsdbapp.backend.ovs_idl [None req-aaff1a22-8e7e-41c1-ae04-3bfb055c7051 None None] Created schema index Mirror.name {{(pid=87621) autocreate_indices /opt/stack/data/venv/lib/python3.12/site-packages/ovsdbapp/backend/ovs_idl/__init__.py:106}}
Aug 09 08:52:31.347334 np0000006824 devstack@neutron-api.service[87621]: DEBUG ovsdbapp.backend.ovs_idl [None req-aaff1a22-8e7e-41c1-ae04-3bfb055c7051 None None] Created schema index Chassis_Template_Var.chassis {{(pid=87621) autocreate_indices /opt/stack/data/venv/lib/python3.12/site-packages/ovsdbapp/backend/ovs_idl/__init__.py:106}}
Aug 09 08:52:31.347485 np0000006824 devstack@neutron-api.service[87620]: DEBUG ovsdbapp.backend.ovs_idl [None req-1464a3dc-f7cc-4c7a-b538-156dc0bec993 None None] Created schema index HA_Chassis_Group.name {{(pid=87620) autocreate_indices /opt/stack/data/venv/lib/python3.12/site-packages/ovsdbapp/backend/ovs_idl/__init__.py:106}}
Aug 09 08:52:31.347584 np0000006824 devstack@neutron-api.service[87621]: DEBUG ovsdbapp.backend.ovs_idl [None req-aaff1a22-8e7e-41c1-ae04-3bfb055c7051 None None] Created schema index Logical_Router_Port.name {{(pid=87621) autocreate_indices /opt/stack/data/venv/lib/python3.12/site-packages/ovsdbapp/backend/ovs_idl/__init__.py:106}}
Aug 09 08:52:31.347691 np0000006824 devstack@neutron-api.service[87620]: DEBUG ovsdbapp.backend.ovs_idl [None req-1464a3dc-f7cc-4c7a-b538-156dc0bec993 None None] Created schema index Address_Set.name {{(pid=87620) autocreate_indices /opt/stack/data/venv/lib/python3.12/site-packages/ovsdbapp/backend/ovs_idl/__init__.py:106}}
Aug 09 08:52:31.347790 np0000006824 devstack@neutron-api.service[87621]: DEBUG ovsdbapp.backend.ovs_idl [None req-aaff1a22-8e7e-41c1-ae04-3bfb055c7051 None None] Created schema index Port_Group.name {{(pid=87621) autocreate_indices /opt/stack/data/venv/lib/python3.12/site-packages/ovsdbapp/backend/ovs_idl/__init__.py:106}}
Aug 09 08:52:31.347790 np0000006824 devstack@neutron-api.service[87621]: DEBUG ovsdbapp.backend.ovs_idl [None req-aaff1a22-8e7e-41c1-ae04-3bfb055c7051 None None] Created schema index Logical_Switch_Port.name {{(pid=87621) autocreate_indices /opt/stack/data/venv/lib/python3.12/site-packages/ovsdbapp/backend/ovs_idl/__init__.py:106}}
Aug 09 08:52:31.347933 np0000006824 devstack@neutron-api.service[87620]: DEBUG ovsdbapp.backend.ovs_idl [None req-1464a3dc-f7cc-4c7a-b538-156dc0bec993 None None] Created schema index Connection.target {{(pid=87620) autocreate_indices /opt/stack/data/venv/lib/python3.12/site-packages/ovsdbapp/backend/ovs_idl/__init__.py:106}}
Aug 09 08:52:31.347933 np0000006824 devstack@neutron-api.service[87620]: DEBUG ovsdbapp.backend.ovs_idl [None req-1464a3dc-f7cc-4c7a-b538-156dc0bec993 None None] Created schema index Gateway_Chassis.name {{(pid=87620) autocreate_indices /opt/stack/data/venv/lib/python3.12/site-packages/ovsdbapp/backend/ovs_idl/__init__.py:106}}
Aug 09 08:52:31.347933 np0000006824 devstack@neutron-api.service[87620]: DEBUG ovsdbapp.backend.ovs_idl [None req-1464a3dc-f7cc-4c7a-b538-156dc0bec993 None None] Created schema index Mirror.name {{(pid=87620) autocreate_indices /opt/stack/data/venv/lib/python3.12/site-packages/ovsdbapp/backend/ovs_idl/__init__.py:106}}
Aug 09 08:52:31.347933 np0000006824 devstack@neutron-api.service[87620]: DEBUG ovsdbapp.backend.ovs_idl [None req-1464a3dc-f7cc-4c7a-b538-156dc0bec993 None None] Created schema index Chassis_Template_Var.chassis {{(pid=87620) autocreate_indices /opt/stack/data/venv/lib/python3.12/site-packages/ovsdbapp/backend/ovs_idl/__init__.py:106}}
Aug 09 08:52:31.347933 np0000006824 devstack@neutron-api.service[87620]: DEBUG ovsdbapp.backend.ovs_idl [None req-1464a3dc-f7cc-4c7a-b538-156dc0bec993 None None] Created schema index Logical_Router_Port.name {{(pid=87620) autocreate_indices /opt/stack/data/venv/lib/python3.12/site-packages/ovsdbapp/backend/ovs_idl/__init__.py:106}}
Aug 09 08:52:31.347933 np0000006824 devstack@neutron-api.service[87620]: DEBUG ovsdbapp.backend.ovs_idl [None req-1464a3dc-f7cc-4c7a-b538-156dc0bec993 None None] Created schema index Port_Group.name {{(pid=87620) autocreate_indices /opt/stack/data/venv/lib/python3.12/site-packages/ovsdbapp/backend/ovs_idl/__init__.py:106}}
Aug 09 08:52:31.348196 np0000006824 devstack@neutron-api.service[87620]: DEBUG ovsdbapp.backend.ovs_idl [None req-1464a3dc-f7cc-4c7a-b538-156dc0bec993 None None] Created schema index Logical_Switch_Port.name {{(pid=87620) autocreate_indices /opt/stack/data/venv/lib/python3.12/site-packages/ovsdbapp/backend/ovs_idl/__init__.py:106}}
Aug 09 08:52:31.348301 np0000006824 devstack@neutron-api.service[87621]: INFO ovsdbapp.backend.ovs_idl.vlog [None req-aaff1a22-8e7e-41c1-ae04-3bfb055c7051 None None] ssl:10.4.3.245:6641: connecting...
Aug 09 08:52:31.348413 np0000006824 devstack@neutron-api.service[87620]: INFO ovsdbapp.backend.ovs_idl.vlog [None req-1464a3dc-f7cc-4c7a-b538-156dc0bec993 None None] ssl:10.4.3.245:6641: connecting...
Aug 09 08:52:31.352572 np0000006824 devstack@neutron-api.service[87621]: INFO ovsdbapp.backend.ovs_idl.vlog [None req-aaff1a22-8e7e-41c1-ae04-3bfb055c7051 None None] ssl:10.4.3.245:6641: connected
Aug 09 08:52:31.353955 np0000006824 devstack@neutron-api.service[87620]: INFO ovsdbapp.backend.ovs_idl.vlog [None req-1464a3dc-f7cc-4c7a-b538-156dc0bec993 None None] ssl:10.4.3.245:6641: connected
Aug 09 08:52:31.389885 np0000006824 devstack@neutron-api.service[87621]: DEBUG neutron.common.ovn.hash_ring_manager [None req-aaff1a22-8e7e-41c1-ae04-3bfb055c7051 None None] Allow caching, nodes 3>=3 {{(pid=87621) _wait_startup_before_caching /opt/stack/neutron/neutron/common/ovn/hash_ring_manager.py:71}}
Aug 09 08:52:31.397685 np0000006824 devstack@neutron-api.service[87621]: DEBUG neutron.common.ovn.hash_ring_manager [None req-aaff1a22-8e7e-41c1-ae04-3bfb055c7051 None None] Hash Ring loaded. 3 active nodes. 0 offline nodes {{(pid=87621) _load_hash_ring /opt/stack/neutron/neutron/common/ovn/hash_ring_manager.py:110}}
Aug 09 08:52:31.400200 np0000006824 devstack@neutron-api.service[87620]: DEBUG neutron.common.ovn.hash_ring_manager [None req-1464a3dc-f7cc-4c7a-b538-156dc0bec993 None None] Allow caching, nodes 3>=3 {{(pid=87620) _wait_startup_before_caching /opt/stack/neutron/neutron/common/ovn/hash_ring_manager.py:71}}
Aug 09 08:52:31.400503 np0000006824 devstack@neutron-api.service[87621]: DEBUG neutron.plugins.ml2.drivers.ovn.mech_driver.ovsdb.ovsdb_monitor [None req-aaff1a22-8e7e-41c1-ae04-3bfb055c7051 None None] Hash Ring: Node 8e7176daf91c54f8bdbb29428b1e4f64 (host: np0000006824) handling event "create" for row b41bfc67-6fc9-4ac2-b765-dea6188037c9 (table: ACL) {{(pid=87621) notify /opt/stack/neutron/neutron/plugins/ml2/drivers/ovn/mech_driver/ovsdb/ovsdb_monitor.py:1099}}
Aug 09 08:52:31.400503 np0000006824 devstack@neutron-api.service[87621]: DEBUG neutron.plugins.ml2.drivers.ovn.mech_driver.ovsdb.ovsdb_monitor [None req-aaff1a22-8e7e-41c1-ae04-3bfb055c7051 None None] Hash Ring: Node 8e7176daf91c54f8bdbb29428b1e4f64 (host: np0000006824) handling event "create" for row f0bfc07f-5946-4c9e-87c1-61f667db60bf (table: ACL) {{(pid=87621) notify /opt/stack/neutron/neutron/plugins/ml2/drivers/ovn/mech_driver/ovsdb/ovsdb_monitor.py:1099}}
Aug 09 08:52:31.400503 np0000006824 devstack@neutron-api.service[87621]: DEBUG neutron.plugins.ml2.drivers.ovn.mech_driver.ovsdb.ovsdb_monitor [None req-aaff1a22-8e7e-41c1-ae04-3bfb055c7051 None None] Hash Ring: Node 8e7176daf91c54f8bdbb29428b1e4f64 (host: np0000006824) handling event "create" for row 49a354fd-98ea-47a4-99ab-d9961d5382e5 (table: NB_Global) {{(pid=87621) notify /opt/stack/neutron/neutron/plugins/ml2/drivers/ovn/mech_driver/ovsdb/ovsdb_monitor.py:1099}}
Aug 09 08:52:31.400503 np0000006824 devstack@neutron-api.service[87621]: DEBUG neutron.plugins.ml2.drivers.ovn.mech_driver.ovsdb.ovsdb_monitor [None req-aaff1a22-8e7e-41c1-ae04-3bfb055c7051 None None] Hash Ring: Node 8e7176daf91c54f8bdbb29428b1e4f64 (host: np0000006824) handling event "create" for row a913df72-debc-4e8f-a285-5cde7b496da8 (table: Port_Group) {{(pid=87621) notify /opt/stack/neutron/neutron/plugins/ml2/drivers/ovn/mech_driver/ovsdb/ovsdb_monitor.py:1099}}
Aug 09 08:52:31.400503 np0000006824 devstack@neutron-api.service[87621]: INFO neutron.plugins.ml2.drivers.ovn.mech_driver.ovsdb.impl_idl_ovn [None req-aaff1a22-8e7e-41c1-ae04-3bfb055c7051 None None] Getting OvsdbSbOvnIdl for WorkerService with retry
Aug 09 08:52:31.412048 np0000006824 devstack@neutron-api.service[87620]: DEBUG neutron.common.ovn.hash_ring_manager [None req-1464a3dc-f7cc-4c7a-b538-156dc0bec993 None None] Hash Ring loaded. 3 active nodes. 0 offline nodes {{(pid=87620) _load_hash_ring /opt/stack/neutron/neutron/common/ovn/hash_ring_manager.py:110}}
Aug 09 08:52:31.412486 np0000006824 devstack@neutron-api.service[87620]: DEBUG neutron.plugins.ml2.drivers.ovn.mech_driver.ovsdb.ovsdb_monitor [None req-1464a3dc-f7cc-4c7a-b538-156dc0bec993 None None] Hash Ring: Node b57bb62953f650a8a4e3491b46cca29a (host: np0000006824) handling event "create" for row 4fc297e5-fa51-44ce-8420-acb3cd150a79 (table: ACL) {{(pid=87620) notify /opt/stack/neutron/neutron/plugins/ml2/drivers/ovn/mech_driver/ovsdb/ovsdb_monitor.py:1099}}
