Jun 09 06:34:47.376525 np0000002414 devstack@g-api.service[102092]: DEBUG glance_store.location [-] Registering scheme swift+config with {'store': , 'location_class': , 'store_entry': 'swift'} {{(pid=102092) register_scheme_map /opt/stack/data/venv/lib/python3.12/site-packages/glance_store/location.py:146}}
Jun 09 06:34:47.376585 np0000002414 devstack@g-api.service[102092]: DEBUG glance_store.backend [-] Attempting to import store http {{(pid=102092) _load_store /opt/stack/data/venv/lib/python3.12/site-packages/glance_store/backend.py:215}}
Jun 09 06:34:47.376773 np0000002414 devstack@g-api.service[102092]: DEBUG glance_store.capabilities [-] Store glance_store._drivers.http.Store doesn't support updating dynamic storage capabilities. Please overwrite 'update_capabilities' method of the store to implement updating logics if needed. {{(pid=102092) update_capabilities /opt/stack/data/venv/lib/python3.12/site-packages/glance_store/capabilities.py:91}}
Jun 09 06:34:47.376836 np0000002414 devstack@g-api.service[102092]: DEBUG glance_store.backend [-] Registering store http with schemes ('http', 'https') {{(pid=102092) create_stores /opt/stack/data/venv/lib/python3.12/site-packages/glance_store/backend.py:261}}
Jun 09 06:34:47.376894 np0000002414 devstack@g-api.service[102092]: DEBUG glance_store.driver [-] Late loading location class glance_store._drivers.http.StoreLocation {{(pid=102092) get_store_location_class /opt/stack/data/venv/lib/python3.12/site-packages/glance_store/driver.py:134}}
Jun 09 06:34:47.376948 np0000002414 devstack@g-api.service[102092]: DEBUG glance_store.location [-] Registering scheme http with {'store': , 'location_class': , 'store_entry': 'http'} {{(pid=102092) register_scheme_map /opt/stack/data/venv/lib/python3.12/site-packages/glance_store/location.py:146}}
Jun 09 06:34:47.376995 np0000002414 devstack@g-api.service[102092]: DEBUG glance_store.location [-] Registering scheme https with {'store': , 'location_class': , 'store_entry': 'http'} {{(pid=102092) register_scheme_map /opt/stack/data/venv/lib/python3.12/site-packages/glance_store/location.py:146}}
Jun 09 06:34:47.377036 np0000002414 devstack@g-api.service[102092]: DEBUG glance_store.backend [-] Attempting to import store file {{(pid=102092) _load_store /opt/stack/data/venv/lib/python3.12/site-packages/glance_store/backend.py:215}}
Jun 09 06:34:47.377440 np0000002414 devstack@g-api.service[102092]: DEBUG glance_store.capabilities [-] Store glance_store._drivers.filesystem.Store doesn't support updating dynamic storage capabilities. Please overwrite 'update_capabilities' method of the store to implement updating logics if needed. {{(pid=102092) update_capabilities /opt/stack/data/venv/lib/python3.12/site-packages/glance_store/capabilities.py:91}}
Jun 09 06:34:47.377493 np0000002414 devstack@g-api.service[102092]: DEBUG glance_store.backend [-] Registering store file with schemes ('file', 'filesystem') {{(pid=102092) create_stores /opt/stack/data/venv/lib/python3.12/site-packages/glance_store/backend.py:261}}
Jun 09 06:34:47.377546 np0000002414 devstack@g-api.service[102092]: DEBUG glance_store.driver [-] Late loading location class glance_store._drivers.filesystem.StoreLocation {{(pid=102092) get_store_location_class /opt/stack/data/venv/lib/python3.12/site-packages/glance_store/driver.py:134}}
Jun 09 06:34:47.377603 np0000002414 devstack@g-api.service[102092]: DEBUG glance_store.location [-] Registering scheme file with {'store': , 'location_class': , 'store_entry': 'file'} {{(pid=102092) register_scheme_map /opt/stack/data/venv/lib/python3.12/site-packages/glance_store/location.py:146}}
Jun 09 06:34:47.377641 np0000002414 devstack@g-api.service[102092]: DEBUG glance_store.location [-] Registering scheme filesystem with {'store': , 'location_class': , 'store_entry': 'file'} {{(pid=102092) register_scheme_map /opt/stack/data/venv/lib/python3.12/site-packages/glance_store/location.py:146}}
Jun 09 06:34:47.377773 np0000002414 devstack@g-api.service[102092]: DEBUG glance_store.backend [-] Attempting to import store swift {{(pid=102092) _load_store /opt/stack/data/venv/lib/python3.12/site-packages/glance_store/backend.py:215}}
Jun 09 06:34:47.378760 np0000002414 devstack@g-api.service[102092]: DEBUG glance_store.capabilities [-] Store glance_store._drivers.swift.store.SingleTenantStore doesn't support updating dynamic storage capabilities. Please overwrite 'update_capabilities' method of the store to implement updating logics if needed. {{(pid=102092) update_capabilities /opt/stack/data/venv/lib/python3.12/site-packages/glance_store/capabilities.py:91}}
Jun 09 06:34:47.378827 np0000002414 devstack@g-api.service[102092]: DEBUG glance_store.driver [-] Late loading location class glance_store._drivers.swift.store.StoreLocation {{(pid=102092) get_store_location_class /opt/stack/data/venv/lib/python3.12/site-packages/glance_store/driver.py:134}}
Jun 09 06:34:47.378905 np0000002414 devstack@g-api.service[102092]: DEBUG glance_store.location [-] Registering scheme swift+https with {'store': , 'location_class': , 'store_entry': 'swift'} {{(pid=102092) register_scheme_map /opt/stack/data/venv/lib/python3.12/site-packages/glance_store/location.py:146}}
Jun 09 06:34:47.378950 np0000002414 devstack@g-api.service[102092]: DEBUG glance_store.location [-] Registering scheme swift+https with {'store': , 'location_class': , 'store_entry': 'swift'} {{(pid=102092) register_scheme_map /opt/stack/data/venv/lib/python3.12/site-packages/glance_store/location.py:146}}
Jun 09 06:34:47.378986 np0000002414 devstack@g-api.service[102092]: DEBUG glance_store.location [-] Registering scheme swift with {'store': , 'location_class': , 'store_entry': 'swift'} {{(pid=102092) register_scheme_map /opt/stack/data/venv/lib/python3.12/site-packages/glance_store/location.py:146}}
Jun 09 06:34:47.379045 np0000002414 devstack@g-api.service[102092]: DEBUG glance_store.location [-] Registering scheme swift+https with {'store': , 'location_class': , 'store_entry': 'swift'} {{(pid=102092) register_scheme_map /opt/stack/data/venv/lib/python3.12/site-packages/glance_store/location.py:146}}
Jun 09 06:34:47.379080 np0000002414 devstack@g-api.service[102092]: DEBUG glance_store.location [-] Registering scheme swift with {'store': , 'location_class': , 'store_entry': 'swift'} {{(pid=102092) register_scheme_map /opt/stack/data/venv/lib/python3.12/site-packages/glance_store/location.py:146}}
Jun 09 06:34:47.379131 np0000002414 devstack@g-api.service[102092]: DEBUG glance_store.location [-] Registering scheme swift+http with {'store': , 'location_class': , 'store_entry': 'swift'} {{(pid=102092) register_scheme_map /opt/stack/data/venv/lib/python3.12/site-packages/glance_store/location.py:146}}
Jun 09 06:34:47.379182 np0000002414 devstack@g-api.service[102092]: DEBUG glance_store.location [-] Registering scheme swift+https with {'store': , 'location_class': , 'store_entry': 'swift'} {{(pid=102092) register_scheme_map /opt/stack/data/venv/lib/python3.12/site-packages/glance_store/location.py:146}}
Jun 09 06:34:47.379222 np0000002414 devstack@g-api.service[102092]: DEBUG glance_store.location [-] Registering scheme swift with {'store': , 'location_class': , 'store_entry': 'swift'} {{(pid=102092) register_scheme_map /opt/stack/data/venv/lib/python3.12/site-packages/glance_store/location.py:146}}
Jun 09 06:34:47.379270 np0000002414 devstack@g-api.service[102092]: DEBUG glance_store.location [-] Registering scheme swift+http with {'store': , 'location_class': , 'store_entry': 'swift'} {{(pid=102092) register_scheme_map /opt/stack/data/venv/lib/python3.12/site-packages/glance_store/location.py:146}}
Jun 09 06:34:47.379320 np0000002414 devstack@g-api.service[102092]: DEBUG glance_store.location [-] Registering scheme swift+config with {'store': , 'location_class': , 'store_entry': 'swift'} {{(pid=102092) register_scheme_map /opt/stack/data/venv/lib/python3.12/site-packages/glance_store/location.py:146}}
Jun 09 06:34:47.379543 np0000002414 devstack@g-api.service[102092]: DEBUG glance.sqlite_migration [-] SQLite caching database not located, skipping migration {{(pid=102092) get_db_path /opt/stack/glance/glance/sqlite_migration.py:68}}
Jun 09 06:34:47.379733 np0000002414 devstack@g-api.service[102092]: WARNING glance.common.wsgi_app [-] Import methods are enabled but staging directory /tmp/staging/ does not exist; Imports will fail!
Jun 09 06:34:47.581817 np0000002414 devstack@g-api.service[102091]: DEBUG glance.common.config [None req-97a72e9e-be55-4d3a-a5b4-2899cbd7512b None None] Loading glance-api-keystone+cachemanagement from /etc/glance/glance-api-paste.ini {{(pid=102091) load_paste_app /opt/stack/glance/glance/common/config.py:758}}
Jun 09 06:34:47.619406 np0000002414 devstack@g-api.service[102090]: DEBUG glance.common.config [None req-e1a65c1a-a650-4ee6-905a-0e625088d9b4 None None] Loading glance-api-keystone+cachemanagement from /etc/glance/glance-api-paste.ini {{(pid=102090) load_paste_app /opt/stack/glance/glance/common/config.py:758}}
Jun 09 06:34:47.630677 np0000002414 devstack@g-api.service[102092]: DEBUG glance.common.config [None req-64f58aea-afbc-4f5a-b8d1-75bb6d3a63e2 None None] Loading glance-api-keystone+cachemanagement from /etc/glance/glance-api-paste.ini {{(pid=102092) load_paste_app /opt/stack/glance/glance/common/config.py:758}}
Jun 09 06:34:48.135930 np0000002414 devstack@g-api.service[102090]: INFO glance.image_cache [None req-e1a65c1a-a650-4ee6-905a-0e625088d9b4 None None] Image cache loaded driver 'centralized_db'.
Jun 09 06:34:48.137727 np0000002414 devstack@g-api.service[102092]: INFO glance.image_cache [None req-64f58aea-afbc-4f5a-b8d1-75bb6d3a63e2 None None] Image cache loaded driver 'centralized_db'.
Jun 09 06:34:48.139975 np0000002414 devstack@g-api.service[102091]: INFO glance.image_cache [None req-97a72e9e-be55-4d3a-a5b4-2899cbd7512b None None] Image cache loaded driver 'centralized_db'.
Jun 09 06:34:48.179148 np0000002414 devstack@g-api.service[102090]: INFO dbcounter [None req-e1a65c1a-a650-4ee6-905a-0e625088d9b4 None None] Registered counter for database glance
Jun 09 06:34:48.183416 np0000002414 devstack@g-api.service[102091]: INFO dbcounter [None req-97a72e9e-be55-4d3a-a5b4-2899cbd7512b None None] Registered counter for database glance
Jun 09 06:34:48.183492 np0000002414 devstack@g-api.service[102092]: INFO dbcounter [None req-64f58aea-afbc-4f5a-b8d1-75bb6d3a63e2 None None] Registered counter for database glance
Jun 09 06:34:48.219549 np0000002414 devstack@g-api.service[102090]: DEBUG oslo_db.sqlalchemy.engines [None req-e1a65c1a-a650-4ee6-905a-0e625088d9b4 None None] MySQL server mode set to STRICT_TRANS_TABLES,STRICT_ALL_TABLES,NO_ZERO_IN_DATE,NO_ZERO_DATE,ERROR_FOR_DIVISION_BY_ZERO,TRADITIONAL,NO_ENGINE_SUBSTITUTION {{(pid=102090) _check_effective_sql_mode /opt/stack/data/venv/lib/python3.12/site-packages/oslo_db/sqlalchemy/engines.py:325}}
Jun 09 06:34:48.224058 np0000002414 devstack@g-api.service[102091]: DEBUG oslo_db.sqlalchemy.engines [None req-97a72e9e-be55-4d3a-a5b4-2899cbd7512b None None] MySQL server mode set to STRICT_TRANS_TABLES,STRICT_ALL_TABLES,NO_ZERO_IN_DATE,NO_ZERO_DATE,ERROR_FOR_DIVISION_BY_ZERO,TRADITIONAL,NO_ENGINE_SUBSTITUTION {{(pid=102091) _check_effective_sql_mode /opt/stack/data/venv/lib/python3.12/site-packages/oslo_db/sqlalchemy/engines.py:325}}
Jun 09 06:34:48.226452 np0000002414 devstack@g-api.service[102092]: DEBUG oslo_db.sqlalchemy.engines [None req-64f58aea-afbc-4f5a-b8d1-75bb6d3a63e2 None None] MySQL server mode set to STRICT_TRANS_TABLES,STRICT_ALL_TABLES,NO_ZERO_IN_DATE,NO_ZERO_DATE,ERROR_FOR_DIVISION_BY_ZERO,TRADITIONAL,NO_ENGINE_SUBSTITUTION {{(pid=102092) _check_effective_sql_mode /opt/stack/data/venv/lib/python3.12/site-packages/oslo_db/sqlalchemy/engines.py:325}}
Jun 09 06:34:48.239296 np0000002414 devstack@g-api.service[102090]: DEBUG dbcounter [-] [102090] Writer thread running {{(pid=102090) stat_writer /opt/stack/data/venv/lib/python3.12/site-packages/dbcounter.py:102}}
Jun 09 06:34:48.244300 np0000002414 devstack@g-api.service[102091]: DEBUG dbcounter [-] [102091] Writer thread running {{(pid=102091) stat_writer /opt/stack/data/venv/lib/python3.12/site-packages/dbcounter.py:102}}
Jun 09 06:34:48.246458 np0000002414 devstack@g-api.service[102092]: DEBUG dbcounter [-] [102092] Writer thread running {{(pid=102092) stat_writer /opt/stack/data/venv/lib/python3.12/site-packages/dbcounter.py:102}}
Jun 09 06:34:48.246517 np0000002414 devstack@g-api.service[102091]: DEBUG glance.image_cache.drivers.centralized_db [None req-97a72e9e-be55-4d3a-a5b4-2899cbd7512b None None] Node reference is already recorded, ignoring it {{(pid=102091) configure /opt/stack/glance/glance/image_cache/drivers/centralized_db.py:71}}
Jun 09 06:34:48.248471 np0000002414 devstack@g-api.service[102090]: INFO glance.image_cache [None req-e1a65c1a-a650-4ee6-905a-0e625088d9b4 None None] Image cache loaded driver 'centralized_db'.
Jun 09 06:34:48.248692 np0000002414 devstack@g-api.service[102092]: DEBUG glance.image_cache.drivers.centralized_db [None req-64f58aea-afbc-4f5a-b8d1-75bb6d3a63e2 None None] Node reference is already recorded, ignoring it {{(pid=102092) configure /opt/stack/glance/glance/image_cache/drivers/centralized_db.py:71}}
Jun 09 06:34:48.251128 np0000002414 devstack@g-api.service[102091]: INFO glance.image_cache [None req-97a72e9e-be55-4d3a-a5b4-2899cbd7512b None None] Image cache loaded driver 'centralized_db'.
Jun 09 06:34:48.253561 np0000002414 devstack@g-api.service[102092]: INFO glance.image_cache [None req-64f58aea-afbc-4f5a-b8d1-75bb6d3a63e2 None None] Image cache loaded driver 'centralized_db'.
Jun 09 06:34:48.254557 np0000002414 devstack@g-api.service[102090]: DEBUG glance.image_cache.drivers.centralized_db [None req-e1a65c1a-a650-4ee6-905a-0e625088d9b4 None None] Node reference is already recorded, ignoring it {{(pid=102090) configure /opt/stack/glance/glance/image_cache/drivers/centralized_db.py:71}}
Jun 09 06:34:48.257359 np0000002414 devstack@g-api.service[102091]: DEBUG glance.image_cache.drivers.centralized_db [None req-97a72e9e-be55-4d3a-a5b4-2899cbd7512b None None] Node reference is already recorded, ignoring it {{(pid=102091) configure /opt/stack/glance/glance/image_cache/drivers/centralized_db.py:71}}
Jun 09 06:34:48.258637 np0000002414 devstack@g-api.service[102090]: DEBUG glance.api.v2.cached_images [None req-e1a65c1a-a650-4ee6-905a-0e625088d9b4 None None] Started cache worker thread {{(pid=102090) __init__ /opt/stack/glance/glance/api/v2/cached_images.py:69}}
Jun 09 06:34:48.259233 np0000002414 devstack@g-api.service[102090]: INFO glance.image_cache [None req-e1a65c1a-a650-4ee6-905a-0e625088d9b4 None None] Image cache loaded driver 'centralized_db'.
Jun 09 06:34:48.259706 np0000002414 devstack@g-api.service[102092]: DEBUG glance.image_cache.drivers.centralized_db [None req-64f58aea-afbc-4f5a-b8d1-75bb6d3a63e2 None None] Node reference is already recorded, ignoring it {{(pid=102092) configure /opt/stack/glance/glance/image_cache/drivers/centralized_db.py:71}}
Jun 09 06:34:48.261435 np0000002414 devstack@g-api.service[102091]: DEBUG glance.api.v2.cached_images [None req-97a72e9e-be55-4d3a-a5b4-2899cbd7512b None None] Started cache worker thread {{(pid=102091) __init__ /opt/stack/glance/glance/api/v2/cached_images.py:69}}
Jun 09 06:34:48.261960 np0000002414 devstack@g-api.service[102091]: INFO glance.image_cache [None req-97a72e9e-be55-4d3a-a5b4-2899cbd7512b None None] Image cache loaded driver 'centralized_db'.
Jun 09 06:34:48.263924 np0000002414 devstack@g-api.service[102092]: DEBUG glance.api.v2.cached_images [None req-64f58aea-afbc-4f5a-b8d1-75bb6d3a63e2 None None] Started cache worker thread {{(pid=102092) __init__ /opt/stack/glance/glance/api/v2/cached_images.py:69}}
Jun 09 06:34:48.264429 np0000002414 devstack@g-api.service[102092]: INFO glance.image_cache [None req-64f58aea-afbc-4f5a-b8d1-75bb6d3a63e2 None None] Image cache loaded driver 'centralized_db'.
Jun 09 06:34:48.265723 np0000002414 devstack@g-api.service[102090]: DEBUG glance.image_cache.drivers.centralized_db [None req-e1a65c1a-a650-4ee6-905a-0e625088d9b4 None None] Node reference is already recorded, ignoring it {{(pid=102090) configure /opt/stack/glance/glance/image_cache/drivers/centralized_db.py:71}}
Jun 09 06:34:48.267722 np0000002414 devstack@g-api.service[102091]: DEBUG glance.image_cache.drivers.centralized_db [None req-97a72e9e-be55-4d3a-a5b4-2899cbd7512b None None] Node reference is already recorded, ignoring it {{(pid=102091) configure /opt/stack/glance/glance/image_cache/drivers/centralized_db.py:71}}
Jun 09 06:34:48.269655 np0000002414 devstack@g-api.service[102090]: INFO glance.api.middleware.cache_manage [None req-e1a65c1a-a650-4ee6-905a-0e625088d9b4 None None] Initialized image cache management middleware
Jun 09 06:34:48.269811 np0000002414 devstack@g-api.service[102090]: INFO glance.image_cache [None req-e1a65c1a-a650-4ee6-905a-0e625088d9b4 None None] Image cache loaded driver 'centralized_db'.
Jun 09 06:34:48.271691 np0000002414 devstack@g-api.service[102092]: DEBUG glance.image_cache.drivers.centralized_db [None req-64f58aea-afbc-4f5a-b8d1-75bb6d3a63e2 None None] Node reference is already recorded, ignoring it {{(pid=102092) configure /opt/stack/glance/glance/image_cache/drivers/centralized_db.py:71}}
Jun 09 06:34:48.271745 np0000002414 devstack@g-api.service[102091]: INFO glance.api.middleware.cache_manage [None req-97a72e9e-be55-4d3a-a5b4-2899cbd7512b None None] Initialized image cache management middleware
Jun 09 06:34:48.271883 np0000002414 devstack@g-api.service[102091]: INFO glance.image_cache [None req-97a72e9e-be55-4d3a-a5b4-2899cbd7512b None None] Image cache loaded driver 'centralized_db'.
Jun 09 06:34:48.275683 np0000002414 devstack@g-api.service[102092]: INFO glance.api.middleware.cache_manage [None req-64f58aea-afbc-4f5a-b8d1-75bb6d3a63e2 None None] Initialized image cache management middleware
Jun 09 06:34:48.275847 np0000002414 devstack@g-api.service[102092]: INFO glance.image_cache [None req-64f58aea-afbc-4f5a-b8d1-75bb6d3a63e2 None None] Image cache loaded driver 'centralized_db'.
Jun 09 06:34:48.276613 np0000002414 devstack@g-api.service[102090]: DEBUG glance.image_cache.drivers.centralized_db [None req-e1a65c1a-a650-4ee6-905a-0e625088d9b4 None None] Node reference is already recorded, ignoring it {{(pid=102090) configure /opt/stack/glance/glance/image_cache/drivers/centralized_db.py:71}}
Jun 09 06:34:48.277404 np0000002414 devstack@g-api.service[102091]: DEBUG glance.image_cache.drivers.centralized_db [None req-97a72e9e-be55-4d3a-a5b4-2899cbd7512b None None] Node reference is already recorded, ignoring it {{(pid=102091) configure /opt/stack/glance/glance/image_cache/drivers/centralized_db.py:71}}
Jun 09 06:34:48.279732 np0000002414 devstack@g-api.service[102090]: INFO glance.api.middleware.cache [None req-e1a65c1a-a650-4ee6-905a-0e625088d9b4 None None] Initialized image cache middleware
Jun 09 06:34:48.280758 np0000002414 devstack@g-api.service[102091]: INFO glance.api.middleware.cache [None req-97a72e9e-be55-4d3a-a5b4-2899cbd7512b None None] Initialized image cache middleware
Jun 09 06:34:48.281979 np0000002414 devstack@g-api.service[102092]: DEBUG glance.image_cache.drivers.centralized_db [None req-64f58aea-afbc-4f5a-b8d1-75bb6d3a63e2 None None] Node reference is already recorded, ignoring it {{(pid=102092) configure /opt/stack/glance/glance/image_cache/drivers/centralized_db.py:71}}
Jun 09 06:34:48.286101 np0000002414 devstack@g-api.service[102092]: INFO glance.api.middleware.cache [None req-64f58aea-afbc-4f5a-b8d1-75bb6d3a63e2 None None] Initialized image cache middleware
Jun 09 06:34:48.371497 np0000002414 devstack@g-api.service[102090]: DEBUG glance.common.config [None req-e1a65c1a-a650-4ee6-905a-0e625088d9b4 None None] ******************************************************************************** {{(pid=102090) log_opt_values /opt/stack/data/venv/lib/python3.12/site-packages/oslo_config/cfg.py:3229}}
Jun 09 06:34:48.371574 np0000002414 devstack@g-api.service[102090]: DEBUG glance.common.config [None req-e1a65c1a-a650-4ee6-905a-0e625088d9b4 None None] Configuration options gathered from: {{(pid=102090) log_opt_values /opt/stack/data/venv/lib/python3.12/site-packages/oslo_config/cfg.py:3230}}
Jun 09 06:34:48.371957 np0000002414 devstack@g-api.service[102090]: DEBUG glance.common.config [None req-e1a65c1a-a650-4ee6-905a-0e625088d9b4 None None] command line args: [] {{(pid=102090) log_opt_values /opt/stack/data/venv/lib/python3.12/site-packages/oslo_config/cfg.py:3231}}
Jun 09 06:34:48.372084 np0000002414 devstack@g-api.service[102090]: DEBUG glance.common.config [None req-e1a65c1a-a650-4ee6-905a-0e625088d9b4 None None] config files: ['/etc/glance/glance-image-import.conf', '/etc/glance/glance-api.conf'] {{(pid=102090) log_opt_values /opt/stack/data/venv/lib/python3.12/site-packages/oslo_config/cfg.py:3232}}
Jun 09 06:34:48.372151 np0000002414 devstack@g-api.service[102090]: DEBUG glance.common.config [None req-e1a65c1a-a650-4ee6-905a-0e625088d9b4 None None] ================================================================================ {{(pid=102090) log_opt_values /opt/stack/data/venv/lib/python3.12/site-packages/oslo_config/cfg.py:3237}}
Jun 09 06:34:48.372382 np0000002414 devstack@g-api.service[102090]: DEBUG glance.common.config [None req-e1a65c1a-a650-4ee6-905a-0e625088d9b4 None None] allow_anonymous_access = False {{(pid=102090) log_opt_values /opt/stack/data/venv/lib/python3.12/site-packages/oslo_config/cfg.py:3245}}
Jun 09 06:34:48.372475 np0000002414 devstack@g-api.service[102090]: DEBUG glance.common.config [None req-e1a65c1a-a650-4ee6-905a-0e625088d9b4 None None] api_limit_max = 1000 {{(pid=102090) log_opt_values /opt/stack/data/venv/lib/python3.12/site-packages/oslo_config/cfg.py:3245}}
Jun 09 06:34:48.372571 np0000002414 devstack@g-api.service[102090]: DEBUG glance.common.config [None req-e1a65c1a-a650-4ee6-905a-0e625088d9b4 None None] backlog = 4096 {{(pid=102090) log_opt_values /opt/stack/data/venv/lib/python3.12/site-packages/oslo_config/cfg.py:3245}}
Jun 09 06:34:48.372686 np0000002414 devstack@g-api.service[102090]: DEBUG glance.common.config [None req-e1a65c1a-a650-4ee6-905a-0e625088d9b4 None None] bind_host = 0.0.0.0 {{(pid=102090) log_opt_values /opt/stack/data/venv/lib/python3.12/site-packages/oslo_config/cfg.py:3245}}
Jun 09 06:34:48.372814 np0000002414 devstack@g-api.service[102090]: DEBUG glance.common.config [None req-e1a65c1a-a650-4ee6-905a-0e625088d9b4 None None] bind_port = 19292 {{(pid=102090) log_opt_values /opt/stack/data/venv/lib/python3.12/site-packages/oslo_config/cfg.py:3245}}
Jun 09 06:34:48.372912 np0000002414 devstack@g-api.service[102090]: DEBUG glance.common.config [None req-e1a65c1a-a650-4ee6-905a-0e625088d9b4 None None] client_socket_timeout = 900 {{(pid=102090) log_opt_values /opt/stack/data/venv/lib/python3.12/site-packages/oslo_config/cfg.py:3245}}
Jun 09 06:34:48.373007 np0000002414 devstack@g-api.service[102090]: DEBUG glance.common.config [None req-e1a65c1a-a650-4ee6-905a-0e625088d9b4 None None] config_dir = [] {{(pid=102090) log_opt_values /opt/stack/data/venv/lib/python3.12/site-packages/oslo_config/cfg.py:3245}}
Jun 09 06:34:48.373076 np0000002414 devstack@g-api.service[102090]: DEBUG glance.common.config [None req-e1a65c1a-a650-4ee6-905a-0e625088d9b4 None None] config_file = ['/etc/glance/glance-image-import.conf', '/etc/glance/glance-api.conf'] {{(pid=102090) log_opt_values /opt/stack/data/venv/lib/python3.12/site-packages/oslo_config/cfg.py:3245}}
Jun 09 06:34:48.373167 np0000002414 devstack@g-api.service[102090]: DEBUG glance.common.config [None req-e1a65c1a-a650-4ee6-905a-0e625088d9b4 None None] config_source = [] {{(pid=102090) log_opt_values /opt/stack/data/venv/lib/python3.12/site-packages/oslo_config/cfg.py:3245}}
Jun 09 06:34:48.373263 np0000002414 devstack@g-api.service[102090]: DEBUG glance.common.config [None req-e1a65c1a-a650-4ee6-905a-0e625088d9b4 None None] control_exchange = glance {{(pid=102090) log_opt_values /opt/stack/data/venv/lib/python3.12/site-packages/oslo_config/cfg.py:3245}}
Jun 09 06:34:48.373330 np0000002414 devstack@g-api.service[102090]: DEBUG glance.common.config [None req-e1a65c1a-a650-4ee6-905a-0e625088d9b4 None None] debug = True {{(pid=102090) log_opt_values /opt/stack/data/venv/lib/python3.12/site-packages/oslo_config/cfg.py:3245}}
Jun 09 06:34:48.373483 np0000002414 devstack@g-api.service[102090]: DEBUG glance.common.config [None req-e1a65c1a-a650-4ee6-905a-0e625088d9b4 None None] default_log_levels = ['amqp=WARN', 'boto=WARN', 'sqlalchemy=WARN', 'suds=INFO', 'oslo.messaging=INFO', 'oslo_messaging=INFO', 'iso8601=WARN', 'requests.packages.urllib3.connectionpool=WARN', 'urllib3.connectionpool=WARN', 'websocket=WARN', 'requests.packages.urllib3.util.retry=WARN', 'urllib3.util.retry=WARN', 'keystonemiddleware=WARN', 'routes.middleware=WARN', 'stevedore=WARN', 'taskflow=WARN', 'keystoneauth=WARN', 'oslo.cache=INFO', 'oslo_policy=INFO', 'dogpile.core.dogpile=INFO'] {{(pid=102090) log_opt_values /opt/stack/data/venv/lib/python3.12/site-packages/oslo_config/cfg.py:3245}}
Jun 09 06:34:48.373568 np0000002414 devstack@g-api.service[102090]: DEBUG glance.common.config [None req-e1a65c1a-a650-4ee6-905a-0e625088d9b4 None None] default_publisher_id = image.localhost {{(pid=102090) log_opt_values /opt/stack/data/venv/lib/python3.12/site-packages/oslo_config/cfg.py:3245}}
Jun 09 06:34:48.373653 np0000002414 devstack@g-api.service[102090]: DEBUG glance.common.config [None req-e1a65c1a-a650-4ee6-905a-0e625088d9b4 None None] delayed_delete = False {{(pid=102090) log_opt_values /opt/stack/data/venv/lib/python3.12/site-packages/oslo_config/cfg.py:3245}}
Jun 09 06:34:48.373743 np0000002414 devstack@g-api.service[102090]: DEBUG glance.common.config [None req-e1a65c1a-a650-4ee6-905a-0e625088d9b4 None None] digest_algorithm = sha256 {{(pid=102090) log_opt_values /opt/stack/data/venv/lib/python3.12/site-packages/oslo_config/cfg.py:3245}}
Jun 09 06:34:48.373856 np0000002414 devstack@g-api.service[102090]: DEBUG glance.common.config [None req-e1a65c1a-a650-4ee6-905a-0e625088d9b4 None None] disabled_notifications = [] {{(pid=102090) log_opt_values /opt/stack/data/venv/lib/python3.12/site-packages/oslo_config/cfg.py:3245}}
Jun 09 06:34:48.373945 np0000002414 devstack@g-api.service[102090]: DEBUG glance.common.config [None req-e1a65c1a-a650-4ee6-905a-0e625088d9b4 None None] do_secure_hash = True {{(pid=102090) log_opt_values /opt/stack/data/venv/lib/python3.12/site-packages/oslo_config/cfg.py:3245}}
Jun 09 06:34:48.374034 np0000002414 devstack@g-api.service[102090]: DEBUG glance.common.config [None req-e1a65c1a-a650-4ee6-905a-0e625088d9b4 None None] enabled_backends = None {{(pid=102090) log_opt_values /opt/stack/data/venv/lib/python3.12/site-packages/oslo_config/cfg.py:3245}}
Jun 09 06:34:48.374138 np0000002414 devstack@g-api.service[102090]: DEBUG glance.common.config [None req-e1a65c1a-a650-4ee6-905a-0e625088d9b4 None None] enabled_import_methods = ['glance-direct', 'web-download', 'copy-image'] {{(pid=102090) log_opt_values /opt/stack/data/venv/lib/python3.12/site-packages/oslo_config/cfg.py:3245}}
Jun 09 06:34:48.374222 np0000002414 devstack@g-api.service[102090]: DEBUG glance.common.config [None req-e1a65c1a-a650-4ee6-905a-0e625088d9b4 None None] fatal_deprecations = False {{(pid=102090) log_opt_values /opt/stack/data/venv/lib/python3.12/site-packages/oslo_config/cfg.py:3245}}
Jun 09 06:34:48.374314 np0000002414 devstack@g-api.service[102090]: DEBUG glance.common.config [None req-e1a65c1a-a650-4ee6-905a-0e625088d9b4 None None] hashing_algorithm = sha512 {{(pid=102090) log_opt_values /opt/stack/data/venv/lib/python3.12/site-packages/oslo_config/cfg.py:3245}}
Jun 09 06:34:48.374403 np0000002414 devstack@g-api.service[102090]: DEBUG glance.common.config [None req-e1a65c1a-a650-4ee6-905a-0e625088d9b4 None None] http_keepalive = True {{(pid=102090) log_opt_values /opt/stack/data/venv/lib/python3.12/site-packages/oslo_config/cfg.py:3245}}
Jun 09 06:34:48.374483 np0000002414 devstack@g-api.service[102090]: DEBUG glance.common.config [None req-e1a65c1a-a650-4ee6-905a-0e625088d9b4 None None] http_retries = 3 {{(pid=102090) log_opt_values /opt/stack/data/venv/lib/python3.12/site-packages/oslo_config/cfg.py:3245}}
Jun 09 06:34:48.374621 np0000002414 devstack@g-api.service[102090]: DEBUG glance.common.config [None req-e1a65c1a-a650-4ee6-905a-0e625088d9b4 None None] image_cache_dir = /opt/stack/data/glance/cache/ {{(pid=102090) log_opt_values /opt/stack/data/venv/lib/python3.12/site-packages/oslo_config/cfg.py:3245}}
Jun 09 06:34:48.374726 np0000002414 devstack@g-api.service[102090]: DEBUG glance.common.config [None req-e1a65c1a-a650-4ee6-905a-0e625088d9b4 None None] image_cache_driver = centralized_db {{(pid=102090) log_opt_values /opt/stack/data/venv/lib/python3.12/site-packages/oslo_config/cfg.py:3245}}
Jun 09 06:34:48.374839 np0000002414 devstack@g-api.service[102090]: DEBUG glance.common.config [None req-e1a65c1a-a650-4ee6-905a-0e625088d9b4 None None] image_cache_max_size = 10737418240 {{(pid=102090) log_opt_values /opt/stack/data/venv/lib/python3.12/site-packages/oslo_config/cfg.py:3245}}
Jun 09 06:34:48.374936 np0000002414 devstack@g-api.service[102090]: DEBUG glance.common.config [None req-e1a65c1a-a650-4ee6-905a-0e625088d9b4 None None] image_cache_sqlite_db = cache.db {{(pid=102090) log_opt_values /opt/stack/data/venv/lib/python3.12/site-packages/oslo_config/cfg.py:3245}}
Jun 09 06:34:48.375029 np0000002414 devstack@g-api.service[102090]: DEBUG glance.common.config [None req-e1a65c1a-a650-4ee6-905a-0e625088d9b4 None None] image_cache_stall_time = 86400 {{(pid=102090) log_opt_values /opt/stack/data/venv/lib/python3.12/site-packages/oslo_config/cfg.py:3245}}
Jun 09 06:34:48.375116 np0000002414 devstack@g-api.service[102090]: DEBUG glance.common.config [None req-e1a65c1a-a650-4ee6-905a-0e625088d9b4 None None] image_location_quota = 10 {{(pid=102090) log_opt_values /opt/stack/data/venv/lib/python3.12/site-packages/oslo_config/cfg.py:3245}}
Jun 09 06:34:48.375202 np0000002414 devstack@g-api.service[102090]: DEBUG glance.common.config [None req-e1a65c1a-a650-4ee6-905a-0e625088d9b4 None None] image_member_quota = 128 {{(pid=102090) log_opt_values /opt/stack/data/venv/lib/python3.12/site-packages/oslo_config/cfg.py:3245}}
Jun 09 06:34:48.375293 np0000002414 devstack@g-api.service[102090]: DEBUG glance.common.config [None req-e1a65c1a-a650-4ee6-905a-0e625088d9b4 None None] image_property_quota = 128 {{(pid=102090) log_opt_values /opt/stack/data/venv/lib/python3.12/site-packages/oslo_config/cfg.py:3245}}
Jun 09 06:34:48.375377 np0000002414 devstack@g-api.service[102090]: DEBUG glance.common.config [None req-e1a65c1a-a650-4ee6-905a-0e625088d9b4 None None] image_size_cap = 1099511627776 {{(pid=102090) log_opt_values /opt/stack/data/venv/lib/python3.12/site-packages/oslo_config/cfg.py:3245}}
Jun 09 06:34:48.375462 np0000002414 devstack@g-api.service[102090]: DEBUG glance.common.config [None req-e1a65c1a-a650-4ee6-905a-0e625088d9b4 None None] image_tag_quota = 128 {{(pid=102090) log_opt_values /opt/stack/data/venv/lib/python3.12/site-packages/oslo_config/cfg.py:3245}}
Jun 09 06:34:48.375577 np0000002414 devstack@g-api.service[102090]: DEBUG glance.common.config [None req-e1a65c1a-a650-4ee6-905a-0e625088d9b4 None None] instance_format = [instance: %(uuid)s] {{(pid=102090) log_opt_values /opt/stack/data/venv/lib/python3.12/site-packages/oslo_config/cfg.py:3245}}
Jun 09 06:34:48.375659 np0000002414 devstack@g-api.service[102090]: DEBUG glance.common.config [None req-e1a65c1a-a650-4ee6-905a-0e625088d9b4 None None] instance_uuid_format = [instance: %(uuid)s] {{(pid=102090) log_opt_values /opt/stack/data/venv/lib/python3.12/site-packages/oslo_config/cfg.py:3245}}
Jun 09 06:34:48.375746 np0000002414 devstack@g-api.service[102090]: DEBUG glance.common.config [None req-e1a65c1a-a650-4ee6-905a-0e625088d9b4 None None] limit_param_default = 25 {{(pid=102090) log_opt_values /opt/stack/data/venv/lib/python3.12/site-packages/oslo_config/cfg.py:3245}}
Jun 09 06:34:48.375870 np0000002414 devstack@g-api.service[102090]: DEBUG glance.common.config [None req-e1a65c1a-a650-4ee6-905a-0e625088d9b4 None None] log_color = False {{(pid=102090) log_opt_values /opt/stack/data/venv/lib/python3.12/site-packages/oslo_config/cfg.py:3245}}
Jun 09 06:34:48.375961 np0000002414 devstack@g-api.service[102090]: DEBUG glance.common.config [None req-e1a65c1a-a650-4ee6-905a-0e625088d9b4 None None] log_config_append = None {{(pid=102090) log_opt_values /opt/stack/data/venv/lib/python3.12/site-packages/oslo_config/cfg.py:3245}}
Jun 09 06:34:48.376052 np0000002414 devstack@g-api.service[102090]: DEBUG glance.common.config [None req-e1a65c1a-a650-4ee6-905a-0e625088d9b4 None None] log_date_format = %Y-%m-%d %H:%M:%S {{(pid=102090) log_opt_values /opt/stack/data/venv/lib/python3.12/site-packages/oslo_config/cfg.py:3245}}
Jun 09 06:34:48.376140 np0000002414 devstack@g-api.service[102090]: DEBUG glance.common.config [None req-e1a65c1a-a650-4ee6-905a-0e625088d9b4 None None] log_dir = None {{(pid=102090) log_opt_values /opt/stack/data/venv/lib/python3.12/site-packages/oslo_config/cfg.py:3245}}
Jun 09 06:34:48.376225 np0000002414 devstack@g-api.service[102090]: DEBUG glance.common.config [None req-e1a65c1a-a650-4ee6-905a-0e625088d9b4 None None] log_file = None {{(pid=102090) log_opt_values /opt/stack/data/venv/lib/python3.12/site-packages/oslo_config/cfg.py:3245}}
Jun 09 06:34:48.376310 np0000002414 devstack@g-api.service[102090]: DEBUG glance.common.config [None req-e1a65c1a-a650-4ee6-905a-0e625088d9b4 None None] log_rotate_interval = 1 {{(pid=102090) log_opt_values /opt/stack/data/venv/lib/python3.12/site-packages/oslo_config/cfg.py:3245}}
Jun 09 06:34:48.376404 np0000002414 devstack@g-api.service[102090]: DEBUG glance.common.config [None req-e1a65c1a-a650-4ee6-905a-0e625088d9b4 None None] log_rotate_interval_type = days {{(pid=102090) log_opt_values /opt/stack/data/venv/lib/python3.12/site-packages/oslo_config/cfg.py:3245}}
Jun 09 06:34:48.376541 np0000002414 devstack@g-api.service[102090]: DEBUG glance.common.config [None req-e1a65c1a-a650-4ee6-905a-0e625088d9b4 None None] log_rotation_type = none {{(pid=102090) log_opt_values /opt/stack/data/venv/lib/python3.12/site-packages/oslo_config/cfg.py:3245}}
Jun 09 06:34:48.376541 np0000002414 devstack@g-api.service[102090]: DEBUG glance.common.config [None req-e1a65c1a-a650-4ee6-905a-0e625088d9b4 None None] logging_context_format_string = %(color)s%(levelname)s %(name)s [%(global_request_id)s %(request_id)s %(project_name)s %(user_name)s%(color)s] %(instance)s%(color)s%(message)s {{(pid=102090) log_opt_values /opt/stack/data/venv/lib/python3.12/site-packages/oslo_config/cfg.py:3245}}
Jun 09 06:34:48.376633 np0000002414 devstack@g-api.service[102090]: DEBUG glance.common.config [None req-e1a65c1a-a650-4ee6-905a-0e625088d9b4 None None] logging_debug_format_suffix = {{(pid=%(process)d) %(funcName)s %(pathname)s:%(lineno)d}} {{(pid=102090) log_opt_values /opt/stack/data/venv/lib/python3.12/site-packages/oslo_config/cfg.py:3245}}
Jun 09 06:34:48.376706 np0000002414 devstack@g-api.service[102090]: DEBUG glance.common.config [None req-e1a65c1a-a650-4ee6-905a-0e625088d9b4 None None] logging_default_format_string = %(color)s%(levelname)s %(name)s [-%(color)s] %(instance)s%(color)s%(message)s {{(pid=102090) log_opt_values /opt/stack/data/venv/lib/python3.12/site-packages/oslo_config/cfg.py:3245}}
Jun 09 06:34:48.376823 np0000002414 devstack@g-api.service[102090]: DEBUG glance.common.config [None req-e1a65c1a-a650-4ee6-905a-0e625088d9b4 None None] logging_exception_prefix = ERROR %(name)s %(instance)s {{(pid=102090) log_opt_values /opt/stack/data/venv/lib/python3.12/site-packages/oslo_config/cfg.py:3245}}
Jun 09 06:34:48.376896 np0000002414 devstack@g-api.service[102090]: DEBUG glance.common.config [None req-e1a65c1a-a650-4ee6-905a-0e625088d9b4 None None] logging_user_identity_format = %(user)s %(project)s %(domain)s %(system_scope)s %(user_domain)s %(project_domain)s {{(pid=102090) log_opt_values /opt/stack/data/venv/lib/python3.12/site-packages/oslo_config/cfg.py:3245}}
Jun 09 06:34:48.376984 np0000002414 devstack@g-api.service[102090]: DEBUG glance.common.config [None req-e1a65c1a-a650-4ee6-905a-0e625088d9b4 None None] max_header_line = 16384 {{(pid=102090) log_opt_values /opt/stack/data/venv/lib/python3.12/site-packages/oslo_config/cfg.py:3245}}
Jun 09 06:34:48.377071 np0000002414 devstack@g-api.service[102090]: DEBUG glance.common.config [None req-e1a65c1a-a650-4ee6-905a-0e625088d9b4 None None] max_logfile_count = 30 {{(pid=102090) log_opt_values /opt/stack/data/venv/lib/python3.12/site-packages/oslo_config/cfg.py:3245}}
Jun 09 06:34:48.377156 np0000002414 devstack@g-api.service[102090]: DEBUG glance.common.config [None req-e1a65c1a-a650-4ee6-905a-0e625088d9b4 None None] max_logfile_size_mb = 200 {{(pid=102090) log_opt_values /opt/stack/data/venv/lib/python3.12/site-packages/oslo_config/cfg.py:3245}}
Jun 09 06:34:48.377238 np0000002414 devstack@g-api.service[102090]: DEBUG glance.common.config [None req-e1a65c1a-a650-4ee6-905a-0e625088d9b4 None None] max_request_id_length = 64 {{(pid=102090) log_opt_values /opt/stack/data/venv/lib/python3.12/site-packages/oslo_config/cfg.py:3245}}
Jun 09 06:34:48.377325 np0000002414 devstack@g-api.service[102090]: DEBUG glance.common.config [None req-e1a65c1a-a650-4ee6-905a-0e625088d9b4 None None] metadata_encryption_key = **** {{(pid=102090) log_opt_values /opt/stack/data/venv/lib/python3.12/site-packages/oslo_config/cfg.py:3245}}
Jun 09 06:34:48.377415 np0000002414 devstack@g-api.service[102090]: DEBUG glance.common.config [None req-e1a65c1a-a650-4ee6-905a-0e625088d9b4 None None] node_staging_uri = file:///tmp/staging/ {{(pid=102090) log_opt_values /opt/stack/data/venv/lib/python3.12/site-packages/oslo_config/cfg.py:3245}}
Jun 09 06:34:48.377496 np0000002414 devstack@g-api.service[102090]: DEBUG glance.common.config [None req-e1a65c1a-a650-4ee6-905a-0e625088d9b4 None None] property_protection_file = None {{(pid=102090) log_opt_values /opt/stack/data/venv/lib/python3.12/site-packages/oslo_config/cfg.py:3245}}
Jun 09 06:34:48.377587 np0000002414 devstack@g-api.service[102090]: DEBUG glance.common.config [None req-e1a65c1a-a650-4ee6-905a-0e625088d9b4 None None] property_protection_rule_format = roles {{(pid=102090) log_opt_values /opt/stack/data/venv/lib/python3.12/site-packages/oslo_config/cfg.py:3245}}
Jun 09 06:34:48.377678 np0000002414 devstack@g-api.service[102090]: DEBUG glance.common.config [None req-e1a65c1a-a650-4ee6-905a-0e625088d9b4 None None] public_endpoint = https://10.4.3.104/image {{(pid=102090) log_opt_values /opt/stack/data/venv/lib/python3.12/site-packages/oslo_config/cfg.py:3245}}
Jun 09 06:34:48.377763 np0000002414 devstack@g-api.service[102090]: DEBUG glance.common.config [None req-e1a65c1a-a650-4ee6-905a-0e625088d9b4 None None] publish_errors = False {{(pid=102090) log_opt_values /opt/stack/data/venv/lib/python3.12/site-packages/oslo_config/cfg.py:3245}}
Jun 09 06:34:48.377870 np0000002414 devstack@g-api.service[102090]: DEBUG glance.common.config [None req-e1a65c1a-a650-4ee6-905a-0e625088d9b4 None None] pydev_worker_debug_host = None {{(pid=102090) log_opt_values /opt/stack/data/venv/lib/python3.12/site-packages/oslo_config/cfg.py:3245}}
Jun 09 06:34:48.377959 np0000002414 devstack@g-api.service[102090]: DEBUG glance.common.config [None req-e1a65c1a-a650-4ee6-905a-0e625088d9b4 None None] pydev_worker_debug_port = 5678 {{(pid=102090) log_opt_values /opt/stack/data/venv/lib/python3.12/site-packages/oslo_config/cfg.py:3245}}
Jun 09 06:34:48.378045 np0000002414 devstack@g-api.service[102090]: DEBUG glance.common.config [None req-e1a65c1a-a650-4ee6-905a-0e625088d9b4 None None] rate_limit_burst = 0 {{(pid=102090) log_opt_values /opt/stack/data/venv/lib/python3.12/site-packages/oslo_config/cfg.py:3245}}
Jun 09 06:34:48.378129 np0000002414 devstack@g-api.service[102090]: DEBUG glance.common.config [None req-e1a65c1a-a650-4ee6-905a-0e625088d9b4 None None] rate_limit_except_level = CRITICAL {{(pid=102090) log_opt_values /opt/stack/data/venv/lib/python3.12/site-packages/oslo_config/cfg.py:3245}}
Jun 09 06:34:48.378216 np0000002414 devstack@g-api.service[102090]: DEBUG glance.common.config [None req-e1a65c1a-a650-4ee6-905a-0e625088d9b4 None None] rate_limit_interval = 0 {{(pid=102090) log_opt_values /opt/stack/data/venv/lib/python3.12/site-packages/oslo_config/cfg.py:3245}}
Jun 09 06:34:48.378301 np0000002414 devstack@g-api.service[102090]: DEBUG glance.common.config [None req-e1a65c1a-a650-4ee6-905a-0e625088d9b4 None None] scrub_pool_size = 1 {{(pid=102090) log_opt_values /opt/stack/data/venv/lib/python3.12/site-packages/oslo_config/cfg.py:3245}}
Jun 09 06:34:48.378385 np0000002414 devstack@g-api.service[102090]: DEBUG glance.common.config [None req-e1a65c1a-a650-4ee6-905a-0e625088d9b4 None None] scrub_time = 0 {{(pid=102090) log_opt_values /opt/stack/data/venv/lib/python3.12/site-packages/oslo_config/cfg.py:3245}}
Jun 09 06:34:48.378520 np0000002414 devstack@g-api.service[102090]: DEBUG glance.common.config [None req-e1a65c1a-a650-4ee6-905a-0e625088d9b4 None None] shell_completion = None {{(pid=102090) log_opt_values /opt/stack/data/venv/lib/python3.12/site-packages/oslo_config/cfg.py:3245}}
Jun 09 06:34:48.378641 np0000002414 devstack@g-api.service[102090]: DEBUG glance.common.config [None req-e1a65c1a-a650-4ee6-905a-0e625088d9b4 None None] show_image_direct_url = False {{(pid=102090) log_opt_values /opt/stack/data/venv/lib/python3.12/site-packages/oslo_config/cfg.py:3245}}
Jun 09 06:34:48.378877 np0000002414 devstack@g-api.service[102090]: WARNING oslo_config.cfg [None req-e1a65c1a-a650-4ee6-905a-0e625088d9b4 None None] Deprecated: Option "show_multiple_locations" from group "DEFAULT" is deprecated for removal (Use of this option, deprecated since Newton, is a security risk and will be removed once we figure out a way to satisfy those use cases that currently require it. An earlier announcement that the same functionality can be achieved with greater granularity by using policies is incorrect. You cannot work around this option via policy configuration at the present time, though that is the direction we believe the fix will take. Please keep an eye on the Glance release notes to stay up to date on progress in addressing this issue.). Its value may be silently ignored in the future.
Jun 09 06:34:48.378986 np0000002414 devstack@g-api.service[102090]: DEBUG glance.common.config [None req-e1a65c1a-a650-4ee6-905a-0e625088d9b4 None None] show_multiple_locations = False {{(pid=102090) log_opt_values /opt/stack/data/venv/lib/python3.12/site-packages/oslo_config/cfg.py:3245}}
Jun 09 06:34:48.379071 np0000002414 devstack@g-api.service[102090]: DEBUG glance.common.config [None req-e1a65c1a-a650-4ee6-905a-0e625088d9b4 None None] syslog_log_facility = LOG_USER {{(pid=102090) log_opt_values /opt/stack/data/venv/lib/python3.12/site-packages/oslo_config/cfg.py:3245}}
Jun 09 06:34:48.379156 np0000002414 devstack@g-api.service[102090]: DEBUG glance.common.config [None req-e1a65c1a-a650-4ee6-905a-0e625088d9b4 None None] tcp_keepidle = 600 {{(pid=102090) log_opt_values /opt/stack/data/venv/lib/python3.12/site-packages/oslo_config/cfg.py:3245}}
Jun 09 06:34:48.379319 np0000002414 devstack@g-api.service[102090]: DEBUG glance.common.config [None req-e1a65c1a-a650-4ee6-905a-0e625088d9b4 None None] transport_url = **** {{(pid=102090) log_opt_values /opt/stack/data/venv/lib/python3.12/site-packages/oslo_config/cfg.py:3245}}
Jun 09 06:34:48.379413 np0000002414 devstack@g-api.service[102090]: DEBUG glance.common.config [None req-e1a65c1a-a650-4ee6-905a-0e625088d9b4 None None] use_journal = False {{(pid=102090) log_opt_values /opt/stack/data/venv/lib/python3.12/site-packages/oslo_config/cfg.py:3245}}
Jun 09 06:34:48.379501 np0000002414 devstack@g-api.service[102090]: DEBUG glance.common.config [None req-e1a65c1a-a650-4ee6-905a-0e625088d9b4 None None] use_json = False {{(pid=102090) log_opt_values /opt/stack/data/venv/lib/python3.12/site-packages/oslo_config/cfg.py:3245}}
Jun 09 06:34:48.379600 np0000002414 devstack@g-api.service[102090]: DEBUG glance.common.config [None req-e1a65c1a-a650-4ee6-905a-0e625088d9b4 None None] use_keystone_limits = True {{(pid=102090) log_opt_values /opt/stack/data/venv/lib/python3.12/site-packages/oslo_config/cfg.py:3245}}
Jun 09 06:34:48.379683 np0000002414 devstack@g-api.service[102090]: DEBUG glance.common.config [None req-e1a65c1a-a650-4ee6-905a-0e625088d9b4 None None] use_stderr = False {{(pid=102090) log_opt_values /opt/stack/data/venv/lib/python3.12/site-packages/oslo_config/cfg.py:3245}}
Jun 09 06:34:48.379775 np0000002414 devstack@g-api.service[102090]: DEBUG glance.common.config [None req-e1a65c1a-a650-4ee6-905a-0e625088d9b4 None None] use_syslog = False {{(pid=102090) log_opt_values /opt/stack/data/venv/lib/python3.12/site-packages/oslo_config/cfg.py:3245}}
Jun 09 06:34:48.379908 np0000002414 devstack@g-api.service[102090]: DEBUG glance.common.config [None req-e1a65c1a-a650-4ee6-905a-0e625088d9b4 None None] user_storage_quota = 0 {{(pid=102090) log_opt_values /opt/stack/data/venv/lib/python3.12/site-packages/oslo_config/cfg.py:3245}}
Jun 09 06:34:48.379998 np0000002414 devstack@g-api.service[102090]: DEBUG glance.common.config [None req-e1a65c1a-a650-4ee6-905a-0e625088d9b4 None None] worker_self_reference_url = http://127.0.0.1:60999 {{(pid=102090) log_opt_values /opt/stack/data/venv/lib/python3.12/site-packages/oslo_config/cfg.py:3245}}
Jun 09 06:34:48.380070 np0000002414 devstack@g-api.service[102090]: DEBUG glance.common.config [None req-e1a65c1a-a650-4ee6-905a-0e625088d9b4 None None] workers = None {{(pid=102090) log_opt_values /opt/stack/data/venv/lib/python3.12/site-packages/oslo_config/cfg.py:3245}}
Jun 09 06:34:48.380169 np0000002414 devstack@g-api.service[102090]: DEBUG glance.common.config [None req-e1a65c1a-a650-4ee6-905a-0e625088d9b4 None None] oslo_concurrency.disable_process_locking = False {{(pid=102090) log_opt_values /opt/stack/data/venv/lib/python3.12/site-packages/oslo_config/cfg.py:3256}}
Jun 09 06:34:48.380267 np0000002414 devstack@g-api.service[102090]: DEBUG glance.common.config [None req-e1a65c1a-a650-4ee6-905a-0e625088d9b4 None None] oslo_concurrency.lock_path = /opt/stack/data/glance/locks {{(pid=102090) log_opt_values /opt/stack/data/venv/lib/python3.12/site-packages/oslo_config/cfg.py:3256}}
Jun 09 06:34:48.380373 np0000002414 devstack@g-api.service[102090]: DEBUG glance.common.config [None req-e1a65c1a-a650-4ee6-905a-0e625088d9b4 None None] oslo_middleware.enable_proxy_headers_parsing = False {{(pid=102090) log_opt_values /opt/stack/data/venv/lib/python3.12/site-packages/oslo_config/cfg.py:3256}}
Jun 09 06:34:48.380444 np0000002414 devstack@g-api.service[102090]: DEBUG glance.common.config [None req-e1a65c1a-a650-4ee6-905a-0e625088d9b4 None None] oslo_middleware.http_basic_auth_user_file = /etc/htpasswd {{(pid=102090) log_opt_values /opt/stack/data/venv/lib/python3.12/site-packages/oslo_config/cfg.py:3256}}
Jun 09 06:34:48.380562 np0000002414 devstack@g-api.service[102090]: DEBUG glance.common.config [None req-e1a65c1a-a650-4ee6-905a-0e625088d9b4 None None] paste_deploy.config_file = None {{(pid=102090) log_opt_values /opt/stack/data/venv/lib/python3.12/site-packages/oslo_config/cfg.py:3256}}
Jun 09 06:34:48.380693 np0000002414 devstack@g-api.service[102090]: DEBUG glance.common.config [None req-e1a65c1a-a650-4ee6-905a-0e625088d9b4 None None] paste_deploy.flavor = keystone+cachemanagement {{(pid=102090) log_opt_values /opt/stack/data/venv/lib/python3.12/site-packages/oslo_config/cfg.py:3256}}
Jun 09 06:34:48.380844 np0000002414 devstack@g-api.service[102090]: DEBUG glance.common.config [None req-e1a65c1a-a650-4ee6-905a-0e625088d9b4 None None] image_format.container_formats = ['ami', 'ari', 'aki', 'bare', 'ovf', 'ova', 'docker', 'compressed'] {{(pid=102090) log_opt_values /opt/stack/data/venv/lib/python3.12/site-packages/oslo_config/cfg.py:3256}}
Jun 09 06:34:48.380969 np0000002414 devstack@g-api.service[102090]: DEBUG glance.common.config [None req-e1a65c1a-a650-4ee6-905a-0e625088d9b4 None None] image_format.disk_formats = ['ami', 'ari', 'aki', 'vhd', 'vhdx', 'vmdk', 'raw', 'qcow2', 'vdi', 'iso', 'ploop'] {{(pid=102090) log_opt_values /opt/stack/data/venv/lib/python3.12/site-packages/oslo_config/cfg.py:3256}}
Jun 09 06:34:48.381064 np0000002414 devstack@g-api.service[102090]: DEBUG glance.common.config [None req-e1a65c1a-a650-4ee6-905a-0e625088d9b4 None None] image_format.gpt_safety_checks_nonfatal = [] {{(pid=102090) log_opt_values /opt/stack/data/venv/lib/python3.12/site-packages/oslo_config/cfg.py:3256}}
Jun 09 06:34:48.381213 np0000002414 devstack@g-api.service[102090]: DEBUG glance.common.config [None req-e1a65c1a-a650-4ee6-905a-0e625088d9b4 None None] image_format.require_image_format_match = True {{(pid=102090) log_opt_values /opt/stack/data/venv/lib/python3.12/site-packages/oslo_config/cfg.py:3256}}
Jun 09 06:34:48.381252 np0000002414 devstack@g-api.service[102090]: DEBUG glance.common.config [None req-e1a65c1a-a650-4ee6-905a-0e625088d9b4 None None] image_format.vmdk_allowed_types = ['streamOptimized', 'monolithicSparse'] {{(pid=102090) log_opt_values /opt/stack/data/venv/lib/python3.12/site-packages/oslo_config/cfg.py:3256}}
Jun 09 06:34:48.381344 np0000002414 devstack@g-api.service[102090]: DEBUG glance.common.config [None req-e1a65c1a-a650-4ee6-905a-0e625088d9b4 None None] task.task_executor = taskflow {{(pid=102090) log_opt_values /opt/stack/data/venv/lib/python3.12/site-packages/oslo_config/cfg.py:3256}}
