Jul 01 00:52:06.266000 np0000004058 nova-scheduler[96337]: DEBUG cotyledon.oslo_config_glue [-] profiler.filter_error_trace = False {{(pid=96337) log_opt_values /opt/stack/data/venv/lib/python3.12/site-packages/oslo_config/cfg.py:3253}}
Jul 01 00:52:06.266000 np0000004058 nova-scheduler[96337]: DEBUG cotyledon.oslo_config_glue [-] profiler.hmac_keys = **** {{(pid=96337) log_opt_values /opt/stack/data/venv/lib/python3.12/site-packages/oslo_config/cfg.py:3253}}
Jul 01 00:52:06.266000 np0000004058 nova-scheduler[96337]: DEBUG cotyledon.oslo_config_glue [-] profiler.sentinel_service_name = mymaster {{(pid=96337) log_opt_values /opt/stack/data/venv/lib/python3.12/site-packages/oslo_config/cfg.py:3253}}
Jul 01 00:52:06.266265 np0000004058 nova-scheduler[96337]: DEBUG cotyledon.oslo_config_glue [-] profiler.socket_timeout = 0.1 {{(pid=96337) log_opt_values /opt/stack/data/venv/lib/python3.12/site-packages/oslo_config/cfg.py:3253}}
Jul 01 00:52:06.266265 np0000004058 nova-scheduler[96337]: DEBUG cotyledon.oslo_config_glue [-] profiler.trace_requests = False {{(pid=96337) log_opt_values /opt/stack/data/venv/lib/python3.12/site-packages/oslo_config/cfg.py:3253}}
Jul 01 00:52:06.266265 np0000004058 nova-scheduler[96337]: DEBUG cotyledon.oslo_config_glue [-] profiler.trace_sqlalchemy = False {{(pid=96337) log_opt_values /opt/stack/data/venv/lib/python3.12/site-packages/oslo_config/cfg.py:3253}}
Jul 01 00:52:06.266265 np0000004058 nova-scheduler[96337]: DEBUG cotyledon.oslo_config_glue [-] profiler_jaeger.process_tags = {} {{(pid=96337) log_opt_values /opt/stack/data/venv/lib/python3.12/site-packages/oslo_config/cfg.py:3253}}
Jul 01 00:52:06.266265 np0000004058 nova-scheduler[96337]: DEBUG cotyledon.oslo_config_glue [-] profiler_jaeger.service_name_prefix = None {{(pid=96337) log_opt_values /opt/stack/data/venv/lib/python3.12/site-packages/oslo_config/cfg.py:3253}}
Jul 01 00:52:06.266265 np0000004058 nova-scheduler[96337]: DEBUG cotyledon.oslo_config_glue [-] profiler_otlp.service_name_prefix = None {{(pid=96337) log_opt_values /opt/stack/data/venv/lib/python3.12/site-packages/oslo_config/cfg.py:3253}}
Jul 01 00:52:06.266265 np0000004058 nova-scheduler[96337]: DEBUG cotyledon.oslo_config_glue [-] oslo_messaging_rabbit.amqp_auto_delete = False {{(pid=96337) log_opt_values /opt/stack/data/venv/lib/python3.12/site-packages/oslo_config/cfg.py:3253}}
Jul 01 00:52:06.266265 np0000004058 nova-scheduler[96337]: DEBUG cotyledon.oslo_config_glue [-] oslo_messaging_rabbit.amqp_durable_queues = False {{(pid=96337) log_opt_values /opt/stack/data/venv/lib/python3.12/site-packages/oslo_config/cfg.py:3253}}
Jul 01 00:52:06.266265 np0000004058 nova-scheduler[96337]: DEBUG cotyledon.oslo_config_glue [-] oslo_messaging_rabbit.conn_pool_min_size = 2 {{(pid=96337) log_opt_values /opt/stack/data/venv/lib/python3.12/site-packages/oslo_config/cfg.py:3253}}
Jul 01 00:52:06.266639 np0000004058 nova-scheduler[96337]: DEBUG cotyledon.oslo_config_glue [-] oslo_messaging_rabbit.conn_pool_ttl = 1200 {{(pid=96337) log_opt_values /opt/stack/data/venv/lib/python3.12/site-packages/oslo_config/cfg.py:3253}}
Jul 01 00:52:06.266639 np0000004058 nova-scheduler[96337]: DEBUG cotyledon.oslo_config_glue [-] oslo_messaging_rabbit.direct_mandatory_flag = True {{(pid=96337) log_opt_values /opt/stack/data/venv/lib/python3.12/site-packages/oslo_config/cfg.py:3253}}
Jul 01 00:52:06.266639 np0000004058 nova-scheduler[96337]: DEBUG cotyledon.oslo_config_glue [-] oslo_messaging_rabbit.enable_cancel_on_failover = False {{(pid=96337) log_opt_values /opt/stack/data/venv/lib/python3.12/site-packages/oslo_config/cfg.py:3253}}
Jul 01 00:52:06.266639 np0000004058 nova-scheduler[96337]: DEBUG cotyledon.oslo_config_glue [-] oslo_messaging_rabbit.heartbeat_rate = 3 {{(pid=96337) log_opt_values /opt/stack/data/venv/lib/python3.12/site-packages/oslo_config/cfg.py:3253}}
Jul 01 00:52:06.266639 np0000004058 nova-scheduler[96337]: DEBUG cotyledon.oslo_config_glue [-] oslo_messaging_rabbit.heartbeat_timeout_threshold = 60 {{(pid=96337) log_opt_values /opt/stack/data/venv/lib/python3.12/site-packages/oslo_config/cfg.py:3253}}
Jul 01 00:52:06.266639 np0000004058 nova-scheduler[96337]: DEBUG cotyledon.oslo_config_glue [-] oslo_messaging_rabbit.hostname = np0000004058 {{(pid=96337) log_opt_values /opt/stack/data/venv/lib/python3.12/site-packages/oslo_config/cfg.py:3253}}
Jul 01 00:52:06.266804 np0000004058 nova-scheduler[96289]: DEBUG oslo_db.sqlalchemy.engines [None req-e2457972-cd83-4fde-bf85-9c4317f4fb88 None None] MySQL server mode set to STRICT_TRANS_TABLES,STRICT_ALL_TABLES,NO_ZERO_IN_DATE,NO_ZERO_DATE,ERROR_FOR_DIVISION_BY_ZERO,TRADITIONAL,NO_ENGINE_SUBSTITUTION {{(pid=96289) _check_effective_sql_mode /opt/stack/data/venv/lib/python3.12/site-packages/oslo_db/sqlalchemy/engines.py:325}}
Jul 01 00:52:06.266849 np0000004058 nova-scheduler[96337]: DEBUG cotyledon.oslo_config_glue [-] oslo_messaging_rabbit.kombu_compression = None {{(pid=96337) log_opt_values /opt/stack/data/venv/lib/python3.12/site-packages/oslo_config/cfg.py:3253}}
Jul 01 00:52:06.266849 np0000004058 nova-scheduler[96337]: DEBUG cotyledon.oslo_config_glue [-] oslo_messaging_rabbit.kombu_failover_strategy = round-robin {{(pid=96337) log_opt_values /opt/stack/data/venv/lib/python3.12/site-packages/oslo_config/cfg.py:3253}}
Jul 01 00:52:06.266849 np0000004058 nova-scheduler[96337]: DEBUG cotyledon.oslo_config_glue [-] oslo_messaging_rabbit.kombu_missing_consumer_retry_timeout = 60 {{(pid=96337) log_opt_values /opt/stack/data/venv/lib/python3.12/site-packages/oslo_config/cfg.py:3253}}
Jul 01 00:52:06.266849 np0000004058 nova-scheduler[96337]: DEBUG cotyledon.oslo_config_glue [-] oslo_messaging_rabbit.kombu_reconnect_delay = 1.0 {{(pid=96337) log_opt_values /opt/stack/data/venv/lib/python3.12/site-packages/oslo_config/cfg.py:3253}}
Jul 01 00:52:06.266849 np0000004058 nova-scheduler[96337]: DEBUG cotyledon.oslo_config_glue [-] oslo_messaging_rabbit.kombu_reconnect_splay = 0.0 {{(pid=96337) log_opt_values /opt/stack/data/venv/lib/python3.12/site-packages/oslo_config/cfg.py:3253}}
Jul 01 00:52:06.266849 np0000004058 nova-scheduler[96337]: DEBUG cotyledon.oslo_config_glue [-] oslo_messaging_rabbit.processname = nova-scheduler {{(pid=96337) log_opt_values /opt/stack/data/venv/lib/python3.12/site-packages/oslo_config/cfg.py:3253}}
Jul 01 00:52:06.266849 np0000004058 nova-scheduler[96337]: DEBUG cotyledon.oslo_config_glue [-] oslo_messaging_rabbit.rabbit_ha_queues = False {{(pid=96337) log_opt_values /opt/stack/data/venv/lib/python3.12/site-packages/oslo_config/cfg.py:3253}}
Jul 01 00:52:06.266849 np0000004058 nova-scheduler[96337]: DEBUG cotyledon.oslo_config_glue [-] oslo_messaging_rabbit.rabbit_interval_max = 30 {{(pid=96337) log_opt_values /opt/stack/data/venv/lib/python3.12/site-packages/oslo_config/cfg.py:3253}}
Jul 01 00:52:06.266849 np0000004058 nova-scheduler[96337]: DEBUG cotyledon.oslo_config_glue [-] oslo_messaging_rabbit.rabbit_login_method = AMQPLAIN {{(pid=96337) log_opt_values /opt/stack/data/venv/lib/python3.12/site-packages/oslo_config/cfg.py:3253}}
Jul 01 00:52:06.267085 np0000004058 nova-scheduler[96337]: DEBUG cotyledon.oslo_config_glue [-] oslo_messaging_rabbit.rabbit_qos_prefetch_count = 0 {{(pid=96337) log_opt_values /opt/stack/data/venv/lib/python3.12/site-packages/oslo_config/cfg.py:3253}}
Jul 01 00:52:06.267085 np0000004058 nova-scheduler[96337]: DEBUG cotyledon.oslo_config_glue [-] oslo_messaging_rabbit.rabbit_quorum_delivery_limit = 0 {{(pid=96337) log_opt_values /opt/stack/data/venv/lib/python3.12/site-packages/oslo_config/cfg.py:3253}}
Jul 01 00:52:06.267085 np0000004058 nova-scheduler[96337]: DEBUG cotyledon.oslo_config_glue [-] oslo_messaging_rabbit.rabbit_quorum_max_memory_bytes = 0 {{(pid=96337) log_opt_values /opt/stack/data/venv/lib/python3.12/site-packages/oslo_config/cfg.py:3253}}
Jul 01 00:52:06.267085 np0000004058 nova-scheduler[96337]: DEBUG cotyledon.oslo_config_glue [-] oslo_messaging_rabbit.rabbit_quorum_max_memory_length = 0 {{(pid=96337) log_opt_values /opt/stack/data/venv/lib/python3.12/site-packages/oslo_config/cfg.py:3253}}
Jul 01 00:52:06.267085 np0000004058 nova-scheduler[96337]: DEBUG cotyledon.oslo_config_glue [-] oslo_messaging_rabbit.rabbit_quorum_queue = False {{(pid=96337) log_opt_values /opt/stack/data/venv/lib/python3.12/site-packages/oslo_config/cfg.py:3253}}
Jul 01 00:52:06.267085 np0000004058 nova-scheduler[96337]: DEBUG cotyledon.oslo_config_glue [-] oslo_messaging_rabbit.rabbit_retry_backoff = 2 {{(pid=96337) log_opt_values /opt/stack/data/venv/lib/python3.12/site-packages/oslo_config/cfg.py:3253}}
Jul 01 00:52:06.267085 np0000004058 nova-scheduler[96337]: DEBUG cotyledon.oslo_config_glue [-] oslo_messaging_rabbit.rabbit_retry_interval = 1 {{(pid=96337) log_opt_values /opt/stack/data/venv/lib/python3.12/site-packages/oslo_config/cfg.py:3253}}
Jul 01 00:52:06.267085 np0000004058 nova-scheduler[96337]: DEBUG cotyledon.oslo_config_glue [-] oslo_messaging_rabbit.rabbit_stream_fanout = False {{(pid=96337) log_opt_values /opt/stack/data/venv/lib/python3.12/site-packages/oslo_config/cfg.py:3253}}
Jul 01 00:52:06.267317 np0000004058 nova-scheduler[96337]: DEBUG cotyledon.oslo_config_glue [-] oslo_messaging_rabbit.rabbit_transient_queues_ttl = 1800 {{(pid=96337) log_opt_values /opt/stack/data/venv/lib/python3.12/site-packages/oslo_config/cfg.py:3253}}
Jul 01 00:52:06.267317 np0000004058 nova-scheduler[96337]: DEBUG cotyledon.oslo_config_glue [-] oslo_messaging_rabbit.rabbit_transient_quorum_queue = False {{(pid=96337) log_opt_values /opt/stack/data/venv/lib/python3.12/site-packages/oslo_config/cfg.py:3253}}
Jul 01 00:52:06.267317 np0000004058 nova-scheduler[96337]: DEBUG cotyledon.oslo_config_glue [-] oslo_messaging_rabbit.rpc_conn_pool_size = 30 {{(pid=96337) log_opt_values /opt/stack/data/venv/lib/python3.12/site-packages/oslo_config/cfg.py:3253}}
Jul 01 00:52:06.267317 np0000004058 nova-scheduler[96337]: DEBUG cotyledon.oslo_config_glue [-] oslo_messaging_rabbit.ssl = False {{(pid=96337) log_opt_values /opt/stack/data/venv/lib/python3.12/site-packages/oslo_config/cfg.py:3253}}
Jul 01 00:52:06.267317 np0000004058 nova-scheduler[96337]: DEBUG cotyledon.oslo_config_glue [-] oslo_messaging_rabbit.ssl_ca_file = {{(pid=96337) log_opt_values /opt/stack/data/venv/lib/python3.12/site-packages/oslo_config/cfg.py:3253}}
Jul 01 00:52:06.267317 np0000004058 nova-scheduler[96337]: DEBUG cotyledon.oslo_config_glue [-] oslo_messaging_rabbit.ssl_cert_file = {{(pid=96337) log_opt_values /opt/stack/data/venv/lib/python3.12/site-packages/oslo_config/cfg.py:3253}}
Jul 01 00:52:06.267317 np0000004058 nova-scheduler[96337]: DEBUG cotyledon.oslo_config_glue [-] oslo_messaging_rabbit.ssl_enforce_fips_mode = False {{(pid=96337) log_opt_values /opt/stack/data/venv/lib/python3.12/site-packages/oslo_config/cfg.py:3253}}
Jul 01 00:52:06.267317 np0000004058 nova-scheduler[96337]: DEBUG cotyledon.oslo_config_glue [-] oslo_messaging_rabbit.ssl_enforce_hostname_verification = True {{(pid=96337) log_opt_values /opt/stack/data/venv/lib/python3.12/site-packages/oslo_config/cfg.py:3253}}
Jul 01 00:52:06.267317 np0000004058 nova-scheduler[96337]: DEBUG cotyledon.oslo_config_glue [-] oslo_messaging_rabbit.ssl_key_file = {{(pid=96337) log_opt_values /opt/stack/data/venv/lib/python3.12/site-packages/oslo_config/cfg.py:3253}}
Jul 01 00:52:06.267570 np0000004058 nova-scheduler[96337]: DEBUG cotyledon.oslo_config_glue [-] oslo_messaging_rabbit.ssl_version = {{(pid=96337) log_opt_values /opt/stack/data/venv/lib/python3.12/site-packages/oslo_config/cfg.py:3253}}
Jul 01 00:52:06.267570 np0000004058 nova-scheduler[96337]: DEBUG cotyledon.oslo_config_glue [-] oslo_messaging_rabbit.use_queue_manager = False {{(pid=96337) log_opt_values /opt/stack/data/venv/lib/python3.12/site-packages/oslo_config/cfg.py:3253}}
Jul 01 00:52:06.267570 np0000004058 nova-scheduler[96337]: DEBUG cotyledon.oslo_config_glue [-] oslo_messaging_notifications.driver = ['messagingv2'] {{(pid=96337) log_opt_values /opt/stack/data/venv/lib/python3.12/site-packages/oslo_config/cfg.py:3253}}
Jul 01 00:52:06.267570 np0000004058 nova-scheduler[96337]: DEBUG cotyledon.oslo_config_glue [-] oslo_messaging_notifications.retry = -1 {{(pid=96337) log_opt_values /opt/stack/data/venv/lib/python3.12/site-packages/oslo_config/cfg.py:3253}}
Jul 01 00:52:06.267570 np0000004058 nova-scheduler[96337]: DEBUG cotyledon.oslo_config_glue [-] oslo_messaging_notifications.topics = ['notifications'] {{(pid=96337) log_opt_values /opt/stack/data/venv/lib/python3.12/site-packages/oslo_config/cfg.py:3253}}
Jul 01 00:52:06.267570 np0000004058 nova-scheduler[96337]: DEBUG cotyledon.oslo_config_glue [-] oslo_messaging_notifications.transport_url = **** {{(pid=96337) log_opt_values /opt/stack/data/venv/lib/python3.12/site-packages/oslo_config/cfg.py:3253}}
Jul 01 00:52:06.267570 np0000004058 nova-scheduler[96337]: DEBUG cotyledon.oslo_config_glue [-] oslo_limit.auth_section = None {{(pid=96337) log_opt_values /opt/stack/data/venv/lib/python3.12/site-packages/oslo_config/cfg.py:3253}}
Jul 01 00:52:06.267570 np0000004058 nova-scheduler[96337]: DEBUG cotyledon.oslo_config_glue [-] oslo_limit.auth_type = None {{(pid=96337) log_opt_values /opt/stack/data/venv/lib/python3.12/site-packages/oslo_config/cfg.py:3253}}
Jul 01 00:52:06.267570 np0000004058 nova-scheduler[96337]: DEBUG cotyledon.oslo_config_glue [-] oslo_limit.cafile = None {{(pid=96337) log_opt_values /opt/stack/data/venv/lib/python3.12/site-packages/oslo_config/cfg.py:3253}}
Jul 01 00:52:06.267789 np0000004058 nova-scheduler[96337]: DEBUG cotyledon.oslo_config_glue [-] oslo_limit.certfile = None {{(pid=96337) log_opt_values /opt/stack/data/venv/lib/python3.12/site-packages/oslo_config/cfg.py:3253}}
Jul 01 00:52:06.267789 np0000004058 nova-scheduler[96337]: DEBUG cotyledon.oslo_config_glue [-] oslo_limit.collect_timing = False {{(pid=96337) log_opt_values /opt/stack/data/venv/lib/python3.12/site-packages/oslo_config/cfg.py:3253}}
Jul 01 00:52:06.267789 np0000004058 nova-scheduler[96337]: DEBUG cotyledon.oslo_config_glue [-] oslo_limit.connect_retries = None {{(pid=96337) log_opt_values /opt/stack/data/venv/lib/python3.12/site-packages/oslo_config/cfg.py:3253}}
Jul 01 00:52:06.267789 np0000004058 nova-scheduler[96337]: DEBUG cotyledon.oslo_config_glue [-] oslo_limit.connect_retry_delay = None {{(pid=96337) log_opt_values /opt/stack/data/venv/lib/python3.12/site-packages/oslo_config/cfg.py:3253}}
Jul 01 00:52:06.267789 np0000004058 nova-scheduler[96337]: DEBUG cotyledon.oslo_config_glue [-] oslo_limit.endpoint_id = None {{(pid=96337) log_opt_values /opt/stack/data/venv/lib/python3.12/site-packages/oslo_config/cfg.py:3253}}
Jul 01 00:52:06.267789 np0000004058 nova-scheduler[96337]: DEBUG cotyledon.oslo_config_glue [-] oslo_limit.endpoint_interface = public {{(pid=96337) log_opt_values /opt/stack/data/venv/lib/python3.12/site-packages/oslo_config/cfg.py:3253}}
Jul 01 00:52:06.267789 np0000004058 nova-scheduler[96337]: DEBUG cotyledon.oslo_config_glue [-] oslo_limit.endpoint_override = None {{(pid=96337) log_opt_values /opt/stack/data/venv/lib/python3.12/site-packages/oslo_config/cfg.py:3253}}
Jul 01 00:52:06.267789 np0000004058 nova-scheduler[96337]: DEBUG cotyledon.oslo_config_glue [-] oslo_limit.endpoint_region_name = None {{(pid=96337) log_opt_values /opt/stack/data/venv/lib/python3.12/site-packages/oslo_config/cfg.py:3253}}
Jul 01 00:52:06.267789 np0000004058 nova-scheduler[96337]: DEBUG cotyledon.oslo_config_glue [-] oslo_limit.endpoint_service_name = None {{(pid=96337) log_opt_values /opt/stack/data/venv/lib/python3.12/site-packages/oslo_config/cfg.py:3253}}
Jul 01 00:52:06.268022 np0000004058 nova-scheduler[96337]: DEBUG cotyledon.oslo_config_glue [-] oslo_limit.endpoint_service_type = None {{(pid=96337) log_opt_values /opt/stack/data/venv/lib/python3.12/site-packages/oslo_config/cfg.py:3253}}
Jul 01 00:52:06.268022 np0000004058 nova-scheduler[96337]: DEBUG cotyledon.oslo_config_glue [-] oslo_limit.insecure = False {{(pid=96337) log_opt_values /opt/stack/data/venv/lib/python3.12/site-packages/oslo_config/cfg.py:3253}}
Jul 01 00:52:06.268022 np0000004058 nova-scheduler[96337]: DEBUG cotyledon.oslo_config_glue [-] oslo_limit.keyfile = None {{(pid=96337) log_opt_values /opt/stack/data/venv/lib/python3.12/site-packages/oslo_config/cfg.py:3253}}
Jul 01 00:52:06.268022 np0000004058 nova-scheduler[96337]: DEBUG cotyledon.oslo_config_glue [-] oslo_limit.max_version = None {{(pid=96337) log_opt_values /opt/stack/data/venv/lib/python3.12/site-packages/oslo_config/cfg.py:3253}}
Jul 01 00:52:06.268022 np0000004058 nova-scheduler[96337]: DEBUG cotyledon.oslo_config_glue [-] oslo_limit.min_version = None {{(pid=96337) log_opt_values /opt/stack/data/venv/lib/python3.12/site-packages/oslo_config/cfg.py:3253}}
Jul 01 00:52:06.268022 np0000004058 nova-scheduler[96337]: DEBUG cotyledon.oslo_config_glue [-] oslo_limit.region_name = None {{(pid=96337) log_opt_values /opt/stack/data/venv/lib/python3.12/site-packages/oslo_config/cfg.py:3253}}
Jul 01 00:52:06.268022 np0000004058 nova-scheduler[96337]: DEBUG cotyledon.oslo_config_glue [-] oslo_limit.retriable_status_codes = None {{(pid=96337) log_opt_values /opt/stack/data/venv/lib/python3.12/site-packages/oslo_config/cfg.py:3253}}
Jul 01 00:52:06.268022 np0000004058 nova-scheduler[96337]: DEBUG cotyledon.oslo_config_glue [-] oslo_limit.service_name = None {{(pid=96337) log_opt_values /opt/stack/data/venv/lib/python3.12/site-packages/oslo_config/cfg.py:3253}}
Jul 01 00:52:06.268022 np0000004058 nova-scheduler[96337]: DEBUG cotyledon.oslo_config_glue [-] oslo_limit.service_type = None {{(pid=96337) log_opt_values /opt/stack/data/venv/lib/python3.12/site-packages/oslo_config/cfg.py:3253}}
Jul 01 00:52:06.268293 np0000004058 nova-scheduler[96337]: DEBUG cotyledon.oslo_config_glue [-] oslo_limit.split_loggers = False {{(pid=96337) log_opt_values /opt/stack/data/venv/lib/python3.12/site-packages/oslo_config/cfg.py:3253}}
Jul 01 00:52:06.268293 np0000004058 nova-scheduler[96337]: DEBUG cotyledon.oslo_config_glue [-] oslo_limit.status_code_retries = None {{(pid=96337) log_opt_values /opt/stack/data/venv/lib/python3.12/site-packages/oslo_config/cfg.py:3253}}
Jul 01 00:52:06.268293 np0000004058 nova-scheduler[96337]: DEBUG cotyledon.oslo_config_glue [-] oslo_limit.status_code_retry_delay = None {{(pid=96337) log_opt_values /opt/stack/data/venv/lib/python3.12/site-packages/oslo_config/cfg.py:3253}}
Jul 01 00:52:06.268293 np0000004058 nova-scheduler[96337]: DEBUG cotyledon.oslo_config_glue [-] oslo_limit.timeout = None {{(pid=96337) log_opt_values /opt/stack/data/venv/lib/python3.12/site-packages/oslo_config/cfg.py:3253}}
Jul 01 00:52:06.268293 np0000004058 nova-scheduler[96337]: DEBUG cotyledon.oslo_config_glue [-] oslo_limit.valid_interfaces = None {{(pid=96337) log_opt_values /opt/stack/data/venv/lib/python3.12/site-packages/oslo_config/cfg.py:3253}}
Jul 01 00:52:06.268293 np0000004058 nova-scheduler[96337]: DEBUG cotyledon.oslo_config_glue [-] oslo_limit.version = None {{(pid=96337) log_opt_values /opt/stack/data/venv/lib/python3.12/site-packages/oslo_config/cfg.py:3253}}
Jul 01 00:52:06.268293 np0000004058 nova-scheduler[96337]: DEBUG cotyledon.oslo_config_glue [-] oslo_reports.file_event_handler = None {{(pid=96337) log_opt_values /opt/stack/data/venv/lib/python3.12/site-packages/oslo_config/cfg.py:3253}}
Jul 01 00:52:06.268293 np0000004058 nova-scheduler[96337]: DEBUG cotyledon.oslo_config_glue [-] oslo_reports.file_event_handler_interval = 1 {{(pid=96337) log_opt_values /opt/stack/data/venv/lib/python3.12/site-packages/oslo_config/cfg.py:3253}}
Jul 01 00:52:06.268293 np0000004058 nova-scheduler[96337]: DEBUG cotyledon.oslo_config_glue [-] oslo_reports.log_dir = None {{(pid=96337) log_opt_values /opt/stack/data/venv/lib/python3.12/site-packages/oslo_config/cfg.py:3253}}
Jul 01 00:52:06.268557 np0000004058 nova-scheduler[96337]: DEBUG cotyledon.oslo_config_glue [-] ******************************************************************************** {{(pid=96337) log_opt_values /opt/stack/data/venv/lib/python3.12/site-packages/oslo_config/cfg.py:3260}}
Jul 01 00:52:06.268557 np0000004058 nova-scheduler[96337]: DEBUG cotyledon._service_worker [-] Run service ServiceWrapper(3) [96337] {{(pid=96337) wait_forever /opt/stack/data/venv/lib/python3.12/site-packages/cotyledon/_service_worker.py:218}}
Jul 01 00:52:06.268557 np0000004058 nova-scheduler[96337]: INFO nova.service [-] Starting scheduler node (version 33.1.0)
Jul 01 00:52:06.268557 np0000004058 nova-scheduler[96337]: INFO dbcounter [None req-674dba6d-a309-4ef5-8eba-13d707512b6c None None] Registered counter for database nova_cell0
Jul 01 00:52:06.268672 np0000004058 nova-scheduler[96289]: DEBUG dbcounter [-] [96289] Writer thread running {{(pid=96289) stat_writer /opt/stack/data/venv/lib/python3.12/site-packages/dbcounter.py:102}}
Jul 01 00:52:06.279651 np0000004058 nova-scheduler[96329]: DEBUG oslo_db.sqlalchemy.engines [None req-d03e8815-7a3b-4cd8-a63a-42a373f46c49 None None] MySQL server mode set to STRICT_TRANS_TABLES,STRICT_ALL_TABLES,NO_ZERO_IN_DATE,NO_ZERO_DATE,ERROR_FOR_DIVISION_BY_ZERO,TRADITIONAL,NO_ENGINE_SUBSTITUTION {{(pid=96329) _check_effective_sql_mode /opt/stack/data/venv/lib/python3.12/site-packages/oslo_db/sqlalchemy/engines.py:325}}
Jul 01 00:52:06.281989 np0000004058 nova-scheduler[96289]: DEBUG nova.service [None req-e2457972-cd83-4fde-bf85-9c4317f4fb88 None None] Creating RPC server for service: nova-scheduler on topic: scheduler {{(pid=96289) start /opt/stack/nova/nova/service.py:196}}
Jul 01 00:52:06.282689 np0000004058 nova-scheduler[96299]: DEBUG oslo_db.sqlalchemy.engines [None req-069f07be-62b8-407c-bb57-b0774648f66e None None] MySQL server mode set to STRICT_TRANS_TABLES,STRICT_ALL_TABLES,NO_ZERO_IN_DATE,NO_ZERO_DATE,ERROR_FOR_DIVISION_BY_ZERO,TRADITIONAL,NO_ENGINE_SUBSTITUTION {{(pid=96299) _check_effective_sql_mode /opt/stack/data/venv/lib/python3.12/site-packages/oslo_db/sqlalchemy/engines.py:325}}
Jul 01 00:52:06.291029 np0000004058 nova-scheduler[96329]: DEBUG dbcounter [-] [96329] Writer thread running {{(pid=96329) stat_writer /opt/stack/data/venv/lib/python3.12/site-packages/dbcounter.py:102}}
Jul 01 00:52:06.293011 np0000004058 nova-scheduler[96299]: DEBUG dbcounter [-] [96299] Writer thread running {{(pid=96299) stat_writer /opt/stack/data/venv/lib/python3.12/site-packages/dbcounter.py:102}}
Jul 01 00:52:06.294422 np0000004058 nova-scheduler[96329]: DEBUG nova.service [None req-d03e8815-7a3b-4cd8-a63a-42a373f46c49 None None] Creating RPC server for service: nova-scheduler on topic: scheduler {{(pid=96329) start /opt/stack/nova/nova/service.py:196}}
Jul 01 00:52:06.296384 np0000004058 nova-scheduler[96299]: DEBUG nova.service [None req-069f07be-62b8-407c-bb57-b0774648f66e None None] Creating RPC server for service: nova-scheduler on topic: scheduler {{(pid=96299) start /opt/stack/nova/nova/service.py:196}}
Jul 01 00:52:06.304148 np0000004058 nova-scheduler[96289]: DEBUG nova.service [None req-e2457972-cd83-4fde-bf85-9c4317f4fb88 None None] Join ServiceGroup membership for this service scheduler {{(pid=96289) start /opt/stack/nova/nova/service.py:222}}
Jul 01 00:52:06.304373 np0000004058 nova-scheduler[96289]: DEBUG nova.servicegroup.drivers.db [None req-e2457972-cd83-4fde-bf85-9c4317f4fb88 None None] DB_Driver: join new ServiceGroup member np0000004058 to the scheduler group, service = {{(pid=96289) join /opt/stack/nova/nova/servicegroup/drivers/db.py:44}}
Jul 01 00:52:06.305874 np0000004058 nova-scheduler[96337]: DEBUG oslo_db.sqlalchemy.engines [None req-674dba6d-a309-4ef5-8eba-13d707512b6c None None] MySQL server mode set to STRICT_TRANS_TABLES,STRICT_ALL_TABLES,NO_ZERO_IN_DATE,NO_ZERO_DATE,ERROR_FOR_DIVISION_BY_ZERO,TRADITIONAL,NO_ENGINE_SUBSTITUTION {{(pid=96337) _check_effective_sql_mode /opt/stack/data/venv/lib/python3.12/site-packages/oslo_db/sqlalchemy/engines.py:325}}
Jul 01 00:52:06.314152 np0000004058 nova-scheduler[96329]: DEBUG nova.service [None req-d03e8815-7a3b-4cd8-a63a-42a373f46c49 None None] Join ServiceGroup membership for this service scheduler {{(pid=96329) start /opt/stack/nova/nova/service.py:222}}
Jul 01 00:52:06.314447 np0000004058 nova-scheduler[96329]: DEBUG nova.servicegroup.drivers.db [None req-d03e8815-7a3b-4cd8-a63a-42a373f46c49 None None] DB_Driver: join new ServiceGroup member np0000004058 to the scheduler group, service = {{(pid=96329) join /opt/stack/nova/nova/servicegroup/drivers/db.py:44}}
Jul 01 00:52:06.314689 np0000004058 nova-scheduler[96299]: DEBUG nova.service [None req-069f07be-62b8-407c-bb57-b0774648f66e None None] Join ServiceGroup membership for this service scheduler {{(pid=96299) start /opt/stack/nova/nova/service.py:222}}
Jul 01 00:52:06.314958 np0000004058 nova-scheduler[96299]: DEBUG nova.servicegroup.drivers.db [None req-069f07be-62b8-407c-bb57-b0774648f66e None None] DB_Driver: join new ServiceGroup member np0000004058 to the scheduler group, service = {{(pid=96299) join /opt/stack/nova/nova/servicegroup/drivers/db.py:44}}
Jul 01 00:52:06.315793 np0000004058 nova-scheduler[96337]: DEBUG dbcounter [-] [96337] Writer thread running {{(pid=96337) stat_writer /opt/stack/data/venv/lib/python3.12/site-packages/dbcounter.py:102}}
Jul 01 00:52:06.319740 np0000004058 nova-scheduler[96337]: DEBUG nova.service [None req-674dba6d-a309-4ef5-8eba-13d707512b6c None None] Creating RPC server for service: nova-scheduler on topic: scheduler {{(pid=96337) start /opt/stack/nova/nova/service.py:196}}
Jul 01 00:52:06.337858 np0000004058 nova-scheduler[96337]: DEBUG nova.service [None req-674dba6d-a309-4ef5-8eba-13d707512b6c None None] Join ServiceGroup membership for this service scheduler {{(pid=96337) start /opt/stack/nova/nova/service.py:222}}
Jul 01 00:52:06.338009 np0000004058 nova-scheduler[96337]: DEBUG nova.servicegroup.drivers.db [None req-674dba6d-a309-4ef5-8eba-13d707512b6c None None] DB_Driver: join new ServiceGroup member np0000004058 to the scheduler group, service = {{(pid=96337) join /opt/stack/nova/nova/servicegroup/drivers/db.py:44}}
Jul 01 00:52:11.319295 np0000004058 nova-scheduler[96289]: DEBUG oslo.service.backend._threading.loopingcall [-] Fixed interval looping call 'nova.servicegroup.drivers.db.DbDriver._report_state' sleeping for 119.99 seconds {{(pid=96289) _run_loop /opt/stack/data/venv/lib/python3.12/site-packages/oslo_service/backend/_threading/loopingcall.py:125}}
Jul 01 00:52:11.326581 np0000004058 nova-scheduler[96329]: DEBUG oslo.service.backend._threading.loopingcall [-] Fixed interval looping call 'nova.servicegroup.drivers.db.DbDriver._report_state' sleeping for 119.99 seconds {{(pid=96329) _run_loop /opt/stack/data/venv/lib/python3.12/site-packages/oslo_service/backend/_threading/loopingcall.py:125}}
Jul 01 00:52:11.329161 np0000004058 nova-scheduler[96299]: DEBUG oslo.service.backend._threading.loopingcall [-] Fixed interval looping call 'nova.servicegroup.drivers.db.DbDriver._report_state' sleeping for 119.99 seconds {{(pid=96299) _run_loop /opt/stack/data/venv/lib/python3.12/site-packages/oslo_service/backend/_threading/loopingcall.py:125}}
Jul 01 00:52:11.349016 np0000004058 nova-scheduler[96337]: DEBUG oslo.service.backend._threading.loopingcall [-] Fixed interval looping call 'nova.servicegroup.drivers.db.DbDriver._report_state' sleeping for 119.99 seconds {{(pid=96337) _run_loop /opt/stack/data/venv/lib/python3.12/site-packages/oslo_service/backend/_threading/loopingcall.py:125}}
Jul 01 00:52:14.821148 np0000004058 nova-scheduler[95091]: DEBUG dbcounter [-] [95091] Writing DB stats nova_api:SELECT=3 {{(pid=95091) stat_writer /opt/stack/data/venv/lib/python3.12/site-packages/dbcounter.py:115}}
Jul 01 00:52:14.977558 np0000004058 nova-scheduler[95091]: DEBUG dbcounter [-] [95091] Writing DB stats nova_cell1:SELECT=1 {{(pid=95091) stat_writer /opt/stack/data/venv/lib/python3.12/site-packages/dbcounter.py:115}}
Jul 01 00:52:14.983999 np0000004058 nova-scheduler[95091]: DEBUG dbcounter [-] [95091] Writing DB stats nova_cell0:SELECT=1 {{(pid=95091) stat_writer /opt/stack/data/venv/lib/python3.12/site-packages/dbcounter.py:115}}
Jul 01 00:52:21.313927 np0000004058 nova-scheduler[96289]: DEBUG dbcounter [-] [96289] Writing DB stats nova_cell0:SELECT=4,nova_cell0:INSERT=1,nova_cell0:UPDATE=1 {{(pid=96289) stat_writer /opt/stack/data/venv/lib/python3.12/site-packages/dbcounter.py:115}}
Jul 01 00:52:21.323059 np0000004058 nova-scheduler[96329]: DEBUG dbcounter [-] [96329] Writing DB stats nova_cell0:SELECT=3 {{(pid=96329) stat_writer /opt/stack/data/venv/lib/python3.12/site-packages/dbcounter.py:115}}
Jul 01 00:52:21.326638 np0000004058 nova-scheduler[96299]: DEBUG dbcounter [-] [96299] Writing DB stats nova_cell0:SELECT=3 {{(pid=96299) stat_writer /opt/stack/data/venv/lib/python3.12/site-packages/dbcounter.py:115}}
Jul 01 00:52:21.345937 np0000004058 nova-scheduler[96337]: DEBUG dbcounter [-] [96337] Writing DB stats nova_cell0:SELECT=3 {{(pid=96337) stat_writer /opt/stack/data/venv/lib/python3.12/site-packages/dbcounter.py:115}}
Jul 01 00:52:22.317644 np0000004058 nova-scheduler[96299]: DEBUG oslo.service.backend._threading.loopingcall [None req-2eb02a74-4e04-4261-ac98-7bc3712cd6d3 None None] Dynamic interval looping call 'nova.service.Service.periodic_tasks' sleeping for 60.00 seconds {{(pid=96299) _run_loop /opt/stack/data/venv/lib/python3.12/site-packages/oslo_service/backend/_threading/loopingcall.py:125}}
Jul 01 00:52:24.317546 np0000004058 nova-scheduler[96329]: DEBUG oslo.service.backend._threading.loopingcall [None req-5aab1bd7-7a68-4503-8b10-d9bf39caf013 None None] Dynamic interval looping call 'nova.service.Service.periodic_tasks' sleeping for 60.00 seconds {{(pid=96329) _run_loop /opt/stack/data/venv/lib/python3.12/site-packages/oslo_service/backend/_threading/loopingcall.py:125}}
Jul 01 00:52:44.340409 np0000004058 nova-scheduler[96337]: DEBUG oslo.service.backend._threading.loopingcall [None req-61b9ffe7-6548-43eb-b40e-ca853b19bd6e None None] Dynamic interval looping call 'nova.service.Service.periodic_tasks' sleeping for 60.00 seconds {{(pid=96337) _run_loop /opt/stack/data/venv/lib/python3.12/site-packages/oslo_service/backend/_threading/loopingcall.py:125}}
Jul 01 00:53:00.307400 np0000004058 nova-scheduler[96289]: DEBUG oslo.service.backend._threading.loopingcall [None req-44f55208-e840-4e31-8495-9797e195878b None None] Dynamic interval looping call 'nova.service.Service.periodic_tasks' sleeping for 60.00 seconds {{(pid=96289) _run_loop /opt/stack/data/venv/lib/python3.12/site-packages/oslo_service/backend/_threading/loopingcall.py:125}}
Jul 01 00:53:22.318156 np0000004058 nova-scheduler[96299]: DEBUG oslo.service.backend._threading.loopingcall [None req-2eb02a74-4e04-4261-ac98-7bc3712cd6d3 None None] Dynamic interval looping call 'nova.service.Service.periodic_tasks' sleeping for 60.00 seconds {{(pid=96299) _run_loop /opt/stack/data/venv/lib/python3.12/site-packages/oslo_service/backend/_threading/loopingcall.py:125}}
Jul 01 00:53:24.318736 np0000004058 nova-scheduler[96329]: DEBUG oslo.service.backend._threading.loopingcall [None req-5aab1bd7-7a68-4503-8b10-d9bf39caf013 None None] Dynamic interval looping call 'nova.service.Service.periodic_tasks' sleeping for 60.00 seconds {{(pid=96329) _run_loop /opt/stack/data/venv/lib/python3.12/site-packages/oslo_service/backend/_threading/loopingcall.py:125}}
Jul 01 00:53:44.340979 np0000004058 nova-scheduler[96337]: DEBUG oslo.service.backend._threading.loopingcall [None req-61b9ffe7-6548-43eb-b40e-ca853b19bd6e None None] Dynamic interval looping call 'nova.service.Service.periodic_tasks' sleeping for 60.00 seconds {{(pid=96337) _run_loop /opt/stack/data/venv/lib/python3.12/site-packages/oslo_service/backend/_threading/loopingcall.py:125}}
Jul 01 00:54:00.308037 np0000004058 nova-scheduler[96289]: DEBUG oslo.service.backend._threading.loopingcall [None req-44f55208-e840-4e31-8495-9797e195878b None None] Dynamic interval looping call 'nova.service.Service.periodic_tasks' sleeping for 60.00 seconds {{(pid=96289) _run_loop /opt/stack/data/venv/lib/python3.12/site-packages/oslo_service/backend/_threading/loopingcall.py:125}}
Jul 01 00:54:11.316839 np0000004058 nova-scheduler[96289]: DEBUG oslo.service.backend._threading.loopingcall [-] Fixed interval looping call 'nova.servicegroup.drivers.db.DbDriver._report_state' sleeping for 119.99 seconds {{(pid=96289) _run_loop /opt/stack/data/venv/lib/python3.12/site-packages/oslo_service/backend/_threading/loopingcall.py:125}}
Jul 01 00:54:11.320796 np0000004058 nova-scheduler[96329]: DEBUG oslo.service.backend._threading.loopingcall [-] Fixed interval looping call 'nova.servicegroup.drivers.db.DbDriver._report_state' sleeping for 120.00 seconds {{(pid=96329) _run_loop /opt/stack/data/venv/lib/python3.12/site-packages/oslo_service/backend/_threading/loopingcall.py:125}}
Jul 01 00:54:11.322737 np0000004058 nova-scheduler[96299]: DEBUG oslo.service.backend._threading.loopingcall [-] Fixed interval looping call 'nova.servicegroup.drivers.db.DbDriver._report_state' sleeping for 120.00 seconds {{(pid=96299) _run_loop /opt/stack/data/venv/lib/python3.12/site-packages/oslo_service/backend/_threading/loopingcall.py:125}}
Jul 01 00:54:11.343421 np0000004058 nova-scheduler[96337]: DEBUG oslo.service.backend._threading.loopingcall [-] Fixed interval looping call 'nova.servicegroup.drivers.db.DbDriver._report_state' sleeping for 120.00 seconds {{(pid=96337) _run_loop /opt/stack/data/venv/lib/python3.12/site-packages/oslo_service/backend/_threading/loopingcall.py:125}}
Jul 01 00:54:21.312840 np0000004058 nova-scheduler[96289]: DEBUG dbcounter [-] [96289] Writing DB stats nova_cell0:SELECT=1,nova_cell0:UPDATE=1 {{(pid=96289) stat_writer /opt/stack/data/venv/lib/python3.12/site-packages/dbcounter.py:115}}
Jul 01 00:54:21.318297 np0000004058 nova-scheduler[96329]: DEBUG dbcounter [-] [96329] Writing DB stats nova_cell0:SELECT=1 {{(pid=96329) stat_writer /opt/stack/data/venv/lib/python3.12/site-packages/dbcounter.py:115}}
Jul 01 00:54:21.321205 np0000004058 nova-scheduler[96299]: DEBUG dbcounter [-] [96299] Writing DB stats nova_cell0:SELECT=1 {{(pid=96299) stat_writer /opt/stack/data/venv/lib/python3.12/site-packages/dbcounter.py:115}}
Jul 01 00:54:21.344236 np0000004058 nova-scheduler[96337]: DEBUG dbcounter [-] [96337] Writing DB stats nova_cell0:SELECT=1 {{(pid=96337) stat_writer /opt/stack/data/venv/lib/python3.12/site-packages/dbcounter.py:115}}
Jul 01 00:54:22.318939 np0000004058 nova-scheduler[96299]: DEBUG oslo.service.backend._threading.loopingcall [None req-2eb02a74-4e04-4261-ac98-7bc3712cd6d3 None None] Dynamic interval looping call 'nova.service.Service.periodic_tasks' sleeping for 60.00 seconds {{(pid=96299) _run_loop /opt/stack/data/venv/lib/python3.12/site-packages/oslo_service/backend/_threading/loopingcall.py:125}}
Jul 01 00:54:24.319245 np0000004058 nova-scheduler[96329]: DEBUG oslo.service.backend._threading.loopingcall [None req-5aab1bd7-7a68-4503-8b10-d9bf39caf013 None None] Dynamic interval looping call 'nova.service.Service.periodic_tasks' sleeping for 60.00 seconds {{(pid=96329) _run_loop /opt/stack/data/venv/lib/python3.12/site-packages/oslo_service/backend/_threading/loopingcall.py:125}}
Jul 01 00:54:28.997443 np0000004058 nova-scheduler[96289]: DEBUG nova.scheduler.manager [None req-a8b7aabf-5893-4f35-9bb7-342fe5d24560 tempest-DeleteServersTestJSON-613004298 tempest-DeleteServersTestJSON-613004298-project-member] Starting to schedule for instances: ['c38430de-f986-4d7e-a3b3-2dcd8ce54664'] {{(pid=96289) select_destinations /opt/stack/nova/nova/scheduler/manager.py:209}}
Jul 01 00:54:28.998049 np0000004058 nova-scheduler[96289]: DEBUG nova.scheduler.request_filter [None req-a8b7aabf-5893-4f35-9bb7-342fe5d24560 tempest-DeleteServersTestJSON-613004298 tempest-DeleteServersTestJSON-613004298-project-member] compute_status_filter request filter added forbidden trait COMPUTE_STATUS_DISABLED {{(pid=96289) compute_status_filter /opt/stack/nova/nova/scheduler/request_filter.py:253}}
Jul 01 00:54:28.998179 np0000004058 nova-scheduler[96289]: DEBUG nova.scheduler.request_filter [None req-a8b7aabf-5893-4f35-9bb7-342fe5d24560 tempest-DeleteServersTestJSON-613004298 tempest-DeleteServersTestJSON-613004298-project-member] Request filter 'compute_status_filter' took 0.0 seconds {{(pid=96289) wrapper /opt/stack/nova/nova/scheduler/request_filter.py:46}}
Jul 01 00:54:28.998437 np0000004058 nova-scheduler[96289]: DEBUG nova.scheduler.request_filter [None req-a8b7aabf-5893-4f35-9bb7-342fe5d24560 tempest-DeleteServersTestJSON-613004298 tempest-DeleteServersTestJSON-613004298-project-member] Request filter 'accelerators_filter' took 0.0 seconds {{(pid=96289) wrapper /opt/stack/nova/nova/scheduler/request_filter.py:46}}
Jul 01 00:54:28.998682 np0000004058 nova-scheduler[96289]: DEBUG nova.scheduler.request_filter [None req-a8b7aabf-5893-4f35-9bb7-342fe5d24560 tempest-DeleteServersTestJSON-613004298 tempest-DeleteServersTestJSON-613004298-project-member] Request filter 'packed_virtqueue_filter' took 0.0 seconds {{(pid=96289) wrapper /opt/stack/nova/nova/scheduler/request_filter.py:46}}
Jul 01 00:54:28.998960 np0000004058 nova-scheduler[96289]: DEBUG nova.scheduler.request_filter [None req-a8b7aabf-5893-4f35-9bb7-342fe5d24560 tempest-DeleteServersTestJSON-613004298 tempest-DeleteServersTestJSON-613004298-project-member] Request filter 'remote_managed_ports_filter' took 0.0 seconds {{(pid=96289) wrapper /opt/stack/nova/nova/scheduler/request_filter.py:46}}
Jul 01 00:54:28.999445 np0000004058 nova-scheduler[96289]: DEBUG nova.scheduler.request_filter [None req-a8b7aabf-5893-4f35-9bb7-342fe5d24560 tempest-DeleteServersTestJSON-613004298 tempest-DeleteServersTestJSON-613004298-project-member] ephemeral_encryption_filter skipped {{(pid=96289) ephemeral_encryption_filter /opt/stack/nova/nova/scheduler/request_filter.py:426}}
Jul 01 00:54:28.999660 np0000004058 nova-scheduler[96289]: DEBUG nova.scheduler.request_filter [None req-a8b7aabf-5893-4f35-9bb7-342fe5d24560 tempest-DeleteServersTestJSON-613004298 tempest-DeleteServersTestJSON-613004298-project-member] virtio_sound_filter skipped {{(pid=96289) virtio_sound_filter /opt/stack/nova/nova/scheduler/request_filter.py:460}}
Jul 01 00:54:28.999829 np0000004058 nova-scheduler[96289]: DEBUG nova.scheduler.request_filter [None req-a8b7aabf-5893-4f35-9bb7-342fe5d24560 tempest-DeleteServersTestJSON-613004298 tempest-DeleteServersTestJSON-613004298-project-member] tpm_secret_security_filter skipped {{(pid=96289) tpm_secret_security_filter /opt/stack/nova/nova/scheduler/request_filter.py:477}}
Jul 01 00:54:29.602517 np0000004058 nova-scheduler[96289]: INFO nova.utils [None req-a8b7aabf-5893-4f35-9bb7-342fe5d24560 tempest-DeleteServersTestJSON-613004298 tempest-DeleteServersTestJSON-613004298-project-member] The cell worker thread pool ForkProcess-1.cell_worker is initialized
Jul 01 00:54:29.602672 np0000004058 nova-scheduler[96289]: DEBUG oslo_concurrency.lockutils [None req-a8b7aabf-5893-4f35-9bb7-342fe5d24560 tempest-DeleteServersTestJSON-613004298 tempest-DeleteServersTestJSON-613004298-project-member] Acquiring lock "8e3f3ed5-4e02-4c96-8b67-0d5179ba5fe1" by "nova.context.set_target_cell..get_or_set_cached_cell_and_set_connections" {{(pid=96289) inner /opt/stack/data/venv/lib/python3.12/site-packages/oslo_concurrency/lockutils.py:511}}
Jul 01 00:54:29.602915 np0000004058 nova-scheduler[96289]: DEBUG oslo_concurrency.lockutils [None req-a8b7aabf-5893-4f35-9bb7-342fe5d24560 tempest-DeleteServersTestJSON-613004298 tempest-DeleteServersTestJSON-613004298-project-member] Lock "8e3f3ed5-4e02-4c96-8b67-0d5179ba5fe1" acquired by "nova.context.set_target_cell..get_or_set_cached_cell_and_set_connections" :: waited 0.000s {{(pid=96289) inner /opt/stack/data/venv/lib/python3.12/site-packages/oslo_concurrency/lockutils.py:524}}
Jul 01 00:54:29.604350 np0000004058 nova-scheduler[96289]: DEBUG oslo_concurrency.lockutils [None req-a8b7aabf-5893-4f35-9bb7-342fe5d24560 tempest-DeleteServersTestJSON-613004298 tempest-DeleteServersTestJSON-613004298-project-member] Lock "8e3f3ed5-4e02-4c96-8b67-0d5179ba5fe1" "released" by "nova.context.set_target_cell..get_or_set_cached_cell_and_set_connections" :: held 0.001s {{(pid=96289) inner /opt/stack/data/venv/lib/python3.12/site-packages/oslo_concurrency/lockutils.py:543}}
Jul 01 00:54:29.606881 np0000004058 nova-scheduler[96289]: INFO dbcounter [None req-a8b7aabf-5893-4f35-9bb7-342fe5d24560 tempest-DeleteServersTestJSON-613004298 tempest-DeleteServersTestJSON-613004298-project-member] Registered counter for database nova_cell1
Jul 01 00:54:29.643915 np0000004058 nova-scheduler[96289]: DEBUG oslo_db.sqlalchemy.engines [None req-a8b7aabf-5893-4f35-9bb7-342fe5d24560 tempest-DeleteServersTestJSON-613004298 tempest-DeleteServersTestJSON-613004298-project-member] MySQL server mode set to STRICT_TRANS_TABLES,STRICT_ALL_TABLES,NO_ZERO_IN_DATE,NO_ZERO_DATE,ERROR_FOR_DIVISION_BY_ZERO,TRADITIONAL,NO_ENGINE_SUBSTITUTION {{(pid=96289) _check_effective_sql_mode /opt/stack/data/venv/lib/python3.12/site-packages/oslo_db/sqlalchemy/engines.py:325}}
Jul 01 00:54:29.648858 np0000004058 nova-scheduler[96289]: DEBUG dbcounter [-] [96289] Writer thread running {{(pid=96289) stat_writer /opt/stack/data/venv/lib/python3.12/site-packages/dbcounter.py:102}}
Jul 01 00:54:29.661061 np0000004058 nova-scheduler[96289]: DEBUG oslo_db.sqlalchemy.engines [None req-a8b7aabf-5893-4f35-9bb7-342fe5d24560 tempest-DeleteServersTestJSON-613004298 tempest-DeleteServersTestJSON-613004298-project-member] Parent process 95091 forked (96289) with an open database connection, which is being discarded and recreated. {{(pid=96289) checkout /opt/stack/data/venv/lib/python3.12/site-packages/oslo_db/sqlalchemy/engines.py:402}}
Jul 01 00:54:29.699379 np0000004058 nova-scheduler[96289]: DEBUG dbcounter [-] [96289] Writer thread running {{(pid=96289) stat_writer /opt/stack/data/venv/lib/python3.12/site-packages/dbcounter.py:102}}
Jul 01 00:54:29.702024 np0000004058 nova-scheduler[96289]: DEBUG oslo_concurrency.lockutils [None req-a8b7aabf-5893-4f35-9bb7-342fe5d24560 tempest-DeleteServersTestJSON-613004298 tempest-DeleteServersTestJSON-613004298-project-member] Acquiring lock "8e3f3ed5-4e02-4c96-8b67-0d5179ba5fe1" by "nova.context.set_target_cell..get_or_set_cached_cell_and_set_connections" {{(pid=96289) inner /opt/stack/data/venv/lib/python3.12/site-packages/oslo_concurrency/lockutils.py:511}}
Jul 01 00:54:29.702024 np0000004058 nova-scheduler[96289]: DEBUG oslo_concurrency.lockutils [None req-a8b7aabf-5893-4f35-9bb7-342fe5d24560 tempest-DeleteServersTestJSON-613004298 tempest-DeleteServersTestJSON-613004298-project-member] Lock "8e3f3ed5-4e02-4c96-8b67-0d5179ba5fe1" acquired by "nova.context.set_target_cell..get_or_set_cached_cell_and_set_connections" :: waited 0.000s {{(pid=96289) inner /opt/stack/data/venv/lib/python3.12/site-packages/oslo_concurrency/lockutils.py:524}}
Jul 01 00:54:29.702024 np0000004058 nova-scheduler[96289]: DEBUG oslo_concurrency.lockutils [None req-a8b7aabf-5893-4f35-9bb7-342fe5d24560 tempest-DeleteServersTestJSON-613004298 tempest-DeleteServersTestJSON-613004298-project-member] Lock "8e3f3ed5-4e02-4c96-8b67-0d5179ba5fe1" "released" by "nova.context.set_target_cell..get_or_set_cached_cell_and_set_connections" :: held 0.000s {{(pid=96289) inner /opt/stack/data/venv/lib/python3.12/site-packages/oslo_concurrency/lockutils.py:543}}
Jul 01 00:54:29.704726 np0000004058 nova-scheduler[96289]: DEBUG oslo_concurrency.lockutils [None req-a8b7aabf-5893-4f35-9bb7-342fe5d24560 tempest-DeleteServersTestJSON-613004298 tempest-DeleteServersTestJSON-613004298-project-member] Acquiring lock "np0000004058-np0000004058" by "nova.scheduler.host_manager.HostState.update.._locked_update" {{(pid=96289) inner /opt/stack/data/venv/lib/python3.12/site-packages/oslo_concurrency/lockutils.py:511}}
Jul 01 00:54:29.704883 np0000004058 nova-scheduler[96289]: DEBUG oslo_concurrency.lockutils [None req-a8b7aabf-5893-4f35-9bb7-342fe5d24560 tempest-DeleteServersTestJSON-613004298 tempest-DeleteServersTestJSON-613004298-project-member] Lock "np0000004058-np0000004058" acquired by "nova.scheduler.host_manager.HostState.update.._locked_update" :: waited 0.000s {{(pid=96289) inner /opt/stack/data/venv/lib/python3.12/site-packages/oslo_concurrency/lockutils.py:524}}
Jul 01 00:54:29.705829 np0000004058 nova-scheduler[96289]: DEBUG nova.scheduler.host_manager [None req-a8b7aabf-5893-4f35-9bb7-342fe5d24560 tempest-DeleteServersTestJSON-613004298 tempest-DeleteServersTestJSON-613004298-project-member] Update host state from compute node: ComputeNode(cpu_allocation_ratio=4.0,cpu_info='{"arch": "x86_64", "model": "EPYC-Milan", "vendor": "AMD", "topology": {"cells": 1, "sockets": 16, "cores": 1, "threads": 1}, "maxphysaddr": {"mode": "emulate", "bits": 40}, "features": ["lahf_lm", "flushbyasid", "xsavec", "xgetbv1", "fxsr_opt", "lfence-always-serializing", "tsc", "pni", "clflushopt", "v-vmsave-vmload", "ssbd", "clflush", "mmxext", "virt-ssbd", "invpcid", "amd-stibp", "svm", "rdpid", "erms", "pdpe1gb", "skip-l1dfl-vmentry", "stibp", "ibpb", "clwb", "rdseed", "bmi1", "nx", "cx16", "vaes", "perfctr_core", "gds-no", "rdctl-no", "tsc-scale", "fsrm", "mce", "msr", "tsc_adjust", "aes", "misalignsse", "cx8", "pclmuldq", "cmp_legacy", "f16c", "fpu", "spec-ctrl", "xsave", "stibp-always-on", "x2apic", "pge", "hypervisor", "3dnowprefetch", "rdrand", "syscall", "fma", "tsc-deadline", "pause-filter", "popcnt", "fxsr", "sse", "sse2", "arch-capabilities", "apic", "rdtscp", "osvw", "amd-ssbd", "pcid", "null-sel-clr-base", "sep", "sse4.1", "abm", "pschange-mc-no", "pae", "bmi2", "xsaveopt", "no-nested-data-bp", "vgif", "vme", "sse4.2", "avx2", "mtrr", "pse", "mds-no", "vpclmulqdq", "mca", "smap", "ssse3", "cmov", "mmx", "nrip-save", "xsaveerptr", "pfthreshold", "movbe", "lbrv", "clzero", "pku", "pat", "adx", "ibrs", "wbnoinvd", "lm", "smep", "npt", "fsgsbase", "sse4a", "de", "arat", "umip", "avx", "pse36", "svme-addr-chk", "amd-psfd", "topoext", "vmcb-clean", "cr8legacy", "sha-ni", "xsaves"]}',created_at=2026-07-01T00:52:31Z,current_workload=0,deleted=False,deleted_at=None,disk_allocation_ratio=1.0,disk_available_least=75,free_disk_gb=95,free_ram_mb=63789,host='np0000004058',host_ip=10.4.3.91,hypervisor_hostname='np0000004058',hypervisor_type='QEMU',hypervisor_version=8002002,id=1,local_gb=95,local_gb_used=0,mapped=1,memory_mb=64301,memory_mb_used=512,metrics='[]',numa_topology='{"nova_object.name": "NUMATopology", "nova_object.namespace": "nova", "nova_object.version": "1.2", "nova_object.data": {"cells": [{"nova_object.name": "NUMACell", "nova_object.namespace": "nova", "nova_object.version": "1.5", "nova_object.data": {"id": 0, "cpuset": [0, 1, 2, 3, 4, 5, 6, 7, 8, 9, 10, 11, 12, 13, 14, 15], "pcpuset": [0, 1, 2, 3, 4, 5, 6, 7, 8, 9, 10, 11, 12, 13, 14, 15], "memory": 64301, "cpu_usage": 0, "memory_usage": 0, "pinned_cpus": [], "siblings": [[6], [12], [2], [15], [5], [11], [8], [14], [4], [1], [7], [10], [0], [13], [3], [9]], "mempages": [{"nova_object.name": "NUMAPagesTopology", "nova_object.namespace": "nova", "nova_object.version": "1.1", "nova_object.data": {"size_kb": 4, "total": 16461068, "used": 0, "reserved": 0}, "nova_object.changes": ["total", "used", "reserved", "size_kb"]}, {"nova_object.name": "NUMAPagesTopology", "nova_object.namespace": "nova", "nova_object.version": "1.1", "nova_object.data": {"size_kb": 2048, "total": 0, "used": 0, "reserved": 0}, "nova_object.changes": ["total", "used", "reserved", "size_kb"]}, {"nova_object.name": "NUMAPagesTopology", "nova_object.namespace": "nova", "nova_object.version": "1.1", "nova_object.data": {"size_kb": 1048576, "total": 0, "used": 0, "reserved": 0}, "nova_object.changes": ["total", "used", "reserved", "size_kb"]}], "network_metadata": {"nova_object.name": "NetworkMetadata", "nova_object.namespace": "nova", "nova_object.version": "1.0", "nova_object.data": {"physnets": [], "tunneled": false}, "nova_object.changes": ["physnets", "tunneled"]}, "socket": null}, "nova_object.changes": ["memory_usage", "id", "cpu_usage", "pcpuset", "pinned_cpus", "network_metadata", "memory", "siblings", "mempages", "cpuset", "socket"]}]}, "nova_object.changes": ["cells"]}',pci_device_pools=PciDevicePoolList,ram_allocation_ratio=1.0,running_vms=0,service_id=3,stats={failed_builds='0',uptime=' 00:54:17 up 24 min, 2 users, load average: 1.63, 1.62, 0.93
Jul 01 00:54:29.705829 np0000004058 nova-scheduler[96289]: '},supported_hv_specs=[HVSpec,HVSpec,HVSpec,HVSpec,HVSpec,HVSpec,HVSpec,HVSpec,HVSpec,HVSpec,HVSpec,HVSpec,HVSpec,HVSpec,HVSpec,HVSpec,HVSpec,HVSpec,HVSpec,HVSpec,HVSpec,HVSpec,HVSpec,HVSpec,HVSpec],updated_at=2026-07-01T00:54:19Z,uuid=935a9854-9d80-45fa-b0f3-91366547200b,vcpus=16,vcpus_used=0) {{(pid=96289) _locked_update /opt/stack/nova/nova/scheduler/host_manager.py:168}}
Jul 01 00:54:29.706616 np0000004058 nova-scheduler[96289]: DEBUG nova.scheduler.host_manager [None req-a8b7aabf-5893-4f35-9bb7-342fe5d24560 tempest-DeleteServersTestJSON-613004298 tempest-DeleteServersTestJSON-613004298-project-member] Update host state with aggregates: [] {{(pid=96289) _locked_update /opt/stack/nova/nova/scheduler/host_manager.py:171}}
