Jul 09 11:59:27.096150 np0000004898 systemd[1]: Starting devstack@n-api-meta.service - Devstack devstack@n-api-meta.service...
Jul 09 11:59:27.101335 np0000004898 devstack@n-api-meta.service[95765]: [uWSGI] getting INI configuration from /etc/nova/nova-metadata-uwsgi.ini
Jul 09 11:59:27.103551 np0000004898 devstack@n-api-meta.service[95765]: *** Starting uWSGI 2.0.24-debian (64bit) on [Thu Jul 9 11:59:27 2026] ***
Jul 09 11:59:27.103551 np0000004898 devstack@n-api-meta.service[95765]: compiled with version: 13.2.0 on 17 April 2024 16:23:48
Jul 09 11:59:27.103551 np0000004898 devstack@n-api-meta.service[95765]: os: Linux-6.8.0-100-generic #100-Ubuntu SMP PREEMPT_DYNAMIC Tue Jan 13 16:40:06 UTC 2026
Jul 09 11:59:27.103551 np0000004898 devstack@n-api-meta.service[95765]: nodename: np0000004898
Jul 09 11:59:27.103551 np0000004898 devstack@n-api-meta.service[95765]: machine: x86_64
Jul 09 11:59:27.103551 np0000004898 devstack@n-api-meta.service[95765]: clock source: unix
Jul 09 11:59:27.103551 np0000004898 devstack@n-api-meta.service[95765]: pcre jit disabled
Jul 09 11:59:27.103551 np0000004898 devstack@n-api-meta.service[95765]: detected number of CPU cores: 16
Jul 09 11:59:27.103551 np0000004898 devstack@n-api-meta.service[95765]: current working directory: /
Jul 09 11:59:27.103551 np0000004898 devstack@n-api-meta.service[95765]: detected binary path: /usr/bin/uwsgi-core
Jul 09 11:59:27.103551 np0000004898 devstack@n-api-meta.service[95765]: your processes number limit is 257052
Jul 09 11:59:27.103551 np0000004898 devstack@n-api-meta.service[95765]: your memory page size is 4096 bytes
Jul 09 11:59:27.103551 np0000004898 devstack@n-api-meta.service[95765]: detected max file descriptor number: 2048
Jul 09 11:59:27.103886 np0000004898 devstack@n-api-meta.service[95765]: lock engine: pthread robust mutexes
Jul 09 11:59:27.103886 np0000004898 devstack@n-api-meta.service[95765]: thunder lock: enabled
Jul 09 11:59:27.104063 np0000004898 devstack@n-api-meta.service[95765]: uWSGI http bound on 0.0.0.0:8775 fd 5
Jul 09 11:59:27.104063 np0000004898 devstack@n-api-meta.service[95765]: uwsgi socket 0 bound to TCP address 127.0.0.1:34291 (port auto-assigned) fd 4
Jul 09 11:59:27.104063 np0000004898 devstack@n-api-meta.service[95765]: Python version: 3.12.3 (main, Jun 19 2026, 12:46:00) [GCC 13.3.0]
Jul 09 11:59:27.104195 np0000004898 devstack@n-api-meta.service[95765]: PEP 405 virtualenv detected: /opt/stack/data/venv
Jul 09 11:59:27.104195 np0000004898 devstack@n-api-meta.service[95765]: Set PythonHome to /opt/stack/data/venv
Jul 09 11:59:27.136523 np0000004898 devstack@n-api-meta.service[95765]: Python main interpreter initialized at 0x766a7e4a4668
Jul 09 11:59:27.136523 np0000004898 devstack@n-api-meta.service[95765]: python threads support enabled
Jul 09 11:59:27.136523 np0000004898 devstack@n-api-meta.service[95765]: your server socket listen backlog is limited to 100 connections
Jul 09 11:59:27.136523 np0000004898 devstack@n-api-meta.service[95765]: your mercy for graceful operations on workers is 80 seconds
Jul 09 11:59:27.137042 np0000004898 devstack@n-api-meta.service[95765]: mapped 671795 bytes (656 KB) for 4 cores
Jul 09 11:59:27.137185 np0000004898 devstack@n-api-meta.service[95765]: *** Operational MODE: preforking ***
Jul 09 11:59:27.137356 np0000004898 devstack@n-api-meta.service[95765]: *** uWSGI is running in multiple interpreter mode ***
Jul 09 11:59:27.137356 np0000004898 devstack@n-api-meta.service[95765]: spawned uWSGI master process (pid: 95765)
Jul 09 11:59:27.137487 np0000004898 systemd[1]: Started devstack@n-api-meta.service - Devstack devstack@n-api-meta.service.
Jul 09 11:59:27.137917 np0000004898 devstack@n-api-meta.service[95765]: spawned uWSGI worker 1 (pid: 95766, cores: 1)
Jul 09 11:59:27.138495 np0000004898 devstack@n-api-meta.service[95765]: spawned uWSGI worker 2 (pid: 95767, cores: 1)
Jul 09 11:59:27.138866 np0000004898 devstack@n-api-meta.service[95765]: spawned uWSGI worker 3 (pid: 95768, cores: 1)
Jul 09 11:59:27.139232 np0000004898 devstack@n-api-meta.service[95765]: spawned uWSGI worker 4 (pid: 95769, cores: 1)
Jul 09 11:59:27.139648 np0000004898 devstack@n-api-meta.service[95765]: spawned uWSGI http 1 (pid: 95770)
Jul 09 11:59:27.139648 np0000004898 devstack@n-api-meta.service[95765]: running "unix_signal:15 gracefully_kill_them_all" (master-start)...
Jul 09 11:59:28.825891 np0000004898 devstack@n-api-meta.service[95767]: INFO dbcounter [None req-9ef48eed-e8d1-4cce-84f2-218d5f7e52dc None None] Registered counter for database nova_api
Jul 09 11:59:28.828435 np0000004898 devstack@n-api-meta.service[95768]: INFO dbcounter [None req-d7437e19-af30-4189-8a3f-daef9b121bde None None] Registered counter for database nova_api
Jul 09 11:59:28.838905 np0000004898 devstack@n-api-meta.service[95769]: INFO dbcounter [None req-64d801bd-c8be-478a-ae41-e58b8803881c None None] Registered counter for database nova_api
Jul 09 11:59:28.849358 np0000004898 devstack@n-api-meta.service[95766]: INFO dbcounter [None req-331f1aee-c5be-4455-89d0-0d40e10cd9f7 None None] Registered counter for database nova_api
Jul 09 11:59:28.867598 np0000004898 devstack@n-api-meta.service[95767]: DEBUG oslo_db.sqlalchemy.engines [None req-9ef48eed-e8d1-4cce-84f2-218d5f7e52dc None None] MySQL server mode set to STRICT_TRANS_TABLES,STRICT_ALL_TABLES,NO_ZERO_IN_DATE,NO_ZERO_DATE,ERROR_FOR_DIVISION_BY_ZERO,TRADITIONAL,NO_ENGINE_SUBSTITUTION {{(pid=95767) _check_effective_sql_mode /opt/stack/data/venv/lib/python3.12/site-packages/oslo_db/sqlalchemy/engines.py:325}}
Jul 09 11:59:28.871559 np0000004898 devstack@n-api-meta.service[95768]: DEBUG oslo_db.sqlalchemy.engines [None req-d7437e19-af30-4189-8a3f-daef9b121bde None None] MySQL server mode set to STRICT_TRANS_TABLES,STRICT_ALL_TABLES,NO_ZERO_IN_DATE,NO_ZERO_DATE,ERROR_FOR_DIVISION_BY_ZERO,TRADITIONAL,NO_ENGINE_SUBSTITUTION {{(pid=95768) _check_effective_sql_mode /opt/stack/data/venv/lib/python3.12/site-packages/oslo_db/sqlalchemy/engines.py:325}}
Jul 09 11:59:28.880984 np0000004898 devstack@n-api-meta.service[95769]: DEBUG oslo_db.sqlalchemy.engines [None req-64d801bd-c8be-478a-ae41-e58b8803881c None None] MySQL server mode set to STRICT_TRANS_TABLES,STRICT_ALL_TABLES,NO_ZERO_IN_DATE,NO_ZERO_DATE,ERROR_FOR_DIVISION_BY_ZERO,TRADITIONAL,NO_ENGINE_SUBSTITUTION {{(pid=95769) _check_effective_sql_mode /opt/stack/data/venv/lib/python3.12/site-packages/oslo_db/sqlalchemy/engines.py:325}}
Jul 09 11:59:28.892814 np0000004898 devstack@n-api-meta.service[95766]: DEBUG oslo_db.sqlalchemy.engines [None req-331f1aee-c5be-4455-89d0-0d40e10cd9f7 None None] MySQL server mode set to STRICT_TRANS_TABLES,STRICT_ALL_TABLES,NO_ZERO_IN_DATE,NO_ZERO_DATE,ERROR_FOR_DIVISION_BY_ZERO,TRADITIONAL,NO_ENGINE_SUBSTITUTION {{(pid=95766) _check_effective_sql_mode /opt/stack/data/venv/lib/python3.12/site-packages/oslo_db/sqlalchemy/engines.py:325}}
Jul 09 11:59:28.896476 np0000004898 devstack@n-api-meta.service[95767]: DEBUG dbcounter [-] [95767] Writer thread running {{(pid=95767) stat_writer /opt/stack/data/venv/lib/python3.12/site-packages/dbcounter.py:102}}
Jul 09 11:59:28.899282 np0000004898 devstack@n-api-meta.service[95767]: DEBUG nova.context [None req-9ef48eed-e8d1-4cce-84f2-218d5f7e52dc None None] Found 2 cells: 00000000-0000-0000-0000-000000000000(cell0),6fee3e27-d002-4dd5-8098-52544bc2c8ad(cell1) {{(pid=95767) load_cells /opt/stack/nova/nova/context.py:509}}
Jul 09 11:59:28.900436 np0000004898 devstack@n-api-meta.service[95767]: INFO nova.utils [None req-9ef48eed-e8d1-4cce-84f2-218d5f7e52dc None None] The cell worker thread pool MainProcess.cell_worker is initialized
Jul 09 11:59:28.901733 np0000004898 devstack@n-api-meta.service[95767]: DEBUG oslo_concurrency.lockutils [None req-9ef48eed-e8d1-4cce-84f2-218d5f7e52dc None None] Acquiring lock "00000000-0000-0000-0000-000000000000" by "nova.context.set_target_cell..get_or_set_cached_cell_and_set_connections" {{(pid=95767) inner /opt/stack/data/venv/lib/python3.12/site-packages/oslo_concurrency/lockutils.py:511}}
Jul 09 11:59:28.901733 np0000004898 devstack@n-api-meta.service[95767]: DEBUG oslo_concurrency.lockutils [None req-9ef48eed-e8d1-4cce-84f2-218d5f7e52dc None None] Lock "00000000-0000-0000-0000-000000000000" acquired by "nova.context.set_target_cell..get_or_set_cached_cell_and_set_connections" :: waited 0.000s {{(pid=95767) inner /opt/stack/data/venv/lib/python3.12/site-packages/oslo_concurrency/lockutils.py:524}}
Jul 09 11:59:28.902121 np0000004898 devstack@n-api-meta.service[95767]: DEBUG oslo_concurrency.lockutils [None req-9ef48eed-e8d1-4cce-84f2-218d5f7e52dc None None] Lock "00000000-0000-0000-0000-000000000000" "released" by "nova.context.set_target_cell..get_or_set_cached_cell_and_set_connections" :: held 0.000s {{(pid=95767) inner /opt/stack/data/venv/lib/python3.12/site-packages/oslo_concurrency/lockutils.py:543}}
Jul 09 11:59:28.902756 np0000004898 devstack@n-api-meta.service[95767]: DEBUG oslo_concurrency.lockutils [None req-9ef48eed-e8d1-4cce-84f2-218d5f7e52dc None None] Acquiring lock "6fee3e27-d002-4dd5-8098-52544bc2c8ad" by "nova.context.set_target_cell..get_or_set_cached_cell_and_set_connections" {{(pid=95767) inner /opt/stack/data/venv/lib/python3.12/site-packages/oslo_concurrency/lockutils.py:511}}
Jul 09 11:59:28.902956 np0000004898 devstack@n-api-meta.service[95767]: DEBUG oslo_concurrency.lockutils [None req-9ef48eed-e8d1-4cce-84f2-218d5f7e52dc None None] Lock "6fee3e27-d002-4dd5-8098-52544bc2c8ad" acquired by "nova.context.set_target_cell..get_or_set_cached_cell_and_set_connections" :: waited 0.000s {{(pid=95767) inner /opt/stack/data/venv/lib/python3.12/site-packages/oslo_concurrency/lockutils.py:524}}
Jul 09 11:59:28.903710 np0000004898 devstack@n-api-meta.service[95767]: DEBUG oslo_concurrency.lockutils [None req-9ef48eed-e8d1-4cce-84f2-218d5f7e52dc None None] Lock "6fee3e27-d002-4dd5-8098-52544bc2c8ad" "released" by "nova.context.set_target_cell..get_or_set_cached_cell_and_set_connections" :: held 0.001s {{(pid=95767) inner /opt/stack/data/venv/lib/python3.12/site-packages/oslo_concurrency/lockutils.py:543}}
Jul 09 11:59:28.907821 np0000004898 devstack@n-api-meta.service[95768]: DEBUG dbcounter [-] [95768] Writer thread running {{(pid=95768) stat_writer /opt/stack/data/venv/lib/python3.12/site-packages/dbcounter.py:102}}
Jul 09 11:59:28.907925 np0000004898 devstack@n-api-meta.service[95767]: INFO dbcounter [None req-9ef48eed-e8d1-4cce-84f2-218d5f7e52dc None None] Registered counter for database nova_cell0
Jul 09 11:59:28.907977 np0000004898 devstack@n-api-meta.service[95768]: DEBUG nova.context [None req-d7437e19-af30-4189-8a3f-daef9b121bde None None] Found 2 cells: 00000000-0000-0000-0000-000000000000(cell0),6fee3e27-d002-4dd5-8098-52544bc2c8ad(cell1) {{(pid=95768) load_cells /opt/stack/nova/nova/context.py:509}}
Jul 09 11:59:28.907977 np0000004898 devstack@n-api-meta.service[95768]: INFO nova.utils [None req-d7437e19-af30-4189-8a3f-daef9b121bde None None] The cell worker thread pool MainProcess.cell_worker is initialized
Jul 09 11:59:28.908601 np0000004898 devstack@n-api-meta.service[95767]: INFO dbcounter [None req-9ef48eed-e8d1-4cce-84f2-218d5f7e52dc None None] Registered counter for database nova_cell1
Jul 09 11:59:28.908790 np0000004898 devstack@n-api-meta.service[95768]: DEBUG oslo_concurrency.lockutils [None req-d7437e19-af30-4189-8a3f-daef9b121bde None None] Acquiring lock "00000000-0000-0000-0000-000000000000" by "nova.context.set_target_cell..get_or_set_cached_cell_and_set_connections" {{(pid=95768) inner /opt/stack/data/venv/lib/python3.12/site-packages/oslo_concurrency/lockutils.py:511}}
Jul 09 11:59:28.908980 np0000004898 devstack@n-api-meta.service[95768]: DEBUG oslo_concurrency.lockutils [None req-d7437e19-af30-4189-8a3f-daef9b121bde None None] Lock "00000000-0000-0000-0000-000000000000" acquired by "nova.context.set_target_cell..get_or_set_cached_cell_and_set_connections" :: waited 0.000s {{(pid=95768) inner /opt/stack/data/venv/lib/python3.12/site-packages/oslo_concurrency/lockutils.py:524}}
Jul 09 11:59:28.909304 np0000004898 devstack@n-api-meta.service[95768]: DEBUG oslo_concurrency.lockutils [None req-d7437e19-af30-4189-8a3f-daef9b121bde None None] Lock "00000000-0000-0000-0000-000000000000" "released" by "nova.context.set_target_cell..get_or_set_cached_cell_and_set_connections" :: held 0.000s {{(pid=95768) inner /opt/stack/data/venv/lib/python3.12/site-packages/oslo_concurrency/lockutils.py:543}}
Jul 09 11:59:28.913403 np0000004898 devstack@n-api-meta.service[95769]: DEBUG dbcounter [-] [95769] Writer thread running {{(pid=95769) stat_writer /opt/stack/data/venv/lib/python3.12/site-packages/dbcounter.py:102}}
Jul 09 11:59:28.913469 np0000004898 devstack@n-api-meta.service[95768]: DEBUG oslo_concurrency.lockutils [None req-d7437e19-af30-4189-8a3f-daef9b121bde None None] Acquiring lock "6fee3e27-d002-4dd5-8098-52544bc2c8ad" by "nova.context.set_target_cell..get_or_set_cached_cell_and_set_connections" {{(pid=95768) inner /opt/stack/data/venv/lib/python3.12/site-packages/oslo_concurrency/lockutils.py:511}}
Jul 09 11:59:28.913469 np0000004898 devstack@n-api-meta.service[95768]: DEBUG oslo_concurrency.lockutils [None req-d7437e19-af30-4189-8a3f-daef9b121bde None None] Lock "6fee3e27-d002-4dd5-8098-52544bc2c8ad" acquired by "nova.context.set_target_cell..get_or_set_cached_cell_and_set_connections" :: waited 0.000s {{(pid=95768) inner /opt/stack/data/venv/lib/python3.12/site-packages/oslo_concurrency/lockutils.py:524}}
Jul 09 11:59:28.913469 np0000004898 devstack@n-api-meta.service[95768]: DEBUG oslo_concurrency.lockutils [None req-d7437e19-af30-4189-8a3f-daef9b121bde None None] Lock "6fee3e27-d002-4dd5-8098-52544bc2c8ad" "released" by "nova.context.set_target_cell..get_or_set_cached_cell_and_set_connections" :: held 0.001s {{(pid=95768) inner /opt/stack/data/venv/lib/python3.12/site-packages/oslo_concurrency/lockutils.py:543}}
Jul 09 11:59:28.913535 np0000004898 devstack@n-api-meta.service[95769]: DEBUG nova.context [None req-64d801bd-c8be-478a-ae41-e58b8803881c None None] Found 2 cells: 00000000-0000-0000-0000-000000000000(cell0),6fee3e27-d002-4dd5-8098-52544bc2c8ad(cell1) {{(pid=95769) load_cells /opt/stack/nova/nova/context.py:509}}
Jul 09 11:59:28.913563 np0000004898 devstack@n-api-meta.service[95768]: INFO dbcounter [None req-d7437e19-af30-4189-8a3f-daef9b121bde None None] Registered counter for database nova_cell0
Jul 09 11:59:28.913586 np0000004898 devstack@n-api-meta.service[95769]: INFO nova.utils [None req-64d801bd-c8be-478a-ae41-e58b8803881c None None] The cell worker thread pool MainProcess.cell_worker is initialized
Jul 09 11:59:28.914400 np0000004898 devstack@n-api-meta.service[95769]: DEBUG oslo_concurrency.lockutils [None req-64d801bd-c8be-478a-ae41-e58b8803881c None None] Acquiring lock "00000000-0000-0000-0000-000000000000" by "nova.context.set_target_cell..get_or_set_cached_cell_and_set_connections" {{(pid=95769) inner /opt/stack/data/venv/lib/python3.12/site-packages/oslo_concurrency/lockutils.py:511}}
Jul 09 11:59:28.914586 np0000004898 devstack@n-api-meta.service[95769]: DEBUG oslo_concurrency.lockutils [None req-64d801bd-c8be-478a-ae41-e58b8803881c None None] Lock "00000000-0000-0000-0000-000000000000" acquired by "nova.context.set_target_cell..get_or_set_cached_cell_and_set_connections" :: waited 0.000s {{(pid=95769) inner /opt/stack/data/venv/lib/python3.12/site-packages/oslo_concurrency/lockutils.py:524}}
Jul 09 11:59:28.914959 np0000004898 devstack@n-api-meta.service[95769]: DEBUG oslo_concurrency.lockutils [None req-64d801bd-c8be-478a-ae41-e58b8803881c None None] Lock "00000000-0000-0000-0000-000000000000" "released" by "nova.context.set_target_cell..get_or_set_cached_cell_and_set_connections" :: held 0.000s {{(pid=95769) inner /opt/stack/data/venv/lib/python3.12/site-packages/oslo_concurrency/lockutils.py:543}}
Jul 09 11:59:28.915519 np0000004898 devstack@n-api-meta.service[95768]: INFO dbcounter [None req-d7437e19-af30-4189-8a3f-daef9b121bde None None] Registered counter for database nova_cell1
Jul 09 11:59:28.915570 np0000004898 devstack@n-api-meta.service[95769]: DEBUG oslo_concurrency.lockutils [None req-64d801bd-c8be-478a-ae41-e58b8803881c None None] Acquiring lock "6fee3e27-d002-4dd5-8098-52544bc2c8ad" by "nova.context.set_target_cell..get_or_set_cached_cell_and_set_connections" {{(pid=95769) inner /opt/stack/data/venv/lib/python3.12/site-packages/oslo_concurrency/lockutils.py:511}}
Jul 09 11:59:28.915698 np0000004898 devstack@n-api-meta.service[95769]: DEBUG oslo_concurrency.lockutils [None req-64d801bd-c8be-478a-ae41-e58b8803881c None None] Lock "6fee3e27-d002-4dd5-8098-52544bc2c8ad" acquired by "nova.context.set_target_cell..get_or_set_cached_cell_and_set_connections" :: waited 0.000s {{(pid=95769) inner /opt/stack/data/venv/lib/python3.12/site-packages/oslo_concurrency/lockutils.py:524}}
Jul 09 11:59:28.918206 np0000004898 devstack@n-api-meta.service[95769]: INFO dbcounter [None req-64d801bd-c8be-478a-ae41-e58b8803881c None None] Registered counter for database nova_cell0
Jul 09 11:59:28.919989 np0000004898 devstack@n-api-meta.service[95769]: DEBUG oslo_concurrency.lockutils [None req-64d801bd-c8be-478a-ae41-e58b8803881c None None] Lock "6fee3e27-d002-4dd5-8098-52544bc2c8ad" "released" by "nova.context.set_target_cell..get_or_set_cached_cell_and_set_connections" :: held 0.002s {{(pid=95769) inner /opt/stack/data/venv/lib/python3.12/site-packages/oslo_concurrency/lockutils.py:543}}
Jul 09 11:59:28.922097 np0000004898 devstack@n-api-meta.service[95769]: INFO dbcounter [None req-64d801bd-c8be-478a-ae41-e58b8803881c None None] Registered counter for database nova_cell1
Jul 09 11:59:28.925767 np0000004898 devstack@n-api-meta.service[95766]: DEBUG dbcounter [-] [95766] Writer thread running {{(pid=95766) stat_writer /opt/stack/data/venv/lib/python3.12/site-packages/dbcounter.py:102}}
Jul 09 11:59:28.928160 np0000004898 devstack@n-api-meta.service[95766]: DEBUG nova.context [None req-331f1aee-c5be-4455-89d0-0d40e10cd9f7 None None] Found 2 cells: 00000000-0000-0000-0000-000000000000(cell0),6fee3e27-d002-4dd5-8098-52544bc2c8ad(cell1) {{(pid=95766) load_cells /opt/stack/nova/nova/context.py:509}}
Jul 09 11:59:28.928401 np0000004898 devstack@n-api-meta.service[95766]: INFO nova.utils [None req-331f1aee-c5be-4455-89d0-0d40e10cd9f7 None None] The cell worker thread pool MainProcess.cell_worker is initialized
Jul 09 11:59:28.930245 np0000004898 devstack@n-api-meta.service[95766]: DEBUG oslo_concurrency.lockutils [None req-331f1aee-c5be-4455-89d0-0d40e10cd9f7 None None] Acquiring lock "00000000-0000-0000-0000-000000000000" by "nova.context.set_target_cell..get_or_set_cached_cell_and_set_connections" {{(pid=95766) inner /opt/stack/data/venv/lib/python3.12/site-packages/oslo_concurrency/lockutils.py:511}}
Jul 09 11:59:28.930443 np0000004898 devstack@n-api-meta.service[95766]: DEBUG oslo_concurrency.lockutils [None req-331f1aee-c5be-4455-89d0-0d40e10cd9f7 None None] Lock "00000000-0000-0000-0000-000000000000" acquired by "nova.context.set_target_cell..get_or_set_cached_cell_and_set_connections" :: waited 0.000s {{(pid=95766) inner /opt/stack/data/venv/lib/python3.12/site-packages/oslo_concurrency/lockutils.py:524}}
Jul 09 11:59:28.930823 np0000004898 devstack@n-api-meta.service[95766]: DEBUG oslo_concurrency.lockutils [None req-331f1aee-c5be-4455-89d0-0d40e10cd9f7 None None] Lock "00000000-0000-0000-0000-000000000000" "released" by "nova.context.set_target_cell..get_or_set_cached_cell_and_set_connections" :: held 0.000s {{(pid=95766) inner /opt/stack/data/venv/lib/python3.12/site-packages/oslo_concurrency/lockutils.py:543}}
Jul 09 11:59:28.931511 np0000004898 devstack@n-api-meta.service[95766]: DEBUG oslo_concurrency.lockutils [None req-331f1aee-c5be-4455-89d0-0d40e10cd9f7 None None] Acquiring lock "6fee3e27-d002-4dd5-8098-52544bc2c8ad" by "nova.context.set_target_cell..get_or_set_cached_cell_and_set_connections" {{(pid=95766) inner /opt/stack/data/venv/lib/python3.12/site-packages/oslo_concurrency/lockutils.py:511}}
Jul 09 11:59:28.931667 np0000004898 devstack@n-api-meta.service[95766]: DEBUG oslo_concurrency.lockutils [None req-331f1aee-c5be-4455-89d0-0d40e10cd9f7 None None] Lock "6fee3e27-d002-4dd5-8098-52544bc2c8ad" acquired by "nova.context.set_target_cell..get_or_set_cached_cell_and_set_connections" :: waited 0.000s {{(pid=95766) inner /opt/stack/data/venv/lib/python3.12/site-packages/oslo_concurrency/lockutils.py:524}}
Jul 09 11:59:28.932509 np0000004898 devstack@n-api-meta.service[95766]: DEBUG oslo_concurrency.lockutils [None req-331f1aee-c5be-4455-89d0-0d40e10cd9f7 None None] Lock "6fee3e27-d002-4dd5-8098-52544bc2c8ad" "released" by "nova.context.set_target_cell..get_or_set_cached_cell_and_set_connections" :: held 0.001s {{(pid=95766) inner /opt/stack/data/venv/lib/python3.12/site-packages/oslo_concurrency/lockutils.py:543}}
Jul 09 11:59:28.934578 np0000004898 devstack@n-api-meta.service[95766]: INFO dbcounter [None req-331f1aee-c5be-4455-89d0-0d40e10cd9f7 None None] Registered counter for database nova_cell0
Jul 09 11:59:28.937776 np0000004898 devstack@n-api-meta.service[95766]: INFO dbcounter [None req-331f1aee-c5be-4455-89d0-0d40e10cd9f7 None None] Registered counter for database nova_cell1
Jul 09 11:59:28.953681 np0000004898 devstack@n-api-meta.service[95767]: DEBUG oslo_db.sqlalchemy.engines [None req-9ef48eed-e8d1-4cce-84f2-218d5f7e52dc None None] MySQL server mode set to STRICT_TRANS_TABLES,STRICT_ALL_TABLES,NO_ZERO_IN_DATE,NO_ZERO_DATE,ERROR_FOR_DIVISION_BY_ZERO,TRADITIONAL,NO_ENGINE_SUBSTITUTION {{(pid=95767) _check_effective_sql_mode /opt/stack/data/venv/lib/python3.12/site-packages/oslo_db/sqlalchemy/engines.py:325}}
Jul 09 11:59:28.971874 np0000004898 devstack@n-api-meta.service[95768]: DEBUG oslo_db.sqlalchemy.engines [None req-d7437e19-af30-4189-8a3f-daef9b121bde None None] MySQL server mode set to STRICT_TRANS_TABLES,STRICT_ALL_TABLES,NO_ZERO_IN_DATE,NO_ZERO_DATE,ERROR_FOR_DIVISION_BY_ZERO,TRADITIONAL,NO_ENGINE_SUBSTITUTION {{(pid=95768) _check_effective_sql_mode /opt/stack/data/venv/lib/python3.12/site-packages/oslo_db/sqlalchemy/engines.py:325}}
Jul 09 11:59:28.973432 np0000004898 devstack@n-api-meta.service[95769]: DEBUG oslo_db.sqlalchemy.engines [None req-64d801bd-c8be-478a-ae41-e58b8803881c None None] MySQL server mode set to STRICT_TRANS_TABLES,STRICT_ALL_TABLES,NO_ZERO_IN_DATE,NO_ZERO_DATE,ERROR_FOR_DIVISION_BY_ZERO,TRADITIONAL,NO_ENGINE_SUBSTITUTION {{(pid=95769) _check_effective_sql_mode /opt/stack/data/venv/lib/python3.12/site-packages/oslo_db/sqlalchemy/engines.py:325}}
Jul 09 11:59:28.977523 np0000004898 devstack@n-api-meta.service[95769]: DEBUG oslo_db.sqlalchemy.engines [None req-64d801bd-c8be-478a-ae41-e58b8803881c None None] MySQL server mode set to STRICT_TRANS_TABLES,STRICT_ALL_TABLES,NO_ZERO_IN_DATE,NO_ZERO_DATE,ERROR_FOR_DIVISION_BY_ZERO,TRADITIONAL,NO_ENGINE_SUBSTITUTION {{(pid=95769) _check_effective_sql_mode /opt/stack/data/venv/lib/python3.12/site-packages/oslo_db/sqlalchemy/engines.py:325}}
Jul 09 11:59:28.992637 np0000004898 devstack@n-api-meta.service[95766]: DEBUG oslo_db.sqlalchemy.engines [None req-331f1aee-c5be-4455-89d0-0d40e10cd9f7 None None] MySQL server mode set to STRICT_TRANS_TABLES,STRICT_ALL_TABLES,NO_ZERO_IN_DATE,NO_ZERO_DATE,ERROR_FOR_DIVISION_BY_ZERO,TRADITIONAL,NO_ENGINE_SUBSTITUTION {{(pid=95766) _check_effective_sql_mode /opt/stack/data/venv/lib/python3.12/site-packages/oslo_db/sqlalchemy/engines.py:325}}
Jul 09 11:59:28.997403 np0000004898 devstack@n-api-meta.service[95766]: DEBUG oslo_db.sqlalchemy.engines [None req-331f1aee-c5be-4455-89d0-0d40e10cd9f7 None None] MySQL server mode set to STRICT_TRANS_TABLES,STRICT_ALL_TABLES,NO_ZERO_IN_DATE,NO_ZERO_DATE,ERROR_FOR_DIVISION_BY_ZERO,TRADITIONAL,NO_ENGINE_SUBSTITUTION {{(pid=95766) _check_effective_sql_mode /opt/stack/data/venv/lib/python3.12/site-packages/oslo_db/sqlalchemy/engines.py:325}}
Jul 09 11:59:29.031115 np0000004898 devstack@n-api-meta.service[95768]: DEBUG oslo_db.sqlalchemy.engines [None req-d7437e19-af30-4189-8a3f-daef9b121bde None None] MySQL server mode set to STRICT_TRANS_TABLES,STRICT_ALL_TABLES,NO_ZERO_IN_DATE,NO_ZERO_DATE,ERROR_FOR_DIVISION_BY_ZERO,TRADITIONAL,NO_ENGINE_SUBSTITUTION {{(pid=95768) _check_effective_sql_mode /opt/stack/data/venv/lib/python3.12/site-packages/oslo_db/sqlalchemy/engines.py:325}}
Jul 09 11:59:29.037433 np0000004898 devstack@n-api-meta.service[95767]: DEBUG dbcounter [-] [95767] Writer thread running {{(pid=95767) stat_writer /opt/stack/data/venv/lib/python3.12/site-packages/dbcounter.py:102}}
Jul 09 11:59:29.041232 np0000004898 devstack@n-api-meta.service[95767]: DEBUG oslo_db.sqlalchemy.engines [None req-9ef48eed-e8d1-4cce-84f2-218d5f7e52dc None None] MySQL server mode set to STRICT_TRANS_TABLES,STRICT_ALL_TABLES,NO_ZERO_IN_DATE,NO_ZERO_DATE,ERROR_FOR_DIVISION_BY_ZERO,TRADITIONAL,NO_ENGINE_SUBSTITUTION {{(pid=95767) _check_effective_sql_mode /opt/stack/data/venv/lib/python3.12/site-packages/oslo_db/sqlalchemy/engines.py:325}}
Jul 09 11:59:29.046525 np0000004898 devstack@n-api-meta.service[95767]: DEBUG dbcounter [-] [95767] Writer thread running {{(pid=95767) stat_writer /opt/stack/data/venv/lib/python3.12/site-packages/dbcounter.py:102}}
Jul 09 11:59:29.050112 np0000004898 devstack@n-api-meta.service[95767]: INFO dbcounter [None req-9ef48eed-e8d1-4cce-84f2-218d5f7e52dc None None] Registered counter for database nova_cell0
Jul 09 11:59:29.069600 np0000004898 devstack@n-api-meta.service[95768]: DEBUG dbcounter [-] [95768] Writer thread running {{(pid=95768) stat_writer /opt/stack/data/venv/lib/python3.12/site-packages/dbcounter.py:102}}
Jul 09 11:59:29.071308 np0000004898 devstack@n-api-meta.service[95769]: DEBUG dbcounter [-] [95769] Writer thread running {{(pid=95769) stat_writer /opt/stack/data/venv/lib/python3.12/site-packages/dbcounter.py:102}}
Jul 09 11:59:29.075429 np0000004898 devstack@n-api-meta.service[95769]: DEBUG dbcounter [-] [95769] Writer thread running {{(pid=95769) stat_writer /opt/stack/data/venv/lib/python3.12/site-packages/dbcounter.py:102}}
Jul 09 11:59:29.077234 np0000004898 devstack@n-api-meta.service[95768]: DEBUG dbcounter [-] [95768] Writer thread running {{(pid=95768) stat_writer /opt/stack/data/venv/lib/python3.12/site-packages/dbcounter.py:102}}
Jul 09 11:59:29.078104 np0000004898 devstack@n-api-meta.service[95766]: DEBUG dbcounter [-] [95766] Writer thread running {{(pid=95766) stat_writer /opt/stack/data/venv/lib/python3.12/site-packages/dbcounter.py:102}}
Jul 09 11:59:29.078159 np0000004898 devstack@n-api-meta.service[95769]: INFO dbcounter [None req-64d801bd-c8be-478a-ae41-e58b8803881c None None] Registered counter for database nova_cell0
Jul 09 11:59:29.081409 np0000004898 devstack@n-api-meta.service[95768]: INFO dbcounter [None req-d7437e19-af30-4189-8a3f-daef9b121bde None None] Registered counter for database nova_cell0
Jul 09 11:59:29.082814 np0000004898 devstack@n-api-meta.service[95766]: DEBUG dbcounter [-] [95766] Writer thread running {{(pid=95766) stat_writer /opt/stack/data/venv/lib/python3.12/site-packages/dbcounter.py:102}}
Jul 09 11:59:29.086479 np0000004898 devstack@n-api-meta.service[95766]: INFO dbcounter [None req-331f1aee-c5be-4455-89d0-0d40e10cd9f7 None None] Registered counter for database nova_cell0
Jul 09 11:59:29.093487 np0000004898 devstack@n-api-meta.service[95767]: DEBUG oslo_db.sqlalchemy.engines [None req-9ef48eed-e8d1-4cce-84f2-218d5f7e52dc None None] MySQL server mode set to STRICT_TRANS_TABLES,STRICT_ALL_TABLES,NO_ZERO_IN_DATE,NO_ZERO_DATE,ERROR_FOR_DIVISION_BY_ZERO,TRADITIONAL,NO_ENGINE_SUBSTITUTION {{(pid=95767) _check_effective_sql_mode /opt/stack/data/venv/lib/python3.12/site-packages/oslo_db/sqlalchemy/engines.py:325}}
Jul 09 11:59:29.099723 np0000004898 devstack@n-api-meta.service[95767]: DEBUG dbcounter [-] [95767] Writer thread running {{(pid=95767) stat_writer /opt/stack/data/venv/lib/python3.12/site-packages/dbcounter.py:102}}
Jul 09 11:59:29.113422 np0000004898 devstack@n-api-meta.service[95769]: DEBUG oslo_db.sqlalchemy.engines [None req-64d801bd-c8be-478a-ae41-e58b8803881c None None] MySQL server mode set to STRICT_TRANS_TABLES,STRICT_ALL_TABLES,NO_ZERO_IN_DATE,NO_ZERO_DATE,ERROR_FOR_DIVISION_BY_ZERO,TRADITIONAL,NO_ENGINE_SUBSTITUTION {{(pid=95769) _check_effective_sql_mode /opt/stack/data/venv/lib/python3.12/site-packages/oslo_db/sqlalchemy/engines.py:325}}
Jul 09 11:59:29.119628 np0000004898 devstack@n-api-meta.service[95769]: DEBUG dbcounter [-] [95769] Writer thread running {{(pid=95769) stat_writer /opt/stack/data/venv/lib/python3.12/site-packages/dbcounter.py:102}}
Jul 09 11:59:29.127782 np0000004898 devstack@n-api-meta.service[95766]: DEBUG oslo_db.sqlalchemy.engines [None req-331f1aee-c5be-4455-89d0-0d40e10cd9f7 None None] MySQL server mode set to STRICT_TRANS_TABLES,STRICT_ALL_TABLES,NO_ZERO_IN_DATE,NO_ZERO_DATE,ERROR_FOR_DIVISION_BY_ZERO,TRADITIONAL,NO_ENGINE_SUBSTITUTION {{(pid=95766) _check_effective_sql_mode /opt/stack/data/venv/lib/python3.12/site-packages/oslo_db/sqlalchemy/engines.py:325}}
Jul 09 11:59:29.131419 np0000004898 devstack@n-api-meta.service[95768]: DEBUG oslo_db.sqlalchemy.engines [None req-d7437e19-af30-4189-8a3f-daef9b121bde None None] MySQL server mode set to STRICT_TRANS_TABLES,STRICT_ALL_TABLES,NO_ZERO_IN_DATE,NO_ZERO_DATE,ERROR_FOR_DIVISION_BY_ZERO,TRADITIONAL,NO_ENGINE_SUBSTITUTION {{(pid=95768) _check_effective_sql_mode /opt/stack/data/venv/lib/python3.12/site-packages/oslo_db/sqlalchemy/engines.py:325}}
Jul 09 11:59:29.134287 np0000004898 devstack@n-api-meta.service[95766]: DEBUG dbcounter [-] [95766] Writer thread running {{(pid=95766) stat_writer /opt/stack/data/venv/lib/python3.12/site-packages/dbcounter.py:102}}
Jul 09 11:59:29.139167 np0000004898 devstack@n-api-meta.service[95768]: DEBUG dbcounter [-] [95768] Writer thread running {{(pid=95768) stat_writer /opt/stack/data/venv/lib/python3.12/site-packages/dbcounter.py:102}}
Jul 09 11:59:29.140493 np0000004898 devstack@n-api-meta.service[95767]: WARNING nova.api.metadata.handler [None req-9ef48eed-e8d1-4cce-84f2-218d5f7e52dc None None] metadata_proxy_shared_secret is not configured, the metadata information returned by the proxy cannot be trusted
Jul 09 11:59:29.142618 np0000004898 devstack@n-api-meta.service[95767]: DEBUG nova.api.openstack.wsgi_app [None req-9ef48eed-e8d1-4cce-84f2-218d5f7e52dc None None] ******************************************************************************** {{(pid=95767) log_opt_values /opt/stack/data/venv/lib/python3.12/site-packages/oslo_config/cfg.py:3226}}
Jul 09 11:59:29.142752 np0000004898 devstack@n-api-meta.service[95767]: DEBUG nova.api.openstack.wsgi_app [None req-9ef48eed-e8d1-4cce-84f2-218d5f7e52dc None None] Configuration options gathered from: {{(pid=95767) log_opt_values /opt/stack/data/venv/lib/python3.12/site-packages/oslo_config/cfg.py:3227}}
Jul 09 11:59:29.142910 np0000004898 devstack@n-api-meta.service[95767]: DEBUG nova.api.openstack.wsgi_app [None req-9ef48eed-e8d1-4cce-84f2-218d5f7e52dc None None] command line args: [] {{(pid=95767) log_opt_values /opt/stack/data/venv/lib/python3.12/site-packages/oslo_config/cfg.py:3228}}
Jul 09 11:59:29.143101 np0000004898 devstack@n-api-meta.service[95767]: DEBUG nova.api.openstack.wsgi_app [None req-9ef48eed-e8d1-4cce-84f2-218d5f7e52dc None None] config files: ['/etc/nova/api-paste.ini', '/etc/nova/nova.conf'] {{(pid=95767) log_opt_values /opt/stack/data/venv/lib/python3.12/site-packages/oslo_config/cfg.py:3229}}
Jul 09 11:59:29.143195 np0000004898 devstack@n-api-meta.service[95767]: DEBUG nova.api.openstack.wsgi_app [None req-9ef48eed-e8d1-4cce-84f2-218d5f7e52dc None None] ================================================================================ {{(pid=95767) log_opt_values /opt/stack/data/venv/lib/python3.12/site-packages/oslo_config/cfg.py:3234}}
Jul 09 11:59:29.143379 np0000004898 devstack@n-api-meta.service[95767]: DEBUG nova.api.openstack.wsgi_app [None req-9ef48eed-e8d1-4cce-84f2-218d5f7e52dc None None] allow_resize_to_same_host = True {{(pid=95767) log_opt_values /opt/stack/data/venv/lib/python3.12/site-packages/oslo_config/cfg.py:3242}}
Jul 09 11:59:29.143498 np0000004898 devstack@n-api-meta.service[95767]: DEBUG nova.api.openstack.wsgi_app [None req-9ef48eed-e8d1-4cce-84f2-218d5f7e52dc None None] arq_binding_timeout = 300 {{(pid=95767) log_opt_values /opt/stack/data/venv/lib/python3.12/site-packages/oslo_config/cfg.py:3242}}
Jul 09 11:59:29.143614 np0000004898 devstack@n-api-meta.service[95767]: DEBUG nova.api.openstack.wsgi_app [None req-9ef48eed-e8d1-4cce-84f2-218d5f7e52dc None None] block_device_allocate_retries = 60 {{(pid=95767) log_opt_values /opt/stack/data/venv/lib/python3.12/site-packages/oslo_config/cfg.py:3242}}
Jul 09 11:59:29.143725 np0000004898 devstack@n-api-meta.service[95767]: DEBUG nova.api.openstack.wsgi_app [None req-9ef48eed-e8d1-4cce-84f2-218d5f7e52dc None None] block_device_allocate_retries_interval = 3 {{(pid=95767) log_opt_values /opt/stack/data/venv/lib/python3.12/site-packages/oslo_config/cfg.py:3242}}
Jul 09 11:59:29.143839 np0000004898 devstack@n-api-meta.service[95767]: DEBUG nova.api.openstack.wsgi_app [None req-9ef48eed-e8d1-4cce-84f2-218d5f7e52dc None None] cell_worker_thread_pool_size = 5 {{(pid=95767) log_opt_values /opt/stack/data/venv/lib/python3.12/site-packages/oslo_config/cfg.py:3242}}
Jul 09 11:59:29.144004 np0000004898 devstack@n-api-meta.service[95767]: DEBUG nova.api.openstack.wsgi_app [None req-9ef48eed-e8d1-4cce-84f2-218d5f7e52dc None None] cert = self.pem {{(pid=95767) log_opt_values /opt/stack/data/venv/lib/python3.12/site-packages/oslo_config/cfg.py:3242}}
Jul 09 11:59:29.144122 np0000004898 devstack@n-api-meta.service[95767]: DEBUG nova.api.openstack.wsgi_app [None req-9ef48eed-e8d1-4cce-84f2-218d5f7e52dc None None] compute_driver = libvirt.LibvirtDriver {{(pid=95767) log_opt_values /opt/stack/data/venv/lib/python3.12/site-packages/oslo_config/cfg.py:3242}}
Jul 09 11:59:29.144241 np0000004898 devstack@n-api-meta.service[95767]: DEBUG nova.api.openstack.wsgi_app [None req-9ef48eed-e8d1-4cce-84f2-218d5f7e52dc None None] compute_monitors = [] {{(pid=95767) log_opt_values /opt/stack/data/venv/lib/python3.12/site-packages/oslo_config/cfg.py:3242}}
Jul 09 11:59:29.144390 np0000004898 devstack@n-api-meta.service[95767]: DEBUG nova.api.openstack.wsgi_app [None req-9ef48eed-e8d1-4cce-84f2-218d5f7e52dc None None] concurrency_backend = auto {{(pid=95767) log_opt_values /opt/stack/data/venv/lib/python3.12/site-packages/oslo_config/cfg.py:3242}}
Jul 09 11:59:29.144509 np0000004898 devstack@n-api-meta.service[95767]: DEBUG nova.api.openstack.wsgi_app [None req-9ef48eed-e8d1-4cce-84f2-218d5f7e52dc None None] config_dir = [] {{(pid=95767) log_opt_values /opt/stack/data/venv/lib/python3.12/site-packages/oslo_config/cfg.py:3242}}
Jul 09 11:59:29.144627 np0000004898 devstack@n-api-meta.service[95767]: DEBUG nova.api.openstack.wsgi_app [None req-9ef48eed-e8d1-4cce-84f2-218d5f7e52dc None None] config_drive_format = iso9660 {{(pid=95767) log_opt_values /opt/stack/data/venv/lib/python3.12/site-packages/oslo_config/cfg.py:3242}}
Jul 09 11:59:29.144747 np0000004898 devstack@n-api-meta.service[95767]: DEBUG nova.api.openstack.wsgi_app [None req-9ef48eed-e8d1-4cce-84f2-218d5f7e52dc None None] config_file = ['/etc/nova/api-paste.ini', '/etc/nova/nova.conf'] {{(pid=95767) log_opt_values /opt/stack/data/venv/lib/python3.12/site-packages/oslo_config/cfg.py:3242}}
Jul 09 11:59:29.144890 np0000004898 devstack@n-api-meta.service[95767]: DEBUG nova.api.openstack.wsgi_app [None req-9ef48eed-e8d1-4cce-84f2-218d5f7e52dc None None] config_source = [] {{(pid=95767) log_opt_values /opt/stack/data/venv/lib/python3.12/site-packages/oslo_config/cfg.py:3242}}
Jul 09 11:59:29.145031 np0000004898 devstack@n-api-meta.service[95767]: DEBUG nova.api.openstack.wsgi_app [None req-9ef48eed-e8d1-4cce-84f2-218d5f7e52dc None None] console_host = np0000004898 {{(pid=95767) log_opt_values /opt/stack/data/venv/lib/python3.12/site-packages/oslo_config/cfg.py:3242}}
Jul 09 11:59:29.145155 np0000004898 devstack@n-api-meta.service[95767]: DEBUG nova.api.openstack.wsgi_app [None req-9ef48eed-e8d1-4cce-84f2-218d5f7e52dc None None] control_exchange = nova {{(pid=95767) log_opt_values /opt/stack/data/venv/lib/python3.12/site-packages/oslo_config/cfg.py:3242}}
Jul 09 11:59:29.145293 np0000004898 devstack@n-api-meta.service[95767]: DEBUG nova.api.openstack.wsgi_app [None req-9ef48eed-e8d1-4cce-84f2-218d5f7e52dc None None] cpu_allocation_ratio = None {{(pid=95767) log_opt_values /opt/stack/data/venv/lib/python3.12/site-packages/oslo_config/cfg.py:3242}}
Jul 09 11:59:29.145406 np0000004898 devstack@n-api-meta.service[95767]: DEBUG nova.api.openstack.wsgi_app [None req-9ef48eed-e8d1-4cce-84f2-218d5f7e52dc None None] daemon = False {{(pid=95767) log_opt_values /opt/stack/data/venv/lib/python3.12/site-packages/oslo_config/cfg.py:3242}}
Jul 09 11:59:29.145525 np0000004898 devstack@n-api-meta.service[95767]: DEBUG nova.api.openstack.wsgi_app [None req-9ef48eed-e8d1-4cce-84f2-218d5f7e52dc None None] debug = True {{(pid=95767) log_opt_values /opt/stack/data/venv/lib/python3.12/site-packages/oslo_config/cfg.py:3242}}
Jul 09 11:59:29.145645 np0000004898 devstack@n-api-meta.service[95767]: DEBUG nova.api.openstack.wsgi_app [None req-9ef48eed-e8d1-4cce-84f2-218d5f7e52dc None None] default_access_ip_network_name = None {{(pid=95767) log_opt_values /opt/stack/data/venv/lib/python3.12/site-packages/oslo_config/cfg.py:3242}}
Jul 09 11:59:29.145764 np0000004898 devstack@n-api-meta.service[95767]: DEBUG nova.api.openstack.wsgi_app [None req-9ef48eed-e8d1-4cce-84f2-218d5f7e52dc None None] default_availability_zone = nova {{(pid=95767) log_opt_values /opt/stack/data/venv/lib/python3.12/site-packages/oslo_config/cfg.py:3242}}
Jul 09 11:59:29.145961 np0000004898 devstack@n-api-meta.service[95767]: DEBUG nova.api.openstack.wsgi_app [None req-9ef48eed-e8d1-4cce-84f2-218d5f7e52dc None None] default_ephemeral_format = ext4 {{(pid=95767) log_opt_values /opt/stack/data/venv/lib/python3.12/site-packages/oslo_config/cfg.py:3242}}
Jul 09 11:59:29.146086 np0000004898 devstack@n-api-meta.service[95767]: DEBUG nova.api.openstack.wsgi_app [None req-9ef48eed-e8d1-4cce-84f2-218d5f7e52dc None None] default_green_pool_size = 1000 {{(pid=95767) log_opt_values /opt/stack/data/venv/lib/python3.12/site-packages/oslo_config/cfg.py:3242}}
Jul 09 11:59:29.146326 np0000004898 devstack@n-api-meta.service[95767]: DEBUG nova.api.openstack.wsgi_app [None req-9ef48eed-e8d1-4cce-84f2-218d5f7e52dc None None] default_log_levels = ['amqp=WARN', 'boto=WARN', 'sqlalchemy=WARN', 'suds=INFO', 'oslo.messaging=INFO', 'oslo_messaging=INFO', 'iso8601=WARN', 'requests.packages.urllib3.connectionpool=WARN', 'urllib3.connectionpool=WARN', 'websocket=WARN', 'requests.packages.urllib3.util.retry=WARN', 'urllib3.util.retry=WARN', 'keystonemiddleware=WARN', 'routes.middleware=WARN', 'stevedore=WARN', 'taskflow=WARN', 'keystoneauth=WARN', 'oslo.cache=INFO', 'oslo_policy=INFO', 'dogpile.core.dogpile=INFO', 'glanceclient=WARN', 'oslo.privsep.daemon=INFO'] {{(pid=95767) log_opt_values /opt/stack/data/venv/lib/python3.12/site-packages/oslo_config/cfg.py:3242}}
Jul 09 11:59:29.146485 np0000004898 devstack@n-api-meta.service[95767]: DEBUG nova.api.openstack.wsgi_app [None req-9ef48eed-e8d1-4cce-84f2-218d5f7e52dc None None] default_schedule_zone = None {{(pid=95767) log_opt_values /opt/stack/data/venv/lib/python3.12/site-packages/oslo_config/cfg.py:3242}}
Jul 09 11:59:29.146614 np0000004898 devstack@n-api-meta.service[95767]: DEBUG nova.api.openstack.wsgi_app [None req-9ef48eed-e8d1-4cce-84f2-218d5f7e52dc None None] default_thread_pool_size = 10 {{(pid=95767) log_opt_values /opt/stack/data/venv/lib/python3.12/site-packages/oslo_config/cfg.py:3242}}
Jul 09 11:59:29.146722 np0000004898 devstack@n-api-meta.service[95767]: DEBUG nova.api.openstack.wsgi_app [None req-9ef48eed-e8d1-4cce-84f2-218d5f7e52dc None None] disk_allocation_ratio = None {{(pid=95767) log_opt_values /opt/stack/data/venv/lib/python3.12/site-packages/oslo_config/cfg.py:3242}}
Jul 09 11:59:29.146833 np0000004898 devstack@n-api-meta.service[95767]: DEBUG nova.api.openstack.wsgi_app [None req-9ef48eed-e8d1-4cce-84f2-218d5f7e52dc None None] enable_new_services = True {{(pid=95767) log_opt_values /opt/stack/data/venv/lib/python3.12/site-packages/oslo_config/cfg.py:3242}}
Jul 09 11:59:29.146988 np0000004898 devstack@n-api-meta.service[95767]: DEBUG nova.api.openstack.wsgi_app [None req-9ef48eed-e8d1-4cce-84f2-218d5f7e52dc None None] flat_injected = False {{(pid=95767) log_opt_values /opt/stack/data/venv/lib/python3.12/site-packages/oslo_config/cfg.py:3242}}
Jul 09 11:59:29.147129 np0000004898 devstack@n-api-meta.service[95767]: DEBUG nova.api.openstack.wsgi_app [None req-9ef48eed-e8d1-4cce-84f2-218d5f7e52dc None None] force_config_drive = True {{(pid=95767) log_opt_values /opt/stack/data/venv/lib/python3.12/site-packages/oslo_config/cfg.py:3242}}
Jul 09 11:59:29.147256 np0000004898 devstack@n-api-meta.service[95767]: DEBUG nova.api.openstack.wsgi_app [None req-9ef48eed-e8d1-4cce-84f2-218d5f7e52dc None None] force_raw_images = True {{(pid=95767) log_opt_values /opt/stack/data/venv/lib/python3.12/site-packages/oslo_config/cfg.py:3242}}
Jul 09 11:59:29.147384 np0000004898 devstack@n-api-meta.service[95767]: DEBUG nova.api.openstack.wsgi_app [None req-9ef48eed-e8d1-4cce-84f2-218d5f7e52dc None None] graceful_shutdown_timeout = 5 {{(pid=95767) log_opt_values /opt/stack/data/venv/lib/python3.12/site-packages/oslo_config/cfg.py:3242}}
Jul 09 11:59:29.147500 np0000004898 devstack@n-api-meta.service[95767]: DEBUG nova.api.openstack.wsgi_app [None req-9ef48eed-e8d1-4cce-84f2-218d5f7e52dc None None] heal_instance_info_cache_interval = -1 {{(pid=95767) log_opt_values /opt/stack/data/venv/lib/python3.12/site-packages/oslo_config/cfg.py:3242}}
Jul 09 11:59:29.147673 np0000004898 devstack@n-api-meta.service[95767]: DEBUG nova.api.openstack.wsgi_app [None req-9ef48eed-e8d1-4cce-84f2-218d5f7e52dc None None] host = np0000004898 {{(pid=95767) log_opt_values /opt/stack/data/venv/lib/python3.12/site-packages/oslo_config/cfg.py:3242}}
Jul 09 11:59:29.147815 np0000004898 devstack@n-api-meta.service[95767]: DEBUG nova.api.openstack.wsgi_app [None req-9ef48eed-e8d1-4cce-84f2-218d5f7e52dc None None] initial_cpu_allocation_ratio = 4.0 {{(pid=95767) log_opt_values /opt/stack/data/venv/lib/python3.12/site-packages/oslo_config/cfg.py:3242}}
Jul 09 11:59:29.147970 np0000004898 devstack@n-api-meta.service[95767]: DEBUG nova.api.openstack.wsgi_app [None req-9ef48eed-e8d1-4cce-84f2-218d5f7e52dc None None] initial_disk_allocation_ratio = 1.0 {{(pid=95767) log_opt_values /opt/stack/data/venv/lib/python3.12/site-packages/oslo_config/cfg.py:3242}}
Jul 09 11:59:29.148093 np0000004898 devstack@n-api-meta.service[95767]: DEBUG nova.api.openstack.wsgi_app [None req-9ef48eed-e8d1-4cce-84f2-218d5f7e52dc None None] initial_ram_allocation_ratio = 1.0 {{(pid=95767) log_opt_values /opt/stack/data/venv/lib/python3.12/site-packages/oslo_config/cfg.py:3242}}
Jul 09 11:59:29.148292 np0000004898 devstack@n-api-meta.service[95767]: DEBUG nova.api.openstack.wsgi_app [None req-9ef48eed-e8d1-4cce-84f2-218d5f7e52dc None None] injected_network_template = /opt/stack/nova/nova/virt/interfaces.template {{(pid=95767) log_opt_values /opt/stack/data/venv/lib/python3.12/site-packages/oslo_config/cfg.py:3242}}
Jul 09 11:59:29.148408 np0000004898 devstack@n-api-meta.service[95767]: DEBUG nova.api.openstack.wsgi_app [None req-9ef48eed-e8d1-4cce-84f2-218d5f7e52dc None None] instance_build_timeout = 0 {{(pid=95767) log_opt_values /opt/stack/data/venv/lib/python3.12/site-packages/oslo_config/cfg.py:3242}}
Jul 09 11:59:29.148559 np0000004898 devstack@n-api-meta.service[95767]: DEBUG nova.api.openstack.wsgi_app [None req-9ef48eed-e8d1-4cce-84f2-218d5f7e52dc None None] instance_delete_interval = 300 {{(pid=95767) log_opt_values /opt/stack/data/venv/lib/python3.12/site-packages/oslo_config/cfg.py:3242}}
Jul 09 11:59:29.148705 np0000004898 devstack@n-api-meta.service[95767]: DEBUG nova.api.openstack.wsgi_app [None req-9ef48eed-e8d1-4cce-84f2-218d5f7e52dc None None] instance_format = [instance: %(uuid)s] {{(pid=95767) log_opt_values /opt/stack/data/venv/lib/python3.12/site-packages/oslo_config/cfg.py:3242}}
Jul 09 11:59:29.148900 np0000004898 devstack@n-api-meta.service[95767]: DEBUG nova.api.openstack.wsgi_app [None req-9ef48eed-e8d1-4cce-84f2-218d5f7e52dc None None] instance_name_template = instance-%08x {{(pid=95767) log_opt_values /opt/stack/data/venv/lib/python3.12/site-packages/oslo_config/cfg.py:3242}}
Jul 09 11:59:29.149038 np0000004898 devstack@n-api-meta.service[95767]: DEBUG nova.api.openstack.wsgi_app [None req-9ef48eed-e8d1-4cce-84f2-218d5f7e52dc None None] instance_usage_audit = False {{(pid=95767) log_opt_values /opt/stack/data/venv/lib/python3.12/site-packages/oslo_config/cfg.py:3242}}
Jul 09 11:59:29.149163 np0000004898 devstack@n-api-meta.service[95767]: DEBUG nova.api.openstack.wsgi_app [None req-9ef48eed-e8d1-4cce-84f2-218d5f7e52dc None None] instance_usage_audit_period = month {{(pid=95767) log_opt_values /opt/stack/data/venv/lib/python3.12/site-packages/oslo_config/cfg.py:3242}}
Jul 09 11:59:29.149295 np0000004898 devstack@n-api-meta.service[95767]: DEBUG nova.api.openstack.wsgi_app [None req-9ef48eed-e8d1-4cce-84f2-218d5f7e52dc None None] instance_uuid_format = [instance: %(uuid)s] {{(pid=95767) log_opt_values /opt/stack/data/venv/lib/python3.12/site-packages/oslo_config/cfg.py:3242}}
Jul 09 11:59:29.149421 np0000004898 devstack@n-api-meta.service[95767]: DEBUG nova.api.openstack.wsgi_app [None req-9ef48eed-e8d1-4cce-84f2-218d5f7e52dc None None] instances_path = /opt/stack/data/nova/instances {{(pid=95767) log_opt_values /opt/stack/data/venv/lib/python3.12/site-packages/oslo_config/cfg.py:3242}}
Jul 09 11:59:29.149539 np0000004898 devstack@n-api-meta.service[95769]: WARNING nova.api.metadata.handler [None req-64d801bd-c8be-478a-ae41-e58b8803881c None None] metadata_proxy_shared_secret is not configured, the metadata information returned by the proxy cannot be trusted
Jul 09 11:59:29.149597 np0000004898 devstack@n-api-meta.service[95767]: DEBUG nova.api.openstack.wsgi_app [None req-9ef48eed-e8d1-4cce-84f2-218d5f7e52dc None None] internal_service_availability_zone = internal {{(pid=95767) log_opt_values /opt/stack/data/venv/lib/python3.12/site-packages/oslo_config/cfg.py:3242}}
Jul 09 11:59:29.149716 np0000004898 devstack@n-api-meta.service[95767]: DEBUG nova.api.openstack.wsgi_app [None req-9ef48eed-e8d1-4cce-84f2-218d5f7e52dc None None] key = None {{(pid=95767) log_opt_values /opt/stack/data/venv/lib/python3.12/site-packages/oslo_config/cfg.py:3242}}
Jul 09 11:59:29.149837 np0000004898 devstack@n-api-meta.service[95767]: DEBUG nova.api.openstack.wsgi_app [None req-9ef48eed-e8d1-4cce-84f2-218d5f7e52dc None None] live_migration_retry_count = 30 {{(pid=95767) log_opt_values /opt/stack/data/venv/lib/python3.12/site-packages/oslo_config/cfg.py:3242}}
Jul 09 11:59:29.150011 np0000004898 devstack@n-api-meta.service[95767]: DEBUG nova.api.openstack.wsgi_app [None req-9ef48eed-e8d1-4cce-84f2-218d5f7e52dc None None] log_color = False {{(pid=95767) log_opt_values /opt/stack/data/venv/lib/python3.12/site-packages/oslo_config/cfg.py:3242}}
Jul 09 11:59:29.150130 np0000004898 devstack@n-api-meta.service[95767]: DEBUG nova.api.openstack.wsgi_app [None req-9ef48eed-e8d1-4cce-84f2-218d5f7e52dc None None] log_config_append = None {{(pid=95767) log_opt_values /opt/stack/data/venv/lib/python3.12/site-packages/oslo_config/cfg.py:3242}}
Jul 09 11:59:29.150246 np0000004898 devstack@n-api-meta.service[95767]: DEBUG nova.api.openstack.wsgi_app [None req-9ef48eed-e8d1-4cce-84f2-218d5f7e52dc None None] log_date_format = %Y-%m-%d %H:%M:%S {{(pid=95767) log_opt_values /opt/stack/data/venv/lib/python3.12/site-packages/oslo_config/cfg.py:3242}}
Jul 09 11:59:29.150356 np0000004898 devstack@n-api-meta.service[95767]: DEBUG nova.api.openstack.wsgi_app [None req-9ef48eed-e8d1-4cce-84f2-218d5f7e52dc None None] log_dir = None {{(pid=95767) log_opt_values /opt/stack/data/venv/lib/python3.12/site-packages/oslo_config/cfg.py:3242}}
Jul 09 11:59:29.150466 np0000004898 devstack@n-api-meta.service[95767]: DEBUG nova.api.openstack.wsgi_app [None req-9ef48eed-e8d1-4cce-84f2-218d5f7e52dc None None] log_file = None {{(pid=95767) log_opt_values /opt/stack/data/venv/lib/python3.12/site-packages/oslo_config/cfg.py:3242}}
Jul 09 11:59:29.150556 np0000004898 devstack@n-api-meta.service[95767]: DEBUG nova.api.openstack.wsgi_app [None req-9ef48eed-e8d1-4cce-84f2-218d5f7e52dc None None] log_options = True {{(pid=95767) log_opt_values /opt/stack/data/venv/lib/python3.12/site-packages/oslo_config/cfg.py:3242}}
Jul 09 11:59:29.150669 np0000004898 devstack@n-api-meta.service[95767]: DEBUG nova.api.openstack.wsgi_app [None req-9ef48eed-e8d1-4cce-84f2-218d5f7e52dc None None] log_rotate_interval = 1 {{(pid=95767) log_opt_values /opt/stack/data/venv/lib/python3.12/site-packages/oslo_config/cfg.py:3242}}
Jul 09 11:59:29.150785 np0000004898 devstack@n-api-meta.service[95767]: DEBUG nova.api.openstack.wsgi_app [None req-9ef48eed-e8d1-4cce-84f2-218d5f7e52dc None None] log_rotate_interval_type = days {{(pid=95767) log_opt_values /opt/stack/data/venv/lib/python3.12/site-packages/oslo_config/cfg.py:3242}}
Jul 09 11:59:29.150948 np0000004898 devstack@n-api-meta.service[95767]: DEBUG nova.api.openstack.wsgi_app [None req-9ef48eed-e8d1-4cce-84f2-218d5f7e52dc None None] log_rotation_type = none {{(pid=95767) log_opt_values /opt/stack/data/venv/lib/python3.12/site-packages/oslo_config/cfg.py:3242}}
