Aug 08 01:38:10.896888 np0000006773 devstack@g-api.service[103154]: DEBUG glance.api.middleware.version_negotiation [None req-fee3b2e5-2fc6-4050-961f-235a37bfd739 tempest-TestImageHashVerification-177488483 tempest-TestImageHashVerification-177488483-project-member] new path /v2/images/bd30e2f8-fc3a-417c-bb0a-e16e4afa0235 {{(pid=103154) process_request /opt/stack/glance/glance/api/middleware/version_negotiation.py:70}}
Aug 08 01:38:10.911875 np0000006773 devstack@g-api.service[103156]: DEBUG glance.api.middleware.version_negotiation [None req-835b76a2-3e38-465a-b2a7-e8aabbf60d78 tempest-TestImageHashVerification-177488483 tempest-TestImageHashVerification-177488483-project-member] Determining version of request: GET /v2/images/653698f8-6d4a-4d6e-aa2c-481ee74650a1 Accept: application/json {{(pid=103156) process_request /opt/stack/glance/glance/api/middleware/version_negotiation.py:44}}
Aug 08 01:38:10.911875 np0000006773 devstack@g-api.service[103156]: DEBUG glance.api.middleware.version_negotiation [None req-835b76a2-3e38-465a-b2a7-e8aabbf60d78 tempest-TestImageHashVerification-177488483 tempest-TestImageHashVerification-177488483-project-member] Using url versioning {{(pid=103156) process_request /opt/stack/glance/glance/api/middleware/version_negotiation.py:57}}
Aug 08 01:38:10.913352 np0000006773 devstack@g-api.service[103156]: DEBUG glance.api.middleware.version_negotiation [None req-835b76a2-3e38-465a-b2a7-e8aabbf60d78 tempest-TestImageHashVerification-177488483 tempest-TestImageHashVerification-177488483-project-member] Matched version: v2 {{(pid=103156) process_request /opt/stack/glance/glance/api/middleware/version_negotiation.py:69}}
Aug 08 01:38:10.913352 np0000006773 devstack@g-api.service[103156]: DEBUG glance.api.middleware.version_negotiation [None req-835b76a2-3e38-465a-b2a7-e8aabbf60d78 tempest-TestImageHashVerification-177488483 tempest-TestImageHashVerification-177488483-project-member] new path /v2/images/653698f8-6d4a-4d6e-aa2c-481ee74650a1 {{(pid=103156) process_request /opt/stack/glance/glance/api/middleware/version_negotiation.py:70}}
Aug 08 01:38:10.913440 np0000006773 devstack@g-api.service[103154]: [pid: 103154|app: 0|req: 85/339] 127.0.0.1 () {44 vars in 1115 bytes} [Sat Aug 8 01:38:10 2026] GET /v2/images/bd30e2f8-fc3a-417c-bb0a-e16e4afa0235 => generated 1044 bytes in 17 msecs (HTTP/1.1 200) 4 headers in 158 bytes (1 switches on core 0)
Aug 08 01:38:10.950930 np0000006773 devstack@g-api.service[103156]: [pid: 103156|app: 0|req: 84/340] 127.0.0.1 () {40 vars in 838 bytes} [Sat Aug 8 01:38:10 2026] GET /v2/images/653698f8-6d4a-4d6e-aa2c-481ee74650a1 => generated 649 bytes in 40 msecs (HTTP/1.1 200) 4 headers in 157 bytes (1 switches on core 0)
Aug 08 01:38:10.982154 np0000006773 devstack@g-api.service[103155]: DEBUG glance.api.middleware.version_negotiation [None req-a2014340-be95-4328-8ce4-c2b3c875f279 tempest-TestImageHashVerification-177488483 tempest-TestImageHashVerification-177488483-project-member] Determining version of request: GET /v2/schemas/image Accept: */* {{(pid=103155) process_request /opt/stack/glance/glance/api/middleware/version_negotiation.py:44}}
Aug 08 01:38:10.982154 np0000006773 devstack@g-api.service[103155]: DEBUG glance.api.middleware.version_negotiation [None req-a2014340-be95-4328-8ce4-c2b3c875f279 tempest-TestImageHashVerification-177488483 tempest-TestImageHashVerification-177488483-project-member] Using url versioning {{(pid=103155) process_request /opt/stack/glance/glance/api/middleware/version_negotiation.py:57}}
Aug 08 01:38:10.982154 np0000006773 devstack@g-api.service[103155]: DEBUG glance.api.middleware.version_negotiation [None req-a2014340-be95-4328-8ce4-c2b3c875f279 tempest-TestImageHashVerification-177488483 tempest-TestImageHashVerification-177488483-project-member] Matched version: v2 {{(pid=103155) process_request /opt/stack/glance/glance/api/middleware/version_negotiation.py:69}}
Aug 08 01:38:10.982154 np0000006773 devstack@g-api.service[103155]: DEBUG glance.api.middleware.version_negotiation [None req-a2014340-be95-4328-8ce4-c2b3c875f279 tempest-TestImageHashVerification-177488483 tempest-TestImageHashVerification-177488483-project-member] new path /v2/schemas/image {{(pid=103155) process_request /opt/stack/glance/glance/api/middleware/version_negotiation.py:70}}
Aug 08 01:38:10.986399 np0000006773 devstack@g-api.service[103155]: [pid: 103155|app: 0|req: 89/341] 127.0.0.1 () {44 vars in 1055 bytes} [Sat Aug 8 01:38:10 2026] GET /v2/schemas/image => generated 6083 bytes in 6 msecs (HTTP/1.1 200) 4 headers in 158 bytes (1 switches on core 0)
Aug 08 01:38:11.962181 np0000006773 devstack@g-api.service[103154]: DEBUG glance.api.middleware.version_negotiation [None req-4bc44044-d0a4-4af0-a65d-74577de2f08b tempest-AttachVolumeTestJSON-99744039 tempest-AttachVolumeTestJSON-99744039-project-member] Determining version of request: GET /v2/images/653698f8-6d4a-4d6e-aa2c-481ee74650a1 Accept: application/json {{(pid=103154) process_request /opt/stack/glance/glance/api/middleware/version_negotiation.py:44}}
Aug 08 01:38:11.964089 np0000006773 devstack@g-api.service[103154]: DEBUG glance.api.middleware.version_negotiation [None req-4bc44044-d0a4-4af0-a65d-74577de2f08b tempest-AttachVolumeTestJSON-99744039 tempest-AttachVolumeTestJSON-99744039-project-member] Using url versioning {{(pid=103154) process_request /opt/stack/glance/glance/api/middleware/version_negotiation.py:57}}
Aug 08 01:38:11.964089 np0000006773 devstack@g-api.service[103154]: DEBUG glance.api.middleware.version_negotiation [None req-4bc44044-d0a4-4af0-a65d-74577de2f08b tempest-AttachVolumeTestJSON-99744039 tempest-AttachVolumeTestJSON-99744039-project-member] Matched version: v2 {{(pid=103154) process_request /opt/stack/glance/glance/api/middleware/version_negotiation.py:69}}
Aug 08 01:38:11.964089 np0000006773 devstack@g-api.service[103154]: DEBUG glance.api.middleware.version_negotiation [None req-4bc44044-d0a4-4af0-a65d-74577de2f08b tempest-AttachVolumeTestJSON-99744039 tempest-AttachVolumeTestJSON-99744039-project-member] new path /v2/images/653698f8-6d4a-4d6e-aa2c-481ee74650a1 {{(pid=103154) process_request /opt/stack/glance/glance/api/middleware/version_negotiation.py:70}}
Aug 08 01:38:11.996603 np0000006773 devstack@g-api.service[103154]: [pid: 103154|app: 0|req: 86/342] 127.0.0.1 () {40 vars in 838 bytes} [Sat Aug 8 01:38:11 2026] GET /v2/images/653698f8-6d4a-4d6e-aa2c-481ee74650a1 => generated 649 bytes in 34 msecs (HTTP/1.1 200) 4 headers in 157 bytes (1 switches on core 0)
Aug 08 01:38:13.009756 np0000006773 devstack@g-api.service[103156]: DEBUG glance.api.middleware.version_negotiation [None req-954584ef-967b-466c-a592-085e635ea1fb tempest-TestImageHashVerification-177488483 tempest-TestImageHashVerification-177488483-project-member] Determining version of request: GET /v2/images/653698f8-6d4a-4d6e-aa2c-481ee74650a1 Accept: application/json {{(pid=103156) process_request /opt/stack/glance/glance/api/middleware/version_negotiation.py:44}}
Aug 08 01:38:13.010300 np0000006773 devstack@g-api.service[103156]: DEBUG glance.api.middleware.version_negotiation [None req-954584ef-967b-466c-a592-085e635ea1fb tempest-TestImageHashVerification-177488483 tempest-TestImageHashVerification-177488483-project-member] Using url versioning {{(pid=103156) process_request /opt/stack/glance/glance/api/middleware/version_negotiation.py:57}}
Aug 08 01:38:13.010300 np0000006773 devstack@g-api.service[103156]: DEBUG glance.api.middleware.version_negotiation [None req-954584ef-967b-466c-a592-085e635ea1fb tempest-TestImageHashVerification-177488483 tempest-TestImageHashVerification-177488483-project-member] Matched version: v2 {{(pid=103156) process_request /opt/stack/glance/glance/api/middleware/version_negotiation.py:69}}
Aug 08 01:38:13.010387 np0000006773 devstack@g-api.service[103156]: DEBUG glance.api.middleware.version_negotiation [None req-954584ef-967b-466c-a592-085e635ea1fb tempest-TestImageHashVerification-177488483 tempest-TestImageHashVerification-177488483-project-member] new path /v2/images/653698f8-6d4a-4d6e-aa2c-481ee74650a1 {{(pid=103156) process_request /opt/stack/glance/glance/api/middleware/version_negotiation.py:70}}
Aug 08 01:38:13.025268 np0000006773 devstack@g-api.service[103156]: [pid: 103156|app: 0|req: 85/343] 127.0.0.1 () {40 vars in 838 bytes} [Sat Aug 8 01:38:13 2026] GET /v2/images/653698f8-6d4a-4d6e-aa2c-481ee74650a1 => generated 649 bytes in 16 msecs (HTTP/1.1 200) 4 headers in 157 bytes (1 switches on core 0)
Aug 08 01:38:13.157024 np0000006773 devstack@g-api.service[103153]: DEBUG swiftclient [None req-4dbbb71c-ccc2-4a17-a382-b9819519ef5c tempest-TestImageHashVerification-177488483 tempest-TestImageHashVerification-177488483-project-member] REQ: curl -i https://10.4.3.172:8080/v1/AUTH_a6d742b3cec941c6a083fd43b70e15fb/glance/653698f8-6d4a-4d6e-aa2c-481ee74650a1-00002 -X PUT -H "X-Auth-Token: gAAAAABqdoh_w2_4..." {{(pid=103153) http_log /opt/stack/data/venv/lib/python3.12/site-packages/swiftclient/client.py:160}}
Aug 08 01:38:13.157024 np0000006773 devstack@g-api.service[103153]: DEBUG swiftclient [None req-4dbbb71c-ccc2-4a17-a382-b9819519ef5c tempest-TestImageHashVerification-177488483 tempest-TestImageHashVerification-177488483-project-member] RESP STATUS: 201 Created {{(pid=103153) http_log /opt/stack/data/venv/lib/python3.12/site-packages/swiftclient/client.py:161}}
Aug 08 01:38:13.157621 np0000006773 devstack@g-api.service[103153]: DEBUG swiftclient [None req-4dbbb71c-ccc2-4a17-a382-b9819519ef5c tempest-TestImageHashVerification-177488483 tempest-TestImageHashVerification-177488483-project-member] RESP HEADERS: {'Date': 'Sat, 08 Aug 2026 01:38:13 GMT', 'Server': 'Apache/2.4.58 (Ubuntu)', 'Content-Type': 'text/html; charset=UTF-8', 'Content-Length': '0', 'Etag': 'eda9a9889837ac4bc81d6387d92c1bec', 'Last-Modified': 'Sat, 08 Aug 2026 01:38:11 GMT', 'X-Trans-Id': 'tx08a473c1c145421086802-006a768882', 'X-Openstack-Request-Id': 'tx08a473c1c145421086802-006a768882', 'Connection': 'close'} {{(pid=103153) http_log /opt/stack/data/venv/lib/python3.12/site-packages/swiftclient/client.py:162}}
Aug 08 01:38:13.157621 np0000006773 devstack@g-api.service[103153]: DEBUG glance_store._drivers.swift.store [None req-4dbbb71c-ccc2-4a17-a382-b9819519ef5c tempest-TestImageHashVerification-177488483 tempest-TestImageHashVerification-177488483-project-member] Wrote chunk 653698f8-6d4a-4d6e-aa2c-481ee74650a1-00002 (2/?) of length 204800000 to Swift returning MD5 of content: eda9a9889837ac4bc81d6387d92c1bec {{(pid=103153) add /opt/stack/data/venv/lib/python3.12/site-packages/glance_store/_drivers/swift/store.py:1059}}
Aug 08 01:38:14.039244 np0000006773 devstack@g-api.service[103155]: DEBUG glance.api.middleware.version_negotiation [None req-4bc44044-d0a4-4af0-a65d-74577de2f08b tempest-AttachVolumeTestJSON-99744039 tempest-AttachVolumeTestJSON-99744039-project-member] Determining version of request: GET /v2/images/653698f8-6d4a-4d6e-aa2c-481ee74650a1 Accept: application/json {{(pid=103155) process_request /opt/stack/glance/glance/api/middleware/version_negotiation.py:44}}
Aug 08 01:38:14.039244 np0000006773 devstack@g-api.service[103155]: DEBUG glance.api.middleware.version_negotiation [None req-4bc44044-d0a4-4af0-a65d-74577de2f08b tempest-AttachVolumeTestJSON-99744039 tempest-AttachVolumeTestJSON-99744039-project-member] Using url versioning {{(pid=103155) process_request /opt/stack/glance/glance/api/middleware/version_negotiation.py:57}}
Aug 08 01:38:14.039244 np0000006773 devstack@g-api.service[103155]: DEBUG glance.api.middleware.version_negotiation [None req-4bc44044-d0a4-4af0-a65d-74577de2f08b tempest-AttachVolumeTestJSON-99744039 tempest-AttachVolumeTestJSON-99744039-project-member] Matched version: v2 {{(pid=103155) process_request /opt/stack/glance/glance/api/middleware/version_negotiation.py:69}}
Aug 08 01:38:14.039244 np0000006773 devstack@g-api.service[103155]: DEBUG glance.api.middleware.version_negotiation [None req-4bc44044-d0a4-4af0-a65d-74577de2f08b tempest-AttachVolumeTestJSON-99744039 tempest-AttachVolumeTestJSON-99744039-project-member] new path /v2/images/653698f8-6d4a-4d6e-aa2c-481ee74650a1 {{(pid=103155) process_request /opt/stack/glance/glance/api/middleware/version_negotiation.py:70}}
Aug 08 01:38:14.069373 np0000006773 devstack@g-api.service[103155]: [pid: 103155|app: 0|req: 90/344] 127.0.0.1 () {40 vars in 838 bytes} [Sat Aug 8 01:38:14 2026] GET /v2/images/653698f8-6d4a-4d6e-aa2c-481ee74650a1 => generated 649 bytes in 28 msecs (HTTP/1.1 200) 4 headers in 157 bytes (1 switches on core 0)
Aug 08 01:38:15.079975 np0000006773 devstack@g-api.service[103154]: DEBUG glance.api.middleware.version_negotiation [None req-0885f4a6-a78d-472e-be83-3f81299d36da tempest-TestImageHashVerification-177488483 tempest-TestImageHashVerification-177488483-project-member] Determining version of request: GET /v2/images/653698f8-6d4a-4d6e-aa2c-481ee74650a1 Accept: application/json {{(pid=103154) process_request /opt/stack/glance/glance/api/middleware/version_negotiation.py:44}}
Aug 08 01:38:15.079975 np0000006773 devstack@g-api.service[103154]: DEBUG glance.api.middleware.version_negotiation [None req-0885f4a6-a78d-472e-be83-3f81299d36da tempest-TestImageHashVerification-177488483 tempest-TestImageHashVerification-177488483-project-member] Using url versioning {{(pid=103154) process_request /opt/stack/glance/glance/api/middleware/version_negotiation.py:57}}
Aug 08 01:38:15.080559 np0000006773 devstack@g-api.service[103154]: DEBUG glance.api.middleware.version_negotiation [None req-0885f4a6-a78d-472e-be83-3f81299d36da tempest-TestImageHashVerification-177488483 tempest-TestImageHashVerification-177488483-project-member] Matched version: v2 {{(pid=103154) process_request /opt/stack/glance/glance/api/middleware/version_negotiation.py:69}}
Aug 08 01:38:15.080559 np0000006773 devstack@g-api.service[103154]: DEBUG glance.api.middleware.version_negotiation [None req-0885f4a6-a78d-472e-be83-3f81299d36da tempest-TestImageHashVerification-177488483 tempest-TestImageHashVerification-177488483-project-member] new path /v2/images/653698f8-6d4a-4d6e-aa2c-481ee74650a1 {{(pid=103154) process_request /opt/stack/glance/glance/api/middleware/version_negotiation.py:70}}
Aug 08 01:38:15.101155 np0000006773 devstack@g-api.service[103154]: [pid: 103154|app: 0|req: 87/345] 127.0.0.1 () {40 vars in 838 bytes} [Sat Aug 8 01:38:15 2026] GET /v2/images/653698f8-6d4a-4d6e-aa2c-481ee74650a1 => generated 649 bytes in 21 msecs (HTTP/1.1 200) 4 headers in 157 bytes (1 switches on core 0)
Aug 08 01:38:15.659774 np0000006773 devstack@g-api.service[103153]: DEBUG swiftclient [None req-4dbbb71c-ccc2-4a17-a382-b9819519ef5c tempest-TestImageHashVerification-177488483 tempest-TestImageHashVerification-177488483-project-member] REQ: curl -i https://10.4.3.172:8080/v1/AUTH_a6d742b3cec941c6a083fd43b70e15fb/glance/653698f8-6d4a-4d6e-aa2c-481ee74650a1-00003 -X PUT -H "X-Auth-Token: gAAAAABqdoh_w2_4..." {{(pid=103153) http_log /opt/stack/data/venv/lib/python3.12/site-packages/swiftclient/client.py:160}}
Aug 08 01:38:15.659774 np0000006773 devstack@g-api.service[103153]: DEBUG swiftclient [None req-4dbbb71c-ccc2-4a17-a382-b9819519ef5c tempest-TestImageHashVerification-177488483 tempest-TestImageHashVerification-177488483-project-member] RESP STATUS: 201 Created {{(pid=103153) http_log /opt/stack/data/venv/lib/python3.12/site-packages/swiftclient/client.py:161}}
Aug 08 01:38:15.659774 np0000006773 devstack@g-api.service[103153]: DEBUG swiftclient [None req-4dbbb71c-ccc2-4a17-a382-b9819519ef5c tempest-TestImageHashVerification-177488483 tempest-TestImageHashVerification-177488483-project-member] RESP HEADERS: {'Date': 'Sat, 08 Aug 2026 01:38:15 GMT', 'Server': 'Apache/2.4.58 (Ubuntu)', 'Content-Type': 'text/html; charset=UTF-8', 'Content-Length': '0', 'Etag': 'eda9a9889837ac4bc81d6387d92c1bec', 'Last-Modified': 'Sat, 08 Aug 2026 01:38:14 GMT', 'X-Trans-Id': 'tx5626b70ebdc44c01896c5-006a768885', 'X-Openstack-Request-Id': 'tx5626b70ebdc44c01896c5-006a768885', 'Connection': 'close'} {{(pid=103153) http_log /opt/stack/data/venv/lib/python3.12/site-packages/swiftclient/client.py:162}}
Aug 08 01:38:15.659774 np0000006773 devstack@g-api.service[103153]: DEBUG glance_store._drivers.swift.store [None req-4dbbb71c-ccc2-4a17-a382-b9819519ef5c tempest-TestImageHashVerification-177488483 tempest-TestImageHashVerification-177488483-project-member] Wrote chunk 653698f8-6d4a-4d6e-aa2c-481ee74650a1-00003 (3/?) of length 204800000 to Swift returning MD5 of content: eda9a9889837ac4bc81d6387d92c1bec {{(pid=103153) add /opt/stack/data/venv/lib/python3.12/site-packages/glance_store/_drivers/swift/store.py:1059}}
Aug 08 01:38:16.111462 np0000006773 devstack@g-api.service[103156]: DEBUG glance.api.middleware.version_negotiation [None req-0ca8b870-1bd1-47f6-82d8-d046202280a9 tempest-TestImageHashVerification-177488483 tempest-TestImageHashVerification-177488483-project-member] Determining version of request: GET /v2/images/653698f8-6d4a-4d6e-aa2c-481ee74650a1 Accept: application/json {{(pid=103156) process_request /opt/stack/glance/glance/api/middleware/version_negotiation.py:44}}
Aug 08 01:38:16.111965 np0000006773 devstack@g-api.service[103156]: DEBUG glance.api.middleware.version_negotiation [None req-0ca8b870-1bd1-47f6-82d8-d046202280a9 tempest-TestImageHashVerification-177488483 tempest-TestImageHashVerification-177488483-project-member] Using url versioning {{(pid=103156) process_request /opt/stack/glance/glance/api/middleware/version_negotiation.py:57}}
Aug 08 01:38:16.111965 np0000006773 devstack@g-api.service[103156]: DEBUG glance.api.middleware.version_negotiation [None req-0ca8b870-1bd1-47f6-82d8-d046202280a9 tempest-TestImageHashVerification-177488483 tempest-TestImageHashVerification-177488483-project-member] Matched version: v2 {{(pid=103156) process_request /opt/stack/glance/glance/api/middleware/version_negotiation.py:69}}
Aug 08 01:38:16.111965 np0000006773 devstack@g-api.service[103156]: DEBUG glance.api.middleware.version_negotiation [None req-0ca8b870-1bd1-47f6-82d8-d046202280a9 tempest-TestImageHashVerification-177488483 tempest-TestImageHashVerification-177488483-project-member] new path /v2/images/653698f8-6d4a-4d6e-aa2c-481ee74650a1 {{(pid=103156) process_request /opt/stack/glance/glance/api/middleware/version_negotiation.py:70}}
Aug 08 01:38:16.128591 np0000006773 devstack@g-api.service[103156]: [pid: 103156|app: 0|req: 86/346] 127.0.0.1 () {40 vars in 838 bytes} [Sat Aug 8 01:38:16 2026] GET /v2/images/653698f8-6d4a-4d6e-aa2c-481ee74650a1 => generated 649 bytes in 17 msecs (HTTP/1.1 200) 4 headers in 157 bytes (1 switches on core 0)
Aug 08 01:38:16.479360 np0000006773 devstack@g-api.service[103155]: DEBUG glance.api.middleware.version_negotiation [None req-e6f7b8a0-e15b-40b2-b9f5-d6f04a7f42b3 tempest-TestImageHashVerification-177488483 tempest-TestImageHashVerification-177488483-project-member] Determining version of request: GET /v2/images/bd30e2f8-fc3a-417c-bb0a-e16e4afa0235 Accept: */* {{(pid=103155) process_request /opt/stack/glance/glance/api/middleware/version_negotiation.py:44}}
Aug 08 01:38:16.480146 np0000006773 devstack@g-api.service[103155]: DEBUG glance.api.middleware.version_negotiation [None req-e6f7b8a0-e15b-40b2-b9f5-d6f04a7f42b3 tempest-TestImageHashVerification-177488483 tempest-TestImageHashVerification-177488483-project-member] Using url versioning {{(pid=103155) process_request /opt/stack/glance/glance/api/middleware/version_negotiation.py:57}}
Aug 08 01:38:16.480146 np0000006773 devstack@g-api.service[103155]: DEBUG glance.api.middleware.version_negotiation [None req-e6f7b8a0-e15b-40b2-b9f5-d6f04a7f42b3 tempest-TestImageHashVerification-177488483 tempest-TestImageHashVerification-177488483-project-member] Matched version: v2 {{(pid=103155) process_request /opt/stack/glance/glance/api/middleware/version_negotiation.py:69}}
Aug 08 01:38:16.480746 np0000006773 devstack@g-api.service[103155]: DEBUG glance.api.middleware.version_negotiation [None req-e6f7b8a0-e15b-40b2-b9f5-d6f04a7f42b3 tempest-TestImageHashVerification-177488483 tempest-TestImageHashVerification-177488483-project-member] new path /v2/images/bd30e2f8-fc3a-417c-bb0a-e16e4afa0235 {{(pid=103155) process_request /opt/stack/glance/glance/api/middleware/version_negotiation.py:70}}
Aug 08 01:38:16.505780 np0000006773 devstack@g-api.service[103155]: [pid: 103155|app: 0|req: 91/347] 127.0.0.1 () {44 vars in 1115 bytes} [Sat Aug 8 01:38:16 2026] GET /v2/images/bd30e2f8-fc3a-417c-bb0a-e16e4afa0235 => generated 1044 bytes in 27 msecs (HTTP/1.1 200) 4 headers in 158 bytes (1 switches on core 0)
Aug 08 01:38:16.573022 np0000006773 devstack@g-api.service[103154]: DEBUG glance.api.middleware.version_negotiation [None req-532f24af-232a-4498-80ff-9d0a3fa65469 tempest-TestImageHashVerification-177488483 tempest-TestImageHashVerification-177488483-project-member] Determining version of request: GET /v2/schemas/image Accept: */* {{(pid=103154) process_request /opt/stack/glance/glance/api/middleware/version_negotiation.py:44}}
Aug 08 01:38:16.573487 np0000006773 devstack@g-api.service[103154]: DEBUG glance.api.middleware.version_negotiation [None req-532f24af-232a-4498-80ff-9d0a3fa65469 tempest-TestImageHashVerification-177488483 tempest-TestImageHashVerification-177488483-project-member] Using url versioning {{(pid=103154) process_request /opt/stack/glance/glance/api/middleware/version_negotiation.py:57}}
Aug 08 01:38:16.573487 np0000006773 devstack@g-api.service[103154]: DEBUG glance.api.middleware.version_negotiation [None req-532f24af-232a-4498-80ff-9d0a3fa65469 tempest-TestImageHashVerification-177488483 tempest-TestImageHashVerification-177488483-project-member] Matched version: v2 {{(pid=103154) process_request /opt/stack/glance/glance/api/middleware/version_negotiation.py:69}}
Aug 08 01:38:16.573945 np0000006773 devstack@g-api.service[103154]: DEBUG glance.api.middleware.version_negotiation [None req-532f24af-232a-4498-80ff-9d0a3fa65469 tempest-TestImageHashVerification-177488483 tempest-TestImageHashVerification-177488483-project-member] new path /v2/schemas/image {{(pid=103154) process_request /opt/stack/glance/glance/api/middleware/version_negotiation.py:70}}
Aug 08 01:38:16.577784 np0000006773 devstack@g-api.service[103154]: [pid: 103154|app: 0|req: 88/348] 127.0.0.1 () {44 vars in 1055 bytes} [Sat Aug 8 01:38:16 2026] GET /v2/schemas/image => generated 6083 bytes in 5 msecs (HTTP/1.1 200) 4 headers in 158 bytes (1 switches on core 0)
Aug 08 01:38:17.145414 np0000006773 devstack@g-api.service[103156]: DEBUG glance.api.middleware.version_negotiation [None req-63fbefdd-c970-49db-83f1-c620f7b6a070 tempest-TestImageHashVerification-177488483 tempest-TestImageHashVerification-177488483-project-member] Determining version of request: GET /v2/images/653698f8-6d4a-4d6e-aa2c-481ee74650a1 Accept: application/json {{(pid=103156) process_request /opt/stack/glance/glance/api/middleware/version_negotiation.py:44}}
Aug 08 01:38:17.145855 np0000006773 devstack@g-api.service[103156]: DEBUG glance.api.middleware.version_negotiation [None req-63fbefdd-c970-49db-83f1-c620f7b6a070 tempest-TestImageHashVerification-177488483 tempest-TestImageHashVerification-177488483-project-member] Using url versioning {{(pid=103156) process_request /opt/stack/glance/glance/api/middleware/version_negotiation.py:57}}
Aug 08 01:38:17.145855 np0000006773 devstack@g-api.service[103156]: DEBUG glance.api.middleware.version_negotiation [None req-63fbefdd-c970-49db-83f1-c620f7b6a070 tempest-TestImageHashVerification-177488483 tempest-TestImageHashVerification-177488483-project-member] Matched version: v2 {{(pid=103156) process_request /opt/stack/glance/glance/api/middleware/version_negotiation.py:69}}
Aug 08 01:38:17.145948 np0000006773 devstack@g-api.service[103156]: DEBUG glance.api.middleware.version_negotiation [None req-63fbefdd-c970-49db-83f1-c620f7b6a070 tempest-TestImageHashVerification-177488483 tempest-TestImageHashVerification-177488483-project-member] new path /v2/images/653698f8-6d4a-4d6e-aa2c-481ee74650a1 {{(pid=103156) process_request /opt/stack/glance/glance/api/middleware/version_negotiation.py:70}}
Aug 08 01:38:17.162835 np0000006773 devstack@g-api.service[103156]: [pid: 103156|app: 0|req: 87/349] 127.0.0.1 () {40 vars in 838 bytes} [Sat Aug 8 01:38:17 2026] GET /v2/images/653698f8-6d4a-4d6e-aa2c-481ee74650a1 => generated 649 bytes in 18 msecs (HTTP/1.1 200) 4 headers in 157 bytes (1 switches on core 0)
Aug 08 01:38:17.215976 np0000006773 devstack@g-api.service[103153]: DEBUG dbcounter [-] [103153] Writing DB stats glance:SELECT=16,glance:UPDATE=1 {{(pid=103153) stat_writer /opt/stack/data/venv/lib/python3.12/site-packages/dbcounter.py:115}}
Aug 08 01:38:18.147273 np0000006773 devstack@g-api.service[103153]: DEBUG swiftclient [None req-4dbbb71c-ccc2-4a17-a382-b9819519ef5c tempest-TestImageHashVerification-177488483 tempest-TestImageHashVerification-177488483-project-member] REQ: curl -i https://10.4.3.172:8080/v1/AUTH_a6d742b3cec941c6a083fd43b70e15fb/glance/653698f8-6d4a-4d6e-aa2c-481ee74650a1-00004 -X PUT -H "X-Auth-Token: gAAAAABqdoh_w2_4..." {{(pid=103153) http_log /opt/stack/data/venv/lib/python3.12/site-packages/swiftclient/client.py:160}}
Aug 08 01:38:18.147577 np0000006773 devstack@g-api.service[103153]: DEBUG swiftclient [None req-4dbbb71c-ccc2-4a17-a382-b9819519ef5c tempest-TestImageHashVerification-177488483 tempest-TestImageHashVerification-177488483-project-member] RESP STATUS: 201 Created {{(pid=103153) http_log /opt/stack/data/venv/lib/python3.12/site-packages/swiftclient/client.py:161}}
Aug 08 01:38:18.147757 np0000006773 devstack@g-api.service[103153]: DEBUG swiftclient [None req-4dbbb71c-ccc2-4a17-a382-b9819519ef5c tempest-TestImageHashVerification-177488483 tempest-TestImageHashVerification-177488483-project-member] RESP HEADERS: {'Date': 'Sat, 08 Aug 2026 01:38:18 GMT', 'Server': 'Apache/2.4.58 (Ubuntu)', 'Content-Type': 'text/html; charset=UTF-8', 'Content-Length': '0', 'Etag': 'eda9a9889837ac4bc81d6387d92c1bec', 'Last-Modified': 'Sat, 08 Aug 2026 01:38:16 GMT', 'X-Trans-Id': 'tx6af5ba4c8ca04ed187a4c-006a768887', 'X-Openstack-Request-Id': 'tx6af5ba4c8ca04ed187a4c-006a768887', 'Connection': 'close'} {{(pid=103153) http_log /opt/stack/data/venv/lib/python3.12/site-packages/swiftclient/client.py:162}}
Aug 08 01:38:18.147971 np0000006773 devstack@g-api.service[103153]: DEBUG glance_store._drivers.swift.store [None req-4dbbb71c-ccc2-4a17-a382-b9819519ef5c tempest-TestImageHashVerification-177488483 tempest-TestImageHashVerification-177488483-project-member] Wrote chunk 653698f8-6d4a-4d6e-aa2c-481ee74650a1-00004 (4/?) of length 204800000 to Swift returning MD5 of content: eda9a9889837ac4bc81d6387d92c1bec {{(pid=103153) add /opt/stack/data/venv/lib/python3.12/site-packages/glance_store/_drivers/swift/store.py:1059}}
Aug 08 01:38:18.178602 np0000006773 devstack@g-api.service[103155]: DEBUG glance.api.middleware.version_negotiation [None req-4396b9df-a523-491c-a168-e656f7c1d3bb tempest-ServerRescueNegativeTestJSON-359299987 tempest-ServerRescueNegativeTestJSON-359299987-project-member] Determining version of request: GET /v2/images/653698f8-6d4a-4d6e-aa2c-481ee74650a1 Accept: application/json {{(pid=103155) process_request /opt/stack/glance/glance/api/middleware/version_negotiation.py:44}}
Aug 08 01:38:18.178602 np0000006773 devstack@g-api.service[103155]: DEBUG glance.api.middleware.version_negotiation [None req-4396b9df-a523-491c-a168-e656f7c1d3bb tempest-ServerRescueNegativeTestJSON-359299987 tempest-ServerRescueNegativeTestJSON-359299987-project-member] Using url versioning {{(pid=103155) process_request /opt/stack/glance/glance/api/middleware/version_negotiation.py:57}}
Aug 08 01:38:18.178602 np0000006773 devstack@g-api.service[103155]: DEBUG glance.api.middleware.version_negotiation [None req-4396b9df-a523-491c-a168-e656f7c1d3bb tempest-ServerRescueNegativeTestJSON-359299987 tempest-ServerRescueNegativeTestJSON-359299987-project-member] Matched version: v2 {{(pid=103155) process_request /opt/stack/glance/glance/api/middleware/version_negotiation.py:69}}
Aug 08 01:38:18.179170 np0000006773 devstack@g-api.service[103155]: DEBUG glance.api.middleware.version_negotiation [None req-4396b9df-a523-491c-a168-e656f7c1d3bb tempest-ServerRescueNegativeTestJSON-359299987 tempest-ServerRescueNegativeTestJSON-359299987-project-member] new path /v2/images/653698f8-6d4a-4d6e-aa2c-481ee74650a1 {{(pid=103155) process_request /opt/stack/glance/glance/api/middleware/version_negotiation.py:70}}
Aug 08 01:38:18.204043 np0000006773 devstack@g-api.service[103155]: [pid: 103155|app: 0|req: 92/350] 127.0.0.1 () {40 vars in 838 bytes} [Sat Aug 8 01:38:18 2026] GET /v2/images/653698f8-6d4a-4d6e-aa2c-481ee74650a1 => generated 649 bytes in 25 msecs (HTTP/1.1 200) 4 headers in 157 bytes (1 switches on core 0)
Aug 08 01:38:19.214895 np0000006773 devstack@g-api.service[103154]: DEBUG glance.api.middleware.version_negotiation [None req-4396b9df-a523-491c-a168-e656f7c1d3bb tempest-ServerRescueNegativeTestJSON-359299987 tempest-ServerRescueNegativeTestJSON-359299987-project-member] Determining version of request: GET /v2/images/653698f8-6d4a-4d6e-aa2c-481ee74650a1 Accept: application/json {{(pid=103154) process_request /opt/stack/glance/glance/api/middleware/version_negotiation.py:44}}
Aug 08 01:38:19.215464 np0000006773 devstack@g-api.service[103154]: DEBUG glance.api.middleware.version_negotiation [None req-4396b9df-a523-491c-a168-e656f7c1d3bb tempest-ServerRescueNegativeTestJSON-359299987 tempest-ServerRescueNegativeTestJSON-359299987-project-member] Using url versioning {{(pid=103154) process_request /opt/stack/glance/glance/api/middleware/version_negotiation.py:57}}
Aug 08 01:38:19.215464 np0000006773 devstack@g-api.service[103154]: DEBUG glance.api.middleware.version_negotiation [None req-4396b9df-a523-491c-a168-e656f7c1d3bb tempest-ServerRescueNegativeTestJSON-359299987 tempest-ServerRescueNegativeTestJSON-359299987-project-member] Matched version: v2 {{(pid=103154) process_request /opt/stack/glance/glance/api/middleware/version_negotiation.py:69}}
Aug 08 01:38:19.215580 np0000006773 devstack@g-api.service[103154]: DEBUG glance.api.middleware.version_negotiation [None req-4396b9df-a523-491c-a168-e656f7c1d3bb tempest-ServerRescueNegativeTestJSON-359299987 tempest-ServerRescueNegativeTestJSON-359299987-project-member] new path /v2/images/653698f8-6d4a-4d6e-aa2c-481ee74650a1 {{(pid=103154) process_request /opt/stack/glance/glance/api/middleware/version_negotiation.py:70}}
Aug 08 01:38:19.235779 np0000006773 devstack@g-api.service[103154]: [pid: 103154|app: 0|req: 89/351] 127.0.0.1 () {40 vars in 838 bytes} [Sat Aug 8 01:38:19 2026] GET /v2/images/653698f8-6d4a-4d6e-aa2c-481ee74650a1 => generated 649 bytes in 21 msecs (HTTP/1.1 200) 4 headers in 157 bytes (1 switches on core 0)
Aug 08 01:38:20.247503 np0000006773 devstack@g-api.service[103156]: DEBUG glance.api.middleware.version_negotiation [None req-273f9bee-8d09-40a2-9892-01f6d64aff74 tempest-TestImageHashVerification-177488483 tempest-TestImageHashVerification-177488483-project-member] Determining version of request: GET /v2/images/653698f8-6d4a-4d6e-aa2c-481ee74650a1 Accept: application/json {{(pid=103156) process_request /opt/stack/glance/glance/api/middleware/version_negotiation.py:44}}
Aug 08 01:38:20.248237 np0000006773 devstack@g-api.service[103156]: DEBUG glance.api.middleware.version_negotiation [None req-273f9bee-8d09-40a2-9892-01f6d64aff74 tempest-TestImageHashVerification-177488483 tempest-TestImageHashVerification-177488483-project-member] Using url versioning {{(pid=103156) process_request /opt/stack/glance/glance/api/middleware/version_negotiation.py:57}}
Aug 08 01:38:20.248237 np0000006773 devstack@g-api.service[103156]: DEBUG glance.api.middleware.version_negotiation [None req-273f9bee-8d09-40a2-9892-01f6d64aff74 tempest-TestImageHashVerification-177488483 tempest-TestImageHashVerification-177488483-project-member] Matched version: v2 {{(pid=103156) process_request /opt/stack/glance/glance/api/middleware/version_negotiation.py:69}}
Aug 08 01:38:20.248237 np0000006773 devstack@g-api.service[103156]: DEBUG glance.api.middleware.version_negotiation [None req-273f9bee-8d09-40a2-9892-01f6d64aff74 tempest-TestImageHashVerification-177488483 tempest-TestImageHashVerification-177488483-project-member] new path /v2/images/653698f8-6d4a-4d6e-aa2c-481ee74650a1 {{(pid=103156) process_request /opt/stack/glance/glance/api/middleware/version_negotiation.py:70}}
Aug 08 01:38:20.261514 np0000006773 devstack@g-api.service[103156]: [pid: 103156|app: 0|req: 88/352] 127.0.0.1 () {40 vars in 838 bytes} [Sat Aug 8 01:38:20 2026] GET /v2/images/653698f8-6d4a-4d6e-aa2c-481ee74650a1 => generated 649 bytes in 14 msecs (HTTP/1.1 200) 4 headers in 157 bytes (1 switches on core 0)
Aug 08 01:38:20.682763 np0000006773 devstack@g-api.service[103153]: DEBUG swiftclient [None req-4dbbb71c-ccc2-4a17-a382-b9819519ef5c tempest-TestImageHashVerification-177488483 tempest-TestImageHashVerification-177488483-project-member] REQ: curl -i https://10.4.3.172:8080/v1/AUTH_a6d742b3cec941c6a083fd43b70e15fb/glance/653698f8-6d4a-4d6e-aa2c-481ee74650a1-00005 -X PUT -H "X-Auth-Token: gAAAAABqdoh_w2_4..." {{(pid=103153) http_log /opt/stack/data/venv/lib/python3.12/site-packages/swiftclient/client.py:160}}
Aug 08 01:38:20.683640 np0000006773 devstack@g-api.service[103153]: DEBUG swiftclient [None req-4dbbb71c-ccc2-4a17-a382-b9819519ef5c tempest-TestImageHashVerification-177488483 tempest-TestImageHashVerification-177488483-project-member] RESP STATUS: 201 Created {{(pid=103153) http_log /opt/stack/data/venv/lib/python3.12/site-packages/swiftclient/client.py:161}}
Aug 08 01:38:20.683800 np0000006773 devstack@g-api.service[103153]: DEBUG swiftclient [None req-4dbbb71c-ccc2-4a17-a382-b9819519ef5c tempest-TestImageHashVerification-177488483 tempest-TestImageHashVerification-177488483-project-member] RESP HEADERS: {'Date': 'Sat, 08 Aug 2026 01:38:20 GMT', 'Server': 'Apache/2.4.58 (Ubuntu)', 'Content-Type': 'text/html; charset=UTF-8', 'Content-Length': '0', 'Etag': 'eda9a9889837ac4bc81d6387d92c1bec', 'Last-Modified': 'Sat, 08 Aug 2026 01:38:19 GMT', 'X-Trans-Id': 'tx7fd3893b4e7345bea5912-006a76888a', 'X-Openstack-Request-Id': 'tx7fd3893b4e7345bea5912-006a76888a', 'Connection': 'close'} {{(pid=103153) http_log /opt/stack/data/venv/lib/python3.12/site-packages/swiftclient/client.py:162}}
Aug 08 01:38:20.683939 np0000006773 devstack@g-api.service[103153]: DEBUG glance_store._drivers.swift.store [None req-4dbbb71c-ccc2-4a17-a382-b9819519ef5c tempest-TestImageHashVerification-177488483 tempest-TestImageHashVerification-177488483-project-member] Wrote chunk 653698f8-6d4a-4d6e-aa2c-481ee74650a1-00005 (5/?) of length 204800000 to Swift returning MD5 of content: eda9a9889837ac4bc81d6387d92c1bec {{(pid=103153) add /opt/stack/data/venv/lib/python3.12/site-packages/glance_store/_drivers/swift/store.py:1059}}
Aug 08 01:38:21.252617 np0000006773 devstack@g-api.service[103153]: DEBUG swiftclient [None req-4dbbb71c-ccc2-4a17-a382-b9819519ef5c tempest-TestImageHashVerification-177488483 tempest-TestImageHashVerification-177488483-project-member] REQ: curl -i https://10.4.3.172:8080/v1/AUTH_a6d742b3cec941c6a083fd43b70e15fb/glance/653698f8-6d4a-4d6e-aa2c-481ee74650a1-00006 -X PUT -H "X-Auth-Token: gAAAAABqdoh_w2_4..." {{(pid=103153) http_log /opt/stack/data/venv/lib/python3.12/site-packages/swiftclient/client.py:160}}
Aug 08 01:38:21.252617 np0000006773 devstack@g-api.service[103153]: DEBUG swiftclient [None req-4dbbb71c-ccc2-4a17-a382-b9819519ef5c tempest-TestImageHashVerification-177488483 tempest-TestImageHashVerification-177488483-project-member] RESP STATUS: 201 Created {{(pid=103153) http_log /opt/stack/data/venv/lib/python3.12/site-packages/swiftclient/client.py:161}}
Aug 08 01:38:21.253228 np0000006773 devstack@g-api.service[103153]: DEBUG swiftclient [None req-4dbbb71c-ccc2-4a17-a382-b9819519ef5c tempest-TestImageHashVerification-177488483 tempest-TestImageHashVerification-177488483-project-member] RESP HEADERS: {'Date': 'Sat, 08 Aug 2026 01:38:21 GMT', 'Server': 'Apache/2.4.58 (Ubuntu)', 'Content-Type': 'text/html; charset=UTF-8', 'Content-Length': '0', 'Etag': '708761f3b8777ec77058e63da08eeeb6', 'Last-Modified': 'Sat, 08 Aug 2026 01:38:21 GMT', 'X-Trans-Id': 'tx3068586728c54e7d941c6-006a76888c', 'X-Openstack-Request-Id': 'tx3068586728c54e7d941c6-006a76888c', 'Connection': 'close'} {{(pid=103153) http_log /opt/stack/data/venv/lib/python3.12/site-packages/swiftclient/client.py:162}}
Aug 08 01:38:21.253228 np0000006773 devstack@g-api.service[103153]: DEBUG glance_store._drivers.swift.store [None req-4dbbb71c-ccc2-4a17-a382-b9819519ef5c tempest-TestImageHashVerification-177488483 tempest-TestImageHashVerification-177488483-project-member] Wrote chunk 653698f8-6d4a-4d6e-aa2c-481ee74650a1-00006 (6/?) of length 49741824 to Swift returning MD5 of content: 708761f3b8777ec77058e63da08eeeb6 {{(pid=103153) add /opt/stack/data/venv/lib/python3.12/site-packages/glance_store/_drivers/swift/store.py:1059}}
Aug 08 01:38:21.254847 np0000006773 devstack@g-api.service[103153]: DEBUG glance_store._drivers.swift.store [None req-4dbbb71c-ccc2-4a17-a382-b9819519ef5c tempest-TestImageHashVerification-177488483 tempest-TestImageHashVerification-177488483-project-member] Not writing zero-length chunk. {{(pid=103153) add /opt/stack/data/venv/lib/python3.12/site-packages/glance_store/_drivers/swift/store.py:1028}}
Aug 08 01:38:21.273065 np0000006773 devstack@g-api.service[103155]: DEBUG glance.api.middleware.version_negotiation [None req-42513ff7-3e33-4941-a86a-197dd9257ced tempest-TestImageHashVerification-177488483 tempest-TestImageHashVerification-177488483-project-member] Determining version of request: GET /v2/images/653698f8-6d4a-4d6e-aa2c-481ee74650a1 Accept: application/json {{(pid=103155) process_request /opt/stack/glance/glance/api/middleware/version_negotiation.py:44}}
Aug 08 01:38:21.273433 np0000006773 devstack@g-api.service[103155]: DEBUG glance.api.middleware.version_negotiation [None req-42513ff7-3e33-4941-a86a-197dd9257ced tempest-TestImageHashVerification-177488483 tempest-TestImageHashVerification-177488483-project-member] Using url versioning {{(pid=103155) process_request /opt/stack/glance/glance/api/middleware/version_negotiation.py:57}}
Aug 08 01:38:21.273433 np0000006773 devstack@g-api.service[103155]: DEBUG glance.api.middleware.version_negotiation [None req-42513ff7-3e33-4941-a86a-197dd9257ced tempest-TestImageHashVerification-177488483 tempest-TestImageHashVerification-177488483-project-member] Matched version: v2 {{(pid=103155) process_request /opt/stack/glance/glance/api/middleware/version_negotiation.py:69}}
Aug 08 01:38:21.274146 np0000006773 devstack@g-api.service[103155]: DEBUG glance.api.middleware.version_negotiation [None req-42513ff7-3e33-4941-a86a-197dd9257ced tempest-TestImageHashVerification-177488483 tempest-TestImageHashVerification-177488483-project-member] new path /v2/images/653698f8-6d4a-4d6e-aa2c-481ee74650a1 {{(pid=103155) process_request /opt/stack/glance/glance/api/middleware/version_negotiation.py:70}}
Aug 08 01:38:21.291048 np0000006773 devstack@g-api.service[103153]: DEBUG swiftclient [None req-4dbbb71c-ccc2-4a17-a382-b9819519ef5c tempest-TestImageHashVerification-177488483 tempest-TestImageHashVerification-177488483-project-member] REQ: curl -i https://10.4.3.172:8080/v1/AUTH_a6d742b3cec941c6a083fd43b70e15fb/glance/653698f8-6d4a-4d6e-aa2c-481ee74650a1 -X PUT -H "X-Object-Manifest: glance/653698f8-6d4a-4d6e-aa2c-481ee74650a1-" -H "X-Auth-Token: gAAAAABqdoh_w2_4..." -H "Content-Length: 0" {{(pid=103153) http_log /opt/stack/data/venv/lib/python3.12/site-packages/swiftclient/client.py:160}}
Aug 08 01:38:21.291048 np0000006773 devstack@g-api.service[103153]: DEBUG swiftclient [None req-4dbbb71c-ccc2-4a17-a382-b9819519ef5c tempest-TestImageHashVerification-177488483 tempest-TestImageHashVerification-177488483-project-member] RESP STATUS: 201 Created {{(pid=103153) http_log /opt/stack/data/venv/lib/python3.12/site-packages/swiftclient/client.py:161}}
Aug 08 01:38:21.291253 np0000006773 devstack@g-api.service[103155]: [pid: 103155|app: 0|req: 93/353] 127.0.0.1 () {40 vars in 838 bytes} [Sat Aug 8 01:38:21 2026] GET /v2/images/653698f8-6d4a-4d6e-aa2c-481ee74650a1 => generated 649 bytes in 18 msecs (HTTP/1.1 200) 4 headers in 157 bytes (1 switches on core 0)
Aug 08 01:38:21.291302 np0000006773 devstack@g-api.service[103153]: DEBUG swiftclient [None req-4dbbb71c-ccc2-4a17-a382-b9819519ef5c tempest-TestImageHashVerification-177488483 tempest-TestImageHashVerification-177488483-project-member] RESP HEADERS: {'Date': 'Sat, 08 Aug 2026 01:38:21 GMT', 'Server': 'Apache/2.4.58 (Ubuntu)', 'Content-Type': 'text/html; charset=UTF-8', 'Content-Length': '0', 'Etag': 'd41d8cd98f00b204e9800998ecf8427e', 'Last-Modified': 'Sat, 08 Aug 2026 01:38:22 GMT', 'X-Trans-Id': 'txbb90cd2d04d94c7ea8d4a-006a76888d', 'X-Openstack-Request-Id': 'txbb90cd2d04d94c7ea8d4a-006a76888d', 'Connection': 'close'} {{(pid=103153) http_log /opt/stack/data/venv/lib/python3.12/site-packages/swiftclient/client.py:162}}
Aug 08 01:38:21.291449 np0000006773 devstack@g-api.service[103153]: INFO glance.location [None req-4dbbb71c-ccc2-4a17-a382-b9819519ef5c tempest-TestImageHashVerification-177488483 tempest-TestImageHashVerification-177488483-project-member] Image format matched and virtual size computed: 1073741824
Aug 08 01:38:21.339346 np0000006773 devstack@g-api.service[103153]: DEBUG glance_store.backend [None req-4dbbb71c-ccc2-4a17-a382-b9819519ef5c tempest-TestImageHashVerification-177488483 tempest-TestImageHashVerification-177488483-project-member] Attempting to import store swift {{(pid=103153) _load_store /opt/stack/data/venv/lib/python3.12/site-packages/glance_store/backend.py:215}}
Aug 08 01:38:21.342146 np0000006773 devstack@g-api.service[103153]: DEBUG glance_store.capabilities [None req-4dbbb71c-ccc2-4a17-a382-b9819519ef5c tempest-TestImageHashVerification-177488483 tempest-TestImageHashVerification-177488483-project-member] Store glance_store._drivers.swift.store.SingleTenantStore doesn't support updating dynamic storage capabilities. Please overwrite 'update_capabilities' method of the store to implement updating logics if needed. {{(pid=103153) update_capabilities /opt/stack/data/venv/lib/python3.12/site-packages/glance_store/capabilities.py:91}}
Aug 08 01:38:21.342146 np0000006773 devstack@g-api.service[103153]: DEBUG glance_store.driver [None req-4dbbb71c-ccc2-4a17-a382-b9819519ef5c tempest-TestImageHashVerification-177488483 tempest-TestImageHashVerification-177488483-project-member] Late loading location class glance_store._drivers.swift.store.StoreLocation {{(pid=103153) get_store_location_class /opt/stack/data/venv/lib/python3.12/site-packages/glance_store/driver.py:134}}
Aug 08 01:38:21.343137 np0000006773 devstack@g-api.service[103153]: DEBUG glance_store.location [None req-4dbbb71c-ccc2-4a17-a382-b9819519ef5c tempest-TestImageHashVerification-177488483 tempest-TestImageHashVerification-177488483-project-member] Registering scheme swift+https with {'store': , 'location_class': , 'store_entry': 'swift'} {{(pid=103153) register_scheme_map /opt/stack/data/venv/lib/python3.12/site-packages/glance_store/location.py:146}}
Aug 08 01:38:21.343385 np0000006773 devstack@g-api.service[103153]: DEBUG glance_store.location [None req-4dbbb71c-ccc2-4a17-a382-b9819519ef5c tempest-TestImageHashVerification-177488483 tempest-TestImageHashVerification-177488483-project-member] Registering scheme swift+https with {'store': , 'location_class': , 'store_entry': 'swift'} {{(pid=103153) register_scheme_map /opt/stack/data/venv/lib/python3.12/site-packages/glance_store/location.py:146}}
Aug 08 01:38:21.343489 np0000006773 devstack@g-api.service[103153]: DEBUG glance_store.location [None req-4dbbb71c-ccc2-4a17-a382-b9819519ef5c tempest-TestImageHashVerification-177488483 tempest-TestImageHashVerification-177488483-project-member] Registering scheme swift with {'store': , 'location_class': , 'store_entry': 'swift'} {{(pid=103153) register_scheme_map /opt/stack/data/venv/lib/python3.12/site-packages/glance_store/location.py:146}}
Aug 08 01:38:21.344018 np0000006773 devstack@g-api.service[103153]: DEBUG glance_store.location [None req-4dbbb71c-ccc2-4a17-a382-b9819519ef5c tempest-TestImageHashVerification-177488483 tempest-TestImageHashVerification-177488483-project-member] Registering scheme swift+https with {'store': , 'location_class': , 'store_entry': 'swift'} {{(pid=103153) register_scheme_map /opt/stack/data/venv/lib/python3.12/site-packages/glance_store/location.py:146}}
Aug 08 01:38:21.344018 np0000006773 devstack@g-api.service[103153]: DEBUG glance_store.location [None req-4dbbb71c-ccc2-4a17-a382-b9819519ef5c tempest-TestImageHashVerification-177488483 tempest-TestImageHashVerification-177488483-project-member] Registering scheme swift with {'store': , 'location_class': , 'store_entry': 'swift'} {{(pid=103153) register_scheme_map /opt/stack/data/venv/lib/python3.12/site-packages/glance_store/location.py:146}}
Aug 08 01:38:21.344018 np0000006773 devstack@g-api.service[103153]: DEBUG glance_store.location [None req-4dbbb71c-ccc2-4a17-a382-b9819519ef5c tempest-TestImageHashVerification-177488483 tempest-TestImageHashVerification-177488483-project-member] Registering scheme swift+http with {'store': , 'location_class': , 'store_entry': 'swift'} {{(pid=103153) register_scheme_map /opt/stack/data/venv/lib/python3.12/site-packages/glance_store/location.py:146}}
Aug 08 01:38:21.344248 np0000006773 devstack@g-api.service[103153]: DEBUG glance_store.location [None req-4dbbb71c-ccc2-4a17-a382-b9819519ef5c tempest-TestImageHashVerification-177488483 tempest-TestImageHashVerification-177488483-project-member] Registering scheme swift+https with {'store': , 'location_class': , 'store_entry': 'swift'} {{(pid=103153) register_scheme_map /opt/stack/data/venv/lib/python3.12/site-packages/glance_store/location.py:146}}
Aug 08 01:38:21.344248 np0000006773 devstack@g-api.service[103153]: DEBUG glance_store.location [None req-4dbbb71c-ccc2-4a17-a382-b9819519ef5c tempest-TestImageHashVerification-177488483 tempest-TestImageHashVerification-177488483-project-member] Registering scheme swift with {'store': , 'location_class': , 'store_entry': 'swift'} {{(pid=103153) register_scheme_map /opt/stack/data/venv/lib/python3.12/site-packages/glance_store/location.py:146}}
Aug 08 01:38:21.344248 np0000006773 devstack@g-api.service[103153]: DEBUG glance_store.location [None req-4dbbb71c-ccc2-4a17-a382-b9819519ef5c tempest-TestImageHashVerification-177488483 tempest-TestImageHashVerification-177488483-project-member] Registering scheme swift+http with {'store': , 'location_class': , 'store_entry': 'swift'} {{(pid=103153) register_scheme_map /opt/stack/data/venv/lib/python3.12/site-packages/glance_store/location.py:146}}
Aug 08 01:38:21.344455 np0000006773 devstack@g-api.service[103153]: DEBUG glance_store.location [None req-4dbbb71c-ccc2-4a17-a382-b9819519ef5c tempest-TestImageHashVerification-177488483 tempest-TestImageHashVerification-177488483-project-member] Registering scheme swift+config with {'store': , 'location_class': , 'store_entry': 'swift'} {{(pid=103153) register_scheme_map /opt/stack/data/venv/lib/python3.12/site-packages/glance_store/location.py:146}}
Aug 08 01:38:21.344455 np0000006773 devstack@g-api.service[103153]: DEBUG glance_store.backend [None req-4dbbb71c-ccc2-4a17-a382-b9819519ef5c tempest-TestImageHashVerification-177488483 tempest-TestImageHashVerification-177488483-project-member] Skipping store.set_acls... not implemented. {{(pid=103153) set_acls /opt/stack/data/venv/lib/python3.12/site-packages/glance_store/backend.py:507}}
Aug 08 01:38:21.347508 np0000006773 devstack@g-api.service[103153]: [pid: 103153|app: 0|req: 84/354] 127.0.0.1 () {46 vars in 1158 bytes} [Sat Aug 8 01:38:06 2026] PUT /v2/images/653698f8-6d4a-4d6e-aa2c-481ee74650a1/file => generated 0 bytes in 15346 msecs (HTTP/1.1 204) 4 headers in 171 bytes (1 switches on core 0)
Aug 08 01:38:21.370433 np0000006773 devstack@g-api.service[103154]: DEBUG glance.api.middleware.version_negotiation [None req-64ed9504-c101-4aa7-aa1e-e6799bf55e0d tempest-TestImageHashVerification-177488483 tempest-TestImageHashVerification-177488483-project-member] Determining version of request: GET /v2/images/653698f8-6d4a-4d6e-aa2c-481ee74650a1 Accept: */* {{(pid=103154) process_request /opt/stack/glance/glance/api/middleware/version_negotiation.py:44}}
Aug 08 01:38:21.370433 np0000006773 devstack@g-api.service[103154]: DEBUG glance.api.middleware.version_negotiation [None req-64ed9504-c101-4aa7-aa1e-e6799bf55e0d tempest-TestImageHashVerification-177488483 tempest-TestImageHashVerification-177488483-project-member] Using url versioning {{(pid=103154) process_request /opt/stack/glance/glance/api/middleware/version_negotiation.py:57}}
Aug 08 01:38:21.371216 np0000006773 devstack@g-api.service[103154]: DEBUG glance.api.middleware.version_negotiation [None req-64ed9504-c101-4aa7-aa1e-e6799bf55e0d tempest-TestImageHashVerification-177488483 tempest-TestImageHashVerification-177488483-project-member] Matched version: v2 {{(pid=103154) process_request /opt/stack/glance/glance/api/middleware/version_negotiation.py:69}}
Aug 08 01:38:21.371216 np0000006773 devstack@g-api.service[103154]: DEBUG glance.api.middleware.version_negotiation [None req-64ed9504-c101-4aa7-aa1e-e6799bf55e0d tempest-TestImageHashVerification-177488483 tempest-TestImageHashVerification-177488483-project-member] new path /v2/images/653698f8-6d4a-4d6e-aa2c-481ee74650a1 {{(pid=103154) process_request /opt/stack/glance/glance/api/middleware/version_negotiation.py:70}}
