Aug 08 01:30:43.591031 np0000006773 nova-scheduler[96704]: DEBUG cotyledon.oslo_config_glue [-] workarounds.never_download_image_if_on_rbd = False {{(pid=96704) log_opt_values /opt/stack/data/venv/lib/python3.12/site-packages/oslo_config/cfg.py:3545}}
Aug 08 01:30:43.591031 np0000006773 nova-scheduler[96704]: DEBUG cotyledon.oslo_config_glue [-] workarounds.qemu_monitor_announce_self_count = 3 {{(pid=96704) log_opt_values /opt/stack/data/venv/lib/python3.12/site-packages/oslo_config/cfg.py:3545}}
Aug 08 01:30:43.591031 np0000006773 nova-scheduler[96704]: DEBUG cotyledon.oslo_config_glue [-] workarounds.qemu_monitor_announce_self_interval = 1 {{(pid=96704) log_opt_values /opt/stack/data/venv/lib/python3.12/site-packages/oslo_config/cfg.py:3545}}
Aug 08 01:30:43.591031 np0000006773 nova-scheduler[96704]: DEBUG cotyledon.oslo_config_glue [-] workarounds.reserve_disk_resource_for_image_cache = False {{(pid=96704) log_opt_values /opt/stack/data/venv/lib/python3.12/site-packages/oslo_config/cfg.py:3545}}
Aug 08 01:30:43.591031 np0000006773 nova-scheduler[96704]: DEBUG cotyledon.oslo_config_glue [-] workarounds.skip_cpu_compare_at_startup = False {{(pid=96704) log_opt_values /opt/stack/data/venv/lib/python3.12/site-packages/oslo_config/cfg.py:3545}}
Aug 08 01:30:43.591031 np0000006773 nova-scheduler[96704]: DEBUG cotyledon.oslo_config_glue [-] workarounds.skip_cpu_compare_on_dest = False {{(pid=96704) log_opt_values /opt/stack/data/venv/lib/python3.12/site-packages/oslo_config/cfg.py:3545}}
Aug 08 01:30:43.591265 np0000006773 nova-scheduler[96704]: DEBUG cotyledon.oslo_config_glue [-] workarounds.skip_hypervisor_version_check_on_lm = False {{(pid=96704) log_opt_values /opt/stack/data/venv/lib/python3.12/site-packages/oslo_config/cfg.py:3545}}
Aug 08 01:30:43.591265 np0000006773 nova-scheduler[96704]: DEBUG cotyledon.oslo_config_glue [-] workarounds.skip_reserve_in_use_ironic_nodes = False {{(pid=96704) log_opt_values /opt/stack/data/venv/lib/python3.12/site-packages/oslo_config/cfg.py:3545}}
Aug 08 01:30:43.591265 np0000006773 nova-scheduler[96704]: DEBUG cotyledon.oslo_config_glue [-] workarounds.unified_limits_count_pcpu_as_vcpu = False {{(pid=96704) log_opt_values /opt/stack/data/venv/lib/python3.12/site-packages/oslo_config/cfg.py:3545}}
Aug 08 01:30:43.591265 np0000006773 nova-scheduler[96704]: DEBUG cotyledon.oslo_config_glue [-] workarounds.wait_for_vif_plugged_event_during_hard_reboot = [] {{(pid=96704) log_opt_values /opt/stack/data/venv/lib/python3.12/site-packages/oslo_config/cfg.py:3545}}
Aug 08 01:30:43.591265 np0000006773 nova-scheduler[96704]: DEBUG cotyledon.oslo_config_glue [-] wsgi.api_paste_config = /etc/nova/api-paste.ini {{(pid=96704) log_opt_values /opt/stack/data/venv/lib/python3.12/site-packages/oslo_config/cfg.py:3545}}
Aug 08 01:30:43.591265 np0000006773 nova-scheduler[96704]: DEBUG cotyledon.oslo_config_glue [-] wsgi.secure_proxy_ssl_header = None {{(pid=96704) log_opt_values /opt/stack/data/venv/lib/python3.12/site-packages/oslo_config/cfg.py:3545}}
Aug 08 01:30:43.591265 np0000006773 nova-scheduler[96704]: DEBUG cotyledon.oslo_config_glue [-] zvm.ca_file = None {{(pid=96704) log_opt_values /opt/stack/data/venv/lib/python3.12/site-packages/oslo_config/cfg.py:3545}}
Aug 08 01:30:43.591265 np0000006773 nova-scheduler[96704]: DEBUG cotyledon.oslo_config_glue [-] zvm.cloud_connector_url = None {{(pid=96704) log_opt_values /opt/stack/data/venv/lib/python3.12/site-packages/oslo_config/cfg.py:3545}}
Aug 08 01:30:43.591265 np0000006773 nova-scheduler[96704]: DEBUG cotyledon.oslo_config_glue [-] zvm.image_tmp_path = /opt/stack/data/nova/images {{(pid=96704) log_opt_values /opt/stack/data/venv/lib/python3.12/site-packages/oslo_config/cfg.py:3545}}
Aug 08 01:30:43.591504 np0000006773 nova-scheduler[96704]: DEBUG cotyledon.oslo_config_glue [-] zvm.reachable_timeout = 300 {{(pid=96704) log_opt_values /opt/stack/data/venv/lib/python3.12/site-packages/oslo_config/cfg.py:3545}}
Aug 08 01:30:43.591504 np0000006773 nova-scheduler[96704]: DEBUG cotyledon.oslo_config_glue [-] oslo_versionedobjects.fatal_exception_format_errors = False {{(pid=96704) log_opt_values /opt/stack/data/venv/lib/python3.12/site-packages/oslo_config/cfg.py:3545}}
Aug 08 01:30:43.591504 np0000006773 nova-scheduler[96704]: DEBUG cotyledon.oslo_config_glue [-] oslo_middleware.http_basic_auth_user_file = /etc/htpasswd {{(pid=96704) log_opt_values /opt/stack/data/venv/lib/python3.12/site-packages/oslo_config/cfg.py:3545}}
Aug 08 01:30:43.591504 np0000006773 nova-scheduler[96704]: DEBUG cotyledon.oslo_config_glue [-] oslo_messaging_metrics.metrics_buffer_size = 1000 {{(pid=96704) log_opt_values /opt/stack/data/venv/lib/python3.12/site-packages/oslo_config/cfg.py:3545}}
Aug 08 01:30:43.591504 np0000006773 nova-scheduler[96704]: DEBUG cotyledon.oslo_config_glue [-] oslo_messaging_metrics.metrics_enabled = False {{(pid=96704) log_opt_values /opt/stack/data/venv/lib/python3.12/site-packages/oslo_config/cfg.py:3545}}
Aug 08 01:30:43.591504 np0000006773 nova-scheduler[96704]: DEBUG cotyledon.oslo_config_glue [-] oslo_messaging_metrics.metrics_process_name = {{(pid=96704) log_opt_values /opt/stack/data/venv/lib/python3.12/site-packages/oslo_config/cfg.py:3545}}
Aug 08 01:30:43.591504 np0000006773 nova-scheduler[96704]: DEBUG cotyledon.oslo_config_glue [-] oslo_messaging_metrics.metrics_socket_file = /var/tmp/metrics_collector.sock {{(pid=96704) log_opt_values /opt/stack/data/venv/lib/python3.12/site-packages/oslo_config/cfg.py:3545}}
Aug 08 01:30:43.591504 np0000006773 nova-scheduler[96704]: DEBUG cotyledon.oslo_config_glue [-] oslo_messaging_metrics.metrics_thread_stop_timeout = 10 {{(pid=96704) log_opt_values /opt/stack/data/venv/lib/python3.12/site-packages/oslo_config/cfg.py:3545}}
Aug 08 01:30:43.591670 np0000006773 nova-scheduler[96704]: DEBUG cotyledon.oslo_config_glue [-] profiler.connection_string = messaging:// {{(pid=96704) log_opt_values /opt/stack/data/venv/lib/python3.12/site-packages/oslo_config/cfg.py:3545}}
Aug 08 01:30:43.591670 np0000006773 nova-scheduler[96704]: DEBUG cotyledon.oslo_config_glue [-] profiler.enabled = False {{(pid=96704) log_opt_values /opt/stack/data/venv/lib/python3.12/site-packages/oslo_config/cfg.py:3545}}
Aug 08 01:30:43.591670 np0000006773 nova-scheduler[96704]: DEBUG cotyledon.oslo_config_glue [-] profiler.es_doc_type = notification {{(pid=96704) log_opt_values /opt/stack/data/venv/lib/python3.12/site-packages/oslo_config/cfg.py:3545}}
Aug 08 01:30:43.591670 np0000006773 nova-scheduler[96704]: DEBUG cotyledon.oslo_config_glue [-] profiler.es_scroll_size = 10000 {{(pid=96704) log_opt_values /opt/stack/data/venv/lib/python3.12/site-packages/oslo_config/cfg.py:3545}}
Aug 08 01:30:43.591670 np0000006773 nova-scheduler[96704]: DEBUG cotyledon.oslo_config_glue [-] profiler.es_scroll_time = 2m {{(pid=96704) log_opt_values /opt/stack/data/venv/lib/python3.12/site-packages/oslo_config/cfg.py:3545}}
Aug 08 01:30:43.591670 np0000006773 nova-scheduler[96704]: DEBUG cotyledon.oslo_config_glue [-] profiler.filter_error_trace = False {{(pid=96704) log_opt_values /opt/stack/data/venv/lib/python3.12/site-packages/oslo_config/cfg.py:3545}}
Aug 08 01:30:43.591670 np0000006773 nova-scheduler[96704]: DEBUG cotyledon.oslo_config_glue [-] profiler.hmac_keys = **** {{(pid=96704) log_opt_values /opt/stack/data/venv/lib/python3.12/site-packages/oslo_config/cfg.py:3545}}
Aug 08 01:30:43.591670 np0000006773 nova-scheduler[96704]: DEBUG cotyledon.oslo_config_glue [-] profiler.sentinel_service_name = mymaster {{(pid=96704) log_opt_values /opt/stack/data/venv/lib/python3.12/site-packages/oslo_config/cfg.py:3545}}
Aug 08 01:30:43.591670 np0000006773 nova-scheduler[96704]: DEBUG cotyledon.oslo_config_glue [-] profiler.socket_timeout = 0.1 {{(pid=96704) log_opt_values /opt/stack/data/venv/lib/python3.12/site-packages/oslo_config/cfg.py:3545}}
Aug 08 01:30:43.591870 np0000006773 nova-scheduler[96704]: DEBUG cotyledon.oslo_config_glue [-] profiler.trace_requests = False {{(pid=96704) log_opt_values /opt/stack/data/venv/lib/python3.12/site-packages/oslo_config/cfg.py:3545}}
Aug 08 01:30:43.591870 np0000006773 nova-scheduler[96704]: DEBUG cotyledon.oslo_config_glue [-] profiler.trace_sqlalchemy = False {{(pid=96704) log_opt_values /opt/stack/data/venv/lib/python3.12/site-packages/oslo_config/cfg.py:3545}}
Aug 08 01:30:43.591870 np0000006773 nova-scheduler[96704]: DEBUG cotyledon.oslo_config_glue [-] profiler_jaeger.process_tags = {} {{(pid=96704) log_opt_values /opt/stack/data/venv/lib/python3.12/site-packages/oslo_config/cfg.py:3545}}
Aug 08 01:30:43.591870 np0000006773 nova-scheduler[96704]: DEBUG cotyledon.oslo_config_glue [-] profiler_jaeger.service_name_prefix = None {{(pid=96704) log_opt_values /opt/stack/data/venv/lib/python3.12/site-packages/oslo_config/cfg.py:3545}}
Aug 08 01:30:43.591870 np0000006773 nova-scheduler[96704]: DEBUG cotyledon.oslo_config_glue [-] profiler_otlp.service_name_prefix = None {{(pid=96704) log_opt_values /opt/stack/data/venv/lib/python3.12/site-packages/oslo_config/cfg.py:3545}}
Aug 08 01:30:43.591870 np0000006773 nova-scheduler[96704]: DEBUG cotyledon.oslo_config_glue [-] oslo_messaging_rabbit.amqp_auto_delete = False {{(pid=96704) log_opt_values /opt/stack/data/venv/lib/python3.12/site-packages/oslo_config/cfg.py:3545}}
Aug 08 01:30:43.591870 np0000006773 nova-scheduler[96704]: DEBUG cotyledon.oslo_config_glue [-] oslo_messaging_rabbit.amqp_durable_queues = False {{(pid=96704) log_opt_values /opt/stack/data/venv/lib/python3.12/site-packages/oslo_config/cfg.py:3545}}
Aug 08 01:30:43.591870 np0000006773 nova-scheduler[96704]: DEBUG cotyledon.oslo_config_glue [-] oslo_messaging_rabbit.conn_pool_min_size = 2 {{(pid=96704) log_opt_values /opt/stack/data/venv/lib/python3.12/site-packages/oslo_config/cfg.py:3545}}
Aug 08 01:30:43.591870 np0000006773 nova-scheduler[96704]: DEBUG cotyledon.oslo_config_glue [-] oslo_messaging_rabbit.conn_pool_ttl = 1200 {{(pid=96704) log_opt_values /opt/stack/data/venv/lib/python3.12/site-packages/oslo_config/cfg.py:3545}}
Aug 08 01:30:43.592083 np0000006773 nova-scheduler[96704]: DEBUG cotyledon.oslo_config_glue [-] oslo_messaging_rabbit.direct_mandatory_flag = True {{(pid=96704) log_opt_values /opt/stack/data/venv/lib/python3.12/site-packages/oslo_config/cfg.py:3545}}
Aug 08 01:30:43.592083 np0000006773 nova-scheduler[96704]: DEBUG cotyledon.oslo_config_glue [-] oslo_messaging_rabbit.enable_cancel_on_failover = False {{(pid=96704) log_opt_values /opt/stack/data/venv/lib/python3.12/site-packages/oslo_config/cfg.py:3545}}
Aug 08 01:30:43.592083 np0000006773 nova-scheduler[96704]: DEBUG cotyledon.oslo_config_glue [-] oslo_messaging_rabbit.heartbeat_rate = 3 {{(pid=96704) log_opt_values /opt/stack/data/venv/lib/python3.12/site-packages/oslo_config/cfg.py:3545}}
Aug 08 01:30:43.592083 np0000006773 nova-scheduler[96704]: DEBUG cotyledon.oslo_config_glue [-] oslo_messaging_rabbit.heartbeat_timeout_threshold = 60 {{(pid=96704) log_opt_values /opt/stack/data/venv/lib/python3.12/site-packages/oslo_config/cfg.py:3545}}
Aug 08 01:30:43.592083 np0000006773 nova-scheduler[96704]: DEBUG cotyledon.oslo_config_glue [-] oslo_messaging_rabbit.hostname = np0000006773 {{(pid=96704) log_opt_values /opt/stack/data/venv/lib/python3.12/site-packages/oslo_config/cfg.py:3545}}
Aug 08 01:30:43.592083 np0000006773 nova-scheduler[96704]: DEBUG cotyledon.oslo_config_glue [-] oslo_messaging_rabbit.kombu_compression = None {{(pid=96704) log_opt_values /opt/stack/data/venv/lib/python3.12/site-packages/oslo_config/cfg.py:3545}}
Aug 08 01:30:43.592083 np0000006773 nova-scheduler[96704]: DEBUG cotyledon.oslo_config_glue [-] oslo_messaging_rabbit.kombu_failover_strategy = round-robin {{(pid=96704) log_opt_values /opt/stack/data/venv/lib/python3.12/site-packages/oslo_config/cfg.py:3545}}
Aug 08 01:30:43.592083 np0000006773 nova-scheduler[96704]: DEBUG cotyledon.oslo_config_glue [-] oslo_messaging_rabbit.kombu_missing_consumer_retry_timeout = 60 {{(pid=96704) log_opt_values /opt/stack/data/venv/lib/python3.12/site-packages/oslo_config/cfg.py:3545}}
Aug 08 01:30:43.592083 np0000006773 nova-scheduler[96704]: DEBUG cotyledon.oslo_config_glue [-] oslo_messaging_rabbit.kombu_reconnect_delay = 1.0 {{(pid=96704) log_opt_values /opt/stack/data/venv/lib/python3.12/site-packages/oslo_config/cfg.py:3545}}
Aug 08 01:30:43.592560 np0000006773 nova-scheduler[96704]: DEBUG cotyledon.oslo_config_glue [-] oslo_messaging_rabbit.kombu_reconnect_splay = 0.0 {{(pid=96704) log_opt_values /opt/stack/data/venv/lib/python3.12/site-packages/oslo_config/cfg.py:3545}}
Aug 08 01:30:43.592560 np0000006773 nova-scheduler[96704]: DEBUG cotyledon.oslo_config_glue [-] oslo_messaging_rabbit.processname = nova-scheduler {{(pid=96704) log_opt_values /opt/stack/data/venv/lib/python3.12/site-packages/oslo_config/cfg.py:3545}}
Aug 08 01:30:43.592560 np0000006773 nova-scheduler[96704]: DEBUG cotyledon.oslo_config_glue [-] oslo_messaging_rabbit.rabbit_ha_queues = False {{(pid=96704) log_opt_values /opt/stack/data/venv/lib/python3.12/site-packages/oslo_config/cfg.py:3545}}
Aug 08 01:30:43.592560 np0000006773 nova-scheduler[96704]: DEBUG cotyledon.oslo_config_glue [-] oslo_messaging_rabbit.rabbit_interval_max = 30 {{(pid=96704) log_opt_values /opt/stack/data/venv/lib/python3.12/site-packages/oslo_config/cfg.py:3545}}
Aug 08 01:30:43.592653 np0000006773 nova-scheduler[96700]: DEBUG dbcounter [-] [96700] Writer thread running {{(pid=96700) stat_writer /opt/stack/data/venv/lib/python3.12/site-packages/dbcounter.py:102}}
Aug 08 01:30:43.592683 np0000006773 nova-scheduler[96704]: DEBUG cotyledon.oslo_config_glue [-] oslo_messaging_rabbit.rabbit_login_method = AMQPLAIN {{(pid=96704) log_opt_values /opt/stack/data/venv/lib/python3.12/site-packages/oslo_config/cfg.py:3545}}
Aug 08 01:30:43.592683 np0000006773 nova-scheduler[96704]: DEBUG cotyledon.oslo_config_glue [-] oslo_messaging_rabbit.rabbit_qos_prefetch_count = 0 {{(pid=96704) log_opt_values /opt/stack/data/venv/lib/python3.12/site-packages/oslo_config/cfg.py:3545}}
Aug 08 01:30:43.592683 np0000006773 nova-scheduler[96704]: DEBUG cotyledon.oslo_config_glue [-] oslo_messaging_rabbit.rabbit_quorum_delivery_limit = 0 {{(pid=96704) log_opt_values /opt/stack/data/venv/lib/python3.12/site-packages/oslo_config/cfg.py:3545}}
Aug 08 01:30:43.592683 np0000006773 nova-scheduler[96704]: DEBUG cotyledon.oslo_config_glue [-] oslo_messaging_rabbit.rabbit_quorum_max_memory_bytes = 0 {{(pid=96704) log_opt_values /opt/stack/data/venv/lib/python3.12/site-packages/oslo_config/cfg.py:3545}}
Aug 08 01:30:43.592683 np0000006773 nova-scheduler[96704]: DEBUG cotyledon.oslo_config_glue [-] oslo_messaging_rabbit.rabbit_quorum_max_memory_length = 0 {{(pid=96704) log_opt_values /opt/stack/data/venv/lib/python3.12/site-packages/oslo_config/cfg.py:3545}}
Aug 08 01:30:43.592683 np0000006773 nova-scheduler[96704]: DEBUG cotyledon.oslo_config_glue [-] oslo_messaging_rabbit.rabbit_quorum_queue = False {{(pid=96704) log_opt_values /opt/stack/data/venv/lib/python3.12/site-packages/oslo_config/cfg.py:3545}}
Aug 08 01:30:43.592683 np0000006773 nova-scheduler[96704]: DEBUG cotyledon.oslo_config_glue [-] oslo_messaging_rabbit.rabbit_retry_backoff = 2 {{(pid=96704) log_opt_values /opt/stack/data/venv/lib/python3.12/site-packages/oslo_config/cfg.py:3545}}
Aug 08 01:30:43.592683 np0000006773 nova-scheduler[96704]: DEBUG cotyledon.oslo_config_glue [-] oslo_messaging_rabbit.rabbit_retry_interval = 1 {{(pid=96704) log_opt_values /opt/stack/data/venv/lib/python3.12/site-packages/oslo_config/cfg.py:3545}}
Aug 08 01:30:43.592683 np0000006773 nova-scheduler[96704]: DEBUG cotyledon.oslo_config_glue [-] oslo_messaging_rabbit.rabbit_stream_fanout = False {{(pid=96704) log_opt_values /opt/stack/data/venv/lib/python3.12/site-packages/oslo_config/cfg.py:3545}}
Aug 08 01:30:43.592878 np0000006773 nova-scheduler[96704]: DEBUG cotyledon.oslo_config_glue [-] oslo_messaging_rabbit.rabbit_transient_queues_ttl = 1800 {{(pid=96704) log_opt_values /opt/stack/data/venv/lib/python3.12/site-packages/oslo_config/cfg.py:3545}}
Aug 08 01:30:43.592878 np0000006773 nova-scheduler[96704]: DEBUG cotyledon.oslo_config_glue [-] oslo_messaging_rabbit.rabbit_transient_quorum_queue = False {{(pid=96704) log_opt_values /opt/stack/data/venv/lib/python3.12/site-packages/oslo_config/cfg.py:3545}}
Aug 08 01:30:43.592878 np0000006773 nova-scheduler[96704]: DEBUG cotyledon.oslo_config_glue [-] oslo_messaging_rabbit.rpc_conn_pool_size = 30 {{(pid=96704) log_opt_values /opt/stack/data/venv/lib/python3.12/site-packages/oslo_config/cfg.py:3545}}
Aug 08 01:30:43.592878 np0000006773 nova-scheduler[96704]: DEBUG cotyledon.oslo_config_glue [-] oslo_messaging_rabbit.ssl = False {{(pid=96704) log_opt_values /opt/stack/data/venv/lib/python3.12/site-packages/oslo_config/cfg.py:3545}}
Aug 08 01:30:43.592878 np0000006773 nova-scheduler[96704]: DEBUG cotyledon.oslo_config_glue [-] oslo_messaging_rabbit.ssl_ca_file = {{(pid=96704) log_opt_values /opt/stack/data/venv/lib/python3.12/site-packages/oslo_config/cfg.py:3545}}
Aug 08 01:30:43.592878 np0000006773 nova-scheduler[96704]: DEBUG cotyledon.oslo_config_glue [-] oslo_messaging_rabbit.ssl_cert_file = {{(pid=96704) log_opt_values /opt/stack/data/venv/lib/python3.12/site-packages/oslo_config/cfg.py:3545}}
Aug 08 01:30:43.592878 np0000006773 nova-scheduler[96704]: DEBUG cotyledon.oslo_config_glue [-] oslo_messaging_rabbit.ssl_enforce_fips_mode = False {{(pid=96704) log_opt_values /opt/stack/data/venv/lib/python3.12/site-packages/oslo_config/cfg.py:3545}}
Aug 08 01:30:43.592878 np0000006773 nova-scheduler[96704]: DEBUG cotyledon.oslo_config_glue [-] oslo_messaging_rabbit.ssl_enforce_hostname_verification = True {{(pid=96704) log_opt_values /opt/stack/data/venv/lib/python3.12/site-packages/oslo_config/cfg.py:3545}}
Aug 08 01:30:43.592878 np0000006773 nova-scheduler[96704]: DEBUG cotyledon.oslo_config_glue [-] oslo_messaging_rabbit.ssl_key_file = {{(pid=96704) log_opt_values /opt/stack/data/venv/lib/python3.12/site-packages/oslo_config/cfg.py:3545}}
Aug 08 01:30:43.593081 np0000006773 nova-scheduler[96704]: DEBUG cotyledon.oslo_config_glue [-] oslo_messaging_rabbit.ssl_version = {{(pid=96704) log_opt_values /opt/stack/data/venv/lib/python3.12/site-packages/oslo_config/cfg.py:3545}}
Aug 08 01:30:43.593081 np0000006773 nova-scheduler[96704]: DEBUG cotyledon.oslo_config_glue [-] oslo_messaging_rabbit.use_queue_manager = False {{(pid=96704) log_opt_values /opt/stack/data/venv/lib/python3.12/site-packages/oslo_config/cfg.py:3545}}
Aug 08 01:30:43.593081 np0000006773 nova-scheduler[96704]: DEBUG cotyledon.oslo_config_glue [-] oslo_messaging_notifications.driver = ['messagingv2'] {{(pid=96704) log_opt_values /opt/stack/data/venv/lib/python3.12/site-packages/oslo_config/cfg.py:3545}}
Aug 08 01:30:43.593081 np0000006773 nova-scheduler[96704]: DEBUG cotyledon.oslo_config_glue [-] oslo_messaging_notifications.retry = -1 {{(pid=96704) log_opt_values /opt/stack/data/venv/lib/python3.12/site-packages/oslo_config/cfg.py:3545}}
Aug 08 01:30:43.593081 np0000006773 nova-scheduler[96704]: DEBUG cotyledon.oslo_config_glue [-] oslo_messaging_notifications.topics = ['notifications'] {{(pid=96704) log_opt_values /opt/stack/data/venv/lib/python3.12/site-packages/oslo_config/cfg.py:3545}}
Aug 08 01:30:43.593081 np0000006773 nova-scheduler[96704]: DEBUG cotyledon.oslo_config_glue [-] oslo_messaging_notifications.transport_url = **** {{(pid=96704) log_opt_values /opt/stack/data/venv/lib/python3.12/site-packages/oslo_config/cfg.py:3545}}
Aug 08 01:30:43.593081 np0000006773 nova-scheduler[96704]: DEBUG cotyledon.oslo_config_glue [-] oslo_limit.auth_section = None {{(pid=96704) log_opt_values /opt/stack/data/venv/lib/python3.12/site-packages/oslo_config/cfg.py:3545}}
Aug 08 01:30:43.593081 np0000006773 nova-scheduler[96704]: DEBUG cotyledon.oslo_config_glue [-] oslo_limit.auth_type = None {{(pid=96704) log_opt_values /opt/stack/data/venv/lib/python3.12/site-packages/oslo_config/cfg.py:3545}}
Aug 08 01:30:43.593081 np0000006773 nova-scheduler[96704]: DEBUG cotyledon.oslo_config_glue [-] oslo_limit.cafile = None {{(pid=96704) log_opt_values /opt/stack/data/venv/lib/python3.12/site-packages/oslo_config/cfg.py:3545}}
Aug 08 01:30:43.593266 np0000006773 nova-scheduler[96704]: DEBUG cotyledon.oslo_config_glue [-] oslo_limit.certfile = None {{(pid=96704) log_opt_values /opt/stack/data/venv/lib/python3.12/site-packages/oslo_config/cfg.py:3545}}
Aug 08 01:30:43.593291 np0000006773 nova-scheduler[96706]: INFO dbcounter [None req-afd82edd-d98c-4814-892d-56a8f1e521f1 None None] Registered counter for database nova_cell0
Aug 08 01:30:43.593317 np0000006773 nova-scheduler[96704]: DEBUG cotyledon.oslo_config_glue [-] oslo_limit.collect_timing = False {{(pid=96704) log_opt_values /opt/stack/data/venv/lib/python3.12/site-packages/oslo_config/cfg.py:3545}}
Aug 08 01:30:43.593317 np0000006773 nova-scheduler[96704]: DEBUG cotyledon.oslo_config_glue [-] oslo_limit.connect_retries = None {{(pid=96704) log_opt_values /opt/stack/data/venv/lib/python3.12/site-packages/oslo_config/cfg.py:3545}}
Aug 08 01:30:43.593317 np0000006773 nova-scheduler[96704]: DEBUG cotyledon.oslo_config_glue [-] oslo_limit.connect_retry_delay = None {{(pid=96704) log_opt_values /opt/stack/data/venv/lib/python3.12/site-packages/oslo_config/cfg.py:3545}}
Aug 08 01:30:43.593317 np0000006773 nova-scheduler[96704]: DEBUG cotyledon.oslo_config_glue [-] oslo_limit.endpoint_id = None {{(pid=96704) log_opt_values /opt/stack/data/venv/lib/python3.12/site-packages/oslo_config/cfg.py:3545}}
Aug 08 01:30:43.593317 np0000006773 nova-scheduler[96704]: DEBUG cotyledon.oslo_config_glue [-] oslo_limit.endpoint_interface = public {{(pid=96704) log_opt_values /opt/stack/data/venv/lib/python3.12/site-packages/oslo_config/cfg.py:3545}}
Aug 08 01:30:43.593317 np0000006773 nova-scheduler[96704]: DEBUG cotyledon.oslo_config_glue [-] oslo_limit.endpoint_override = None {{(pid=96704) log_opt_values /opt/stack/data/venv/lib/python3.12/site-packages/oslo_config/cfg.py:3545}}
Aug 08 01:30:43.593317 np0000006773 nova-scheduler[96704]: DEBUG cotyledon.oslo_config_glue [-] oslo_limit.endpoint_region_name = None {{(pid=96704) log_opt_values /opt/stack/data/venv/lib/python3.12/site-packages/oslo_config/cfg.py:3545}}
Aug 08 01:30:43.593317 np0000006773 nova-scheduler[96704]: DEBUG cotyledon.oslo_config_glue [-] oslo_limit.endpoint_service_name = None {{(pid=96704) log_opt_values /opt/stack/data/venv/lib/python3.12/site-packages/oslo_config/cfg.py:3545}}
Aug 08 01:30:43.593317 np0000006773 nova-scheduler[96704]: DEBUG cotyledon.oslo_config_glue [-] oslo_limit.endpoint_service_type = None {{(pid=96704) log_opt_values /opt/stack/data/venv/lib/python3.12/site-packages/oslo_config/cfg.py:3545}}
Aug 08 01:30:43.593544 np0000006773 nova-scheduler[96704]: DEBUG cotyledon.oslo_config_glue [-] oslo_limit.insecure = False {{(pid=96704) log_opt_values /opt/stack/data/venv/lib/python3.12/site-packages/oslo_config/cfg.py:3545}}
Aug 08 01:30:43.593544 np0000006773 nova-scheduler[96704]: DEBUG cotyledon.oslo_config_glue [-] oslo_limit.keyfile = None {{(pid=96704) log_opt_values /opt/stack/data/venv/lib/python3.12/site-packages/oslo_config/cfg.py:3545}}
Aug 08 01:30:43.593544 np0000006773 nova-scheduler[96704]: DEBUG cotyledon.oslo_config_glue [-] oslo_limit.max_version = None {{(pid=96704) log_opt_values /opt/stack/data/venv/lib/python3.12/site-packages/oslo_config/cfg.py:3545}}
Aug 08 01:30:43.593544 np0000006773 nova-scheduler[96704]: DEBUG cotyledon.oslo_config_glue [-] oslo_limit.min_version = None {{(pid=96704) log_opt_values /opt/stack/data/venv/lib/python3.12/site-packages/oslo_config/cfg.py:3545}}
Aug 08 01:30:43.593544 np0000006773 nova-scheduler[96704]: DEBUG cotyledon.oslo_config_glue [-] oslo_limit.region_name = None {{(pid=96704) log_opt_values /opt/stack/data/venv/lib/python3.12/site-packages/oslo_config/cfg.py:3545}}
Aug 08 01:30:43.593544 np0000006773 nova-scheduler[96704]: DEBUG cotyledon.oslo_config_glue [-] oslo_limit.retriable_status_codes = None {{(pid=96704) log_opt_values /opt/stack/data/venv/lib/python3.12/site-packages/oslo_config/cfg.py:3545}}
Aug 08 01:30:43.593544 np0000006773 nova-scheduler[96704]: DEBUG cotyledon.oslo_config_glue [-] oslo_limit.service_name = None {{(pid=96704) log_opt_values /opt/stack/data/venv/lib/python3.12/site-packages/oslo_config/cfg.py:3545}}
Aug 08 01:30:43.593544 np0000006773 nova-scheduler[96704]: DEBUG cotyledon.oslo_config_glue [-] oslo_limit.service_type = None {{(pid=96704) log_opt_values /opt/stack/data/venv/lib/python3.12/site-packages/oslo_config/cfg.py:3545}}
Aug 08 01:30:43.593544 np0000006773 nova-scheduler[96704]: DEBUG cotyledon.oslo_config_glue [-] oslo_limit.split_loggers = False {{(pid=96704) log_opt_values /opt/stack/data/venv/lib/python3.12/site-packages/oslo_config/cfg.py:3545}}
Aug 08 01:30:43.593778 np0000006773 nova-scheduler[96704]: DEBUG cotyledon.oslo_config_glue [-] oslo_limit.status_code_retries = None {{(pid=96704) log_opt_values /opt/stack/data/venv/lib/python3.12/site-packages/oslo_config/cfg.py:3545}}
Aug 08 01:30:43.593778 np0000006773 nova-scheduler[96704]: DEBUG cotyledon.oslo_config_glue [-] oslo_limit.status_code_retry_delay = None {{(pid=96704) log_opt_values /opt/stack/data/venv/lib/python3.12/site-packages/oslo_config/cfg.py:3545}}
Aug 08 01:30:43.593778 np0000006773 nova-scheduler[96704]: DEBUG cotyledon.oslo_config_glue [-] oslo_limit.timeout = None {{(pid=96704) log_opt_values /opt/stack/data/venv/lib/python3.12/site-packages/oslo_config/cfg.py:3545}}
Aug 08 01:30:43.593778 np0000006773 nova-scheduler[96704]: DEBUG cotyledon.oslo_config_glue [-] oslo_limit.valid_interfaces = None {{(pid=96704) log_opt_values /opt/stack/data/venv/lib/python3.12/site-packages/oslo_config/cfg.py:3545}}
Aug 08 01:30:43.593778 np0000006773 nova-scheduler[96704]: DEBUG cotyledon.oslo_config_glue [-] oslo_limit.version = None {{(pid=96704) log_opt_values /opt/stack/data/venv/lib/python3.12/site-packages/oslo_config/cfg.py:3545}}
Aug 08 01:30:43.593778 np0000006773 nova-scheduler[96704]: DEBUG cotyledon.oslo_config_glue [-] oslo_reports.file_event_handler = None {{(pid=96704) log_opt_values /opt/stack/data/venv/lib/python3.12/site-packages/oslo_config/cfg.py:3545}}
Aug 08 01:30:43.593778 np0000006773 nova-scheduler[96704]: DEBUG cotyledon.oslo_config_glue [-] oslo_reports.file_event_handler_interval = 1 {{(pid=96704) log_opt_values /opt/stack/data/venv/lib/python3.12/site-packages/oslo_config/cfg.py:3545}}
Aug 08 01:30:43.593778 np0000006773 nova-scheduler[96704]: DEBUG cotyledon.oslo_config_glue [-] oslo_reports.log_dir = None {{(pid=96704) log_opt_values /opt/stack/data/venv/lib/python3.12/site-packages/oslo_config/cfg.py:3545}}
Aug 08 01:30:43.593778 np0000006773 nova-scheduler[96704]: DEBUG cotyledon.oslo_config_glue [-] ******************************************************************************** {{(pid=96704) log_opt_values /opt/stack/data/venv/lib/python3.12/site-packages/oslo_config/cfg.py:3552}}
Aug 08 01:30:43.593968 np0000006773 nova-scheduler[96704]: DEBUG cotyledon._service_worker [-] Run service ServiceWrapper(2) [96704] {{(pid=96704) wait_forever /opt/stack/data/venv/lib/python3.12/site-packages/cotyledon/_service_worker.py:218}}
Aug 08 01:30:43.593968 np0000006773 nova-scheduler[96704]: INFO nova.service [-] Starting scheduler node (version 33.1.0)
Aug 08 01:30:43.597603 np0000006773 nova-scheduler[96704]: INFO dbcounter [None req-54653014-ed31-44f5-874f-2c97b2ccd8ea None None] Registered counter for database nova_cell0
Aug 08 01:30:43.608124 np0000006773 nova-scheduler[96700]: DEBUG nova.service [None req-f11555cd-ba19-462b-882a-b236c4c9fc79 None None] Creating RPC server for service: nova-scheduler on topic: scheduler {{(pid=96700) start /opt/stack/nova/nova/service.py:196}}
Aug 08 01:30:43.625434 np0000006773 nova-scheduler[96702]: DEBUG oslo_db.sqlalchemy.engines [None req-ef0d1b1e-de4d-4a6a-b878-30b015bfe879 None None] MySQL server mode set to STRICT_TRANS_TABLES,STRICT_ALL_TABLES,NO_ZERO_IN_DATE,NO_ZERO_DATE,ERROR_FOR_DIVISION_BY_ZERO,TRADITIONAL,NO_ENGINE_SUBSTITUTION {{(pid=96702) _check_effective_sql_mode /opt/stack/data/venv/lib/python3.12/site-packages/oslo_db/sqlalchemy/engines.py:325}}
Aug 08 01:30:43.633951 np0000006773 nova-scheduler[96700]: DEBUG nova.service [None req-f11555cd-ba19-462b-882a-b236c4c9fc79 None None] Join ServiceGroup membership for this service scheduler {{(pid=96700) start /opt/stack/nova/nova/service.py:222}}
Aug 08 01:30:43.634312 np0000006773 nova-scheduler[96700]: DEBUG nova.servicegroup.drivers.db [None req-f11555cd-ba19-462b-882a-b236c4c9fc79 None None] DB_Driver: join new ServiceGroup member np0000006773 to the scheduler group, service = {{(pid=96700) join /opt/stack/nova/nova/servicegroup/drivers/db.py:44}}
Aug 08 01:30:43.636790 np0000006773 nova-scheduler[96702]: DEBUG dbcounter [-] [96702] Writer thread running {{(pid=96702) stat_writer /opt/stack/data/venv/lib/python3.12/site-packages/dbcounter.py:102}}
Aug 08 01:30:43.641877 np0000006773 nova-scheduler[96702]: DEBUG nova.service [None req-ef0d1b1e-de4d-4a6a-b878-30b015bfe879 None None] Creating RPC server for service: nova-scheduler on topic: scheduler {{(pid=96702) start /opt/stack/nova/nova/service.py:196}}
Aug 08 01:30:43.647276 np0000006773 nova-scheduler[96706]: DEBUG oslo_db.sqlalchemy.engines [None req-afd82edd-d98c-4814-892d-56a8f1e521f1 None None] MySQL server mode set to STRICT_TRANS_TABLES,STRICT_ALL_TABLES,NO_ZERO_IN_DATE,NO_ZERO_DATE,ERROR_FOR_DIVISION_BY_ZERO,TRADITIONAL,NO_ENGINE_SUBSTITUTION {{(pid=96706) _check_effective_sql_mode /opt/stack/data/venv/lib/python3.12/site-packages/oslo_db/sqlalchemy/engines.py:325}}
Aug 08 01:30:43.653912 np0000006773 nova-scheduler[96704]: DEBUG oslo_db.sqlalchemy.engines [None req-54653014-ed31-44f5-874f-2c97b2ccd8ea None None] MySQL server mode set to STRICT_TRANS_TABLES,STRICT_ALL_TABLES,NO_ZERO_IN_DATE,NO_ZERO_DATE,ERROR_FOR_DIVISION_BY_ZERO,TRADITIONAL,NO_ENGINE_SUBSTITUTION {{(pid=96704) _check_effective_sql_mode /opt/stack/data/venv/lib/python3.12/site-packages/oslo_db/sqlalchemy/engines.py:325}}
Aug 08 01:30:43.661037 np0000006773 nova-scheduler[96706]: DEBUG dbcounter [-] [96706] Writer thread running {{(pid=96706) stat_writer /opt/stack/data/venv/lib/python3.12/site-packages/dbcounter.py:102}}
Aug 08 01:30:43.662382 np0000006773 nova-scheduler[96702]: DEBUG nova.service [None req-ef0d1b1e-de4d-4a6a-b878-30b015bfe879 None None] Join ServiceGroup membership for this service scheduler {{(pid=96702) start /opt/stack/nova/nova/service.py:222}}
Aug 08 01:30:43.662637 np0000006773 nova-scheduler[96702]: DEBUG nova.servicegroup.drivers.db [None req-ef0d1b1e-de4d-4a6a-b878-30b015bfe879 None None] DB_Driver: join new ServiceGroup member np0000006773 to the scheduler group, service = {{(pid=96702) join /opt/stack/nova/nova/servicegroup/drivers/db.py:44}}
Aug 08 01:30:43.665062 np0000006773 nova-scheduler[96706]: DEBUG nova.service [None req-afd82edd-d98c-4814-892d-56a8f1e521f1 None None] Creating RPC server for service: nova-scheduler on topic: scheduler {{(pid=96706) start /opt/stack/nova/nova/service.py:196}}
Aug 08 01:30:43.667926 np0000006773 nova-scheduler[96704]: DEBUG dbcounter [-] [96704] Writer thread running {{(pid=96704) stat_writer /opt/stack/data/venv/lib/python3.12/site-packages/dbcounter.py:102}}
Aug 08 01:30:43.671014 np0000006773 nova-scheduler[96704]: DEBUG nova.service [None req-54653014-ed31-44f5-874f-2c97b2ccd8ea None None] Creating RPC server for service: nova-scheduler on topic: scheduler {{(pid=96704) start /opt/stack/nova/nova/service.py:196}}
Aug 08 01:30:43.683443 np0000006773 nova-scheduler[96706]: DEBUG nova.service [None req-afd82edd-d98c-4814-892d-56a8f1e521f1 None None] Join ServiceGroup membership for this service scheduler {{(pid=96706) start /opt/stack/nova/nova/service.py:222}}
Aug 08 01:30:43.683613 np0000006773 nova-scheduler[96706]: DEBUG nova.servicegroup.drivers.db [None req-afd82edd-d98c-4814-892d-56a8f1e521f1 None None] DB_Driver: join new ServiceGroup member np0000006773 to the scheduler group, service = {{(pid=96706) join /opt/stack/nova/nova/servicegroup/drivers/db.py:44}}
Aug 08 01:30:43.688435 np0000006773 nova-scheduler[96704]: DEBUG nova.service [None req-54653014-ed31-44f5-874f-2c97b2ccd8ea None None] Join ServiceGroup membership for this service scheduler {{(pid=96704) start /opt/stack/nova/nova/service.py:222}}
Aug 08 01:30:43.688612 np0000006773 nova-scheduler[96704]: DEBUG nova.servicegroup.drivers.db [None req-54653014-ed31-44f5-874f-2c97b2ccd8ea None None] DB_Driver: join new ServiceGroup member np0000006773 to the scheduler group, service = {{(pid=96704) join /opt/stack/nova/nova/servicegroup/drivers/db.py:44}}
Aug 08 01:30:48.650583 np0000006773 nova-scheduler[96700]: DEBUG oslo.service.backend._threading.loopingcall [-] Fixed interval looping call 'nova.servicegroup.drivers.db.DbDriver._report_state' sleeping for 119.99 seconds {{(pid=96700) _run_loop /opt/stack/data/venv/lib/python3.12/site-packages/oslo_service/backend/_threading/loopingcall.py:125}}
Aug 08 01:30:48.675478 np0000006773 nova-scheduler[96702]: DEBUG oslo.service.backend._threading.loopingcall [-] Fixed interval looping call 'nova.servicegroup.drivers.db.DbDriver._report_state' sleeping for 119.99 seconds {{(pid=96702) _run_loop /opt/stack/data/venv/lib/python3.12/site-packages/oslo_service/backend/_threading/loopingcall.py:125}}
Aug 08 01:30:48.694148 np0000006773 nova-scheduler[96706]: DEBUG oslo.service.backend._threading.loopingcall [-] Fixed interval looping call 'nova.servicegroup.drivers.db.DbDriver._report_state' sleeping for 119.99 seconds {{(pid=96706) _run_loop /opt/stack/data/venv/lib/python3.12/site-packages/oslo_service/backend/_threading/loopingcall.py:125}}
Aug 08 01:30:48.700782 np0000006773 nova-scheduler[96704]: DEBUG oslo.service.backend._threading.loopingcall [-] Fixed interval looping call 'nova.servicegroup.drivers.db.DbDriver._report_state' sleeping for 119.99 seconds {{(pid=96704) _run_loop /opt/stack/data/venv/lib/python3.12/site-packages/oslo_service/backend/_threading/loopingcall.py:125}}
Aug 08 01:30:52.194296 np0000006773 nova-scheduler[95508]: DEBUG dbcounter [-] [95508] Writing DB stats nova_api:SELECT=3 {{(pid=95508) stat_writer /opt/stack/data/venv/lib/python3.12/site-packages/dbcounter.py:115}}
Aug 08 01:30:52.331807 np0000006773 nova-scheduler[95508]: DEBUG dbcounter [-] [95508] Writing DB stats nova_cell1:SELECT=1 {{(pid=95508) stat_writer /opt/stack/data/venv/lib/python3.12/site-packages/dbcounter.py:115}}
Aug 08 01:30:52.338563 np0000006773 nova-scheduler[95508]: DEBUG dbcounter [-] [95508] Writing DB stats nova_cell0:SELECT=1 {{(pid=95508) stat_writer /opt/stack/data/venv/lib/python3.12/site-packages/dbcounter.py:115}}
Aug 08 01:30:58.646843 np0000006773 nova-scheduler[96700]: DEBUG dbcounter [-] [96700] Writing DB stats nova_cell0:SELECT=4,nova_cell0:INSERT=1,nova_cell0:UPDATE=1 {{(pid=96700) stat_writer /opt/stack/data/venv/lib/python3.12/site-packages/dbcounter.py:115}}
Aug 08 01:30:58.668100 np0000006773 nova-scheduler[96702]: DEBUG oslo.service.backend._threading.loopingcall [None req-fbfcf883-357b-4536-a920-bf06b5488094 None None] Dynamic interval looping call 'nova.service.Service.periodic_tasks' sleeping for 60.00 seconds {{(pid=96702) _run_loop /opt/stack/data/venv/lib/python3.12/site-packages/oslo_service/backend/_threading/loopingcall.py:125}}
Aug 08 01:30:58.672245 np0000006773 nova-scheduler[96702]: DEBUG dbcounter [-] [96702] Writing DB stats nova_cell0:SELECT=3 {{(pid=96702) stat_writer /opt/stack/data/venv/lib/python3.12/site-packages/dbcounter.py:115}}
Aug 08 01:30:58.692075 np0000006773 nova-scheduler[96706]: DEBUG dbcounter [-] [96706] Writing DB stats nova_cell0:SELECT=3 {{(pid=96706) stat_writer /opt/stack/data/venv/lib/python3.12/site-packages/dbcounter.py:115}}
Aug 08 01:30:58.697241 np0000006773 nova-scheduler[96704]: DEBUG dbcounter [-] [96704] Writing DB stats nova_cell0:SELECT=3 {{(pid=96704) stat_writer /opt/stack/data/venv/lib/python3.12/site-packages/dbcounter.py:115}}
Aug 08 01:31:00.686145 np0000006773 nova-scheduler[96706]: DEBUG oslo.service.backend._threading.loopingcall [None req-c1d995d6-e0a0-419e-86c2-a458490fc30b None None] Dynamic interval looping call 'nova.service.Service.periodic_tasks' sleeping for 60.00 seconds {{(pid=96706) _run_loop /opt/stack/data/venv/lib/python3.12/site-packages/oslo_service/backend/_threading/loopingcall.py:125}}
Aug 08 01:31:15.636777 np0000006773 nova-scheduler[96700]: DEBUG oslo.service.backend._threading.loopingcall [None req-fa7a588a-21e0-4c37-b010-b0271f1bfae0 None None] Dynamic interval looping call 'nova.service.Service.periodic_tasks' sleeping for 60.00 seconds {{(pid=96700) _run_loop /opt/stack/data/venv/lib/python3.12/site-packages/oslo_service/backend/_threading/loopingcall.py:125}}
Aug 08 01:31:19.690611 np0000006773 nova-scheduler[96704]: DEBUG oslo.service.backend._threading.loopingcall [None req-caede5a9-7b07-4e88-91d1-bfb23c608107 None None] Dynamic interval looping call 'nova.service.Service.periodic_tasks' sleeping for 60.00 seconds {{(pid=96704) _run_loop /opt/stack/data/venv/lib/python3.12/site-packages/oslo_service/backend/_threading/loopingcall.py:125}}
Aug 08 01:31:58.668675 np0000006773 nova-scheduler[96702]: DEBUG oslo.service.backend._threading.loopingcall [None req-fbfcf883-357b-4536-a920-bf06b5488094 None None] Dynamic interval looping call 'nova.service.Service.periodic_tasks' sleeping for 60.00 seconds {{(pid=96702) _run_loop /opt/stack/data/venv/lib/python3.12/site-packages/oslo_service/backend/_threading/loopingcall.py:125}}
Aug 08 01:32:00.686661 np0000006773 nova-scheduler[96706]: DEBUG oslo.service.backend._threading.loopingcall [None req-c1d995d6-e0a0-419e-86c2-a458490fc30b None None] Dynamic interval looping call 'nova.service.Service.periodic_tasks' sleeping for 60.00 seconds {{(pid=96706) _run_loop /opt/stack/data/venv/lib/python3.12/site-packages/oslo_service/backend/_threading/loopingcall.py:125}}
Aug 08 01:32:15.637332 np0000006773 nova-scheduler[96700]: DEBUG oslo.service.backend._threading.loopingcall [None req-fa7a588a-21e0-4c37-b010-b0271f1bfae0 None None] Dynamic interval looping call 'nova.service.Service.periodic_tasks' sleeping for 60.00 seconds {{(pid=96700) _run_loop /opt/stack/data/venv/lib/python3.12/site-packages/oslo_service/backend/_threading/loopingcall.py:125}}
Aug 08 01:32:19.691124 np0000006773 nova-scheduler[96704]: DEBUG oslo.service.backend._threading.loopingcall [None req-caede5a9-7b07-4e88-91d1-bfb23c608107 None None] Dynamic interval looping call 'nova.service.Service.periodic_tasks' sleeping for 60.00 seconds {{(pid=96704) _run_loop /opt/stack/data/venv/lib/python3.12/site-packages/oslo_service/backend/_threading/loopingcall.py:125}}
Aug 08 01:32:48.647451 np0000006773 nova-scheduler[96700]: DEBUG oslo.service.backend._threading.loopingcall [-] Fixed interval looping call 'nova.servicegroup.drivers.db.DbDriver._report_state' sleeping for 119.99 seconds {{(pid=96700) _run_loop /opt/stack/data/venv/lib/python3.12/site-packages/oslo_service/backend/_threading/loopingcall.py:125}}
Aug 08 01:32:48.669959 np0000006773 nova-scheduler[96702]: DEBUG oslo.service.backend._threading.loopingcall [-] Fixed interval looping call 'nova.servicegroup.drivers.db.DbDriver._report_state' sleeping for 120.00 seconds {{(pid=96702) _run_loop /opt/stack/data/venv/lib/python3.12/site-packages/oslo_service/backend/_threading/loopingcall.py:125}}
Aug 08 01:32:48.687990 np0000006773 nova-scheduler[96706]: DEBUG oslo.service.backend._threading.loopingcall [-] Fixed interval looping call 'nova.servicegroup.drivers.db.DbDriver._report_state' sleeping for 120.00 seconds {{(pid=96706) _run_loop /opt/stack/data/venv/lib/python3.12/site-packages/oslo_service/backend/_threading/loopingcall.py:125}}
Aug 08 01:32:48.694743 np0000006773 nova-scheduler[96704]: DEBUG oslo.service.backend._threading.loopingcall [-] Fixed interval looping call 'nova.servicegroup.drivers.db.DbDriver._report_state' sleeping for 120.00 seconds {{(pid=96704) _run_loop /opt/stack/data/venv/lib/python3.12/site-packages/oslo_service/backend/_threading/loopingcall.py:125}}
Aug 08 01:32:58.644663 np0000006773 nova-scheduler[96700]: DEBUG dbcounter [-] [96700] Writing DB stats nova_cell0:SELECT=1,nova_cell0:UPDATE=1 {{(pid=96700) stat_writer /opt/stack/data/venv/lib/python3.12/site-packages/dbcounter.py:115}}
Aug 08 01:32:58.667923 np0000006773 nova-scheduler[96702]: DEBUG dbcounter [-] [96702] Writing DB stats nova_cell0:SELECT=1 {{(pid=96702) stat_writer /opt/stack/data/venv/lib/python3.12/site-packages/dbcounter.py:115}}
Aug 08 01:32:58.669230 np0000006773 nova-scheduler[96702]: DEBUG oslo.service.backend._threading.loopingcall [None req-fbfcf883-357b-4536-a920-bf06b5488094 None None] Dynamic interval looping call 'nova.service.Service.periodic_tasks' sleeping for 60.00 seconds {{(pid=96702) _run_loop /opt/stack/data/venv/lib/python3.12/site-packages/oslo_service/backend/_threading/loopingcall.py:125}}
Aug 08 01:32:58.686080 np0000006773 nova-scheduler[96706]: DEBUG dbcounter [-] [96706] Writing DB stats nova_cell0:SELECT=1 {{(pid=96706) stat_writer /opt/stack/data/venv/lib/python3.12/site-packages/dbcounter.py:115}}
Aug 08 01:32:58.693039 np0000006773 nova-scheduler[96704]: DEBUG dbcounter [-] [96704] Writing DB stats nova_cell0:SELECT=1 {{(pid=96704) stat_writer /opt/stack/data/venv/lib/python3.12/site-packages/dbcounter.py:115}}
Aug 08 01:33:00.687632 np0000006773 nova-scheduler[96706]: DEBUG oslo.service.backend._threading.loopingcall [None req-c1d995d6-e0a0-419e-86c2-a458490fc30b None None] Dynamic interval looping call 'nova.service.Service.periodic_tasks' sleeping for 60.00 seconds {{(pid=96706) _run_loop /opt/stack/data/venv/lib/python3.12/site-packages/oslo_service/backend/_threading/loopingcall.py:125}}
Aug 08 01:33:15.638562 np0000006773 nova-scheduler[96700]: DEBUG oslo.service.backend._threading.loopingcall [None req-fa7a588a-21e0-4c37-b010-b0271f1bfae0 None None] Dynamic interval looping call 'nova.service.Service.periodic_tasks' sleeping for 60.00 seconds {{(pid=96700) _run_loop /opt/stack/data/venv/lib/python3.12/site-packages/oslo_service/backend/_threading/loopingcall.py:125}}
Aug 08 01:33:19.692132 np0000006773 nova-scheduler[96704]: DEBUG oslo.service.backend._threading.loopingcall [None req-caede5a9-7b07-4e88-91d1-bfb23c608107 None None] Dynamic interval looping call 'nova.service.Service.periodic_tasks' sleeping for 60.00 seconds {{(pid=96704) _run_loop /opt/stack/data/venv/lib/python3.12/site-packages/oslo_service/backend/_threading/loopingcall.py:125}}
Aug 08 01:33:28.439434 np0000006773 nova-scheduler[96700]: DEBUG nova.scheduler.manager [None req-16679f8a-6012-481e-9dbc-92659437f7f6 tempest-TaggedAttachmentsTest-1081092129 tempest-TaggedAttachmentsTest-1081092129-project-member] Starting to schedule for instances: ['bf0dfbfc-a8b9-41a4-a7b6-8288da957ca0'] {{(pid=96700) select_destinations /opt/stack/nova/nova/scheduler/manager.py:209}}
Aug 08 01:33:28.441115 np0000006773 nova-scheduler[96700]: DEBUG nova.scheduler.request_filter [None req-16679f8a-6012-481e-9dbc-92659437f7f6 tempest-TaggedAttachmentsTest-1081092129 tempest-TaggedAttachmentsTest-1081092129-project-member] compute_status_filter request filter added forbidden trait COMPUTE_STATUS_DISABLED {{(pid=96700) compute_status_filter /opt/stack/nova/nova/scheduler/request_filter.py:253}}
Aug 08 01:33:28.441115 np0000006773 nova-scheduler[96700]: DEBUG nova.scheduler.request_filter [None req-16679f8a-6012-481e-9dbc-92659437f7f6 tempest-TaggedAttachmentsTest-1081092129 tempest-TaggedAttachmentsTest-1081092129-project-member] Request filter 'compute_status_filter' took 0.0 seconds {{(pid=96700) wrapper /opt/stack/nova/nova/scheduler/request_filter.py:46}}
Aug 08 01:33:28.441733 np0000006773 nova-scheduler[96700]: DEBUG nova.scheduler.request_filter [None req-16679f8a-6012-481e-9dbc-92659437f7f6 tempest-TaggedAttachmentsTest-1081092129 tempest-TaggedAttachmentsTest-1081092129-project-member] Request filter 'accelerators_filter' took 0.0 seconds {{(pid=96700) wrapper /opt/stack/nova/nova/scheduler/request_filter.py:46}}
Aug 08 01:33:28.441851 np0000006773 nova-scheduler[96700]: DEBUG nova.scheduler.request_filter [None req-16679f8a-6012-481e-9dbc-92659437f7f6 tempest-TaggedAttachmentsTest-1081092129 tempest-TaggedAttachmentsTest-1081092129-project-member] Request filter 'packed_virtqueue_filter' took 0.0 seconds {{(pid=96700) wrapper /opt/stack/nova/nova/scheduler/request_filter.py:46}}
Aug 08 01:33:28.442492 np0000006773 nova-scheduler[96700]: DEBUG nova.scheduler.request_filter [None req-16679f8a-6012-481e-9dbc-92659437f7f6 tempest-TaggedAttachmentsTest-1081092129 tempest-TaggedAttachmentsTest-1081092129-project-member] Request filter 'remote_managed_ports_filter' took 0.0 seconds {{(pid=96700) wrapper /opt/stack/nova/nova/scheduler/request_filter.py:46}}
Aug 08 01:33:28.442985 np0000006773 nova-scheduler[96700]: DEBUG nova.scheduler.request_filter [None req-16679f8a-6012-481e-9dbc-92659437f7f6 tempest-TaggedAttachmentsTest-1081092129 tempest-TaggedAttachmentsTest-1081092129-project-member] ephemeral_encryption_filter skipped {{(pid=96700) ephemeral_encryption_filter /opt/stack/nova/nova/scheduler/request_filter.py:426}}
Aug 08 01:33:28.442985 np0000006773 nova-scheduler[96700]: DEBUG nova.scheduler.request_filter [None req-16679f8a-6012-481e-9dbc-92659437f7f6 tempest-TaggedAttachmentsTest-1081092129 tempest-TaggedAttachmentsTest-1081092129-project-member] virtio_sound_filter skipped {{(pid=96700) virtio_sound_filter /opt/stack/nova/nova/scheduler/request_filter.py:460}}
Aug 08 01:33:28.443459 np0000006773 nova-scheduler[96700]: DEBUG nova.scheduler.request_filter [None req-16679f8a-6012-481e-9dbc-92659437f7f6 tempest-TaggedAttachmentsTest-1081092129 tempest-TaggedAttachmentsTest-1081092129-project-member] tpm_secret_security_filter skipped {{(pid=96700) tpm_secret_security_filter /opt/stack/nova/nova/scheduler/request_filter.py:477}}
Aug 08 01:33:29.179168 np0000006773 nova-scheduler[96700]: INFO nova.utils [None req-16679f8a-6012-481e-9dbc-92659437f7f6 tempest-TaggedAttachmentsTest-1081092129 tempest-TaggedAttachmentsTest-1081092129-project-member] The cell worker thread pool ForkProcess-1.cell_worker is initialized
Aug 08 01:33:29.179741 np0000006773 nova-scheduler[96700]: DEBUG oslo_concurrency.lockutils [None req-16679f8a-6012-481e-9dbc-92659437f7f6 tempest-TaggedAttachmentsTest-1081092129 tempest-TaggedAttachmentsTest-1081092129-project-member] Acquiring lock "aaf2f55a-a42f-4ae0-9e7c-35107b5ff981" by "nova.context.set_target_cell..get_or_set_cached_cell_and_set_connections" {{(pid=96700) inner /opt/stack/data/venv/lib/python3.12/site-packages/oslo_concurrency/lockutils.py:512}}
Aug 08 01:33:29.180018 np0000006773 nova-scheduler[96700]: DEBUG oslo_concurrency.lockutils [None req-16679f8a-6012-481e-9dbc-92659437f7f6 tempest-TaggedAttachmentsTest-1081092129 tempest-TaggedAttachmentsTest-1081092129-project-member] Lock "aaf2f55a-a42f-4ae0-9e7c-35107b5ff981" acquired by "nova.context.set_target_cell..get_or_set_cached_cell_and_set_connections" :: waited 0.000s {{(pid=96700) inner /opt/stack/data/venv/lib/python3.12/site-packages/oslo_concurrency/lockutils.py:525}}
Aug 08 01:33:29.182964 np0000006773 nova-scheduler[96700]: DEBUG oslo_concurrency.lockutils [None req-16679f8a-6012-481e-9dbc-92659437f7f6 tempest-TaggedAttachmentsTest-1081092129 tempest-TaggedAttachmentsTest-1081092129-project-member] Lock "aaf2f55a-a42f-4ae0-9e7c-35107b5ff981" "released" by "nova.context.set_target_cell..get_or_set_cached_cell_and_set_connections" :: held 0.002s {{(pid=96700) inner /opt/stack/data/venv/lib/python3.12/site-packages/oslo_concurrency/lockutils.py:544}}
Aug 08 01:33:29.184688 np0000006773 nova-scheduler[96700]: INFO dbcounter [None req-16679f8a-6012-481e-9dbc-92659437f7f6 tempest-TaggedAttachmentsTest-1081092129 tempest-TaggedAttachmentsTest-1081092129-project-member] Registered counter for database nova_cell1
Aug 08 01:33:29.234033 np0000006773 nova-scheduler[96700]: DEBUG oslo_db.sqlalchemy.engines [None req-16679f8a-6012-481e-9dbc-92659437f7f6 tempest-TaggedAttachmentsTest-1081092129 tempest-TaggedAttachmentsTest-1081092129-project-member] MySQL server mode set to STRICT_TRANS_TABLES,STRICT_ALL_TABLES,NO_ZERO_IN_DATE,NO_ZERO_DATE,ERROR_FOR_DIVISION_BY_ZERO,TRADITIONAL,NO_ENGINE_SUBSTITUTION {{(pid=96700) _check_effective_sql_mode /opt/stack/data/venv/lib/python3.12/site-packages/oslo_db/sqlalchemy/engines.py:325}}
Aug 08 01:33:29.239482 np0000006773 nova-scheduler[96700]: DEBUG dbcounter [-] [96700] Writer thread running {{(pid=96700) stat_writer /opt/stack/data/venv/lib/python3.12/site-packages/dbcounter.py:102}}
Aug 08 01:33:29.256799 np0000006773 nova-scheduler[96700]: DEBUG oslo_db.sqlalchemy.engines [None req-16679f8a-6012-481e-9dbc-92659437f7f6 tempest-TaggedAttachmentsTest-1081092129 tempest-TaggedAttachmentsTest-1081092129-project-member] Parent process 95508 forked (96700) with an open database connection, which is being discarded and recreated. {{(pid=96700) checkout /opt/stack/data/venv/lib/python3.12/site-packages/oslo_db/sqlalchemy/engines.py:402}}
Aug 08 01:33:29.318952 np0000006773 nova-scheduler[96700]: DEBUG dbcounter [-] [96700] Writer thread running {{(pid=96700) stat_writer /opt/stack/data/venv/lib/python3.12/site-packages/dbcounter.py:102}}
Aug 08 01:33:29.323279 np0000006773 nova-scheduler[96700]: DEBUG oslo_concurrency.lockutils [None req-16679f8a-6012-481e-9dbc-92659437f7f6 tempest-TaggedAttachmentsTest-1081092129 tempest-TaggedAttachmentsTest-1081092129-project-member] Acquiring lock "aaf2f55a-a42f-4ae0-9e7c-35107b5ff981" by "nova.context.set_target_cell..get_or_set_cached_cell_and_set_connections" {{(pid=96700) inner /opt/stack/data/venv/lib/python3.12/site-packages/oslo_concurrency/lockutils.py:512}}
